103
CXUS56 KFGZ 051406
CF6GCN
PRELIMINARY LOCAL CLIMATOLOGICAL DATA (WS FORM: F-6)

                                          STATION:   GRAND CANYON AZ AIRPORT
                                          MONTH:     NOVEMBER
                                          YEAR:      2014
                                          LATITUDE:   35 57 N
                                          LONGITUDE: 112  9 W

  TEMPERATURE IN F:       :PCPN:    SNOW:  WIND      :SUNSHINE: SKY     :PK WND
================================================================================
1   2   3   4   5  6A  6B    7    8   9   10  11  12  13   14  15   16   17  18
                                     12Z  AVG MX 2MIN
DY MAX MIN AVG DEP HDD CDD  WTR  SNW DPTH SPD SPD DIR MIN PSBL S-S WX    SPD DR
================================================================================

 1  59  44  52  11  13   0 0.00    M    M 15.4 35 210   M    M   3        47 210
 2  48  24  36  -4  29   0 0.12    M    M  7.4 21 210   M    M   7 1      27 230
 3  49  17  33  -7  32   0 0.00    M    M  3.4 15  50   M    M   2        19  40
 4  51  16  34  -6  31   0 0.00    M    M  8.4 24  50   M    M   0 8      32  50
 5  59  15  37  -2  28   0 0.00    M    M  7.2 25  60   M    M   0 8      31  70
 6  68  22  45   6  20   0 0.00    M    M  3.4 13  80   M    M   0 8      17 100
 7  67  18  43   4  22   0 0.00    M    M  3.5 14 310   M    M   0 8      20 310
 8  64  26  45   7  20   0 0.00    M    M  7.0 18  50   M    M   0 8      22  50
 9  67  22  45   7  20   0 0.00    M    M  3.5 15 260   M    M   0 8      22 260
10  66  22  44   6  21   0 0.00    M    M 10.6 30 240   M    M   0 18     40 260
11  62  21  42   5  23   0 0.00    M    M  8.0 26 220   M    M   0        34 230
12  59  27  43   6  22   0 0.00    M    M  4.9 18 240   M    M   1        26 220
13  58  25  42   5  23   0 0.00    M    M  9.5 24 220   M    M   6        33 220
14  51  39  45   9  20   0    T    M    M 10.4 21 230   M    M   8 13     27 220
15  52  34  43   7  22   0 0.00    M    M 11.4 23 230   M    M   7 12     32 230
16  39   9  24 -12  41   0 0.01    M    M  6.0 16  60   M    M   2 1      21 280
17  45   4  25 -10  40   0 0.00    M    M  5.5 21  50   M    M   0 8      24  50
18  53   5  29  -6  36   0 0.00    M    M  3.4 14  50   M    M   0 8      17  60
19  55   8  32  -3  33   0 0.00    M    M  2.6 14 230   M    M   1 8      19 230
20  54  16  35   1  30   0 0.00    M    M  3.7 14 250   M    M   2 8      21 270
21  52  18  35   1  30   0 0.00    M    M  2.3 10  50   M    M   2 8      13  70
22  56  13  35   1  30   0 0.00    M    M  8.4 24 220   M    M   0        33 230
23  44  11  28  -5  37   0 0.00    M    M  6.5 18 360   M    M   1        29  30
24  44   2  23 -10  42   0 0.00    M    M  4.6 20 360   M    M   0        30 340
25  51   2  27  -6  38   0 0.00    M    M  3.3 15 270   M    M   0        22 270
26  62  15  39   7  26   0 0.00    M    M  1.9 12 220   M    M   0        15 220
27  67  13  40   8  25   0 0.00    M    M  3.0 12 150   M    M   0 8      17 180
28  65  14  40   8  25   0 0.00    M    M  4.6 20 220   M    M   0        25 220
29  60  12  36   4  29   0 0.00    M    M  8.0 26 230   M    M   0        35 220
30  55  25  40   9  25   0 0.00    M    M 10.8 29 210   M    M   1        37 220
================================================================================
SM 1682  539       833   0  0.13    M    188.6          M       43
================================================================================
AV 56.1 18.0                               6.3 FASTST   M    M   1    MAX(MPH)
                                 MISC ---->  # 35 210               # 47  210
================================================================================
NOTES:
# LAST OF SEVERAL OCCURRENCES

COLUMN 17 PEAK WIND IN M.P.H.

PRELIMINARY LOCAL CLIMATOLOGICAL DATA (WS FORM: F-6) , PAGE 2

                                          STATION:  GRAND CANYON AZ AIRPORT
                                          MONTH:    NOVEMBER
                                          YEAR:     2014
                                          LATITUDE:   35 57 N
                                          LONGITUDE: 112  9 W

[TEMPERATURE DATA]      [PRECIPITATION DATA]       SYMBOLS USED IN COLUMN 16

AVERAGE MONTHLY: 37.0   TOTAL FOR MONTH:   0.13    1 = FOG OR MIST
DPTR FM NORMAL:   1.2   DPTR FM NORMAL:   -0.91    2 = FOG REDUCING VISIBILITY
HIGHEST:    68 ON  6    GRTST 24HR  0.12 ON  2- 2      TO 1/4 MILE OR LESS
LOWEST:      2 ON 25,24                            3 = THUNDER
                        SNOW, ICE PELLETS, HAIL    4 = ICE PELLETS
                        TOTAL MONTH:    M          5 = HAIL
                        GRTST 24HR    M  ON   M    6 = FREEZING RAIN OR DRIZZLE
                        GRTST DEPTH:  M  ON   M    7 = DUSTSTORM OR SANDSTORM:
                                                       VSBY 1/2 MILE OR LESS
                                                   8 = SMOKE OR HAZE
[NO. OF DAYS WITH]      [WEATHER - DAYS WITH]      9 = BLOWING SNOW
                                                   X = TORNADO
MAX 32 OR BELOW:   0    0.01 INCH OR MORE:   2
MAX 90 OR ABOVE:   0    0.10 INCH OR MORE:   1
MIN 32 OR BELOW:  27    0.50 INCH OR MORE:   0
MIN  0 OR BELOW:   0    1.00 INCH OR MORE:   0

[HDD (BASE 65) ]
TOTAL THIS MO.   833    CLEAR  (SCALE 0-3)  25
DPTR FM NORMAL   -41    PTCLDY (SCALE 4-7)   5
TOTAL FM JUL 1  1465    CLOUDY (SCALE 8-10)  0
DPTR FM NORMAL  -303

[CDD (BASE 65) ]
TOTAL THIS MO.     0
DPTR FM NORMAL     0    [PRESSURE DATA]
TOTAL FM JAN 1   153    HIGHEST SLP 30.59 ON 25
DPTR FM NORMAL    65    LOWEST  SLP 29.65 ON 10

[REMARKS]
#FINAL-11-14#




U.S. Dept. of Commerce
NOAA National Weather Service
1325 East West Highway
Silver Spring, MD 20910
E-mail: w-nws.webmaster@noaa.gov
Page last modified: May 16, 2007
NATIONAL WEATHER SERVICE: for Safety, for Work, for Fun - FOR LIFE