226
CXUS53 KDDC 311200
CF6GCK
PRELIMINARY LOCAL CLIMATOLOGICAL DATA (WS FORM: F-6)

                                          STATION:   GARDEN CITY REGIONAL ARPT KS
                                          MONTH:     JULY
                                          YEAR:      2014
                                          LATITUDE:   37 55 N
                                          LONGITUDE: 100 43 W

  TEMPERATURE IN F:       :PCPN:    SNOW:  WIND      :SUNSHINE: SKY     :PK WND
================================================================================
1   2   3   4   5  6A  6B    7    8   9   10  11  12  13   14  15   16   17  18
                                     12Z  AVG MX 2MIN
DY MAX MIN AVG DEP HDD CDD  WTR  SNW DPTH SPD SPD DIR MIN PSBL S-S WX    SPD DR
================================================================================

 1  82  62  72  -5   0   7 0.04  0.0    0 11.4 20 340   M    M   4        35 340
 2  75  60  68  -9   0   3 0.00    M    M  8.2 15 200   M    M   5        18 150
 3  81  57  69  -8   0   4 0.00    M    M 17.5 26 150   M    M   3        33 180
 4  91  63  77  -1   0  12 0.00    M    M 17.3 26 190   M    M   1 1      37 190
 5  97  68  83   5   0  18 0.00    M    M 15.3 31 240   M    M   0 3      36 240
 6  98  61  80   2   0  15 0.00    M    M  9.7 24 360   M    M   0        28 360
 7  99  62  81   3   0  16 0.00    M    M 10.1 29 230   M    M   0 8      36 230
 8  84  65  75  -3   0  10 0.01    M    M 11.6 29  40   M    M   1        38  30
 9  87  63  75  -3   0  10    T    M    M 15.5 26 220   M    M   3        39 150
10  95  64  80   2   0  15 0.00    M    M 16.9 26 140   M    M   1        37 150
11  95  65  80   2   0  15 0.00    M    M 14.3 28 180   M    M   0        36 180
12  95  65  80   2   0  15 0.00    M    M 12.3 23 200   M    M   1 3      29 190
13  87  68  78   0   0  13 0.00    M    M  9.2 29 330   M    M   3 3      37 330
14  89  63  76  -2   0  11 0.00    M    M  8.6 24  40   M    M   1 18     29  50
15  73  57  65 -13   0   0 0.01    M    M  8.6 16 150   M    M   7 13     21 150
16  63  57  60 -18   5   0 0.22    M    M 15.1 23 150   M    M  10 13     29 140
17  63  56  60 -18   5   0 0.01    M    M  7.3 13 120   M    M  10 1      15 110
18  79  58  69 -10   0   4 0.00    M    M 11.9 22 180   M    M   5 1      28 170
19  92  62  77  -2   0  12 0.00    M    M 13.8 21 150   M    M   3 1      26 190
20  99  67  83   4   0  18 0.00    M    M 12.4 22 180   M    M   0 18     29 200
21 100  68  84   5   0  19 0.89    M    M 13.7 38 350   M    M   2 138    48 350
22  94  66  80   1   0  15 0.00    M    M  7.5 22 220   M    M   0        27 220
23  92  69  81   2   0  16 0.00    M    M  9.3 32  40   M    M   0 8      39  60
24  97  67  82   4   0  17 0.00    M    M 12.9 26 180   M    M   1 18     33 180
25 103  73  88  10   0  23 0.00    M    M 11.5 20 190   M    M   0 3      28 190
26 101  68  85   7   0  20    T    M    M  8.2 36 360   M    M   0 3      42 350
27  86  69  78   0   0  13 0.01  0.0    0 13.0 21  90   M    M   3        28 360
28  85  65  75  -3   0  10    T    M    M  6.9 17 200   M    M   3        23 200
29  82  61  72  -6   0   7 0.48    M    M 10.5 22 200   M    M   2 13     26 190
30  71  59  65 -13   0   0 1.89    M    M 11.5 24  60   M    M   8 13     30  60
================================================================================
SM 2635 1908        10 338  3.56     0.0 352.0          M       77
================================================================================
AV 87.8 63.6                              11.7 FASTST   M    M   3    MAX(MPH)
                                 MISC ---->  # 38 350               # 48  350
================================================================================
NOTES:
# LAST OF SEVERAL OCCURRENCES

COLUMN 17 PEAK WIND IN M.P.H.

PRELIMINARY LOCAL CLIMATOLOGICAL DATA (WS FORM: F-6) , PAGE 2

                                          STATION:  GARDEN CITY REGIONAL ARPT KS
                                          MONTH:    JULY
                                          YEAR:     2014
                                          LATITUDE:   37 55 N
                                          LONGITUDE: 100 43 W

[TEMPERATURE DATA]      [PRECIPITATION DATA]       SYMBOLS USED IN COLUMN 16

AVERAGE MONTHLY: 75.7   TOTAL FOR MONTH:   3.56    1 = FOG OR MIST
DPTR FM NORMAL:  -2.4   DPTR FM NORMAL:    0.87    2 = FOG REDUCING VISIBILITY
HIGHEST:   103 ON 25    GRTST 24HR  2.37 ON 29-30      TO 1/4 MILE OR LESS
LOWEST:     56 ON 17                               3 = THUNDER
                        SNOW, ICE PELLETS, HAIL    4 = ICE PELLETS
                        TOTAL MONTH:   0.0 INCH    5 = HAIL
                        GRTST 24HR     0.0         6 = FREEZING RAIN OR DRIZZLE
                        GRTST DEPTH:   0           7 = DUSTSTORM OR SANDSTORM:
                                                       VSBY 1/2 MILE OR LESS
                                                   8 = SMOKE OR HAZE
[NO. OF DAYS WITH]      [WEATHER - DAYS WITH]      9 = BLOWING SNOW
                                                   X = TORNADO
MAX 32 OR BELOW:   0    0.01 INCH OR MORE:   9
MAX 90 OR ABOVE:  15    0.10 INCH OR MORE:   4
MIN 32 OR BELOW:   0    0.50 INCH OR MORE:   2
MIN  0 OR BELOW:   0    1.00 INCH OR MORE:   1

[HDD (BASE 65) ]
TOTAL THIS MO.    10    CLEAR  (SCALE 0-3)  20
DPTR FM NORMAL    10    PTCLDY (SCALE 4-7)   8
TOTAL FM JUL 1    10    CLOUDY (SCALE 8-10)  2
DPTR FM NORMAL    10

[CDD (BASE 65) ]
TOTAL THIS MO.   338
DPTR FM NORMAL   -60    [PRESSURE DATA]
TOTAL FM JAN 1   755    HIGHEST SLP M ON M
DPTR FM NORMAL    16    LOWEST  SLP 29.69 ON 25

[REMARKS]




U.S. Dept. of Commerce
NOAA National Weather Service
1325 East West Highway
Silver Spring, MD 20910
E-mail: w-nws.webmaster@noaa.gov
Page last modified: May 16, 2007
NATIONAL WEATHER SERVICE: for Safety, for Work, for Fun - FOR LIFE