865
CXUS53 KDDC 311200
CF6GCK
PRELIMINARY LOCAL CLIMATOLOGICAL DATA (WS FORM: F-6)

                                          STATION:   GARDEN CITY REGIONAL ARPT KS
                                          MONTH:     JANUARY
                                          YEAR:      2015
                                          LATITUDE:   37 55 N
                                          LONGITUDE: 100 43 W

  TEMPERATURE IN F:       :PCPN:    SNOW:  WIND      :SUNSHINE: SKY     :PK WND
================================================================================
1   2   3   4   5  6A  6B    7    8   9   10  11  12  13   14  15   16   17  18
                                     12Z  AVG MX 2MIN
DY MAX MIN AVG DEP HDD CDD  WTR  SNW DPTH SPD SPD DIR MIN PSBL S-S WX    SPD DR
================================================================================

 1  27   5  16 -14  49   0 0.00    M    M  5.6 10 260   M    M   5        12 230
 2  31   3  17 -14  48   0 0.00    M    M  6.8 14 280   M    M   0        17 280
 3  35  10  23  -8  42   0    T    M    M 12.6 39 350   M    M   8 18     49 360
 4  17   1   9 -22  56   0 0.00  0.0    0  9.2 31 340   M    M   1 1      37 340
 5  35   5  20 -11  45   0 0.00    M    M 12.2 29 190   M    M   2 18     33 190
 6  35  16  26  -5  39   0 0.00    M    M  7.5 25  40   M    M   0        31  40
 7  30   8  19 -12  46   0    T    M    M 16.6 36  30   M    M   5        41  30
 8  52  11  32   1  33   0 0.00    M    M 17.3 33  30   M    M   2        40  30
 9  27  19  23  -8  42   0 0.00    M    M 10.8 25  30   M    M  10        30  40
10  45  21  33   2  32   0 0.00    M    M 16.5 31 210   M    M   0        40 210
11  45  17  31   0  34   0 0.00    M    M  6.9 23  20   M    M   0 1      28  20
12  25  14  20 -11  45   0    T    M    M 13.6 24  10   M    M   7 18     30  10
13  31  16  24  -7  41   0    T    M    M  8.3 15 180   M    M   8 1      19 180
14  41  21  31   0  34   0 0.00    M    M  5.9 14  20   M    M   5        17  20
15  53  18  36   5  29   0 0.00    M    M 10.1 21 340   M    M   0        24 350
16  65  23  44  13  21   0 0.00    M    M  9.1 20 190   M    M   0        23 190
17  54  27  41  10  24   0 0.00    M    M 16.2 35 350   M    M   0        43 350
18  65  25  45  14  20   0 0.00    M    M  9.3 18  10   M    M   0        23  20
19  69  28  49  18  16   0 0.00    M    M  9.6 23 360   M    M   0        28  20
20  45  28  37   6  28   0 0.05    M    M  9.4 18  30   M    M   6 1      23  30
21  39  26  33   2  32   0 0.00    M    M  8.2 14  50   M    M   9        19  80
22  40  16  28  -3  37   0 0.00    M    M  6.5 16  30   M    M   1        20  40
23  53  12  33   2  32   0 0.00    M    M 11.3 22 340   M    M   1        28 350
24  60  26  43  12  22   0    T    M    M 12.4 29 330   M    M   2        36 330
25  58  32  45  14  20   0 0.00    M    M 17.1 38 340   M    M   1        47 340
26  71  32  52  21  13   0 0.00    M    M 12.9 24 340   M    M   0 8      30 340
27  79  32  56  25   9   0 0.00    M    M  9.8 21 220   M    M   0        26 230
28  71  35  53  22  12   0 0.00    M    M 16.7 31 340   M    M   0        38 340
29  49  25  37   5  28   0 0.00    M    M 13.4 26 360   M    M   0        34 360
30  44  20  32   0  33   0 0.20    M    M 12.9 22 180   M    M   7 1      27 190
================================================================================
SM 1391  572       962   0  0.25     0.0 334.7          M       80
================================================================================
AV 46.4 19.1                              11.2 FASTST   M    M   3    MAX(MPH)
                                 MISC ---->  # 39 350               # 49  360
================================================================================
NOTES:
# LAST OF SEVERAL OCCURRENCES

COLUMN 17 PEAK WIND IN M.P.H.

PRELIMINARY LOCAL CLIMATOLOGICAL DATA (WS FORM: F-6) , PAGE 2

                                          STATION:  GARDEN CITY REGIONAL ARPT KS
                                          MONTH:    JANUARY
                                          YEAR:     2015
                                          LATITUDE:   37 55 N
                                          LONGITUDE: 100 43 W

[TEMPERATURE DATA]      [PRECIPITATION DATA]       SYMBOLS USED IN COLUMN 16

AVERAGE MONTHLY: 32.7   TOTAL FOR MONTH:   0.25    1 = FOG OR MIST
DPTR FM NORMAL:   1.7   DPTR FM NORMAL:   -0.08    2 = FOG REDUCING VISIBILITY
HIGHEST:    79 ON 27    GRTST 24HR  0.20 ON 30-30      TO 1/4 MILE OR LESS
LOWEST:      1 ON  4                               3 = THUNDER
                        SNOW, ICE PELLETS, HAIL    4 = ICE PELLETS
                        TOTAL MONTH:   0.0 INCH    5 = HAIL
                        GRTST 24HR     0.0         6 = FREEZING RAIN OR DRIZZLE
                        GRTST DEPTH:   0           7 = DUSTSTORM OR SANDSTORM:
                                                       VSBY 1/2 MILE OR LESS
                                                   8 = SMOKE OR HAZE
[NO. OF DAYS WITH]      [WEATHER - DAYS WITH]      9 = BLOWING SNOW
                                                   X = TORNADO
MAX 32 OR BELOW:   7    0.01 INCH OR MORE:   2
MAX 90 OR ABOVE:   0    0.10 INCH OR MORE:   1
MIN 32 OR BELOW:  29    0.50 INCH OR MORE:   0
MIN  0 OR BELOW:   0    1.00 INCH OR MORE:   0

[HDD (BASE 65) ]
TOTAL THIS MO.   962    CLEAR  (SCALE 0-3)  20
DPTR FM NORMAL   -56    PTCLDY (SCALE 4-7)   7
TOTAL FM JUL 1  2983    CLOUDY (SCALE 8-10)  3
DPTR FM NORMAL  -158

[CDD (BASE 65) ]
TOTAL THIS MO.     0
DPTR FM NORMAL     0    [PRESSURE DATA]
TOTAL FM JAN 1     0    HIGHEST SLP M ON M
DPTR FM NORMAL     0    LOWEST  SLP 29.73 ON 17

[REMARKS]




U.S. Dept. of Commerce
NOAA National Weather Service
1325 East West Highway
Silver Spring, MD 20910
E-mail: w-nws.webmaster@noaa.gov
Page last modified: May 16, 2007
NATIONAL WEATHER SERVICE: for Safety, for Work, for Fun - FOR LIFE