248
CXUS53 KDDC 301200
CF6GCK
PRELIMINARY LOCAL CLIMATOLOGICAL DATA (WS FORM: F-6)

                                          STATION:   GARDEN CITY REGIONAL ARPT KS
                                          MONTH:     AUGUST
                                          YEAR:      2014
                                          LATITUDE:   37 55 N
                                          LONGITUDE: 100 43 W

  TEMPERATURE IN F:       :PCPN:    SNOW:  WIND      :SUNSHINE: SKY     :PK WND
================================================================================
1   2   3   4   5  6A  6B    7    8   9   10  11  12  13   14  15   16   17  18
                                     12Z  AVG MX 2MIN
DY MAX MIN AVG DEP HDD CDD  WTR  SNW DPTH SPD SPD DIR MIN PSBL S-S WX    SPD DR
================================================================================

 1  87  57  72  -6   0   7 0.00    M    M  5.6 20  40   M    M   1 1      24  40
 2  89  62  76  -2   0  11 0.00    M    M  4.2 12 150   M    M   0        20 140
 3  88  60  74  -4   0   9 0.00    M    M  7.8 14 190   M    M   0        17 150
 4  90  62  76  -2   0  11 0.00    M    M 11.0 21 190   M    M   0        26 190
 5  92  68  80   2   0  15 0.00    M    M 13.7 24 180   M    M   2        30 180
 6  93  64  79   1   0  14 0.00    M    M  7.0 17 270   M    M   1        22 270
 7  90  65  78   0   0  13 0.59    M    M 12.0 30 330   M    M   0 138    41 330
 8  84  64  74  -4   0   9    T    M    M  6.1 20  40   M    M   1        24  30
 9  91  64  78   0   0  13 0.08    M    M 11.3 40 340   M    M   1 13     52 320
10  85  61  73  -5   0   8 0.00    M    M  8.9 21  20   M    M   1 1      24  20
11  84  63  74  -4   0   9 0.00    M    M  8.1 14  40   M    M   1        19 100
12  89  61  75  -2   0  10 0.00    M    M 10.0 17 120   M    M   1 8      21 130
13  94  63  79   2   0  14 0.00    M    M 12.1 20 140   M    M   1        24 140
14  95  66  81   4   0  16 0.00    M    M 11.6 24 200   M    M   1        31 210
15  93  66  80   3   0  15    T    M    M  8.4 18 180   M    M   1        24 190
16  96  67  82   5   0  17    T    M    M  9.5 21 310   M    M   0 3      27 310
17  98  61  80   3   0  15 0.01    M    M  8.6 30 190   M    M   0 3      50 250
18 100  65  83   6   0  18    T    M    M 12.2 29  90   M    M   0 3      37  90
19  95  64  80   3   0  15 0.03    M    M 13.6 23 130   M    M   0        31 150
20  99  65  82   6   0  17 0.00    M    M 13.4 24 190   M    M   0        31 180
21  97  71  84   8   0  19 0.00    M    M  7.7 15 200   M    M   0 8      20 180
22  98  69  84   8   0  19 0.21    M    M  8.3 46 200   M    M   2 3      61 210
23  94  65  80   4   0  15 0.05    M    M 13.8 30 180   M    M   1        37 180
24  92  61  77   1   0  12 0.00    M    M  9.5 25  30   M    M   0        29  40
25  98  66  82   6   0  17    T    M    M 10.6 30 150   M    M   0 3      39 190
26  90  62  76   1   0  11 0.06    M    M  9.3 20 130   M    M   1 13     24 110
27  86  66  76   1   0  11 0.74    M    M 12.8 32 170   M    M   5 138    44 170
28  83  62  73  -2   0   8 0.08    M    M  6.6 20 340   M    M   2 138    23 320
29  85  57  71  -4   0   6 0.00    M    M  8.2 18 360   M    M   0        26  20
================================================================================
SM 2655 1847         0 374  1.85    M    281.9          M       23
================================================================================
AV 91.6 63.7                               9.7 FASTST   M    M   1    MAX(MPH)
                                 MISC ---->  # 46 200               # 61  210
================================================================================
NOTES:
# LAST OF SEVERAL OCCURRENCES

COLUMN 17 PEAK WIND IN M.P.H.

PRELIMINARY LOCAL CLIMATOLOGICAL DATA (WS FORM: F-6) , PAGE 2

                                          STATION:  GARDEN CITY REGIONAL ARPT KS
                                          MONTH:    AUGUST
                                          YEAR:     2014
                                          LATITUDE:   37 55 N
                                          LONGITUDE: 100 43 W

[TEMPERATURE DATA]      [PRECIPITATION DATA]       SYMBOLS USED IN COLUMN 16

AVERAGE MONTHLY: 77.6   TOTAL FOR MONTH:   1.85    1 = FOG OR MIST
DPTR FM NORMAL:   0.7   DPTR FM NORMAL:   -0.47    2 = FOG REDUCING VISIBILITY
HIGHEST:   100 ON 18    GRTST 24HR  0.77 ON 26-27      TO 1/4 MILE OR LESS
LOWEST:     57 ON 29, 1                            3 = THUNDER
                        SNOW, ICE PELLETS, HAIL    4 = ICE PELLETS
                        TOTAL MONTH:    M          5 = HAIL
                        GRTST 24HR    M  ON   M    6 = FREEZING RAIN OR DRIZZLE
                        GRTST DEPTH:  M  ON   M    7 = DUSTSTORM OR SANDSTORM:
                                                       VSBY 1/2 MILE OR LESS
                                                   8 = SMOKE OR HAZE
[NO. OF DAYS WITH]      [WEATHER - DAYS WITH]      9 = BLOWING SNOW
                                                   X = TORNADO
MAX 32 OR BELOW:   0    0.01 INCH OR MORE:   9
MAX 90 OR ABOVE:  19    0.10 INCH OR MORE:   3
MIN 32 OR BELOW:   0    0.50 INCH OR MORE:   2
MIN  0 OR BELOW:   0    1.00 INCH OR MORE:   0

[HDD (BASE 65) ]
TOTAL THIS MO.     0    CLEAR  (SCALE 0-3)  28
DPTR FM NORMAL     0    PTCLDY (SCALE 4-7)   1
TOTAL FM JUL 1    10    CLOUDY (SCALE 8-10)  0
DPTR FM NORMAL     9

[CDD (BASE 65) ]
TOTAL THIS MO.   374
DPTR FM NORMAL    28    [PRESSURE DATA]
TOTAL FM JAN 1  1133    HIGHEST SLP M ON M
DPTR FM NORMAL    36    LOWEST  SLP 29.67 ON 20

[REMARKS]




U.S. Dept. of Commerce
NOAA National Weather Service
1325 East West Highway
Silver Spring, MD 20910
E-mail: w-nws.webmaster@noaa.gov
Page last modified: May 16, 2007
NATIONAL WEATHER SERVICE: for Safety, for Work, for Fun - FOR LIFE