114
CXUS53 KDDC 301200
CF6GCK
PRELIMINARY LOCAL CLIMATOLOGICAL DATA (WS FORM: F-6)

                                          STATION:   GARDEN CITY REGIONAL ARPT KS
                                          MONTH:     SEPTEMBER
                                          YEAR:      2014
                                          LATITUDE:   37 55 N
                                          LONGITUDE: 100 43 W

  TEMPERATURE IN F:       :PCPN:    SNOW:  WIND      :SUNSHINE: SKY     :PK WND
================================================================================
1   2   3   4   5  6A  6B    7    8   9   10  11  12  13   14  15   16   17  18
                                     12Z  AVG MX 2MIN
DY MAX MIN AVG DEP HDD CDD  WTR  SNW DPTH SPD SPD DIR MIN PSBL S-S WX    SPD DR
================================================================================

 1  84  58  71  -3   0   6 0.00    M    M 11.0 18  30   M    M   1        22  50
 2  83  64  74   0   0   9    T    M    M  9.9 17 120   M    M   5 18     22  30
 3 100  67  84  11   0  19 0.01    M    M 16.7 30 190   M    M   1 13     39 200
 4  97  71  84  11   0  19 0.00    M    M 15.0 30 350   M    M   1 38     39 340
 5  71  53  62 -10   3   0 1.04    M    M 14.9 26  40   M    M   8 13     31  40
 6  73  49  61 -11   4   0 0.00    M    M  5.9 12  40   M    M   3        15  40
 7  80  51  66  -6   0   1 0.00    M    M 10.6 21 180   M    M   0        28 150
 8  89  60  75   4   0  10 0.00    M    M 11.3 22 190   M    M   0 18     27 190
 9  95  67  81  10   0  16 0.37    M    M 14.3 37 280   M    M   1 13     73 300
10  71  54  63  -8   2   0 0.00    M    M 14.3 29 350   M    M   4        35 360
11  60  50  55 -15  10   0    T    M    M 12.7 21  70   M    M   8 1      26  60
12  50  39  45 -25  20   0 0.05    M    M 15.9 29  10   M    M  10 1      35  10
13  67  36  52 -17  13   0 0.00    M    M 11.3 22 190   M    M   4        30 180
14  87  46  67  -2   0   2 0.00  0.0    0 12.2 22 200   M    M   0        27 190
15  66  56  61  -7   4   0    T  0.0    0 10.9 23  30   M    M   6 18     30  30
16  84  58  71   3   0   6 0.00    M    M  8.9 21 210   M    M   5        28 200
17  93  55  74   6   0   9 0.00    M    M  6.0 10 180   M    M   0 128    13 150
18  90  54  72   5   0   7 0.00    M    M  8.6 22 190   M    M   0 18     29 180
19  88  57  73   6   0   8 0.00    M    M 13.0 26 180   M    M   0        33 180
20  91  60  76  10   0  11 0.00    M    M  9.3 21  30   M    M   1 1      25  40
21  80  57  69   3   0   4    T    M    M 12.3 22  50   M    M   1        27  60
22  79  51  65   0   0   0    T    M    M 13.1 24 180   M    M   3 8      33 180
23  90  59  75  10   0  10 0.00    M    M 13.4 26 200   M    M   3 3      33 210
24  88  58  73   9   0   8    T    M    M  8.0 17 150   M    M   0 138    22 150
25  86  54  70   6   0   5 0.00    M    M  8.7 21 180   M    M   0 1      26 180
26  85  54  70   6   0   5 0.00    M    M 11.9 24 190   M    M   0        32 190
27  84  56  70   7   0   5 0.00    M    M 14.8 29 180   M    M   0        37 180
28  85  56  71   8   0   6 0.00    M    M 13.1 25 180   M    M   1 1      32 190
29  84  54  69   7   0   4 0.04    M    M 15.4 31 150   M    M   1 138    39 150
================================================================================
SM 2380 1604        56 170  1.51     0.0 343.4          M       67
================================================================================
AV 82.1 55.3                              11.8 FASTST   M    M   2    MAX(MPH)
                                 MISC ---->  # 37 280               # 73  300
================================================================================
NOTES:
# LAST OF SEVERAL OCCURRENCES

COLUMN 17 PEAK WIND IN M.P.H.

PRELIMINARY LOCAL CLIMATOLOGICAL DATA (WS FORM: F-6) , PAGE 2

                                          STATION:  GARDEN CITY REGIONAL ARPT KS
                                          MONTH:    SEPTEMBER
                                          YEAR:     2014
                                          LATITUDE:   37 55 N
                                          LONGITUDE: 100 43 W

[TEMPERATURE DATA]      [PRECIPITATION DATA]       SYMBOLS USED IN COLUMN 16

AVERAGE MONTHLY: 68.7   TOTAL FOR MONTH:   1.51    1 = FOG OR MIST
DPTR FM NORMAL:   0.4   DPTR FM NORMAL:    0.08    2 = FOG REDUCING VISIBILITY
HIGHEST:   100 ON  3    GRTST 24HR  1.04 ON  5- 5      TO 1/4 MILE OR LESS
LOWEST:     36 ON 13                               3 = THUNDER
                        SNOW, ICE PELLETS, HAIL    4 = ICE PELLETS
                        TOTAL MONTH:   0.0 INCH    5 = HAIL
                        GRTST 24HR     0.0         6 = FREEZING RAIN OR DRIZZLE
                        GRTST DEPTH:   0           7 = DUSTSTORM OR SANDSTORM:
                                                       VSBY 1/2 MILE OR LESS
                                                   8 = SMOKE OR HAZE
[NO. OF DAYS WITH]      [WEATHER - DAYS WITH]      9 = BLOWING SNOW
                                                   X = TORNADO
MAX 32 OR BELOW:   0    0.01 INCH OR MORE:   5
MAX 90 OR ABOVE:   7    0.10 INCH OR MORE:   2
MIN 32 OR BELOW:   0    0.50 INCH OR MORE:   1
MIN  0 OR BELOW:   0    1.00 INCH OR MORE:   1

[HDD (BASE 65) ]
TOTAL THIS MO.    56    CLEAR  (SCALE 0-3)  20
DPTR FM NORMAL    -7    PTCLDY (SCALE 4-7)   7
TOTAL FM JUL 1    66    CLOUDY (SCALE 8-10)  2
DPTR FM NORMAL    -1

[CDD (BASE 65) ]
TOTAL THIS MO.   170
DPTR FM NORMAL     9    [PRESSURE DATA]
TOTAL FM JAN 1  1330    HIGHEST SLP M ON M
DPTR FM NORMAL    53    LOWEST  SLP 29.48 ON  9

[REMARKS]




U.S. Dept. of Commerce
NOAA National Weather Service
1325 East West Highway
Silver Spring, MD 20910
E-mail: w-nws.webmaster@noaa.gov
Page last modified: May 16, 2007
NATIONAL WEATHER SERVICE: for Safety, for Work, for Fun - FOR LIFE