436
CXUS53 KUNR 270945
CF6GCC
PRELIMINARY LOCAL CLIMATOLOGICAL DATA (WS FORM: F-6)

                                          STATION:   GILLETTE AIRPORT WY
                                          MONTH:     AUGUST
                                          YEAR:      2014
                                          LATITUDE:   44 20 N
                                          LONGITUDE: 105 32 W

  TEMPERATURE IN F:       :PCPN:    SNOW:  WIND      :SUNSHINE: SKY     :PK WND
================================================================================
1   2   3   4   5  6A  6B    7    8   9   10  11  12  13   14  15   16   17  18
                                     12Z  AVG MX 2MIN
DY MAX MIN AVG DEP HDD CDD  WTR  SNW DPTH SPD SPD DIR MIN PSBL S-S WX    SPD DR
================================================================================

 1  91  55  73   1   0   8 0.00    M    M  8.4 29 330   M    M   1        36 330
 2  87  50  69  -3   0   4 0.00    M    M  4.8 15 170   M    M   1        18 170
 3  91  62  77   5   0  12 0.00    M    M  6.6 21 160   M    M   2        25 170
 4  88  56  72   0   0   7 0.19    M    M  4.9 26 200   M    M   3 13     31 200
 5  79  61  70  -2   0   5 0.08    M    M  5.0 21 340   M    M   5 13     24 340
 6  81  59  70  -2   0   5    T    M    M  6.1 16 240   M    M   6 1      22 240
 7  85  53  69  -3   0   4 0.00    M    M  5.3 16  30   M    M   0        22  30
 8  86  53  70  -1   0   5 0.00    M    M  5.8 16 170   M    M   0        22 160
 9  82  52  67  -4   0   2 0.00    M    M 13.0 29 320   M    M   1 3      35 310
10  83  50  67  -4   0   2 0.00    M    M  4.9 16 160   M    M   0        20 160
11  89  60  75   4   0  10 0.00    M    M 10.3 22 160   M    M   0        26 170
12  93  60  77   6   0  12 0.00    M    M  8.6 23 170   M    M   0         M  M
13  93  72  83  13   0  18 0.00    M    M  9.4 23 190   M    M   1        32 200
14  80  57  69  -1   0   4 0.00    M    M 10.4 22 340   M    M   5        29 320
15  88  53  71   1   0   6 0.00    M    M  9.5 22 310   M    M   1        32  10
16  89  50  70   0   0   5 0.00    M    M  4.5 17 350   M    M   1        20  20
17  87  52  70   0   0   5 0.00    M    M  6.4 20 350   M    M   0        26 340
18  85  50  68  -1   0   3 0.00    M    M  5.5 17 350   M    M   0        23 350
19  93  60  77   8   0  12 0.00    M    M  8.8 24 230   M    M   0        30 220
20  83  57  70   1   0   5    T    M    M 10.9 24 340   M    M   1 3      30 350
21  82  55  69   0   0   4 0.02    M    M  7.0 25 320   M    M   6 13     33 310
22  81  56  69   1   0   4 0.44    M    M  8.4 30 340   M    M   7 13     38 340
23  75  50  63  -5   2   0 1.09    M    M 13.0 30 330   M    M   7 13     35 330
24  60  44  52 -16  13   0 0.02    M    M 12.9 23 330   M    M   5        29 290
25  66  41  54 -14  11   0 0.00    M    M  5.3 14 320   M    M   2        17 320
26  77  47  62  -5   3   0 0.00    M    M  6.9 18 170   M    M   1        22 170
================================================================================
SM 2174 1415        29 142  1.84    M    202.6          M       56
================================================================================
AV 83.6 54.4                               7.8 FASTST   M    M   2    MAX(MPH)
                                 MISC ---->  # 30 340               # 38  340
================================================================================
NOTES:
# LAST OF SEVERAL OCCURRENCES

COLUMN 17 PEAK WIND IN M.P.H.

PRELIMINARY LOCAL CLIMATOLOGICAL DATA (WS FORM: F-6) , PAGE 2

                                          STATION:  GILLETTE AIRPORT WY
                                          MONTH:    AUGUST
                                          YEAR:     2014
                                          LATITUDE:   44 20 N
                                          LONGITUDE: 105 32 W

[TEMPERATURE DATA]      [PRECIPITATION DATA]       SYMBOLS USED IN COLUMN 16

AVERAGE MONTHLY: 69.0   TOTAL FOR MONTH:   1.84    1 = FOG OR MIST
DPTR FM NORMAL:  -1.1   DPTR FM NORMAL:    1.03    2 = FOG REDUCING VISIBILITY
HIGHEST:    93 ON 19,13 GRTST 24HR  1.29 ON 22-23      TO 1/4 MILE OR LESS
LOWEST:     41 ON 25                               3 = THUNDER
                        SNOW, ICE PELLETS, HAIL    4 = ICE PELLETS
                        TOTAL MONTH:    M          5 = HAIL
                        GRTST 24HR    M  ON   M    6 = FREEZING RAIN OR DRIZZLE
                        GRTST DEPTH:  M  ON   M    7 = DUSTSTORM OR SANDSTORM:
                                                       VSBY 1/2 MILE OR LESS
                                                   8 = SMOKE OR HAZE
[NO. OF DAYS WITH]      [WEATHER - DAYS WITH]      9 = BLOWING SNOW
                                                   X = TORNADO
MAX 32 OR BELOW:   0    0.01 INCH OR MORE:   6
MAX 90 OR ABOVE:   5    0.10 INCH OR MORE:   3
MIN 32 OR BELOW:   0    0.50 INCH OR MORE:   1
MIN  0 OR BELOW:   0    1.00 INCH OR MORE:   1

[HDD (BASE 65) ]
TOTAL THIS MO.    29    CLEAR  (SCALE 0-3)  19
DPTR FM NORMAL     3    PTCLDY (SCALE 4-7)   7
TOTAL FM JUL 1    42    CLOUDY (SCALE 8-10)  0
DPTR FM NORMAL    -3

[CDD (BASE 65) ]
TOTAL THIS MO.   142
DPTR FM NORMAL   -18    [PRESSURE DATA]
TOTAL FM JAN 1   344    HIGHEST SLP M ON M
DPTR FM NORMAL   -98    LOWEST  SLP 29.60 ON 20

[REMARKS]




U.S. Dept. of Commerce
NOAA National Weather Service
1325 East West Highway
Silver Spring, MD 20910
E-mail: w-nws.webmaster@noaa.gov
Page last modified: May 16, 2007
NATIONAL WEATHER SERVICE: for Safety, for Work, for Fun - FOR LIFE