281
CXUS53 KUNR 240945
CF6GCC
PRELIMINARY LOCAL CLIMATOLOGICAL DATA (WS FORM: F-6)

                                          STATION:   GILLETTE AIRPORT WY
                                          MONTH:     APRIL
                                          YEAR:      2014
                                          LATITUDE:   44 20 N
                                          LONGITUDE: 105 32 W

  TEMPERATURE IN F:       :PCPN:    SNOW:  WIND      :SUNSHINE: SKY     :PK WND
================================================================================
1   2   3   4   5  6A  6B    7    8   9   10  11  12  13   14  15   16   17  18
                                     12Z  AVG MX 2MIN
DY MAX MIN AVG DEP HDD CDD  WTR  SNW DPTH SPD SPD DIR MIN PSBL S-S WX    SPD DR
================================================================================

 1  36  17  27 -11  38   0 0.00    M    M  9.7 16 150   M    M   7        18 140
 2  38  25  32  -7  33   0 0.03    M    M  9.6 22 170   M    M  10 1      25 150
 3  44  24  34  -5  31   0 0.00    M    M 10.4 22  20   M    M   6        31 330
 4  56  25  41   2  24   0 0.00    M    M  9.9 20 180   M    M   0        26 180
 5  55  26  41   1  24   0    T    M    M  6.2 21 290   M    M   2 3      25 290
 6  54  32  43   3  22   0 0.01    M    M 11.5 32 300   M    M   6        40 300
 7  54  33  44   4  21   0    T    M    M 15.4 26 310   M    M   6        37 320
 8  68  36  52  12  13   0 0.00    M    M 10.6 23 280   M    M   0        29 310
 9  73  40  57  17   8   0    T    M    M 14.2 39 360   M    M   4        51 360
10  58  34  46   5  19   0 0.00    M    M  8.6 17 270   M    M   4        30 310
11  70  31  51  10  14   0 0.00    M    M  8.9 24 180   M    M   0        30 170
12  54  28  41   0  24   0 0.06    M    M 12.9 24  20   M    M   6 1      29  10
13  30  18  24 -18  41   0 0.04    M    M 16.4 25 350   M    M   8 18     29 350
14  46  18  32 -10  33   0 0.00    M    M 12.7 21 290   M    M   1        26 290
15  63  34  49   7  16   0 0.19    M    M 14.9 24 310   M    M   4 1      31 350
16  48  29  39  -4  26   0    T    M    M 13.6 29 310   M    M   6        35 310
17  61  31  46   3  19   0    T    M    M 13.3 26 180   M    M   4 1      30 170
18  74  36  55  12  10   0 0.00    M    M 16.7 36 240   M    M   1        43 240
19  63  26  45   1  20   0 0.00    M    M  7.7 18 170   M    M   0        23 170
20  66  29  48   4  17   0 0.00    M    M  8.6 28 330   M    M   0        36 340
21  68  26  47   3  18   0 0.00    M    M  6.7 17 170   M    M   1        20 170
22  74  42  58  13   7   0 0.04    M    M 12.0 32 210   M    M   2        47 210
23  57  30  44  -1  21   0 0.00    M    M 15.4 30 320   M    M   5        37 310
================================================================================
SM 1310  670       499   0  0.37    M    265.9          M       83
================================================================================
AV 57.0 29.1                              11.6 FASTST   M    M   4    MAX(MPH)
                                 MISC ---->  # 39 360               # 51  360
================================================================================
NOTES:
# LAST OF SEVERAL OCCURRENCES

COLUMN 17 PEAK WIND IN M.P.H.

PRELIMINARY LOCAL CLIMATOLOGICAL DATA (WS FORM: F-6) , PAGE 2

                                          STATION:  GILLETTE AIRPORT WY
                                          MONTH:    APRIL
                                          YEAR:     2014
                                          LATITUDE:   44 20 N
                                          LONGITUDE: 105 32 W

[TEMPERATURE DATA]      [PRECIPITATION DATA]       SYMBOLS USED IN COLUMN 16

AVERAGE MONTHLY: 43.0   TOTAL FOR MONTH:   0.37    1 = FOG OR MIST
DPTR FM NORMAL:   1.5   DPTR FM NORMAL:   -0.60    2 = FOG REDUCING VISIBILITY
HIGHEST:    74 ON 22,18 GRTST 24HR  0.19 ON 15-15      TO 1/4 MILE OR LESS
LOWEST:     17 ON  1                               3 = THUNDER
                        SNOW, ICE PELLETS, HAIL    4 = ICE PELLETS
                        TOTAL MONTH:    M          5 = HAIL
                        GRTST 24HR    M  ON   M    6 = FREEZING RAIN OR DRIZZLE
                        GRTST DEPTH:  M  ON   M    7 = DUSTSTORM OR SANDSTORM:
                                                       VSBY 1/2 MILE OR LESS
                                                   8 = SMOKE OR HAZE
[NO. OF DAYS WITH]      [WEATHER - DAYS WITH]      9 = BLOWING SNOW
                                                   X = TORNADO
MAX 32 OR BELOW:   1    0.01 INCH OR MORE:   6
MAX 90 OR ABOVE:   0    0.10 INCH OR MORE:   1
MIN 32 OR BELOW:  16    0.50 INCH OR MORE:   0
MIN  0 OR BELOW:   0    1.00 INCH OR MORE:   0

[HDD (BASE 65) ]
TOTAL THIS MO.   499    CLEAR  (SCALE 0-3)  10
DPTR FM NORMAL   -40    PTCLDY (SCALE 4-7)  11
TOTAL FM JUL 1  7108    CLOUDY (SCALE 8-10)  2
DPTR FM NORMAL   222

[CDD (BASE 65) ]
TOTAL THIS MO.     0
DPTR FM NORMAL     0    [PRESSURE DATA]
TOTAL FM JAN 1     0    HIGHEST SLP M ON M
DPTR FM NORMAL     0    LOWEST  SLP 29.37 ON 23

[REMARKS]




U.S. Dept. of Commerce
NOAA National Weather Service
1325 East West Highway
Silver Spring, MD 20910
E-mail: w-nws.webmaster@noaa.gov
Page last modified: May 16, 2007
NATIONAL WEATHER SERVICE: for Safety, for Work, for Fun - FOR LIFE