909
CXUS53 KUNR 300945
CF6GCC
PRELIMINARY LOCAL CLIMATOLOGICAL DATA (WS FORM: F-6)

                                          STATION:   GILLETTE AIRPORT WY
                                          MONTH:     JULY
                                          YEAR:      2014
                                          LATITUDE:   44 20 N
                                          LONGITUDE: 105 32 W

  TEMPERATURE IN F:       :PCPN:    SNOW:  WIND      :SUNSHINE: SKY     :PK WND
================================================================================
1   2   3   4   5  6A  6B    7    8   9   10  11  12  13   14  15   16   17  18
                                     12Z  AVG MX 2MIN
DY MAX MIN AVG DEP HDD CDD  WTR  SNW DPTH SPD SPD DIR MIN PSBL S-S WX    SPD DR
================================================================================

 1  69  48  59  -9   6   0 0.00    M    M 12.2 22  10   M    M   4 8      26  20
 2  78  47  63  -5   2   0 0.00    M    M  6.5 16 170   M    M   0        21 170
 3  88  54  71   2   0   6    T    M    M 11.3 33 170   M    M   1 3      41 180
 4  92  56  74   5   0   9 0.00    M    M  4.0 20 300   M    M   0 8      25 290
 5  96  61  79  10   0  14 0.00    M    M  5.9 16 360   M    M   0        22 100
 6  89  56  73   3   0   8 0.00    M    M  4.2 15 190   M    M   0 3      17 190
 7  78  50  64  -6   1   0 0.08    M    M 10.9 29 340   M    M   2 3      78 330
 8  81  47  64  -6   1   0 0.00    M    M  4.1 13 160   M    M   1        17 160
 9  88  58  73   3   0   8    T    M    M  9.3 24 180   M    M   1 38     29 180
10  86  63  75   4   0  10    T    M    M  8.5 23 180   M    M   1 3      39 300
11  85  58  72   1   0   7    T    M    M  7.8 25 190   M    M   2 3      31 190
12  84  55  70  -1   0   5 0.00    M    M  9.2 21  20   M    M   2        28  30
13  88  51  70  -1   0   5 0.00    M    M  6.8 24 340   M    M   0        31 340
14  76  48  62 -10   3   0 0.00    M    M  7.6 20 160   M    M   0        25 160
15  78  53  66  -6   0   1    T    M    M 12.8 25 160   M    M   2        31 150
16  75  57  66  -6   0   1 0.02    M    M  3.8  9 260   M    M   7 1      13 280
17  85  55  70  -2   0   5 0.00    M    M  7.5 17 190   M    M   0 8      23 220
18  87  58  73   1   0   8 0.00    M    M  7.7 23 320   M    M   0 38     31 330
19  91  57  74   2   0   9 0.01    M    M  8.6 26 170   M    M   0 38     33 180
20  95  53  74   2   0   9 0.00    M    M  4.3 15  70   M    M   0 18     20  70
21  95  58  77   5   0  12 0.05    M    M 12.0 30 280   M    M   0 38     41 310
22  94  59  77   5   0  12 0.00    M    M  9.8 32  20   M    M   0 3      44 360
23  94  61  78   6   0  13    T    M    M 16.8 26 150   M    M   1 3      37 160
24 101  61  81   8   0  16 0.00    M    M 15.7 32  10   M    M   0        39 280
25  94  47  71  -2   0   6 0.00    M    M  6.0 21  50   M    M   0        25  30
26  83  47  65  -8   0   0 0.00    M    M  7.6 18 320   M    M   0        24 330
27  85  44  65  -7   0   0 0.00    M    M  3.2 15  50   M    M   0        21  60
28  89  51  70  -2   0   5 0.00    M    M  8.4 21 160   M    M   0        25 160
29  73  59  66  -6   0   1 0.22    M    M  7.2 18 180   M    M   5 13     22 180
================================================================================
SM 2497 1572        13 170  0.38    M    239.7          M       29
================================================================================
AV 86.1 54.2                               8.3 FASTST   M    M   1    MAX(MPH)
                                 MISC ---->  # 33 170               # 78  330
================================================================================
NOTES:
# LAST OF SEVERAL OCCURRENCES

COLUMN 17 PEAK WIND IN M.P.H.

PRELIMINARY LOCAL CLIMATOLOGICAL DATA (WS FORM: F-6) , PAGE 2

                                          STATION:  GILLETTE AIRPORT WY
                                          MONTH:    JULY
                                          YEAR:     2014
                                          LATITUDE:   44 20 N
                                          LONGITUDE: 105 32 W

[TEMPERATURE DATA]      [PRECIPITATION DATA]       SYMBOLS USED IN COLUMN 16

AVERAGE MONTHLY: 70.2   TOTAL FOR MONTH:   0.38    1 = FOG OR MIST
DPTR FM NORMAL:  -0.9   DPTR FM NORMAL:   -1.18    2 = FOG REDUCING VISIBILITY
HIGHEST:   101 ON 24    GRTST 24HR  0.22 ON 29-29      TO 1/4 MILE OR LESS
LOWEST:     44 ON 27                               3 = THUNDER
                        SNOW, ICE PELLETS, HAIL    4 = ICE PELLETS
                        TOTAL MONTH:    M          5 = HAIL
                        GRTST 24HR    M  ON   M    6 = FREEZING RAIN OR DRIZZLE
                        GRTST DEPTH:  M  ON   M    7 = DUSTSTORM OR SANDSTORM:
                                                       VSBY 1/2 MILE OR LESS
                                                   8 = SMOKE OR HAZE
[NO. OF DAYS WITH]      [WEATHER - DAYS WITH]      9 = BLOWING SNOW
                                                   X = TORNADO
MAX 32 OR BELOW:   0    0.01 INCH OR MORE:   5
MAX 90 OR ABOVE:   9    0.10 INCH OR MORE:   1
MIN 32 OR BELOW:   0    0.50 INCH OR MORE:   0
MIN  0 OR BELOW:   0    1.00 INCH OR MORE:   0

[HDD (BASE 65) ]
TOTAL THIS MO.    13    CLEAR  (SCALE 0-3)  26
DPTR FM NORMAL    -1    PTCLDY (SCALE 4-7)   3
TOTAL FM JUL 1    13    CLOUDY (SCALE 8-10)  0
DPTR FM NORMAL    -1

[CDD (BASE 65) ]
TOTAL THIS MO.   170
DPTR FM NORMAL   -30    [PRESSURE DATA]
TOTAL FM JAN 1   193    HIGHEST SLP M ON M
DPTR FM NORMAL   -75    LOWEST  SLP 29.54 ON 24

[REMARKS]




U.S. Dept. of Commerce
NOAA National Weather Service
1325 East West Highway
Silver Spring, MD 20910
E-mail: w-nws.webmaster@noaa.gov
Page last modified: May 16, 2007
NATIONAL WEATHER SERVICE: for Safety, for Work, for Fun - FOR LIFE