767
CXUS54 KOUN 280800
CF6GAG
PRELIMINARY LOCAL CLIMATOLOGICAL DATA (WS FORM: F-6)

                                          STATION:   GAGE
                                          MONTH:     JULY
                                          YEAR:      2014
                                          LATITUDE:   36 17 N
                                          LONGITUDE:  99 46 W

  TEMPERATURE IN F:       :PCPN:    SNOW:  WIND      :SUNSHINE: SKY     :PK WND
================================================================================
1   2   3   4   5  6A  6B    7    8   9   10  11  12  13   14  15   16   17  18
                                     12Z  AVG MX 2MIN
DY MAX MIN AVG DEP HDD CDD  WTR  SNW DPTH SPD SPD DIR MIN PSBL S-S WX    SPD DR
================================================================================

 1  83  65  74  -5   0   9 0.31  0.0    0  7.3 28  10   M    M   2 13     36  10
 2  79  61  70  -9   0   5 0.00  0.0    0  7.3 16  60   M    M   2        20  60
 3  84  60  72  -7   0   7 0.00  0.0    0  9.8 23 170   M    M   4        29 170
 4  92  66  79   0   0  14 0.00  0.0    0 14.4 23 180   M    M   2        27 180
 5  95  72  84   4   0  19 0.00  0.0    0 17.8 28 210   M    M   0        34 220
 6  99  71  85   5   0  20    T  0.0    0 14.6 22 200   M    M   0        28 180
 7 100  68  84   4   0  19 0.00  0.0    0 14.1 23 200   M    M   0        29 190
 8  87  67  77  -3   0  12 0.00  0.0    0  9.4 20  30   M    M   1        25  50
 9  92  65  79  -1   0  14 0.00  0.0    0 12.2 24 160   M    M   4        30 150
10  98  69  84   4   0  19 0.00  0.0    0 15.4 24 190   M    M   0        32 160
11  97  68  83   3   0  18 0.00  0.0    0 15.6 26 180   M    M   0        33 170
12  96  73  85   5   0  20 0.00  0.0    0 16.6 29 210   M    M   0        40 180
13  96  68  82   2   0  17 0.00  0.0    0  8.7 32 210   M    M   0 3      41 200
14  95  66  81   1   0  16 0.00  0.0    0  5.4 21  40   M    M   1        30  40
15  73  59  66 -14   0   1 0.11  0.0    0  7.2 15  30   M    M   5 13     19  90
16  69  58  64 -16   1   0 0.74  0.0    0  9.9 26 150   M    M  10 13     33 150
17  65  58  62 -18   3   0 0.20  0.0    0  6.7 17 140   M    M   9 13     24 150
18  78  61  70 -10   0   5    T  0.0    0  8.9 18 160   M    M   7 1      22 180
19  85  62  74  -7   0   9 0.00  0.0    0 14.4 24 170   M    M   4        29 170
20  95  67  81   0   0  16 0.00  0.0    0 16.1 24 190   M    M   0        30 180
21  99  69  84   3   0  19 0.00  0.0    0 13.3 24 190   M    M   0 18     30 190
22  97  71  84   3   0  19 0.00  0.0    0  9.0 17 180   M    M   0        22 170
23  99  65  82   1   0  17 0.00  0.0    0  5.4 15 130   M    M   0 18     21 130
24 101  71  86   5   0  21 0.00  0.0    0  9.6 24 180   M    M   0 18     29 180
25 104  73  89   8   0  24 0.00  0.0    0 20.4 31 200   M    M   0        39 210
26 105  74  90   9   0  25 0.00  0.0    0 14.5 22 240   M    M   0        28 230
27  91  69  80  -1   0  15 0.00  0.0    0 12.0 28  50   M    M   0        33  50
================================================================================
SM 2454 1796         4 380  1.36     0.0 316.0          M       51
================================================================================
AV 90.9 66.5                              11.7 FASTST   M    M   2    MAX(MPH)
                                 MISC ---->  # 32 210               # 41  200
================================================================================
NOTES:
# LAST OF SEVERAL OCCURRENCES

COLUMN 17 PEAK WIND IN M.P.H.

PRELIMINARY LOCAL CLIMATOLOGICAL DATA (WS FORM: F-6) , PAGE 2

                                          STATION:  GAGE
                                          MONTH:    JULY
                                          YEAR:     2014
                                          LATITUDE:   36 17 N
                                          LONGITUDE:  99 46 W

[TEMPERATURE DATA]      [PRECIPITATION DATA]       SYMBOLS USED IN COLUMN 16

AVERAGE MONTHLY: 78.7   TOTAL FOR MONTH:   1.36    1 = FOG OR MIST
DPTR FM NORMAL:  -1.5   DPTR FM NORMAL:   -0.28    2 = FOG REDUCING VISIBILITY
HIGHEST:   105 ON 26    GRTST 24HR  0.94 ON 16-17      TO 1/4 MILE OR LESS
LOWEST:     58 ON 17,16                            3 = THUNDER
                        SNOW, ICE PELLETS, HAIL    4 = ICE PELLETS
                        TOTAL MONTH:   0.0 INCH    5 = HAIL
                        GRTST 24HR     0.0         6 = FREEZING RAIN OR DRIZZLE
                        GRTST DEPTH:   0           7 = DUSTSTORM OR SANDSTORM:
                                                       VSBY 1/2 MILE OR LESS
                                                   8 = SMOKE OR HAZE
[NO. OF DAYS WITH]      [WEATHER - DAYS WITH]      9 = BLOWING SNOW
                                                   X = TORNADO
MAX 32 OR BELOW:   0    0.01 INCH OR MORE:   4
MAX 90 OR ABOVE:  18    0.10 INCH OR MORE:   4
MIN 32 OR BELOW:   0    0.50 INCH OR MORE:   1
MIN  0 OR BELOW:   0    1.00 INCH OR MORE:   0

[HDD (BASE 65) ]
TOTAL THIS MO.     4    CLEAR  (SCALE 0-3)  20
DPTR FM NORMAL     4    PTCLDY (SCALE 4-7)   5
TOTAL FM JUL 1     4    CLOUDY (SCALE 8-10)  2
DPTR FM NORMAL     4

[CDD (BASE 65) ]
TOTAL THIS MO.   380
DPTR FM NORMAL   -32    [PRESSURE DATA]
TOTAL FM JAN 1   986    HIGHEST SLP M ON M
DPTR FM NORMAL   105    LOWEST  SLP 29.78 ON  1

[REMARKS]




U.S. Dept. of Commerce
NOAA National Weather Service
1325 East West Highway
Silver Spring, MD 20910
E-mail: w-nws.webmaster@noaa.gov
Page last modified: May 16, 2007
NATIONAL WEATHER SERVICE: for Safety, for Work, for Fun - FOR LIFE