542
CXUS54 KOUN 010800
CF6GAG
PRELIMINARY LOCAL CLIMATOLOGICAL DATA (WS FORM: F-6)

                                          STATION:   GAGE
                                          MONTH:     AUGUST
                                          YEAR:      2014
                                          LATITUDE:   36 17 N
                                          LONGITUDE:  99 46 W

  TEMPERATURE IN F:       :PCPN:    SNOW:  WIND      :SUNSHINE: SKY     :PK WND
================================================================================
1   2   3   4   5  6A  6B    7    8   9   10  11  12  13   14  15   16   17  18
                                     12Z  AVG MX 2MIN
DY MAX MIN AVG DEP HDD CDD  WTR  SNW DPTH SPD SPD DIR MIN PSBL S-S WX    SPD DR
================================================================================

 1  91  58  75  -5   0  10 0.00  0.0    0  5.4 15  50   M    M   1 1      19  50
 2  90  60  75  -5   0  10 0.00  0.0    0  4.9 14  60   M    M   0 18     17  60
 3  91  62  77  -3   0  12 0.00  0.0    0  8.9 21 190   M    M   0 8      24 190
 4  91  63  77  -3   0  12 0.00  0.0    0 11.5 21 210   M    M   0 8      25 220
 5  94  64  79  -1   0  14 0.00  0.0    0 13.6 23 200   M    M   0 8      29 200
 6  97  70  84   4   0  19 0.00  0.0    0 11.2 23 180   M    M   1 8      29 200
 7  97  65  81   1   0  16 0.00  0.0    0  6.8 18 280   M    M   0 3      23 290
 8  91  68  80   0   0  15 0.17  0.0    0  8.1 24 300   M    M   4 13     32 290
 9  95  65  80   0   0  15 0.00  0.0    0  7.9 24 180   M    M   0        29 180
10  90  66  78  -2   0  13    T  0.0    0  6.6 29  10   M    M   1        34 360
11  92  65  79  -1   0  14 0.00  0.0    0  7.1 18  40   M    M   1        23  40
12  93  58  76  -4   0  11 0.00  0.0    0  4.5 13 110   M    M   1        17 110
13  98  65  82   2   0  17 0.00  0.0    0 10.4 18 190   M    M   1        23 180
14 101  70  86   6   0  21 0.00  0.0    0 15.5 25 170   M    M   0        30 170
15 102  72  87   7   0  22 0.08  0.0    0 17.8 30 190   M    M   2 3      39 200
16 100  66  83   3   0  18 0.00  0.0    0  6.1 21 260   M    M   0        26 260
17 100  66  83   4   0  18 0.00  0.0    0  7.0 14 130   M    M   0        17 100
18 102  69  86   7   0  21 0.00  0.0    0 12.2 28 350   M    M   0        41  10
19  97  69  83   4   0  18 0.00  0.0    0 13.5 23 180   M    M   0        30 170
20 100  72  86   7   0  21 0.00  0.0    0 18.8 30 180   M    M   1        40 180
21 101  76  89  10   0  24 0.00  0.0    0 18.2 29 200   M    M   0        37 200
22 103  79  91  12   0  26 0.00  0.0    0 17.3 29 180   M    M   0        34 180
23  98  68  83   5   0  18 0.00  0.0    0 17.6 31 190   M    M   0        37 190
24 103  76  90  12   0  25 0.00  0.0    0 16.4 26 190   M    M   0 3      34 190
25 102  73  88  10   0  23 0.04  0.0    0 12.6 32 170   M    M   1 3      44 170
26  99  69  84   6   0  19 0.22  0.0    0 10.2 31 200   M    M   2 13     40 190
27  92  67  80   2   0  15 0.29  0.0    0  9.0 33 170   M    M   6 13     41 180
28  92  65  79   2   0  14 1.21  0.0    0 12.4 48 200   M    M   3 123    62 210
29  89  63  76  -1   0  11 0.06  0.0    0  6.9 17 330   M    M   1 1      22 300
30  92  59  76  -1   0  11 0.00  0.0    0  6.4 16 150   M    M   0        20 170
31  98  71  85   8   0  20    T  0.0    0 21.0 36 180   M    M   0 3      45 180
================================================================================
SM 2981 2079         0 523  2.07     0.0 345.8          M       26
================================================================================
AV 96.2 67.1                              11.2 FASTST   M    M   1    MAX(MPH)
                                 MISC ---->  # 48 200               # 62  210
================================================================================
NOTES:
# LAST OF SEVERAL OCCURRENCES

COLUMN 17 PEAK WIND IN M.P.H.

PRELIMINARY LOCAL CLIMATOLOGICAL DATA (WS FORM: F-6) , PAGE 2

                                          STATION:  GAGE
                                          MONTH:    AUGUST
                                          YEAR:     2014
                                          LATITUDE:   36 17 N
                                          LONGITUDE:  99 46 W

[TEMPERATURE DATA]      [PRECIPITATION DATA]       SYMBOLS USED IN COLUMN 16

AVERAGE MONTHLY: 81.6   TOTAL FOR MONTH:   2.07    1 = FOG OR MIST
DPTR FM NORMAL:   2.4   DPTR FM NORMAL:   -0.32    2 = FOG REDUCING VISIBILITY
HIGHEST:   103 ON 24,22 GRTST 24HR  1.27 ON 28-29      TO 1/4 MILE OR LESS
LOWEST:     58 ON 12, 1                            3 = THUNDER
                        SNOW, ICE PELLETS, HAIL    4 = ICE PELLETS
                        TOTAL MONTH:   0.0 INCH    5 = HAIL
                        GRTST 24HR     0.0         6 = FREEZING RAIN OR DRIZZLE
                        GRTST DEPTH:   0           7 = DUSTSTORM OR SANDSTORM:
                                                       VSBY 1/2 MILE OR LESS
                                                   8 = SMOKE OR HAZE
[NO. OF DAYS WITH]      [WEATHER - DAYS WITH]      9 = BLOWING SNOW
                                                   X = TORNADO
MAX 32 OR BELOW:   0    0.01 INCH OR MORE:   7
MAX 90 OR ABOVE:  30    0.10 INCH OR MORE:   4
MIN 32 OR BELOW:   0    0.50 INCH OR MORE:   1
MIN  0 OR BELOW:   0    1.00 INCH OR MORE:   1

[HDD (BASE 65) ]
TOTAL THIS MO.     0    CLEAR  (SCALE 0-3)  29
DPTR FM NORMAL    -1    PTCLDY (SCALE 4-7)   2
TOTAL FM JUL 1     4    CLOUDY (SCALE 8-10)  0
DPTR FM NORMAL     3

[CDD (BASE 65) ]
TOTAL THIS MO.   523
DPTR FM NORMAL    82    [PRESSURE DATA]
TOTAL FM JAN 1  1530    HIGHEST SLP M ON M
DPTR FM NORMAL   149    LOWEST  SLP 28.62 ON 14

[REMARKS]
#FINAL-08-14#




U.S. Dept. of Commerce
NOAA National Weather Service
1325 East West Highway
Silver Spring, MD 20910
E-mail: w-nws.webmaster@noaa.gov
Page last modified: May 16, 2007
NATIONAL WEATHER SERVICE: for Safety, for Work, for Fun - FOR LIFE