723
CXUS54 KOUN 300800
CF6GAG
PRELIMINARY LOCAL CLIMATOLOGICAL DATA (WS FORM: F-6)

                                          STATION:   GAGE
                                          MONTH:     JANUARY
                                          YEAR:      2015
                                          LATITUDE:   36 17 N
                                          LONGITUDE:  99 46 W

  TEMPERATURE IN F:       :PCPN:    SNOW:  WIND      :SUNSHINE: SKY     :PK WND
================================================================================
1   2   3   4   5  6A  6B    7    8   9   10  11  12  13   14  15   16   17  18
                                     12Z  AVG MX 2MIN
DY MAX MIN AVG DEP HDD CDD  WTR  SNW DPTH SPD SPD DIR MIN PSBL S-S WX    SPD DR
================================================================================

 1  31  22  27  -7  38   0 0.00  0.0    0  7.5 14 200   M    M  10 8      16 210
 2  36  19  28  -6  37   0 0.00  0.0    0  3.2  8 150   M    M   4 1      10 140
 3  34  17  26  -8  39   0 0.05    M    0  9.0 37 350   M    M  10 16     44 350
 4  28  10  19 -15  46   0    T    T    0  9.9 28 340   M    M   1        37 350
 5  48  14  31  -3  34   0 0.00  0.0    0 14.0 31 190   M    M   0        39 190
 6  46  23  35   1  30   0 0.00  0.0    0  5.7 18  40   M    M   0        22  30
 7  25   9  17 -17  48   0    T    T    0 14.6 31  30   M    M   3        39  10
 8  54  11  33  -1  32   0 0.00  0.0    0 17.2 35 200   M    M   1        42 190
 9  35  22  29  -5  36   0 0.00  0.0    0  9.4 25  20   M    M  10        31  30
10  44  19  32  -2  33   0 0.00  0.0    0 19.9 31 190   M    M   2        40 190
11  39  24  32  -2  33   0 0.00  0.0    0  9.5 24 180   M    M   6 1      30 190
12  32  19  26  -8  39   0 0.00  0.0    0 14.1 22  20   M    M   7 1      30 360
13  34  11  23 -11  42   0 0.00  0.0    0  4.0 10  50   M    M   6        13  50
14  36  25  31  -3  34   0    T    T    0  4.0  9 210   M    M  10 1      11 210
15  56  19  38   3  27   0 0.00  0.0    0  8.6 17 330   M    M   1 1      22 330
16  69  20  45  10  20   0 0.00  0.0    0 12.2 25 200   M    M   0        31 200
17  63  23  43   8  22   0 0.00  0.0    0 12.1 32 360   M    M   0        40 360
18  75  22  49  14  16   0 0.00  0.0    0 10.0 31 250   M    M   0        37 240
19  75  27  51  16  14   0 0.00  0.0    0  6.1 13  60   M    M   0        16  50
20  52  28  40   5  25   0    T  0.0    0  8.8 22  20   M    M   6        27  40
21  45  28  37   2  28   0 0.14    M    0  5.4 15  30   M    M   9 1      19  20
22  46  22  34  -1  31   0 0.03    M    0  5.9 16  40   M    M   6 1      20  10
23  50  17  34  -1  31   0 0.00  0.0    0  9.3 16 260   M    M   0        21 260
24  62  26  44   9  21   0 0.00  0.0    0 11.1 23 240   M    M   1        29 350
25  60  30  45  10  20   0 0.00  0.0    0 13.7 35 330   M    M   0        44 340
26  74  26  50  15  15   0 0.00  0.0    0 11.0 22 330   M    M   0        27 320
27  81  33  57  22   8   0 0.00  0.0    0 10.5 20 230   M    M   0        24 240
28  76  46  61  25   4   0 0.00  0.0    0 11.7 22 260   M    M   0        27 280
29  53  28  41   5  24   0 0.00  0.0    0 10.7 24 360   M    M   1        29 360
================================================================================
SM 1459  640       827   0  0.22    T    289.1          M       94
================================================================================
AV 50.3 22.1                              10.0 FASTST   M    M   3    MAX(MPH)
                                 MISC ---->  # 37 350               # 44  350
================================================================================
NOTES:
# LAST OF SEVERAL OCCURRENCES

COLUMN 17 PEAK WIND IN M.P.H.

PRELIMINARY LOCAL CLIMATOLOGICAL DATA (WS FORM: F-6) , PAGE 2

                                          STATION:  GAGE
                                          MONTH:    JANUARY
                                          YEAR:     2015
                                          LATITUDE:   36 17 N
                                          LONGITUDE:  99 46 W

[TEMPERATURE DATA]      [PRECIPITATION DATA]       SYMBOLS USED IN COLUMN 16

AVERAGE MONTHLY: 36.2   TOTAL FOR MONTH:   0.22    1 = FOG OR MIST
DPTR FM NORMAL:   1.6   DPTR FM NORMAL:   -0.30    2 = FOG REDUCING VISIBILITY
HIGHEST:    81 ON 27    GRTST 24HR  0.17 ON 21-22      TO 1/4 MILE OR LESS
LOWEST:      9 ON  7                               3 = THUNDER
                        SNOW, ICE PELLETS, HAIL    4 = ICE PELLETS
                        TOTAL MONTH:    T          5 = HAIL
                        GRTST 24HR    T  ON 14-14  6 = FREEZING RAIN OR DRIZZLE
                        GRTST DEPTH:   0           7 = DUSTSTORM OR SANDSTORM:
                                                       VSBY 1/2 MILE OR LESS
                                                   8 = SMOKE OR HAZE
[NO. OF DAYS WITH]      [WEATHER - DAYS WITH]      9 = BLOWING SNOW
                                                   X = TORNADO
MAX 32 OR BELOW:   4    0.01 INCH OR MORE:   3
MAX 90 OR ABOVE:   0    0.10 INCH OR MORE:   1
MIN 32 OR BELOW:  27    0.50 INCH OR MORE:   0
MIN  0 OR BELOW:   0    1.00 INCH OR MORE:   0

[HDD (BASE 65) ]
TOTAL THIS MO.   827    CLEAR  (SCALE 0-3)  17
DPTR FM NORMAL   -55    PTCLDY (SCALE 4-7)   7
TOTAL FM JUL 1  2469    CLOUDY (SCALE 8-10)  5
DPTR FM NORMAL  -210

[CDD (BASE 65) ]
TOTAL THIS MO.     0
DPTR FM NORMAL     0    [PRESSURE DATA]
TOTAL FM JAN 1     0    HIGHEST SLP M ON M
DPTR FM NORMAL     0    LOWEST  SLP 29.79 ON  3

[REMARKS]




U.S. Dept. of Commerce
NOAA National Weather Service
1325 East West Highway
Silver Spring, MD 20910
E-mail: w-nws.webmaster@noaa.gov
Page last modified: May 16, 2007
NATIONAL WEATHER SERVICE: for Safety, for Work, for Fun - FOR LIFE