204
CXUS54 KOUN 250800
CF6GAG
PRELIMINARY LOCAL CLIMATOLOGICAL DATA (WS FORM: F-6)

                                          STATION:   GAGE
                                          MONTH:     NOVEMBER
                                          YEAR:      2014
                                          LATITUDE:   36 17 N
                                          LONGITUDE:  99 46 W

  TEMPERATURE IN F:       :PCPN:    SNOW:  WIND      :SUNSHINE: SKY     :PK WND
================================================================================
1   2   3   4   5  6A  6B    7    8   9   10  11  12  13   14  15   16   17  18
                                     12Z  AVG MX 2MIN
DY MAX MIN AVG DEP HDD CDD  WTR  SNW DPTH SPD SPD DIR MIN PSBL S-S WX    SPD DR
================================================================================

 1  59  34  47  -5  18   0 0.00  0.0    0 18.4 30 180   M    M   1        38 170
 2  65  46  56   4   9   0 0.00  0.0    0 23.5 36 180   M    M   0        47 180
 3  67  47  57   5   8   0 0.07  0.0    0 16.4 35 180   M    M   5 1      43 180
 4  53  39  46  -5  19   0    T  0.0    0  6.7 16  40   M    M   3        20  40
 5  69  31  50  -1  15   0 0.00  0.0    0  6.4 17 280   M    M   0        20 280
 6  67  33  50   0  15   0 0.00  0.0    0  4.8 15 180   M    M   0 8      19 170
 7  78  43  61  11   4   0 0.00  0.0    0 17.8 32 220   M    M   0        41 200
 8  65  42  54   5  11   0 0.00  0.0    0 11.6 25  10   M    M   0        32  20
 9  77  44  61  12   4   0 0.00  0.0    0 11.2 22 180   M    M   0        27 180
10  86  29  58  10   7   0 0.00  0.0    0 18.2 37 350   M    M   2 8      47 350
11  35  20  28 -20  37   0 0.00  0.0    0 16.0 31 360   M    M   1        42 360
12  24  16  20 -28  45   0 0.00  0.0    0 14.9 22  20   M    M   8        30  30
13  31  15  23 -24  42   0    T    T    0  8.9 20 350   M    M   4        28 360
14  37  19  28 -18  37   0 0.00  0.0    0 12.2 21 190   M    M   5        28 160
15  53  28  41  -5  24   0    T    T    0 14.7 29 180   M    M   1        34 180
16  31  14  23 -23  42   0 0.05    M    0 11.7 26  10   M    M   8 1      33  20
17  38   8  23 -22  42   0 0.00  0.0    0  5.8 14 320   M    M   0        19 320
18  54  13  34 -10  31   0 0.00  0.0    0 10.0 22 230   M    M   0        27 210
19  57  23  40  -4  25   0 0.00  0.0    0  6.3 13  20   M    M   0        19 330
20  57  23  40  -4  25   0 0.00  0.0    0  6.1 16  60   M    M   0        20  60
21  51  26  39  -4  26   0 0.00  0.0    0  5.2 14 160   M    M   6 12     17 160
22  68  32  50   8  15   0 0.00  0.0    0 15.5 32 180   M    M   6 12     42 170
23  52  31  42   0  23   0 0.01  0.0    0 16.8 38 350   M    M   4 1      52 350
24  56  27  42   0  23   0 0.00  0.0    0 10.8 23 300   M    M   0        30 300
================================================================================
SM 1330  683       547   0  0.13    T    289.9          M       54
================================================================================
AV 55.4 28.5                              12.1 FASTST   M    M   2    MAX(MPH)
                                 MISC ---->  # 38 350               # 52  350
================================================================================
NOTES:
# LAST OF SEVERAL OCCURRENCES

COLUMN 17 PEAK WIND IN M.P.H.

PRELIMINARY LOCAL CLIMATOLOGICAL DATA (WS FORM: F-6) , PAGE 2

                                          STATION:  GAGE
                                          MONTH:    NOVEMBER
                                          YEAR:     2014
                                          LATITUDE:   36 17 N
                                          LONGITUDE:  99 46 W

[TEMPERATURE DATA]      [PRECIPITATION DATA]       SYMBOLS USED IN COLUMN 16

AVERAGE MONTHLY: 41.9   TOTAL FOR MONTH:   0.13    1 = FOG OR MIST
DPTR FM NORMAL:  -5.2   DPTR FM NORMAL:   -0.81    2 = FOG REDUCING VISIBILITY
HIGHEST:    86 ON 10    GRTST 24HR  0.07 ON  3- 3      TO 1/4 MILE OR LESS
LOWEST:      8 ON 17                               3 = THUNDER
                        SNOW, ICE PELLETS, HAIL    4 = ICE PELLETS
                        TOTAL MONTH:    T          5 = HAIL
                        GRTST 24HR    T  ON 15-15  6 = FREEZING RAIN OR DRIZZLE
                        GRTST DEPTH:   0           7 = DUSTSTORM OR SANDSTORM:
                                                       VSBY 1/2 MILE OR LESS
                                                   8 = SMOKE OR HAZE
[NO. OF DAYS WITH]      [WEATHER - DAYS WITH]      9 = BLOWING SNOW
                                                   X = TORNADO
MAX 32 OR BELOW:   3    0.01 INCH OR MORE:   3
MAX 90 OR ABOVE:   0    0.10 INCH OR MORE:   0
MIN 32 OR BELOW:  16    0.50 INCH OR MORE:   0
MIN  0 OR BELOW:   0    1.00 INCH OR MORE:   0

[HDD (BASE 65) ]
TOTAL THIS MO.   547    CLEAR  (SCALE 0-3)  16
DPTR FM NORMAL   114    PTCLDY (SCALE 4-7)   8
TOTAL FM JUL 1   713    CLOUDY (SCALE 8-10)  0
DPTR FM NORMAL    -8

[CDD (BASE 65) ]
TOTAL THIS MO.     0
DPTR FM NORMAL     0    [PRESSURE DATA]
TOTAL FM JAN 1  1839    HIGHEST SLP M ON M
DPTR FM NORMAL   210    LOWEST  SLP 29.31 ON 23

[REMARKS]




U.S. Dept. of Commerce
NOAA National Weather Service
1325 East West Highway
Silver Spring, MD 20910
E-mail: w-nws.webmaster@noaa.gov
Page last modified: May 16, 2007
NATIONAL WEATHER SERVICE: for Safety, for Work, for Fun - FOR LIFE