412
CXUS54 KTSA 300940
CF6FYV
PRELIMINARY LOCAL CLIMATOLOGICAL DATA (WS FORM: F-6)

                                          STATION:   FAYETTEVILLE ARKANSAS
                                          MONTH:     JANUARY
                                          YEAR:      2015
                                          LATITUDE:   36  0 N
                                          LONGITUDE:  94 10 W

  TEMPERATURE IN F:       :PCPN:    SNOW:  WIND      :SUNSHINE: SKY     :PK WND
================================================================================
1   2   3   4   5  6A  6B    7    8   9   10  11  12  13   14  15   16   17  18
                                     12Z  AVG MX 2MIN
DY MAX MIN AVG DEP HDD CDD  WTR  SNW DPTH SPD SPD DIR MIN PSBL S-S WX    SPD DR
================================================================================

 1  35  29  32  -3  33   0 0.07    T    0  2.1  9 180   M    M  10 1      12 230
 2  40  33  37   2  28   0 0.50    T    0  1.9  7 280   M    M  10 1      11 330
 3  45  38  42   7  23   0 0.41  0.0    0  7.3 17 230   M    M   8 1      24 310
 4  39  15  27  -8  38   0 0.01  0.0    0 11.1 24 330   M    M   6 1      32 320
 5  38  14  26  -9  39   0 0.00  0.0    0  6.1 20 200   M    M   0        27 210
 6  43  25  34  -1  31   0 0.00  0.0    0  4.1 13 330   M    M   0        16 350
 7  28   7  18 -17  47   0 0.00  0.0    0 11.3 23 350   M    M   4        34 350
 8  30   3  17 -18  48   0 0.00  0.0    0  8.5 22 200   M    M   0        27 200
 9  30   9  20 -15  45   0 0.00  0.0    0  8.2 20 350   M    M   3        25 350
10  34   5  20 -15  45   0 0.00  0.0    0  5.8 16 180   M    M   4        20 200
11  41  29  35   0  30   0 0.04  0.0    0  3.5 15 170   M    M  10 16     20 170
12  36  26  31  -4  34   0    T  0.0    0  6.4 15 340   M    M   8 1      21 350
13  37  18  28  -7  37   0 0.00  0.0    0  3.5 13  60   M    M   0        16  70
14  43  18  31  -4  34   0 0.00  0.0    0  2.2  9 310   M    M   5        11 330
15  48  24  36   1  29   0    T    T    0  4.2 13 300   M    M   4        16 280
16  59  19  39   4  26   0 0.00  0.0    0  2.5 13 220   M    M   0        17 210
17  60  30  45  10  20   0 0.00  0.0    0  8.9 22 200   M    M   0        30 190
18  62  23  43   7  22   0 0.00  0.0    0 11.3 24 210   M    M   0        32 210
19  67  30  49  13  16   0 0.00  0.0    0  4.5 15 220   M    M   0        20 210
20  54  26  40   4  25   0 0.00  0.0    0  2.7 20  10   M    M   4        25  20
21  52  22  37   1  28   0 0.00  0.0    0  3.7 13 350   M    M   3        17 330
22  45  25  35  -1  30   0 0.00  0.0    0  2.5 10  70   M    M   6        14  40
23  46  21  34  -2  31   0 0.00  0.0    0  3.5 14 330   M    M   1 1      18 320
24  55  20  38   2  27   0 0.00  0.0    0  5.7 13 220   M    M   0        30 240
25  51  38  45   9  20   0 0.05  0.0    0 14.6 28 330   M    M   8        39 330
26  59  25  42   6  23   0 0.00  0.0    0  6.5 16 270   M    M   3        23 230
27  67  27  47  11  18   0 0.00  0.0    0  1.2  7 300   M    M   0        17 250
28  68  31  50  14  15   0 0.00  0.0    0 11.2 25 180   M    M   0        32 190
29  61  25  43   7  22   0 0.00  0.0    0  9.5 22 320   M    M   2        28 320
================================================================================
SM 1373  655       864   0  1.08    T    174.5          M       99
================================================================================
AV 47.3 22.6                               6.0 FASTST   M    M   3    MAX(MPH)
                                 MISC ---->  # 28 330               # 39  330
================================================================================
NOTES:
# LAST OF SEVERAL OCCURRENCES

COLUMN 17 PEAK WIND IN M.P.H.

PRELIMINARY LOCAL CLIMATOLOGICAL DATA (WS FORM: F-6) , PAGE 2

                                          STATION:  FAYETTEVILLE ARKANSAS
                                          MONTH:    JANUARY
                                          YEAR:     2015
                                          LATITUDE:   36  0 N
                                          LONGITUDE:  94 10 W

[TEMPERATURE DATA]      [PRECIPITATION DATA]       SYMBOLS USED IN COLUMN 16

AVERAGE MONTHLY: 35.0   TOTAL FOR MONTH:   1.08    1 = FOG OR MIST
DPTR FM NORMAL:  -0.4   DPTR FM NORMAL:   -1.58    2 = FOG REDUCING VISIBILITY
HIGHEST:    68 ON 28    GRTST 24HR  0.81 ON  2- 3      TO 1/4 MILE OR LESS
LOWEST:      3 ON  8                               3 = THUNDER
                        SNOW, ICE PELLETS, HAIL    4 = ICE PELLETS
                        TOTAL MONTH:    T          5 = HAIL
                        GRTST 24HR    T  ON 15-15  6 = FREEZING RAIN OR DRIZZLE
                        GRTST DEPTH:   0           7 = DUSTSTORM OR SANDSTORM:
                                                       VSBY 1/2 MILE OR LESS
                                                   8 = SMOKE OR HAZE
[NO. OF DAYS WITH]      [WEATHER - DAYS WITH]      9 = BLOWING SNOW
                                                   X = TORNADO
MAX 32 OR BELOW:   3    0.01 INCH OR MORE:   6
MAX 90 OR ABOVE:   0    0.10 INCH OR MORE:   2
MIN 32 OR BELOW:  26    0.50 INCH OR MORE:   1
MIN  0 OR BELOW:   0    1.00 INCH OR MORE:   0

[HDD (BASE 65) ]
TOTAL THIS MO.   864    CLEAR  (SCALE 0-3)  15
DPTR FM NORMAL     5    PTCLDY (SCALE 4-7)   9
TOTAL FM JUL 1  2544    CLOUDY (SCALE 8-10)  5
DPTR FM NORMAL     2

[CDD (BASE 65) ]
TOTAL THIS MO.     0
DPTR FM NORMAL     0    [PRESSURE DATA]
TOTAL FM JAN 1     0    HIGHEST SLP M ON M
DPTR FM NORMAL     0    LOWEST  SLP 29.73 ON 25

[REMARKS]




U.S. Dept. of Commerce
NOAA National Weather Service
1325 East West Highway
Silver Spring, MD 20910
E-mail: w-nws.webmaster@noaa.gov
Page last modified: May 16, 2007
NATIONAL WEATHER SERVICE: for Safety, for Work, for Fun - FOR LIFE