174
CXUS54 KTSA 210840
CF6FYV
PRELIMINARY LOCAL CLIMATOLOGICAL DATA (WS FORM: F-6)

                                          STATION:   FAYETTEVILLE ARKANSAS
                                          MONTH:     SEPTEMBER
                                          YEAR:      2014
                                          LATITUDE:   36  0 N
                                          LONGITUDE:  94 10 W

  TEMPERATURE IN F:       :PCPN:    SNOW:  WIND      :SUNSHINE: SKY     :PK WND
================================================================================
1   2   3   4   5  6A  6B    7    8   9   10  11  12  13   14  15   16   17  18
                                     12Z  AVG MX 2MIN
DY MAX MIN AVG DEP HDD CDD  WTR  SNW DPTH SPD SPD DIR MIN PSBL S-S WX    SPD DR
================================================================================

 1  88  66  77   3   0  12 0.01  0.0    0 10.9 24 180   M    M   4        30 180
 2  81  64  73  -1   0   8 1.93  0.0    0  5.1 22 350   M    M   4 13     30 350
 3  87  63  75   1   0  10 0.00  0.0    0  6.9 18 170   M    M   2        24 170
 4  89  70  80   7   0  15 0.00  0.0    0  7.3 17 170   M    M   1        21 180
 5  90  66  78   5   0  13 0.00  0.0    0  4.4 13 210   M    M   0 1      17 210
 6  73  62  68  -4   0   3 0.36  0.0    0  4.4 22 330   M    M   8 13     26 330
 7  80  58  69  -3   0   4 0.00  0.0    0  2.3  8 300   M    M   5        10 320
 8  83  62  73   1   0   8 0.00  0.0    0  3.6 15 190   M    M   6 12     19 190
 9  87  66  77   6   0  12 0.00  0.0    0  9.8 21 200   M    M   2 1      27 190
10  90  73  82  11   0  17    T  0.0    0 12.0 23 210   M    M   4        31 210
11  72  62  67  -3   0   2 0.22  0.0    0  5.0 10  60   M    M  10 13     15  30
12  62  52  57 -13   8   0 0.06  0.0    0  6.9 12  30   M    M  10 1      18  50
13  66  49  58 -12   7   0 0.00  0.0    0  4.3 12  70   M    M   8        16  80
14  76  50  63  -6   2   0 0.00  0.0    0  2.2 14 200   M    M   1 1      16 200
15  79  62  71   2   0   6 0.09  0.0    0  5.4 14 210   M    M   3 1      16 210
16  78  63  71   3   0   6 0.00  0.0    0  2.5 16 330   M    M   9 128    20 330
17  83  62  73   5   0   8 0.87  0.0    0  7.3 22 110   M    M   5 13     35 100
18  81  62  72   4   0   7 0.01  0.0    0  5.8 21 180   M    M   4 123    25 180
19  83  60  72   5   0   7 0.00  0.0    0  2.6 15 190   M    M   3 1      17 190
20  83  60  72   5   0   7 0.00  0.0    0  4.5 14 190   M    M   2 1      17 210
================================================================================
SM 1611 1232        17 145  3.55     0.0 113.2          M       91
================================================================================
AV 80.6 61.6                               5.7 FASTST   M    M   5    MAX(MPH)
                                 MISC ---->  # 24 180               # 35  100
================================================================================
NOTES:
# LAST OF SEVERAL OCCURRENCES

COLUMN 17 PEAK WIND IN M.P.H.

PRELIMINARY LOCAL CLIMATOLOGICAL DATA (WS FORM: F-6) , PAGE 2

                                          STATION:  FAYETTEVILLE ARKANSAS
                                          MONTH:    SEPTEMBER
                                          YEAR:     2014
                                          LATITUDE:   36  0 N
                                          LONGITUDE:  94 10 W

[TEMPERATURE DATA]      [PRECIPITATION DATA]       SYMBOLS USED IN COLUMN 16

AVERAGE MONTHLY: 71.1   TOTAL FOR MONTH:   3.55    1 = FOG OR MIST
DPTR FM NORMAL:   0.5   DPTR FM NORMAL:    0.48    2 = FOG REDUCING VISIBILITY
HIGHEST:    90 ON 10, 5 GRTST 24HR  1.93 ON  1- 2      TO 1/4 MILE OR LESS
LOWEST:     49 ON 13                               3 = THUNDER
                        SNOW, ICE PELLETS, HAIL    4 = ICE PELLETS
                        TOTAL MONTH:   0.0 INCH    5 = HAIL
                        GRTST 24HR     0.0         6 = FREEZING RAIN OR DRIZZLE
                        GRTST DEPTH:   0           7 = DUSTSTORM OR SANDSTORM:
                                                       VSBY 1/2 MILE OR LESS
                                                   8 = SMOKE OR HAZE
[NO. OF DAYS WITH]      [WEATHER - DAYS WITH]      9 = BLOWING SNOW
                                                   X = TORNADO
MAX 32 OR BELOW:   0    0.01 INCH OR MORE:   8
MAX 90 OR ABOVE:   2    0.10 INCH OR MORE:   4
MIN 32 OR BELOW:   0    0.50 INCH OR MORE:   2
MIN  0 OR BELOW:   0    1.00 INCH OR MORE:   1

[HDD (BASE 65) ]
TOTAL THIS MO.    17    CLEAR  (SCALE 0-3)   8
DPTR FM NORMAL     3    PTCLDY (SCALE 4-7)   9
TOTAL FM JUL 1    21    CLOUDY (SCALE 8-10)  3
DPTR FM NORMAL     6

[CDD (BASE 65) ]
TOTAL THIS MO.   145
DPTR FM NORMAL    17    [PRESSURE DATA]
TOTAL FM JAN 1  1180    HIGHEST SLP M ON M
DPTR FM NORMAL   -73    LOWEST  SLP 29.69 ON 10

[REMARKS]




U.S. Dept. of Commerce
NOAA National Weather Service
1325 East West Highway
Silver Spring, MD 20910
E-mail: w-nws.webmaster@noaa.gov
Page last modified: May 16, 2007
NATIONAL WEATHER SERVICE: for Safety, for Work, for Fun - FOR LIFE