832
CXUS54 KTSA 012102
CF6FYV
PRELIMINARY LOCAL CLIMATOLOGICAL DATA (WS FORM: F-6)

                                          STATION:   FAYETTEVILLE ARKANSAS
                                          MONTH:     NOVEMBER
                                          YEAR:      2014
                                          LATITUDE:   36  0 N
                                          LONGITUDE:  94 10 W

  TEMPERATURE IN F:       :PCPN:    SNOW:  WIND      :SUNSHINE: SKY     :PK WND
================================================================================
1   2   3   4   5  6A  6B    7    8   9   10  11  12  13   14  15   16   17  18
                                     12Z  AVG MX 2MIN
DY MAX MIN AVG DEP HDD CDD  WTR  SNW DPTH SPD SPD DIR MIN PSBL S-S WX    SPD DR
================================================================================

 1  58  23  41 -12  24   0 0.00  0.0    0  2.5 10 210   M    M   1        14  70
 2  60  43  52  -1  13   0 0.00  0.0    0 10.6 21 170   M    M   2        26 170
 3  67  45  56   4   9   0 0.00  0.0    0 14.3 25 180   M    M   6        31 180
 4  61  47  54   2  11   0 1.45  0.0    0  7.1 21 180   M    M  10 1      26 340
 5  59  41  50  -2  15   0 0.00  0.0    0  2.2 12 280   M    M   6 1      17 280
 6  60  31  46  -5  19   0 0.00  0.0    0  5.8 24 330   M    M   0        30 330
 7  61  27  44  -7  21   0 0.00  0.0    0  7.8 18 200   M    M   0        24 180
 8  57  31  44  -7  21   0 0.00  0.0    0  7.3 21 340   M    M   0        26 320
 9  65  28  47  -3  18   0 0.00  0.0    0  7.1 17 190   M    M   0        22 200
10  73  52  63  13   2   0 0.00  0.0    0 17.9 38 190   M    M   0        48 180
11  62  28  45  -4  20   0 0.00  0.0    0 11.7 23 320   M    M   5 1      29 320
12  35  22  29 -20  36   0 0.00  0.0    0 10.3 20 330   M    M   4        27 340
13  33  15  24 -25  41   0 0.00  0.0    0  7.5 16 310   M    M   2        23 290
14  37  14  26 -22  39   0 0.00  0.0    0  1.6 10  70   M    M   0        14  80
15  36  19  28 -20  37   0    T  0.0    0  5.4 16 160   M    M   6        21 160
16  35  22  29 -18  36   0 0.03    T    0  6.6 16 340   M    M   9 1      19 340
17  30  12  21 -26  44   0 0.00  0.0    0  9.0 26 310   M    M   1        35 310
18  43   9  26 -20  39   0 0.00  0.0    0  7.4 20 200   M    M   0        25 200
19  53  25  39  -7  26   0 0.00  0.0    0  8.1 17 270   M    M   0        23 200
20  59  21  40  -6  25   0    T  0.0    0  2.7 13 180   M    M   0        16 180
21  57  29  43  -2  22   0    T  0.0    0  8.4 23 180   M    M  10        32 170
22  58  51  55  10  10   0 0.93  0.0    0 10.3 21 180   M    M   9 13     25 170
23  64  41  53   9  12   0 0.08  0.0    0 12.4 29 330   M    M   7 13     37 300
24  51  27  39  -5  26   0 0.01  0.0    0 10.4 22 290   M    M   1        29 270
25  47  21  34 -10  31   0 0.00  0.0    0  2.0 14 300   M    M   0        17 290
26  52  24  38  -5  27   0 0.00  0.0    0  9.5 24 320   M    M   4        32 290
27  45  23  34  -9  31   0 0.00  0.0    0  2.2 14 320   M    M   2        19 320
28  60  32  46   4  19   0 0.00  0.0    0 14.1 26 190   M    M   0        34 210
29  70  52  61  19   4   0 0.00  0.0    0 18.8 30 210   M    M   0        44 200
30  72  38  55  13  10   0 0.00  0.0    0 14.3 28 210   M    M   6        39 200
================================================================================
SM 1620  893       688   0  2.50    T    255.3          M       91
================================================================================
AV 54.0 29.8                               8.5 FASTST   M    M   3    MAX(MPH)
                                 MISC ---->  # 38 190               # 48  180
================================================================================
NOTES:
# LAST OF SEVERAL OCCURRENCES

COLUMN 17 PEAK WIND IN M.P.H.

PRELIMINARY LOCAL CLIMATOLOGICAL DATA (WS FORM: F-6) , PAGE 2

                                          STATION:  FAYETTEVILLE ARKANSAS
                                          MONTH:    NOVEMBER
                                          YEAR:     2014
                                          LATITUDE:   36  0 N
                                          LONGITUDE:  94 10 W

[TEMPERATURE DATA]      [PRECIPITATION DATA]       SYMBOLS USED IN COLUMN 16

AVERAGE MONTHLY: 41.9   TOTAL FOR MONTH:   2.50    1 = FOG OR MIST
DPTR FM NORMAL:  -5.5   DPTR FM NORMAL:   -1.73    2 = FOG REDUCING VISIBILITY
HIGHEST:    73 ON 10    GRTST 24HR  1.45 ON  4- 4      TO 1/4 MILE OR LESS
LOWEST:      9 ON 18                               3 = THUNDER
                        SNOW, ICE PELLETS, HAIL    4 = ICE PELLETS
                        TOTAL MONTH:    T          5 = HAIL
                        GRTST 24HR    T  ON 16-16  6 = FREEZING RAIN OR DRIZZLE
                        GRTST DEPTH:   0           7 = DUSTSTORM OR SANDSTORM:
                                                       VSBY 1/2 MILE OR LESS
                                                   8 = SMOKE OR HAZE
[NO. OF DAYS WITH]      [WEATHER - DAYS WITH]      9 = BLOWING SNOW
                                                   X = TORNADO
MAX 32 OR BELOW:   1    0.01 INCH OR MORE:   5
MAX 90 OR ABOVE:   0    0.10 INCH OR MORE:   2
MIN 32 OR BELOW:  21    0.50 INCH OR MORE:   2
MIN  0 OR BELOW:   0    1.00 INCH OR MORE:   1

[HDD (BASE 65) ]
TOTAL THIS MO.   688    CLEAR  (SCALE 0-3)  18
DPTR FM NORMAL   159    PTCLDY (SCALE 4-7)   8
TOTAL FM JUL 1   925    CLOUDY (SCALE 8-10)  4
DPTR FM NORMAL    96

[CDD (BASE 65) ]
TOTAL THIS MO.     0
DPTR FM NORMAL    -2    [PRESSURE DATA]
TOTAL FM JAN 1  1237    HIGHEST SLP 30.59 ON 13
DPTR FM NORMAL   -71    LOWEST  SLP 29.26 ON 23

[REMARKS]
#FINAL-11-14#
#FINAL-11-14#




U.S. Dept. of Commerce
NOAA National Weather Service
1325 East West Highway
Silver Spring, MD 20910
E-mail: w-nws.webmaster@noaa.gov
Page last modified: May 16, 2007
NATIONAL WEATHER SERVICE: for Safety, for Work, for Fun - FOR LIFE