244
CXUS53 KIWX 230800
CF6FWA
PRELIMINARY LOCAL CLIMATOLOGICAL DATA (WS FORM: F-6)

                                          STATION:   FORT WAYNE
                                          MONTH:     SEPTEMBER
                                          YEAR:      2014
                                          LATITUDE:   41  0 N
                                          LONGITUDE:  85 12 W

  TEMPERATURE IN F:       :PCPN:    SNOW:  WIND      :SUNSHINE: SKY     :PK WND
================================================================================
1   2   3   4   5  6A  6B    7    8   9   10  11  12  13   14  15   16   17  18
                                     12Z  AVG MX 2MIN
DY MAX MIN AVG DEP HDD CDD  WTR  SNW DPTH SPD SPD DIR MIN PSBL S-S WX    SPD DR
================================================================================

 1  83  67  75   6   0  10 0.02  0.0    0 11.9 23 210   M    M   7 1      30 210
 2  78  63  71   2   0   6 0.17  0.0    0  7.7 17 240   M    M   8 13     21 230
 3  83  60  72   3   0   7 0.00  0.0    0  3.8 10 220   M    M   5 12     14 240
 4  86  61  74   5   0   9 0.01  0.0    0  7.6 20 210   M    M   5 18     24 210
 5  90  69  80  12   0  15 0.45  0.0    0  9.7 24 310   M    M   5 13     36 320
 6  74  57  66  -2   0   1 0.01  0.0    0  5.5 14 340   M    M   6        19 350
 7  75  50  63  -5   2   0 0.00  0.0    0  4.5 12 100   M    M   1 1      14 100
 8  77  53  65  -2   0   0 0.00  0.0    0  4.6 16  80   M    M   2        20  80
 9  76  52  64  -3   1   0    T  0.0    0  3.6 13 220   M    M   8        15 180
10  76  63  70   3   0   5 3.24  0.0    0 12.9 29 210   M    M  10 123    39 220
11  66  54  60  -6   5   0    T  0.0    0 10.0 17 310   M    M  10 1      24 310
12  59  54  57  -9   8   0 0.00  0.0    0  6.1 13  80   M    M  10        14  50
13  62  45  54 -12  11   0 0.07  0.0    0  7.9 18 340   M    M   7 1      24 340
14  67  44  56  -9   9   0 0.00  0.0    0  3.0 10 290   M    M   5 1      15 240
15  59  46  53 -12  12   0 0.33  0.0    0  2.5 13 150   M    M   8 13     16 150
16  66  47  57  -7   8   0 0.00  0.0    0  2.9 12 340   M    M   5 12     14 360
17  68  42  55  -9  10   0 0.00  0.0    0  2.7 15 290   M    M   4 1      21 230
18  71  44  58  -6   7   0 0.00  0.0    0  5.0 13  60   M    M   1 1      18  50
19  70  48  59  -4   6   0 0.00  0.0    0  6.5 14 130   M    M   4 12     18 120
20  80  50  65   2   0   0 0.56  0.0    0 11.5 25 280   M    M   7 13     35 280
21  69  49  59  -3   6   0 0.04  0.0    0 15.5 26 280   M    M   5 13     33 270
22  65  43  54  -8  11   0 0.00  0.0    0  6.8 18 340   M    M   3        24 340
================================================================================
SM 1600 1161        96  53  4.90     0.0 152.2          M      126
================================================================================
AV 72.7 52.8                               6.9 FASTST   M    M   6    MAX(MPH)
                                 MISC ---->  # 29 210               # 39  220
================================================================================
NOTES:
# LAST OF SEVERAL OCCURRENCES

COLUMN 17 PEAK WIND IN M.P.H.

PRELIMINARY LOCAL CLIMATOLOGICAL DATA (WS FORM: F-6) , PAGE 2

                                          STATION:  FORT WAYNE
                                          MONTH:    SEPTEMBER
                                          YEAR:     2014
                                          LATITUDE:   41  0 N
                                          LONGITUDE:  85 12 W

[TEMPERATURE DATA]      [PRECIPITATION DATA]       SYMBOLS USED IN COLUMN 16

AVERAGE MONTHLY: 62.8   TOTAL FOR MONTH:   4.90    1 = FOG OR MIST
DPTR FM NORMAL:  -3.2   DPTR FM NORMAL:    2.83    2 = FOG REDUCING VISIBILITY
HIGHEST:    90 ON  5    GRTST 24HR  3.24 ON 10-10      TO 1/4 MILE OR LESS
LOWEST:     42 ON 17                               3 = THUNDER
                        SNOW, ICE PELLETS, HAIL    4 = ICE PELLETS
                        TOTAL MONTH:   0.0 INCH    5 = HAIL
                        GRTST 24HR     0.0         6 = FREEZING RAIN OR DRIZZLE
                        GRTST DEPTH:   0           7 = DUSTSTORM OR SANDSTORM:
                                                       VSBY 1/2 MILE OR LESS
                                                   8 = SMOKE OR HAZE
[NO. OF DAYS WITH]      [WEATHER - DAYS WITH]      9 = BLOWING SNOW
                                                   X = TORNADO
MAX 32 OR BELOW:   0    0.01 INCH OR MORE:  10
MAX 90 OR ABOVE:   1    0.10 INCH OR MORE:   5
MIN 32 OR BELOW:   0    0.50 INCH OR MORE:   2
MIN  0 OR BELOW:   0    1.00 INCH OR MORE:   1

[HDD (BASE 65) ]
TOTAL THIS MO.    96    CLEAR  (SCALE 0-3)   4
DPTR FM NORMAL    43    PTCLDY (SCALE 4-7)  15
TOTAL FM JUL 1   120    CLOUDY (SCALE 8-10)  3
DPTR FM NORMAL    55

[CDD (BASE 65) ]
TOTAL THIS MO.    53
DPTR FM NORMAL   -20    [PRESSURE DATA]
TOTAL FM JAN 1   727    HIGHEST SLP M ON M
DPTR FM NORMAL   -63    LOWEST  SLP 29.62 ON 10

[REMARKS]




U.S. Dept. of Commerce
NOAA National Weather Service
1325 East West Highway
Silver Spring, MD 20910
E-mail: w-nws.webmaster@noaa.gov
Page last modified: May 16, 2007
NATIONAL WEATHER SERVICE: for Safety, for Work, for Fun - FOR LIFE