579
CXUS53 KIWX 290800
CF6FWA
PRELIMINARY LOCAL CLIMATOLOGICAL DATA (WS FORM: F-6)

                                          STATION:   FORT WAYNE
                                          MONTH:     JANUARY
                                          YEAR:      2015
                                          LATITUDE:   41  0 N
                                          LONGITUDE:  85 12 W

  TEMPERATURE IN F:       :PCPN:    SNOW:  WIND      :SUNSHINE: SKY     :PK WND
================================================================================
1   2   3   4   5  6A  6B    7    8   9   10  11  12  13   14  15   16   17  18
                                     12Z  AVG MX 2MIN
DY MAX MIN AVG DEP HDD CDD  WTR  SNW DPTH SPD SPD DIR MIN PSBL S-S WX    SPD DR
================================================================================

 1  30  17  24  -2  41   0 0.00  0.0    0 18.2 30 240   M    M   5        36 240
 2  35  19  27   1  38   0 0.00  0.0    0  5.6 14 250   M    M   8        18 240
 3  37  28  33   8  32   0 1.07  0.0    0  6.4 13 320   M    M  10 16     16 330
 4  37  17  27   2  38   0 0.04  0.3    0 15.6 26 290   M    M  10 12     34 280
 5  17   3  10 -15  55   0 0.07  0.9    T 14.4 25 270   M    M   6 18     33 270
 6  16   5  11 -14  54   0 0.14  2.5    3 11.4 26 260   M    M   8 1      32 270
 7  12  -4   4 -21  61   0 0.06  1.0    3 14.2 23 280   M    M   7 1289   29 270
 8  17  -8   5 -20  60   0 0.04  1.2    4 18.2 33 230   M    M   7 9      42 230
 9  19   1  10 -15  55   0    T  0.3    4 20.0 33 270   M    M   6 89     43 270
10  22  -5   9 -16  56   0 0.00  0.0    3 11.5 22 230   M    M   2        29 240
11  31  22  27   2  38   0 0.25  1.4    3  8.4 16 230   M    M  10 146    21 230
12  32   8  20  -5  45   0 0.17  1.9    5  8.0 20 340   M    M   7 148    24 340
13  13  -2   6 -19  59   0    T    T    6 10.6 20  70   M    M   2 1      24  70
14  10   0   5 -20  60   0    T  0.1    6  4.6  9  80   M    M   7 128    11  70
15  28  -3  13 -12  52   0 0.00  0.0    6  9.6 20 240   M    M   4 18     24 240
16  35  16  26   1  39   0 0.00  0.0    5  7.3 15 250   M    M   5 18     17 240
17  42  15  29   4  36   0    T  0.0    5 12.8 24 230   M    M   6 18     33 200
18  39  32  36  11  29   0 0.01    T    2 13.5 22 250   M    M   9 1      28 250
19  40  23  32   7  33   0 0.00  0.0    T  3.1  8 240   M    M   6 12      9 260
20  40  32  36  11  29   0 0.04    T    T  8.0 14  70   M    M  10 146    16  60
21  34  30  32   7  33   0 0.09  0.7    T  5.5 13 300   M    M  10 126    17 290
22  32  30  31   6  34   0    T    T    T  5.7 14 340   M    M  10        20 300
23  31  28  30   5  35   0 0.00  0.0    T  8.3 15 270   M    M  10        18 270
24  37  25  31   6  34   0 0.00  0.0    0 10.1 18 270   M    M   8 18     23 280
25  36  19  28   3  37   0 0.17  2.0    0 13.8 28  60   M    M  10 19     36  80
26  22   7  15 -10  50   0    T    T    2  5.5 20  30   M    M   6        23  40
27  27  11  19  -6  46   0 0.00  0.0    2  4.6 10 330   M    M   5        13 340
28  29   6  18  -7  47   0 0.00  0.0    2  6.1 16 150   M    M   6 18     19 150
================================================================================
SM  800  372      1226   0  2.15    12.3 281.0          M      200
================================================================================
AV 28.6 13.3                              10.0 FASTST   M    M   7    MAX(MPH)
                                 MISC ---->  # 33 230               # 43  270
================================================================================
NOTES:
# LAST OF SEVERAL OCCURRENCES

COLUMN 17 PEAK WIND IN M.P.H.

PRELIMINARY LOCAL CLIMATOLOGICAL DATA (WS FORM: F-6) , PAGE 2

                                          STATION:  FORT WAYNE
                                          MONTH:    JANUARY
                                          YEAR:     2015
                                          LATITUDE:   41  0 N
                                          LONGITUDE:  85 12 W

[TEMPERATURE DATA]      [PRECIPITATION DATA]       SYMBOLS USED IN COLUMN 16

AVERAGE MONTHLY: 20.9   TOTAL FOR MONTH:   2.15    1 = FOG OR MIST
DPTR FM NORMAL:  -4.1   DPTR FM NORMAL:    0.10    2 = FOG REDUCING VISIBILITY
HIGHEST:    42 ON 17    GRTST 24HR  1.07 ON  3- 3      TO 1/4 MILE OR LESS
LOWEST:     -8 ON  8                               3 = THUNDER
                        SNOW, ICE PELLETS, HAIL    4 = ICE PELLETS
                        TOTAL MONTH:  12.3 INCHES  5 = HAIL
                        GRTST 24HR   2.5 ON  6- 6  6 = FREEZING RAIN OR DRIZZLE
                        GRTST DEPTH:   6 ON 15,14  7 = DUSTSTORM OR SANDSTORM:
                                                       VSBY 1/2 MILE OR LESS
                                                   8 = SMOKE OR HAZE
[NO. OF DAYS WITH]      [WEATHER - DAYS WITH]      9 = BLOWING SNOW
                                                   X = TORNADO
MAX 32 OR BELOW:  17    0.01 INCH OR MORE:  12
MAX 90 OR ABOVE:   0    0.10 INCH OR MORE:   5
MIN 32 OR BELOW:  28    0.50 INCH OR MORE:   1
MIN  0 OR BELOW:   6    1.00 INCH OR MORE:   1

[HDD (BASE 65) ]
TOTAL THIS MO.  1226    CLEAR  (SCALE 0-3)   2
DPTR FM NORMAL   107    PTCLDY (SCALE 4-7)  17
TOTAL FM JUL 1  3665    CLOUDY (SCALE 8-10)  9
DPTR FM NORMAL   218

[CDD (BASE 65) ]
TOTAL THIS MO.     0
DPTR FM NORMAL     0    [PRESSURE DATA]
TOTAL FM JAN 1     0    HIGHEST SLP M ON M
DPTR FM NORMAL     0    LOWEST  SLP 29.66 ON 24

[REMARKS]




U.S. Dept. of Commerce
NOAA National Weather Service
1325 East West Highway
Silver Spring, MD 20910
E-mail: w-nws.webmaster@noaa.gov
Page last modified: May 16, 2007
NATIONAL WEATHER SERVICE: for Safety, for Work, for Fun - FOR LIFE