332
CXUS53 KIWX 300800
CF6FWA
PRELIMINARY LOCAL CLIMATOLOGICAL DATA (WS FORM: F-6)

                                          STATION:   FORT WAYNE
                                          MONTH:     JULY
                                          YEAR:      2014
                                          LATITUDE:   41  0 N
                                          LONGITUDE:  85 12 W

  TEMPERATURE IN F:       :PCPN:    SNOW:  WIND      :SUNSHINE: SKY     :PK WND
================================================================================
1   2   3   4   5  6A  6B    7    8   9   10  11  12  13   14  15   16   17  18
                                     12Z  AVG MX 2MIN
DY MAX MIN AVG DEP HDD CDD  WTR  SNW DPTH SPD SPD DIR MIN PSBL S-S WX    SPD DR
================================================================================

 1  84  66  75   1   0  10 0.55    T    0 11.0 30 290   M    M   8 1358   40 290
 2  79  64  72  -2   0   7 0.00  0.0    0 10.5 20 280   M    M   6        24 250
 3  74  56  65  -9   0   0 0.01  0.0    0  8.6 18 300   M    M   5 1      23 290
 4  78  52  65  -9   0   0 0.00  0.0    0  5.1 15 360   M    M   2        19  10
 5  80  53  67  -7   0   2 0.00  0.0    0  5.2 13 230   M    M   6        17 220
 6  81  64  73  -1   0   8 0.01  0.0    0 11.0 20 210   M    M   8        25 210
 7  86  71  79   5   0  14 0.06  0.0    0 13.1 21 230   M    M   8 138    28 220
 8  82  68  75   1   0  10 0.13  0.0    0 13.9 27 270   M    M   7 13     35 270
 9  81  60  71  -3   0   6 0.00  0.0    0  7.6 16 340   M    M   4        20 330
10  78  57  68  -6   0   3 0.00  0.0    0  4.6 13 340   M    M   2        17 320
11  82  54  68  -6   0   3 0.00  0.0    0  2.9 13 210   M    M   5        15 240
12  86  67  77   3   0  12    T  0.0    0  8.9 21 240   M    M   9        26 230
13  85  67  76   2   0  11 0.02  0.0    0 10.4 26 250   M    M   7 1      36 250
14  86  65  76   2   0  11 0.12  0.0    0  7.8 16 260   M    M   8 13     20 260
15  71  54  63 -11   2   0 0.00  0.0    0 10.0 21 290   M    M   4 1      26 280
16  71  52  62 -12   3   0 0.00  0.0    0  5.3 13 340   M    M   6 18     16 360
17  76  48  62 -12   3   0 0.00  0.0    0  2.3 10 280   M    M   3        14 280
18  77  50  64 -10   1   0 0.00  0.0    0  3.8 13 140   M    M   8        16 140
19  76  58  67  -7   0   2 0.00  0.0    0  4.2 13 100   M    M   8        17  80
20  82  55  69  -5   0   4 0.00  0.0    0  3.0 10  90   M    M   5 1      13 100
21  87  59  73  -1   0   8 0.00  0.0    0  2.1 10 190   M    M   2 18     13 120
22  89  62  76   3   0  11 0.00  0.0    0  7.6 18 240   M    M   2 18     23 230
23  78  63  71  -2   0   6 0.18  0.0    0  8.0 16 320   M    M   9 138    25 330
24  77  54  66  -7   0   1 0.00  0.0    0  6.6 16  60   M    M   6        20  60
25  77  54  66  -7   0   1 0.00  0.0    0  8.0 16 220   M    M   6        25 220
26  80  59  70  -3   0   5 0.37  0.0    0  5.0 16 250   M    M   8 138    19 260
27  83  63  73   0   0   8 0.55  0.0    0  8.4 37 330   M    M   8 138    49 330
28  72  53  63 -10   2   0 0.00  0.0    0  9.7 20 280   M    M   6        25 270
29  75  48  62 -11   3   0    T  0.0    0  6.3 18 270   M    M   3 3      22 270
================================================================================
SM 2313 1696        14 143  2.00    T    210.9          M      169
================================================================================
AV 79.8 58.5                               7.3 FASTST   M    M   6    MAX(MPH)
                                 MISC ---->  # 37 330               # 49  330
================================================================================
NOTES:
# LAST OF SEVERAL OCCURRENCES

COLUMN 17 PEAK WIND IN M.P.H.

PRELIMINARY LOCAL CLIMATOLOGICAL DATA (WS FORM: F-6) , PAGE 2

                                          STATION:  FORT WAYNE
                                          MONTH:    JULY
                                          YEAR:     2014
                                          LATITUDE:   41  0 N
                                          LONGITUDE:  85 12 W

[TEMPERATURE DATA]      [PRECIPITATION DATA]       SYMBOLS USED IN COLUMN 16

AVERAGE MONTHLY: 69.1   TOTAL FOR MONTH:   2.00    1 = FOG OR MIST
DPTR FM NORMAL:  -4.6   DPTR FM NORMAL:   -1.97    2 = FOG REDUCING VISIBILITY
HIGHEST:    89 ON 22    GRTST 24HR  0.55 ON 27-27      TO 1/4 MILE OR LESS
LOWEST:     48 ON 29,17                            3 = THUNDER
                        SNOW, ICE PELLETS, HAIL    4 = ICE PELLETS
                        TOTAL MONTH:    T          5 = HAIL
                        GRTST 24HR    T  ON  1- 1  6 = FREEZING RAIN OR DRIZZLE
                        GRTST DEPTH:   0           7 = DUSTSTORM OR SANDSTORM:
                                                       VSBY 1/2 MILE OR LESS
                                                   8 = SMOKE OR HAZE
[NO. OF DAYS WITH]      [WEATHER - DAYS WITH]      9 = BLOWING SNOW
                                                   X = TORNADO
MAX 32 OR BELOW:   0    0.01 INCH OR MORE:  10
MAX 90 OR ABOVE:   0    0.10 INCH OR MORE:   6
MIN 32 OR BELOW:   0    0.50 INCH OR MORE:   2
MIN  0 OR BELOW:   0    1.00 INCH OR MORE:   0

[HDD (BASE 65) ]
TOTAL THIS MO.    14    CLEAR  (SCALE 0-3)   5
DPTR FM NORMAL    14    PTCLDY (SCALE 4-7)  19
TOTAL FM JUL 1    14    CLOUDY (SCALE 8-10)  5
DPTR FM NORMAL    14

[CDD (BASE 65) ]
TOTAL THIS MO.   143
DPTR FM NORMAL  -110    [PRESSURE DATA]
TOTAL FM JAN 1   454    HIGHEST SLP M ON M
DPTR FM NORMAL   -38    LOWEST  SLP 29.62 ON 27

[REMARKS]




U.S. Dept. of Commerce
NOAA National Weather Service
1325 East West Highway
Silver Spring, MD 20910
E-mail: w-nws.webmaster@noaa.gov
Page last modified: May 16, 2007
NATIONAL WEATHER SERVICE: for Safety, for Work, for Fun - FOR LIFE