843
CXUS53 KIWX 010800
CF6FWA
PRELIMINARY LOCAL CLIMATOLOGICAL DATA (WS FORM: F-6)

                                          STATION:   FORT WAYNE
                                          MONTH:     NOVEMBER
                                          YEAR:      2014
                                          LATITUDE:   41  0 N
                                          LONGITUDE:  85 12 W

  TEMPERATURE IN F:       :PCPN:    SNOW:  WIND      :SUNSHINE: SKY     :PK WND
================================================================================
1   2   3   4   5  6A  6B    7    8   9   10  11  12  13   14  15   16   17  18
                                     12Z  AVG MX 2MIN
DY MAX MIN AVG DEP HDD CDD  WTR  SNW DPTH SPD SPD DIR MIN PSBL S-S WX    SPD DR
================================================================================

 1  43  25  34 -13  31   0    T    T    0 12.7 28 360   M    M   4        34 360
 2  50  21  36 -11  29   0 0.00  0.0    0  4.2 10 190   M    M   3        13 250
 3  64  37  51   4  14   0 0.00  0.0    0 13.1 26 230   M    M   8        32 210
 4  56  42  49   3  16   0 0.26  0.0    0 15.2 30 230   M    M  10 1      37 240
 5  59  36  48   2  17   0 0.00  0.0    0  9.1 16 250   M    M   5 1      20 250
 6  47  39  43  -3  22   0 0.31  0.0    0 14.3 26 280   M    M  10 1      35 280
 7  43  33  38  -7  27   0    T  0.0    0  7.1 20 340   M    M   8        24 330
 8  46  35  41  -4  24   0 0.00  0.0    0 10.7 21 280   M    M   9        29 270
 9  47  30  39  -5  26   0 0.00  0.0    0 10.2 20 220   M    M   8        24 210
10  60  41  51   7  14   0 0.00  0.0    0 10.9 24 170   M    M   7        30 170
11  61  36  49   5  16   0 0.06  0.0    0 15.0 30 230   M    M   7 1      39 220
12  36  28  32 -11  33   0 0.00  0.0    0 11.8 20 290   M    M  10        28 300
13  32  24  28 -15  37   0    T  0.3    0 12.4 20 290   M    M   9 1      25 290
14  35  20  28 -14  37   0    T    T    0  9.3 16 260   M    M   4        19 260
15  33  15  24 -18  41   0 0.00  0.0    0  5.0 15 240   M    M   5        19 220
16  33  27  30 -11  35   0 0.22  3.4    0  4.8 10 220   M    M  10 128    13 220
17  29  12  21 -20  44   0    T    T    3 16.2 29 250   M    M   8 18     36 250
18  17   9  13 -27  52   0    T  0.4    2 19.0 29 260   M    M   7 89     37 260
19  34  12  23 -17  42   0    T    T    1 17.2 35 260   M    M  10        42 270
20  28  17  23 -17  42   0    T    T    1 15.7 28 260   M    M   3        35 260
21  28   9  19 -20  46   0 0.00  0.0    T  6.8 13 270   M    M   1        16 270
22  50  22  36  -2  29   0 0.22    T    T 12.4 21 220   M    M   9 14     27 210
23  56  44  50  12  15   0 1.56  0.0    0 11.0 21 150   M    M   9 1      25 150
24  56  33  45   7  20   0 0.42    T    0 25.9 47 250   M    M  10 18     60 240
25  33  25  29  -8  36   0 0.00  0.0    0 12.8 29 250   M    M  10        37 240
26  29  25  27 -10  38   0    T    T    0  3.9 10 120   M    M  10        14  80
27  32  23  28  -8  37   0    T  0.1    0 11.9 22 280   M    M  10 18     28 280
28  32  17  25 -11  40   0    T    T    0  8.9 16 170   M    M   9        19 150
29  51  28  40   5  25   0 0.00  0.0    0 11.9 22 210   M    M   7        27 210
30  61  40  51  16  14   0    T  0.0    0 13.4 24 230   M    M   9 1      33 220
================================================================================
SM 1281  805       899   0  3.05     4.2 352.8          M      229
================================================================================
AV 42.7 26.8                              11.8 FASTST   M    M   8    MAX(MPH)
                                 MISC ---->  # 47 250               # 60  240
================================================================================
NOTES:
# LAST OF SEVERAL OCCURRENCES

COLUMN 17 PEAK WIND IN M.P.H.

PRELIMINARY LOCAL CLIMATOLOGICAL DATA (WS FORM: F-6) , PAGE 2

                                          STATION:  FORT WAYNE
                                          MONTH:    NOVEMBER
                                          YEAR:     2014
                                          LATITUDE:   41  0 N
                                          LONGITUDE:  85 12 W

[TEMPERATURE DATA]      [PRECIPITATION DATA]       SYMBOLS USED IN COLUMN 16

AVERAGE MONTHLY: 34.8   TOTAL FOR MONTH:   3.05    1 = FOG OR MIST
DPTR FM NORMAL:  -6.6   DPTR FM NORMAL:   -0.04    2 = FOG REDUCING VISIBILITY
HIGHEST:    64 ON  3    GRTST 24HR  1.87 ON 23-24      TO 1/4 MILE OR LESS
LOWEST:      9 ON 21,18                            3 = THUNDER
                        SNOW, ICE PELLETS, HAIL    4 = ICE PELLETS
                        TOTAL MONTH:   4.2 INCHES  5 = HAIL
                        GRTST 24HR   3.4 ON   M    6 = FREEZING RAIN OR DRIZZLE
                        GRTST DEPTH:   3 ON 17     7 = DUSTSTORM OR SANDSTORM:
                                                       VSBY 1/2 MILE OR LESS
                                                   8 = SMOKE OR HAZE
[NO. OF DAYS WITH]      [WEATHER - DAYS WITH]      9 = BLOWING SNOW
                                                   X = TORNADO
MAX 32 OR BELOW:   8    0.01 INCH OR MORE:   7
MAX 90 OR ABOVE:   0    0.10 INCH OR MORE:   6
MIN 32 OR BELOW:  19    0.50 INCH OR MORE:   1
MIN  0 OR BELOW:   0    1.00 INCH OR MORE:   1

[HDD (BASE 65) ]
TOTAL THIS MO.   899    CLEAR  (SCALE 0-3)   2
DPTR FM NORMAL   191    PTCLDY (SCALE 4-7)  11
TOTAL FM JUL 1  1446    CLOUDY (SCALE 8-10) 17
DPTR FM NORMAL   229

[CDD (BASE 65) ]
TOTAL THIS MO.     0
DPTR FM NORMAL     0    [PRESSURE DATA]
TOTAL FM JAN 1   731    HIGHEST SLP 30.56 ON 21
DPTR FM NORMAL   -78    LOWEST  SLP 29.10 ON 24

[REMARKS]
#FINAL-11-14#




U.S. Dept. of Commerce
NOAA National Weather Service
1325 East West Highway
Silver Spring, MD 20910
E-mail: w-nws.webmaster@noaa.gov
Page last modified: May 16, 2007
NATIONAL WEATHER SERVICE: for Safety, for Work, for Fun - FOR LIFE