084
CXUS51 KCAR 010600
CF6FVE
PRELIMINARY LOCAL CLIMATOLOGICAL DATA (WS FORM: F-6)

                                          STATION:   FRENCHVILLE ME
                                          MONTH:     NOVEMBER
                                          YEAR:      2014
                                          LATITUDE:   47 16 N
                                          LONGITUDE:  68 19 W

  TEMPERATURE IN F:       :PCPN:    SNOW:  WIND      :SUNSHINE: SKY     :PK WND
================================================================================
1   2   3   4   5  6A  6B    7    8   9   10  11  12  13   14  15   16   17  18
                                     12Z  AVG MX 2MIN
DY MAX MIN AVG DEP HDD CDD  WTR  SNW DPTH SPD SPD DIR MIN PSBL S-S WX    SPD DR
================================================================================

 1  37  31  34  -2  31   0 0.00    M    M  8.7 18  20   M    M   9        24  30
 2  32  26  29  -7  36   0 0.03    M    M 18.5 32 330   M    M  10 12     46 330
 3  34  27  31  -4  34   0    T    M    M 20.8 33 320   M    M   9 1      46 340
 4  38  23  31  -4  34   0 0.06    M    M  8.1 21 150   M    M   4 1      25 150
 5  47  32  40   5  25   0 0.26    M    M 11.5 22 250   M    M   9 12     31 250
 6  45  35  40   6  25   0    T    M    M  5.8 13 270   M    M   9        18 270
 7  35  24  30  -4  35   0 0.30    M    M 16.6 31 330   M    M  10 19     42 330
 8  30  22  26  -7  39   0    T    M    M 14.2 31 300   M    M   7 9      41 300
 9  34  24  29  -4  36   0 0.00    M    M  7.6 17 250   M    M   8        22 230
10  39  25  32  -1  33   0 0.00    M    M  6.5 16 260   M    M   6        22 260
11  33  24  29  -3  36   0    T    M    M  7.1 14 130   M    M  10 1      18  60
12  36  29  33   1  32   0 0.12    M    M  9.3 20 270   M    M   9 126    24  90
13  36  28  32   1  33   0 0.00    M    M 10.8 25 250   M    M   3        33 250
14  33  20  27  -4  38   0    T    M    M  9.9 22 310   M    M   7        29 310
15  27  17  22  -8  43   0    T    M    M 10.4 21 310   M    M   5        29 310
16  28  14  21  -9  44   0    T    M    M  6.7 13 230   M    M   8 1      16 200
17  29  25  27  -2  38   0 0.18    M    M  8.1 16 100   M    M   9 126    23  90
18  31  17  24  -5  41   0    T    M    M 14.6 31 240   M    M   8 12     43 230
19  24  12  18 -10  47   0    T    M    M 13.6 28 260   M    M   5        37 250
20  26  12  19  -9  46   0 0.03    M    M  6.8 21 240   M    M   8 18     29 240
21  20  10  15 -13  50   0    T    M    M 13.1 26 320   M    M   4 1      35 290
22  28   5  17 -10  48   0 0.05    M    M  9.9 20 250   M    M   7 1      24 260
23  37  28  33   6  32   0 0.00    M    M  8.1 16 250   M    M  10        20 250
24  51  34  43  17  22   0 0.28    M    M 14.6 31 140   M    M  10 12     42 140
25  52  36  44  18  21   0 0.01    M    M 20.1 37 240   M    M   6        50 240
26  37  22  30   5  35   0 0.04    M    M 10.8 25 250   M    M   7 1      35 250
27  22  11  17  -8  48   0 0.03    M    M 12.0 23 330   M    M   8 1      32 340
28  17   6  12 -12  53   0    T    M    M  4.8 12 350   M    M   5 18     13 350
29  17   5  11 -13  54   0    T    M    M  6.0 13 160   M    M   3 1      16 150
30  36  12  24   1  41   0 0.01    M    M 12.2 18 150   M    M  10 1      24 150
================================================================================
SM  991  636      1130   0  1.40    M    327.2          M      223
================================================================================
AV 33.0 21.2                              10.9 FASTST   M    M   7    MAX(MPH)
                                 MISC ---->  # 37 240               # 50  240
================================================================================
NOTES:
# LAST OF SEVERAL OCCURRENCES

COLUMN 17 PEAK WIND IN M.P.H.

PRELIMINARY LOCAL CLIMATOLOGICAL DATA (WS FORM: F-6) , PAGE 2

                                          STATION:  FRENCHVILLE ME
                                          MONTH:    NOVEMBER
                                          YEAR:     2014
                                          LATITUDE:   47 16 N
                                          LONGITUDE:  68 19 W

[TEMPERATURE DATA]      [PRECIPITATION DATA]       SYMBOLS USED IN COLUMN 16

AVERAGE MONTHLY: 27.1   TOTAL FOR MONTH:   1.40    1 = FOG OR MIST
DPTR FM NORMAL:  -2.9   DPTR FM NORMAL:   -1.54    2 = FOG REDUCING VISIBILITY
HIGHEST:    52 ON 25    GRTST 24HR  0.32 ON  4- 5      TO 1/4 MILE OR LESS
LOWEST:      5 ON 29,22                            3 = THUNDER
                        SNOW, ICE PELLETS, HAIL    4 = ICE PELLETS
                        TOTAL MONTH:    M          5 = HAIL
                        GRTST 24HR    M  ON   M    6 = FREEZING RAIN OR DRIZZLE
                        GRTST DEPTH:  M  ON   M    7 = DUSTSTORM OR SANDSTORM:
                                                       VSBY 1/2 MILE OR LESS
                                                   8 = SMOKE OR HAZE
[NO. OF DAYS WITH]      [WEATHER - DAYS WITH]      9 = BLOWING SNOW
                                                   X = TORNADO
MAX 32 OR BELOW:  13    0.01 INCH OR MORE:  13
MAX 90 OR ABOVE:   0    0.10 INCH OR MORE:   5
MIN 32 OR BELOW:  27    0.50 INCH OR MORE:   0
MIN  0 OR BELOW:   0    1.00 INCH OR MORE:   0

[HDD (BASE 65) ]
TOTAL THIS MO.  1130    CLEAR  (SCALE 0-3)   1
DPTR FM NORMAL    80    PTCLDY (SCALE 4-7)  16
TOTAL FM JUL 1  2251    CLOUDY (SCALE 8-10) 13
DPTR FM NORMAL   -59

[CDD (BASE 65) ]
TOTAL THIS MO.     0
DPTR FM NORMAL     0    [PRESSURE DATA]
TOTAL FM JAN 1   139    HIGHEST SLP 30.29 ON 29
DPTR FM NORMAL     5    LOWEST  SLP 29.27 ON 18

[REMARKS]
#FINAL-11-14#




U.S. Dept. of Commerce
NOAA National Weather Service
1325 East West Highway
Silver Spring, MD 20910
E-mail: w-nws.webmaster@noaa.gov
Page last modified: May 16, 2007
NATIONAL WEATHER SERVICE: for Safety, for Work, for Fun - FOR LIFE