927
CXUS56 KSGX 221445
CF6FUL
PRELIMINARY LOCAL CLIMATOLOGICAL DATA (WS FORM: F-6)

                                          STATION:   FULLERTON AIRPORT CA
                                          MONTH:     SEPTEMBER
                                          YEAR:      2014
                                          LATITUDE:   33 52 N
                                          LONGITUDE: 117 58 W

  TEMPERATURE IN F:       :PCPN:    SNOW:  WIND      :SUNSHINE: SKY     :PK WND
================================================================================
1   2   3   4   5  6A  6B    7    8   9   10  11  12  13   14  15   16   17  18
                                     12Z  AVG MX 2MIN
DY MAX MIN AVG DEP HDD CDD  WTR  SNW DPTH SPD SPD DIR MIN PSBL S-S WX    SPD DR
================================================================================

 1  85  69  77   2   0  12 0.00  0.0    0  4.2 10 210   M    M   2        14 210
 2  86  69  78   3   0  13 0.00  0.0    0  4.0 12 190   M    M   4        16 210
 3  85  70  78   3   0  13 0.00  0.0    0  3.4 12 200   M    M   4        17 200
 4  84  68  76   1   0  11 0.00  0.0    0  3.4 12 180   M    M   5        18 230
 5  88  65  77   2   0  12 0.00  0.0    0  3.6 12 210   M    M   2 8      16 220
 6  97  67  82   7   0  17 0.00  0.0    0  3.2  9 270   M    M   0 8      14 220
 7  97  69  83   8   0  18 0.00  0.0    0  3.3 10 190   M    M   0 8      13 210
 8  89  74  82   7   0  17 0.02  0.0    0  2.2  8 230   M    M   8 8      16  90
 9  91  70  81   6   0  16 0.00  0.0    0  3.5 13 190   M    M   2        17 200
10  93  65  79   5   0  14 0.00  0.0    0  2.4 12 190   M    M   0        16 210
11  96  69  83   9   0  18 0.00  0.0    0  3.5 10 300   M    M   0        16 260
12  98  69  84  10   0  19 0.00  0.0    0  2.3 12 310   M    M   0 8      17 310
13 100  68  84  10   0  19 0.00  0.0    0  2.7 10 270   M    M   0        17 290
14 104  71  88  14   0  23 0.00  0.0    0  3.3 10 290   M    M   0        16 310
15 102  73  88  14   0  23 0.00  0.0    0  3.0 12 270   M    M   0        17 300
16 102  74  88  14   0  23 0.00  0.0    0  3.9 10 300   M    M   0        16 290
17  98  73  86  13   0  21 0.00  0.0    0  4.8 14 200   M    M   0        18 280
18  85  69  77   4   0  12 0.00  0.0    0  4.8 13 210   M    M   0        21 200
19  83  69  76   3   0  11 0.00  0.0    0  3.4 13 210   M    M   4        17 200
20  81  68  75   2   0  10 0.00  0.0    0  2.8 10 210   M    M   5        15 190
21  84  66  75   2   0  10 0.00  0.0    0  2.3 12 210   M    M   5        15 300
================================================================================
SM 1928 1455         0 332  0.02     0.0  70.0          M       41
================================================================================
AV 91.8 69.3                               3.3 FASTST   M    M   2    MAX(MPH)
                                 MISC ---->  # 14 200               # 21  200
================================================================================
NOTES:
# LAST OF SEVERAL OCCURRENCES

COLUMN 17 PEAK WIND IN M.P.H.

PRELIMINARY LOCAL CLIMATOLOGICAL DATA (WS FORM: F-6) , PAGE 2

                                          STATION:  FULLERTON AIRPORT CA
                                          MONTH:    SEPTEMBER
                                          YEAR:     2014
                                          LATITUDE:   33 52 N
                                          LONGITUDE: 117 58 W

[TEMPERATURE DATA]      [PRECIPITATION DATA]       SYMBOLS USED IN COLUMN 16

AVERAGE MONTHLY: 80.5   TOTAL FOR MONTH:   0.02    1 = FOG OR MIST
DPTR FM NORMAL:   6.4   DPTR FM NORMAL:   -0.10    2 = FOG REDUCING VISIBILITY
HIGHEST:   104 ON 14    GRTST 24HR  0.02 ON  8- 8      TO 1/4 MILE OR LESS
LOWEST:     65 ON 10, 5                            3 = THUNDER
                        SNOW, ICE PELLETS, HAIL    4 = ICE PELLETS
                        TOTAL MONTH:   0.0 INCH    5 = HAIL
                        GRTST 24HR     0.0         6 = FREEZING RAIN OR DRIZZLE
                        GRTST DEPTH:   0           7 = DUSTSTORM OR SANDSTORM:
                                                       VSBY 1/2 MILE OR LESS
                                                   8 = SMOKE OR HAZE
[NO. OF DAYS WITH]      [WEATHER - DAYS WITH]      9 = BLOWING SNOW
                                                   X = TORNADO
MAX 32 OR BELOW:   0    0.01 INCH OR MORE:   1
MAX 90 OR ABOVE:  11    0.10 INCH OR MORE:   0
MIN 32 OR BELOW:   0    0.50 INCH OR MORE:   0
MIN  0 OR BELOW:   0    1.00 INCH OR MORE:   0

[HDD (BASE 65) ]
TOTAL THIS MO.     0    CLEAR  (SCALE 0-3)  14
DPTR FM NORMAL     0    PTCLDY (SCALE 4-7)   7
TOTAL FM JUL 1     0    CLOUDY (SCALE 8-10)  0
DPTR FM NORMAL     0

[CDD (BASE 65) ]
TOTAL THIS MO.   332
DPTR FM NORMAL   138    [PRESSURE DATA]
TOTAL FM JAN 1  1694    HIGHEST SLP M ON M
DPTR FM NORMAL   637    LOWEST  SLP 29.65 ON  3

[REMARKS]




U.S. Dept. of Commerce
NOAA National Weather Service
1325 East West Highway
Silver Spring, MD 20910
E-mail: w-nws.webmaster@noaa.gov
Page last modified: May 16, 2007
NATIONAL WEATHER SERVICE: for Safety, for Work, for Fun - FOR LIFE