860
CXUS56 KSGX 221445
CF6FUL
PRELIMINARY LOCAL CLIMATOLOGICAL DATA (WS FORM: F-6)

                                          STATION:   FULLERTON AIRPORT CA
                                          MONTH:     APRIL
                                          YEAR:      2014
                                          LATITUDE:   33 52 N
                                          LONGITUDE: 117 58 W

  TEMPERATURE IN F:       :PCPN:    SNOW:  WIND      :SUNSHINE: SKY     :PK WND
================================================================================
1   2   3   4   5  6A  6B    7    8   9   10  11  12  13   14  15   16   17  18
                                     12Z  AVG MX 2MIN
DY MAX MIN AVG DEP HDD CDD  WTR  SNW DPTH SPD SPD DIR MIN PSBL S-S WX    SPD DR
================================================================================

 1  66  52  59  -2   6   0 0.11  0.0    0  6.0 15 290   M    M   4 1      24 220
 2  65  49  57  -4   8   0 0.11  0.0    0  4.1 14 300   M    M   3 1      24 250
 3  70  47  59  -2   6   0 0.00  0.0    0  4.1 13 220   M    M   0        18 210
 4  67  52  60  -1   5   0 0.00  0.0    0  4.6 14 200   M    M   1        19 230
 5  70  52  61   0   4   0 0.00  0.0    0  5.1 15 200   M    M   4        19 230
 6  86  50  68   7   0   3 0.00  0.0    0  3.3 13 300   M    M   0        18 270
 7  90  53  72  11   0   7 0.00  0.0    0  3.1 13 190   M    M   0        16 190
 8  95  55  75  13   0  10 0.00  0.0    0  2.0 12 270   M    M   0        17 260
 9  92  56  74  12   0   9 0.00  0.0    0  2.5 13 200   M    M   0        16 220
10  80  52  66   4   0   1 0.00  0.0    0  2.1  9 220   M    M   0 18     11 210
11  81  57  69   7   0   4 0.00  0.0    0  3.9 12 210   M    M   1 8      15 220
12  69  58  64   2   1   0 0.00  0.0    0  5.5 14 210   M    M   7        20 170
13  70  57  64   2   1   0 0.00  0.0    0  4.7 14 200   M    M   6        18 200
14  87  53  70   8   0   5 0.00  0.0    0  3.5 10 270   M    M   0 8      14 300
15  78  58  68   6   0   3 0.00  0.0    0  4.2 10 200   M    M   2 18     14 220
16  74  57  66   3   0   1 0.00  0.0    0  4.3 12 220   M    M   4        16 190
17  71  60  66   3   0   1 0.00  0.0    0  5.2 14 200   M    M   7        20 210
18  72  61  67   4   0   2 0.00  0.0    0  4.5 13 220   M    M   5        18 250
19  78  56  67   4   0   2 0.00  0.0    0  3.8 12 220   M    M   0 18     16 300
20  78  58  68   5   0   3 0.00  0.0    0  3.7 12 220   M    M   0        15 200
21  81  59  70   7   0   5 0.00  0.0    0  3.9 12 200   M    M   3 18     16 200
================================================================================
SM 1620 1152        31  56  0.22     0.0  84.1          M       47
================================================================================
AV 77.1 54.9                               4.0 FASTST   M    M   2    MAX(MPH)
                                 MISC ---->  # 15 290               # 24  220
================================================================================
NOTES:
# LAST OF SEVERAL OCCURRENCES

COLUMN 17 PEAK WIND IN M.P.H.

PRELIMINARY LOCAL CLIMATOLOGICAL DATA (WS FORM: F-6) , PAGE 2

                                          STATION:  FULLERTON AIRPORT CA
                                          MONTH:    APRIL
                                          YEAR:     2014
                                          LATITUDE:   33 52 N
                                          LONGITUDE: 117 58 W

[TEMPERATURE DATA]      [PRECIPITATION DATA]       SYMBOLS USED IN COLUMN 16

AVERAGE MONTHLY: 66.0   TOTAL FOR MONTH:   0.22    1 = FOG OR MIST
DPTR FM NORMAL:   4.0   DPTR FM NORMAL:   -0.39    2 = FOG REDUCING VISIBILITY
HIGHEST:    95 ON  8    GRTST 24HR  0.16 ON  1- 2      TO 1/4 MILE OR LESS
LOWEST:     47 ON  3                               3 = THUNDER
                        SNOW, ICE PELLETS, HAIL    4 = ICE PELLETS
                        TOTAL MONTH:   0.0 INCH    5 = HAIL
                        GRTST 24HR     0.0         6 = FREEZING RAIN OR DRIZZLE
                        GRTST DEPTH:   0           7 = DUSTSTORM OR SANDSTORM:
                                                       VSBY 1/2 MILE OR LESS
                                                   8 = SMOKE OR HAZE
[NO. OF DAYS WITH]      [WEATHER - DAYS WITH]      9 = BLOWING SNOW
                                                   X = TORNADO
MAX 32 OR BELOW:   0    0.01 INCH OR MORE:   2
MAX 90 OR ABOVE:   3    0.10 INCH OR MORE:   2
MIN 32 OR BELOW:   0    0.50 INCH OR MORE:   0
MIN  0 OR BELOW:   0    1.00 INCH OR MORE:   0

[HDD (BASE 65) ]
TOTAL THIS MO.    31    CLEAR  (SCALE 0-3)  12
DPTR FM NORMAL   -49    PTCLDY (SCALE 4-7)   9
TOTAL FM JUL 1   582    CLOUDY (SCALE 8-10)  0
DPTR FM NORMAL  -590

[CDD (BASE 65) ]
TOTAL THIS MO.    56
DPTR FM NORMAL    38    [PRESSURE DATA]
TOTAL FM JAN 1   111    HIGHEST SLP M ON M
DPTR FM NORMAL    71    LOWEST  SLP 29.78 ON 16

[REMARKS]




U.S. Dept. of Commerce
NOAA National Weather Service
1325 East West Highway
Silver Spring, MD 20910
E-mail: w-nws.webmaster@noaa.gov
Page last modified: May 16, 2007
NATIONAL WEATHER SERVICE: for Safety, for Work, for Fun - FOR LIFE