316
CXUS56 KSGX 261445
CF6FUL
PRELIMINARY LOCAL CLIMATOLOGICAL DATA (WS FORM: F-6)

                                          STATION:   FULLERTON AIRPORT CA
                                          MONTH:     NOVEMBER
                                          YEAR:      2014
                                          LATITUDE:   33 52 N
                                          LONGITUDE: 117 58 W

  TEMPERATURE IN F:       :PCPN:    SNOW:  WIND      :SUNSHINE: SKY     :PK WND
================================================================================
1   2   3   4   5  6A  6B    7    8   9   10  11  12  13   14  15   16   17  18
                                     12Z  AVG MX 2MIN
DY MAX MIN AVG DEP HDD CDD  WTR  SNW DPTH SPD SPD DIR MIN PSBL S-S WX    SPD DR
================================================================================

 1  68  56  62  -3   3   0 0.25  0.0    0  3.0 12 240   M    M   3 1      20 280
 2  71  52  62  -2   3   0 0.00  0.0    0  3.2 12 200   M    M   0        16 220
 3  76  49  63  -1   2   0 0.00  0.0    0  2.1  9 210   M    M   0        13 220
 4  82  49  66   2   0   1 0.00  0.0    0  2.1  9 290   M    M   0        14 280
 5  90  50  70   6   0   5 0.00  0.0    0  2.3  9 300   M    M   0        42 150
 6  93  57  75  11   0  10 0.00  0.0    0  2.0  8 290   M    M   0        12 270
 7  92  55  74  11   0   9 0.00  0.0    0  1.9 10 220   M    M   0        14 220
 8  91  54  73  10   0   8 0.00  0.0    0  1.2  8 200   M    M   0        11 200
 9  77  56  67   4   0   2 0.00  0.0    0  2.9  8 210   M    M   4 128    11 190
10  72  63  68   6   0   3 0.00  0.0    0  3.5  9 190   M    M   7        12 180
11  70  64  67   5   0   2 0.00  0.0    0  2.7  9 220   M    M  10        12 210
12  70  57  64   2   1   0 0.00  0.0    0  2.5 10 210   M    M   8        13 240
13  71  55  63   1   2   0 0.00  0.0    0  1.6  9 220   M    M   6        13 260
14  73  60  67   6   0   2    T  0.0    0  2.8 12 220   M    M   6 8      16 230
15  73  56  65   4   0   0 0.00  0.0    0  2.3 12 200   M    M   3        16 190
16  77  54  66   5   0   1 0.00  0.0    0  4.9 22  80   M    M   0 8      27  90
17  81  54  68   8   0   3 0.00  0.0    0  6.9 22  80   M    M   0        26  80
18  81  51  66   6   0   1 0.00  0.0    0  2.9 16  80   M    M   0        22 110
19  75  51  63   3   2   0 0.00  0.0    0  2.7 12 200   M    M   0        14 190
20  71  53  62   2   3   0 0.00  0.0    0  3.9  9 190   M    M   3        13 220
21  73  54  64   4   1   0 0.00  0.0    0  1.9 10 210   M    M   1        15 210
22  73  53  63   4   2   0 0.00  0.0    0  3.8  9 200   M    M   0        13 220
23  81  52  67   8   0   2 0.00  0.0    0  2.4  8 230   M    M   0        11 220
24  83  47  65   6   0   0 0.00  0.0    0  3.2 23  80   M    M   0        29  80
25  83  48  66   7   0   1 0.00  0.0    0  1.7  9 270   M    M   0        12 220
================================================================================
SM 1947 1350        19  50  0.25     0.0  70.4          M       51
================================================================================
AV 77.9 54.0                               2.8 FASTST   M    M   2    MAX(MPH)
                                 MISC ---->  # 23  80               # 42  150
================================================================================
NOTES:
# LAST OF SEVERAL OCCURRENCES

COLUMN 17 PEAK WIND IN M.P.H.

PRELIMINARY LOCAL CLIMATOLOGICAL DATA (WS FORM: F-6) , PAGE 2

                                          STATION:  FULLERTON AIRPORT CA
                                          MONTH:    NOVEMBER
                                          YEAR:     2014
                                          LATITUDE:   33 52 N
                                          LONGITUDE: 117 58 W

[TEMPERATURE DATA]      [PRECIPITATION DATA]       SYMBOLS USED IN COLUMN 16

AVERAGE MONTHLY: 65.9   TOTAL FOR MONTH:   0.25    1 = FOG OR MIST
DPTR FM NORMAL:   4.3   DPTR FM NORMAL:   -0.68    2 = FOG REDUCING VISIBILITY
HIGHEST:    93 ON  6    GRTST 24HR  0.42 ON 31- 1      TO 1/4 MILE OR LESS
LOWEST:     47 ON 24                               3 = THUNDER
                        SNOW, ICE PELLETS, HAIL    4 = ICE PELLETS
                        TOTAL MONTH:   0.0 INCH    5 = HAIL
                        GRTST 24HR     0.0         6 = FREEZING RAIN OR DRIZZLE
                        GRTST DEPTH:   0           7 = DUSTSTORM OR SANDSTORM:
                                                       VSBY 1/2 MILE OR LESS
                                                   8 = SMOKE OR HAZE
[NO. OF DAYS WITH]      [WEATHER - DAYS WITH]      9 = BLOWING SNOW
                                                   X = TORNADO
MAX 32 OR BELOW:   0    0.01 INCH OR MORE:   1
MAX 90 OR ABOVE:   4    0.10 INCH OR MORE:   1
MIN 32 OR BELOW:   0    0.50 INCH OR MORE:   0
MIN  0 OR BELOW:   0    1.00 INCH OR MORE:   0

[HDD (BASE 65) ]
TOTAL THIS MO.    19    CLEAR  (SCALE 0-3)  17
DPTR FM NORMAL   -85    PTCLDY (SCALE 4-7)   7
TOTAL FM JUL 1    19    CLOUDY (SCALE 8-10)  1
DPTR FM NORMAL  -109

[CDD (BASE 65) ]
TOTAL THIS MO.    50
DPTR FM NORMAL    31    [PRESSURE DATA]
TOTAL FM JAN 1  2098    HIGHEST SLP M ON M
DPTR FM NORMAL   848    LOWEST  SLP 29.80 ON  9

[REMARKS]




U.S. Dept. of Commerce
NOAA National Weather Service
1325 East West Highway
Silver Spring, MD 20910
E-mail: w-nws.webmaster@noaa.gov
Page last modified: May 16, 2007
NATIONAL WEATHER SERVICE: for Safety, for Work, for Fun - FOR LIFE