392
CXUS56 KSGX 301445
CF6FUL

PRELIMINARY LOCAL CLIMATOLOGICAL DATA (WS FORM: F-6)

                                          STATION:   FULLERTON AIRPORT CA
                                          MONTH:     JANUARY
                                          YEAR:      2015
                                          LATITUDE:   33 52 N
                                          LONGITUDE: 117 58 W

  TEMPERATURE IN F:       :PCPN:    SNOW:  WIND      :SUNSHINE: SKY     :PK WND
================================================================================
1   2   3   4   5  6A  6B    7    8   9   10  11  12  13   14  15   16   17  18
                                     12Z  AVG MX 2MIN
DY MAX MIN AVG DEP HDD CDD  WTR  SNW DPTH SPD SPD DIR MIN PSBL S-S WX    SPD DR
================================================================================

 1  59  36  48  -8  17   0 0.00  0.0    0  3.5 10  80   M    M   0 8      13  80
 2  61  37  49  -7  16   0 0.00  0.0    0  2.3  9 200   M    M   0 8      12 210
 3  63  39  51  -5  14   0 0.00  0.0    0  2.1  8 240   M    M   0 18     11 220
 4  71  38  55  -1  10   0 0.00  0.0    0  1.3  7 290   M    M   0 18     22 220
 5  85  43  64   8   1   0 0.00  0.0    0  4.9 20  90   M    M   0 8      23  90
 6  88  48  68  12   0   3 0.00  0.0    0  2.0 15  80   M    M   0        21  70
 7  85  48  67  11   0   2 0.00  0.0    0  2.4  8 180   M    M   0        17 290
 8  73  49  61   5   4   0 0.00  0.0    0  2.3 10 220   M    M   0        14 210
 9  72  53  63   7   2   0    T  0.0    0  2.0  7 240   M    M   1 18     10 220
10  64  51  58   2   7   0 0.19  0.0    0  1.8  7  70   M    M   6 18      9  60
11  64  57  61   5   4   0 0.50  0.0    0  3.0  8  70   M    M   9 18     10  80
12  67  53  60   4   5   0 0.00  0.0    0  1.8  8 220   M    M   8 128    10 210
13  72  52  62   6   3   0 0.00  0.0    0  1.8  8 320   M    M   3 18     12 290
14  74  46  60   4   5   0 0.00  0.0    0  1.6  8 290   M    M   0        13 290
15  78  47  63   7   2   0 0.00  0.0    0  2.0 14  80   M    M   0        18  80
16  76  46  61   5   4   0 0.00  0.0    0  1.7  8 200   M    M   0        11 220
17  78  47  63   7   2   0 0.00  0.0    0  1.5  8 210   M    M   0        11 200
18  76  50  63   7   2   0 0.00  0.0    0  1.3 10 210   M    M   0 8      13 210
19  70  48  59   3   6   0 0.00  0.0    0  1.9  8 210   M    M   2 18     11 210
20  64  55  60   4   5   0 0.00  0.0    0  1.8 10 110   M    M  10 18     15 240
21  74  55  65   9   0   0 0.00  0.0    0  2.8  9 290   M    M   3 8      14 300
22  77  46  62   6   3   0 0.00  0.0    0  2.0  7 300   M    M   0        12  90
23  77  45  61   5   4   0 0.00  0.0    0  2.8 10  70   M    M   0        13  80
24  85  48  67  11   0   2 0.00  0.0    0  4.9 21  70   M    M   0        25  80
25  85  54  70  14   0   5 0.00  0.0    0  3.8 18 100   M    M   0        27 120
26  79  57  68  12   0   3 0.17  0.0    0  3.7 16 200   M    M   6 1      23 200
27  75  55  65   9   0   0 0.00  0.0    0  2.0 10 220   M    M   3 18     15 210
28  77  53  65   9   0   0 0.00  0.0    0  2.3 15  80   M    M   0        18  80
29  77  60  69  13   0   4    T  0.0    0  2.4 13 100   M    M   2        14 100
================================================================================
SM 2146 1416       116  19  0.86     0.0  69.7          M       53
================================================================================
AV 74.0 48.8                               2.4 FASTST   M    M   2    MAX(MPH)
                                 MISC ---->  # 21  70               # 27  120
================================================================================
NOTES:
# LAST OF SEVERAL OCCURRENCES

COLUMN 17 PEAK WIND IN M.P.H.

PRELIMINARY LOCAL CLIMATOLOGICAL DATA (WS FORM: F-6) , PAGE 2

                                          STATION:  FULLERTON AIRPORT CA
                                          MONTH:    JANUARY
                                          YEAR:     2015
                                          LATITUDE:   33 52 N
                                          LONGITUDE: 117 58 W

[TEMPERATURE DATA]      [PRECIPITATION DATA]       SYMBOLS USED IN COLUMN 16

AVERAGE MONTHLY: 61.4   TOTAL FOR MONTH:   0.86    1 = FOG OR MIST
DPTR FM NORMAL:   5.4   DPTR FM NORMAL:   -1.97    2 = FOG REDUCING VISIBILITY
HIGHEST:    88 ON  6    GRTST 24HR  0.66 ON 10-11      TO 1/4 MILE OR LESS
LOWEST:     36 ON  1                               3 = THUNDER
                        SNOW, ICE PELLETS, HAIL    4 = ICE PELLETS
                        TOTAL MONTH:   0.0 INCH    5 = HAIL
                        GRTST 24HR     0.0         6 = FREEZING RAIN OR DRIZZLE
                        GRTST DEPTH:   0           7 = DUSTSTORM OR SANDSTORM:
                                                       VSBY 1/2 MILE OR LESS
                                                   8 = SMOKE OR HAZE
[NO. OF DAYS WITH]      [WEATHER - DAYS WITH]      9 = BLOWING SNOW
                                                   X = TORNADO
MAX 32 OR BELOW:   0    0.01 INCH OR MORE:   3
MAX 90 OR ABOVE:   0    0.10 INCH OR MORE:   3
MIN 32 OR BELOW:   0    0.50 INCH OR MORE:   1
MIN  0 OR BELOW:   0    1.00 INCH OR MORE:   0

[HDD (BASE 65) ]
TOTAL THIS MO.   116    CLEAR  (SCALE 0-3)  22
DPTR FM NORMAL  -145    PTCLDY (SCALE 4-7)   5
TOTAL FM JUL 1   313    CLOUDY (SCALE 8-10)  2
DPTR FM NORMAL  -388

[CDD (BASE 65) ]
TOTAL THIS MO.    19
DPTR FM NORMAL    19    [PRESSURE DATA]
TOTAL FM JAN 1    19    HIGHEST SLP M ON M
DPTR FM NORMAL    19    LOWEST  SLP 29.92 ON 25

[REMARKS]




U.S. Dept. of Commerce
NOAA National Weather Service
1325 East West Highway
Silver Spring, MD 20910
E-mail: w-nws.webmaster@noaa.gov
Page last modified: May 16, 2007
NATIONAL WEATHER SERVICE: for Safety, for Work, for Fun - FOR LIFE