432
CXUS52 KFFC 291110
CF6FTY
PRELIMINARY LOCAL CLIMATOLOGICAL DATA (WS FORM: F-6)

                                          STATION:   FULTON COUNTY AIRPORT
                                          MONTH:     JULY
                                          YEAR:      2014
                                          LATITUDE:   33 46 N
                                          LONGITUDE:  84 31 W

  TEMPERATURE IN F:       :PCPN:    SNOW:  WIND      :SUNSHINE: SKY     :PK WND
================================================================================
1   2   3   4   5  6A  6B    7    8   9   10  11  12  13   14  15   16   17  18
                                     12Z  AVG MX 2MIN
DY MAX MIN AVG DEP HDD CDD  WTR  SNW DPTH SPD SPD DIR MIN PSBL S-S WX    SPD DR
================================================================================

 1  91  70  81   2   0  16 0.00  0.0    M  3.3 10 300   M    M   2 18     15 280
 2  94  71  83   4   0  18 0.00    M    M  2.6 12 280   M    M   0 1      16  30
 3  87  70  79   0   0  14 0.00  0.0    0  6.6 17 300   M    M   0        24 280
 4  85  63  74  -5   0   9 0.00  0.0    0  5.3 14 290   M    M   2        20 310
 5  87  64  76  -3   0  11 0.00  0.0    0  5.1 17  70   M    M   2        24  80
 6  88  64  76  -4   0  11 0.00  0.0    M  2.4 10 130   M    M   4        15 130
 7  90  67  79  -1   0  14 0.00  0.0    M  2.9 14 260   M    M   2        17 270
 8  91  67  79  -1   0  14 0.00  0.0    M  4.7 17 280   M    M   2        24 250
 9  90  73  82   2   0  17 0.00    M    M  6.3 16 310   M    M   1        21 300
10  87  71  79  -1   0  14 0.14    M    M  3.8 15  10   M    M   3 18     22 360
11  89  69  79  -1   0  14 0.35    M    M  2.7 16 140   M    M   2 138    24 210
12  92  69  81   1   0  16    T    M    M  2.4  9  10   M    M   3 1      15 110
13  92  68  80   0   0  15 0.00    M    M  2.5 10 170   M    M   1        14 210
14  90  72  81   1   0  16 0.11    M    M  4.4 21 190   M    M   2 8      28 220
15  85  71  78  -2   0  13 0.00  0.0    M  4.8 18 320   M    M   4        25 310
16  84  62  73  -7   0   8 0.00  0.0    M  5.1 15 310   M    M   0        22 290
17  86  59  73  -7   0   8 0.00  0.0    M  2.5  9 150   M    M   0        15 120
18  81  64  73  -7   0   8 0.11    M    M  1.8 12 100   M    M   4 1      18  80
19  82  68  75  -5   0  10 1.45  0.0    M  5.8 13  60   M    M   9 18     15  50
20  76  67  72  -8   0   7 0.72  0.0    M  5.5 10  50   M    M  10 1      13  90
21  83  73  78  -2   0  13 0.34    M    M  4.5 12 150   M    M   5 1      15 170
22  84  71  78  -2   0  13 0.00    M    M  2.9  9  70   M    M   7        14  90
23  88  70  79  -1   0  14    T    M    M  1.5 12 270   M    M   4        15 290
24  85  71  78  -2   0  13 2.10  0.0    M  3.3 22 220   M    M   2 12     26 280
25  88  68  78  -2   0  13    T  0.0    M  2.4 12 320   M    M   1 1      16 310
26  90  65  78  -2   0  13 0.00  0.0    M  3.2 14 290   M    M   0 1      16 230
27  93  70  82   2   0  17 0.00  0.0    M  5.4 16 280   M    M   1        21 280
28  90  70  80   0   0  15    T  0.0    M  7.3 20 290   M    M   3 8      25 300
================================================================================
SM 2448 1907         0 364  5.32     0.0 111.0          M       76
================================================================================
AV 87.4 68.1                               4.0 FASTST   M    M   3    MAX(MPH)
                                 MISC ---->  # 22 220               # 28  220
================================================================================
NOTES:
# LAST OF SEVERAL OCCURRENCES

COLUMN 17 PEAK WIND IN M.P.H.

PRELIMINARY LOCAL CLIMATOLOGICAL DATA (WS FORM: F-6) , PAGE 2

                                          STATION:  FULTON COUNTY AIRPORT
                                          MONTH:    JULY
                                          YEAR:     2014
                                          LATITUDE:   33 46 N
                                          LONGITUDE:  84 31 W

[TEMPERATURE DATA]      [PRECIPITATION DATA]       SYMBOLS USED IN COLUMN 16

AVERAGE MONTHLY: 77.8   TOTAL FOR MONTH:   5.32    1 = FOG OR MIST
DPTR FM NORMAL:  -2.1   DPTR FM NORMAL:    0.61    2 = FOG REDUCING VISIBILITY
HIGHEST:    94 ON  2    GRTST 24HR  2.10 ON 24-24      TO 1/4 MILE OR LESS
LOWEST:     59 ON 17                               3 = THUNDER
                        SNOW, ICE PELLETS, HAIL    4 = ICE PELLETS
                        TOTAL MONTH:   0.0 INCH    5 = HAIL
                        GRTST 24HR     0.0         6 = FREEZING RAIN OR DRIZZLE
                        GRTST DEPTH:   0           7 = DUSTSTORM OR SANDSTORM:
                                                       VSBY 1/2 MILE OR LESS
                                                   8 = SMOKE OR HAZE
[NO. OF DAYS WITH]      [WEATHER - DAYS WITH]      9 = BLOWING SNOW
                                                   X = TORNADO
MAX 32 OR BELOW:   0    0.01 INCH OR MORE:   8
MAX 90 OR ABOVE:  11    0.10 INCH OR MORE:   8
MIN 32 OR BELOW:   0    0.50 INCH OR MORE:   3
MIN  0 OR BELOW:   0    1.00 INCH OR MORE:   2

[HDD (BASE 65) ]
TOTAL THIS MO.     0    CLEAR  (SCALE 0-3)  19
DPTR FM NORMAL     0    PTCLDY (SCALE 4-7)   7
TOTAL FM JUL 1     0    CLOUDY (SCALE 8-10)  2
DPTR FM NORMAL     0

[CDD (BASE 65) ]
TOTAL THIS MO.   364
DPTR FM NORMAL   -50    [PRESSURE DATA]
TOTAL FM JAN 1   958    HIGHEST SLP  0.00 ON M
DPTR FM NORMAL    -6    LOWEST  SLP 29.79 ON 15

[REMARKS]




U.S. Dept. of Commerce
NOAA National Weather Service
1325 East West Highway
Silver Spring, MD 20910
E-mail: w-nws.webmaster@noaa.gov
Page last modified: May 16, 2007
NATIONAL WEATHER SERVICE: for Safety, for Work, for Fun - FOR LIFE