700
CXUS52 KFFC 241110
CF6FTY
PRELIMINARY LOCAL CLIMATOLOGICAL DATA (WS FORM: F-6)

                                          STATION:   FULTON COUNTY AIRPORT
                                          MONTH:     APRIL
                                          YEAR:      2014
                                          LATITUDE:   33 46 N
                                          LONGITUDE:  84 31 W

  TEMPERATURE IN F:       :PCPN:    SNOW:  WIND      :SUNSHINE: SKY     :PK WND
================================================================================
1   2   3   4   5  6A  6B    7    8   9   10  11  12  13   14  15   16   17  18
                                     12Z  AVG MX 2MIN
DY MAX MIN AVG DEP HDD CDD  WTR  SNW DPTH SPD SPD DIR MIN PSBL S-S WX    SPD DR
================================================================================

 1  83  44  64   6   1   0 0.00    M    M  2.9 13 210   M    M   0        16 210
 2  81  45  63   5   2   0 0.00    M    M  3.5 14 190   M    M   1        18 170
 3  82  54  68  10   0   3 0.00    M    M  4.6 18 200   M    M   1        22 210
 4  76  61  69  11   0   4    T    M    M  9.0 22 270   M    M   6        29 260
 5  67  49  58  -1   7   0 0.00    M    M  5.8 15 310   M    M   0        21 260
 6  60  50  55  -4  10   0 0.39    M    M  4.7 16  80   M    M   8 1      21  80
 7  66  50  58  -1   7   0 3.06    M    M  7.2 18 290   M    M   8 1      26 310
 8  63  46  55  -4  10   0 0.00    M    M  7.4 20 320   M    M   5        31 300
 9  68  46  57  -2   8   0 0.00    M    M  6.8 20 320   M    M   1        25 300
10  75  38  57  -3   8   0 0.00  0.0    M  3.5 15 200   M    M   0 1      25 240
11  74  43  59  -1   6   0 0.00  0.0    M  2.9 13 210   M    M   0        18 170
12  82  46  64   4   1   0 0.00  0.0    M  2.4 14 180   M    M   0        21 150
13  81  52  67   7   0   2 0.00  0.0    M  5.9 18 200   M    M   2 1      24 210
14  71  64  68   7   0   3 0.83  0.0    M  6.1 15 160   M    M   7 1      20 180
15  65  38  52  -9  13   0 0.29  0.0    M 10.7 26 320   M    M   8 1      38 300
16  62  31  47 -14  18   0 0.00    M    M  5.0 15  70   M    M   0        23  70
17  66  40  53  -8  12   0 0.00    M    M  8.1 21  60   M    M   5        26  70
18  60  50  55  -7  10   0 0.86    M    M  9.1 16  50   M    M   9 1      22  40
19  63  51  57  -5   8   0 0.11    M    M  9.3 22  60   M    M  10 18     32  50
20  75  49  62   0   3   0 0.00  0.0    M  6.5 21  70   M    M   2        29  80
21  78  44  61  -1   4   0 0.00    M    M  1.8  8 270   M    M   0        12 270
22  70  53  62  -1   3   0 0.06    M    M  2.5 12 280   M    M   4 1      15 300
23  76  49  63   0   2   0 0.01    M    M  5.5 16 300   M    M   0 1      21 330
================================================================================
SM 1644 1093       133  12  5.61     0.0 131.2          M       77
================================================================================
AV 71.5 47.5                               5.7 FASTST   M    M   3    MAX(MPH)
                                 MISC ---->  # 26 320               # 38  300
================================================================================
NOTES:
# LAST OF SEVERAL OCCURRENCES

COLUMN 17 PEAK WIND IN M.P.H.

PRELIMINARY LOCAL CLIMATOLOGICAL DATA (WS FORM: F-6) , PAGE 2

                                          STATION:  FULTON COUNTY AIRPORT
                                          MONTH:    APRIL
                                          YEAR:     2014
                                          LATITUDE:   33 46 N
                                          LONGITUDE:  84 31 W

[TEMPERATURE DATA]      [PRECIPITATION DATA]       SYMBOLS USED IN COLUMN 16

AVERAGE MONTHLY: 59.5   TOTAL FOR MONTH:   5.61    1 = FOG OR MIST
DPTR FM NORMAL:  -0.7   DPTR FM NORMAL:    2.77    2 = FOG REDUCING VISIBILITY
HIGHEST:    83 ON  1    GRTST 24HR  3.41 ON  6- 7      TO 1/4 MILE OR LESS
LOWEST:     31 ON 16                               3 = THUNDER
                        SNOW, ICE PELLETS, HAIL    4 = ICE PELLETS
                        TOTAL MONTH:   0.0 INCH    5 = HAIL
                        GRTST 24HR     0.0         6 = FREEZING RAIN OR DRIZZLE
                        GRTST DEPTH:  M  ON   M    7 = DUSTSTORM OR SANDSTORM:
                                                       VSBY 1/2 MILE OR LESS
                                                   8 = SMOKE OR HAZE
[NO. OF DAYS WITH]      [WEATHER - DAYS WITH]      9 = BLOWING SNOW
                                                   X = TORNADO
MAX 32 OR BELOW:   0    0.01 INCH OR MORE:   8
MAX 90 OR ABOVE:   0    0.10 INCH OR MORE:   6
MIN 32 OR BELOW:   1    0.50 INCH OR MORE:   3
MIN  0 OR BELOW:   0    1.00 INCH OR MORE:   1

[HDD (BASE 65) ]
TOTAL THIS MO.   133    CLEAR  (SCALE 0-3)  13
DPTR FM NORMAL     0    PTCLDY (SCALE 4-7)   6
TOTAL FM JUL 1  3112    CLOUDY (SCALE 8-10)  4
DPTR FM NORMAL   280

[CDD (BASE 65) ]
TOTAL THIS MO.    12
DPTR FM NORMAL    -9    [PRESSURE DATA]
TOTAL FM JAN 1    12    HIGHEST SLP M ON M
DPTR FM NORMAL   -15    LOWEST  SLP 29.65 ON  8

[REMARKS]




U.S. Dept. of Commerce
NOAA National Weather Service
1325 East West Highway
Silver Spring, MD 20910
E-mail: w-nws.webmaster@noaa.gov
Page last modified: May 16, 2007
NATIONAL WEATHER SERVICE: for Safety, for Work, for Fun - FOR LIFE