882
CXUS52 KFFC 011110
CF6FTY
PRELIMINARY LOCAL CLIMATOLOGICAL DATA (WS FORM: F-6)

                                          STATION:   FULTON COUNTY AIRPORT
                                          MONTH:     NOVEMBER
                                          YEAR:      2014
                                          LATITUDE:   33 46 N
                                          LONGITUDE:  84 31 W

  TEMPERATURE IN F:       :PCPN:    SNOW:  WIND      :SUNSHINE: SKY     :PK WND
================================================================================
1   2   3   4   5  6A  6B    7    8   9   10  11  12  13   14  15   16   17  18
                                     12Z  AVG MX 2MIN
DY MAX MIN AVG DEP HDD CDD  WTR  SNW DPTH SPD SPD DIR MIN PSBL S-S WX    SPD DR
================================================================================

 1  47  38  43 -15  22   0    T    M    M 15.1 28 330   M    M  10        39 330
 2  56  33  45 -12  20   0 0.00    M    M  5.8 15 330   M    M   0        20 350
 3  66  30  48  -9  17   0 0.00    M    M  1.5  8 140   M    M   0 8      11 160
 4  70  37  54  -3  11   0 0.00    M    M  2.0 10 220   M    M   0 8      14 210
 5  68  44  56   0   9   0 0.00  0.0    M  0.7  8 240   M    M   1        11 240
 6  72  49  61   5   4   0 0.05  0.0    0  9.2 22 290   M    M   3 1      29 300
 7  59  38  49  -7  16   0 0.00  0.0    0  5.8 17 340   M    M   1        25 320
 8  61  33  47  -8  18   0 0.00  0.0    0  1.9  8 280   M    M   0 1      12 240
 9  68  38  53  -2  12   0 0.00  0.0    0  1.5 12 350   M    M   0        16 340
10  71  34  53  -2  12   0 0.00  0.0    0  1.5 10 160   M    M   0 1      14 150
11  72  37  55   0  10   0 0.00  0.0    0  1.8 10 220   M    M   0 1      13 210
12  64  44  54   0  11   0 0.00  0.0    0  5.7 16 320   M    M   7        22 320
13  46  34  40 -14  25   0 0.00    M    M 12.4 21 310   M    M   8        29 320
14  44  25  35 -19  30   0 0.00  0.0    M  9.0 22 320   M    M   0        30 330
15  49  24  37 -16  28   0 0.00  0.0    M  5.5 13  80   M    M   2        17 100
16  50  39  45  -8  20   0 1.32  0.0    M  4.4 12  60   M    M   9 138    17 140
17  55  30  43 -10  22   0 0.90  0.0    M  9.2 23 300   M    M   9 13     30 290
18  36  23  30 -22  35   0 0.00  0.0    M  8.6 20 290   M    M   1        26 300
19  49  18  34 -18  31   0 0.00  0.0    M  2.5 13 210   M    M   0        17 220
20  62  29  46  -6  19   0 0.00  0.0    M  4.7 17 280   M    M   0        23 290
21  63  29  46  -5  19   0 0.00    M    M  1.6 10  30   M    M   0        17 360
22  62  32  47  -4  18   0 0.00    M    M  5.8 14  90   M    M   2        19 100
23  62  45  54   3  11   0 1.26    M    M  9.7 17  60   M    M  10 13     24 210
24  75  54  65  15   0   0 0.00    M    M  7.0 15 230   M    M   4        23 220
25  62  47  55   5  10   0 0.00    M    M  4.6 15 340   M    M   1        21 340
26  56  41  49  -1  16   0 0.00    M    M  6.3 17 300   M    M   4        23 280
27  48  34  41  -8  24   0 0.00  0.0    M 10.5 23 310   M    M   6        29 300
28  50  27  39 -10  26   0 0.00  0.0    M  3.2 12 350   M    M   0        18 350
29  60  27  44  -5  21   0 0.00    M    M  2.3 13 210   M    M   3        17 210
30  68  36  52   4  13   0 0.00    M    M  2.9 14 220   M    M   4        18 200
================================================================================
SM 1771 1049       530   0  3.53     0.0 162.7          M       85
================================================================================
AV 59.0 35.0                               5.4 FASTST   M    M   3    MAX(MPH)
                                 MISC ---->  # 28 330               # 39  330
================================================================================
NOTES:
# LAST OF SEVERAL OCCURRENCES

COLUMN 17 PEAK WIND IN M.P.H.

PRELIMINARY LOCAL CLIMATOLOGICAL DATA (WS FORM: F-6) , PAGE 2

                                          STATION:  FULTON COUNTY AIRPORT
                                          MONTH:    NOVEMBER
                                          YEAR:     2014
                                          LATITUDE:   33 46 N
                                          LONGITUDE:  84 31 W

[TEMPERATURE DATA]      [PRECIPITATION DATA]       SYMBOLS USED IN COLUMN 16

AVERAGE MONTHLY: 47.0   TOTAL FOR MONTH:   3.53    1 = FOG OR MIST
DPTR FM NORMAL:  -6.1   DPTR FM NORMAL:   -0.64    2 = FOG REDUCING VISIBILITY
HIGHEST:    75 ON 24    GRTST 24HR  2.22 ON 16-17      TO 1/4 MILE OR LESS
LOWEST:     18 ON 19                               3 = THUNDER
                        SNOW, ICE PELLETS, HAIL    4 = ICE PELLETS
                        TOTAL MONTH:   0.0 INCH    5 = HAIL
                        GRTST 24HR     0.0         6 = FREEZING RAIN OR DRIZZLE
                        GRTST DEPTH:   0           7 = DUSTSTORM OR SANDSTORM:
                                                       VSBY 1/2 MILE OR LESS
                                                   8 = SMOKE OR HAZE
[NO. OF DAYS WITH]      [WEATHER - DAYS WITH]      9 = BLOWING SNOW
                                                   X = TORNADO
MAX 32 OR BELOW:   0    0.01 INCH OR MORE:   4
MAX 90 OR ABOVE:   0    0.10 INCH OR MORE:   3
MIN 32 OR BELOW:  11    0.50 INCH OR MORE:   3
MIN  0 OR BELOW:   0    1.00 INCH OR MORE:   2

[HDD (BASE 65) ]
TOTAL THIS MO.   530    CLEAR  (SCALE 0-3)  20
DPTR FM NORMAL   163    PTCLDY (SCALE 4-7)   6
TOTAL FM JUL 1   638    CLOUDY (SCALE 8-10)  4
DPTR FM NORMAL   128

[CDD (BASE 65) ]
TOTAL THIS MO.     0
DPTR FM NORMAL    -7    [PRESSURE DATA]
TOTAL FM JAN 1  1773    HIGHEST SLP 30.48 ON 22
DPTR FM NORMAL    29    LOWEST  SLP 29.64 ON 23

[REMARKS]
#FINAL-11-14#




U.S. Dept. of Commerce
NOAA National Weather Service
1325 East West Highway
Silver Spring, MD 20910
E-mail: w-nws.webmaster@noaa.gov
Page last modified: May 16, 2007
NATIONAL WEATHER SERVICE: for Safety, for Work, for Fun - FOR LIFE