134
CXUS54 KFWD 310730
CF6FTW
PRELIMINARY LOCAL CLIMATOLOGICAL DATA (WS FORM: F-6)

                                          STATION:   FORT WORTH MEACHAM
                                          MONTH:     JANUARY
                                          YEAR:      2015
                                          LATITUDE:   32 49 N
                                          LONGITUDE:  97 21 W

  TEMPERATURE IN F:       :PCPN:    SNOW:  WIND      :SUNSHINE: SKY     :PK WND
================================================================================
1   2   3   4   5  6A  6B    7    8   9   10  11  12  13   14  15   16   17  18
                                     12Z  AVG MX 2MIN
DY MAX MIN AVG DEP HDD CDD  WTR  SNW DPTH SPD SPD DIR MIN PSBL S-S WX    SPD DR
================================================================================

 1  37  31  34 -11  31   0 0.57    M    0  6.1 10  10   M    M  10 168    12  20
 2  41  36  39  -6  26   0 0.53    M    0  8.2 21 360   M    M  10 13     23 360
 3  58  38  48   3  17   0 0.28    M    0  8.0 20 240   M    M   5 13     26 240
 4  42  27  35 -10  30   0 0.00  0.0    0 13.2 24 330   M    M   0        31 320
 5  48  25  37  -8  28   0 0.00  0.0    0  7.6 16 190   M    M   0        21 180
 6  59  34  47   2  18   0 0.00  0.0    0  6.1 15  10   M    M   0 8      18  10
 7  41  22  32 -13  33   0 0.00  0.0    0 18.6 31 360   M    M   0        39 360
 8  40  18  29 -16  36   0 0.00  0.0    0  9.3 21 180   M    M   0        25 190
 9  39  29  34 -11  31   0 0.00  0.0    0 10.9 21  20   M    M   9 8      26  30
10  39  32  36  -9  29   0 0.15  0.0    0  7.7 15 140   M    M  10 18     18 140
11  44  34  39  -6  26   0 0.30  0.0    0  6.7 13 130   M    M  10 1      14 140
12  44  35  40  -5  25   0    T    M    0 13.2 22 360   M    M  10 18     26 350
13  40  32  36  -9  29   0 0.00  0.0    0  9.3 15 360   M    M  10 8      19 360
14  41  36  39  -7  26   0 0.00  0.0    0  6.5 10 340   M    M  10 8      13 340
15  57  32  45  -1  20   0 0.00  0.0    0  4.9 14 290   M    M   2 8      17 310
16  65  33  49   3  16   0 0.00  0.0    0  5.7 16 180   M    M   0 18     20 190
17  69  42  56  10   9   0 0.00  0.0    0 12.1 25 310   M    M   0        30 310
18  71  35  53   7  12   0 0.00  0.0    0  7.9 20 190   M    M   0        26 200
19  71  42  57  11   8   0 0.00  0.0    0  5.7 14 190   M    M   0        18 190
20  70  40  55   9  10   0 0.00  0.0    0  6.7 21  20   M    M   0 18     25  20
21  61  41  51   5  14   0 0.42  0.0    0  8.9 17  80   M    M   5 18     20  70
22  47  39  43  -3  22   0 0.90  0.0    0 15.1 31  20   M    M  10 1      38  20
23  51  40  46   0  19   0 0.00  0.0    0  8.8 22 300   M    M   5        27 300
24  61  35  48   2  17   0 0.00  0.0    0  7.5 16 310   M    M   0        19 320
25  64  42  53   7  12   0 0.00  0.0    0 12.4 30 310   M    M   0        37 310
26  74  37  56  10   9   0 0.00  0.0    0  5.5 15 240   M    M   0 8      18 260
27  79  49  64  17   1   0 0.00  0.0    0  4.2 10 320   M    M   0        12 330
28  82  49  66  19   0   1 0.00  0.0    0  9.7 21 190   M    M   0        27 190
29  69  50  60  13   5   0 0.00  0.0    0 13.9 26 360   M    M   1        32  10
30  58  42  50   3  15   0 0.00  0.0    0  8.2 14  20   M    M   1 8      23  80
================================================================================
SM 1662 1077       574   1  3.15     0.0 268.6          M      108
================================================================================
AV 55.4 35.9                               9.0 FASTST   M    M   4    MAX(MPH)
                                 MISC ---->  # 31 360               # 39  360
================================================================================
NOTES:
# LAST OF SEVERAL OCCURRENCES

COLUMN 17 PEAK WIND IN M.P.H.

PRELIMINARY LOCAL CLIMATOLOGICAL DATA (WS FORM: F-6) , PAGE 2

                                          STATION:  FORT WORTH MEACHAM
                                          MONTH:    JANUARY
                                          YEAR:     2015
                                          LATITUDE:   32 49 N
                                          LONGITUDE:  97 21 W

[TEMPERATURE DATA]      [PRECIPITATION DATA]       SYMBOLS USED IN COLUMN 16

AVERAGE MONTHLY: 45.7   TOTAL FOR MONTH:   3.15    1 = FOG OR MIST
DPTR FM NORMAL:  -0.0   DPTR FM NORMAL:    1.48    2 = FOG REDUCING VISIBILITY
HIGHEST:    82 ON 28    GRTST 24HR  1.31 ON 21-22      TO 1/4 MILE OR LESS
LOWEST:     18 ON  8                               3 = THUNDER
                        SNOW, ICE PELLETS, HAIL    4 = ICE PELLETS
                        TOTAL MONTH:   0.0 INCH    5 = HAIL
                        GRTST 24HR     0.0         6 = FREEZING RAIN OR DRIZZLE
                        GRTST DEPTH:   0           7 = DUSTSTORM OR SANDSTORM:
                                                       VSBY 1/2 MILE OR LESS
                                                   8 = SMOKE OR HAZE
[NO. OF DAYS WITH]      [WEATHER - DAYS WITH]      9 = BLOWING SNOW
                                                   X = TORNADO
MAX 32 OR BELOW:   0    0.01 INCH OR MORE:   7
MAX 90 OR ABOVE:   0    0.10 INCH OR MORE:   7
MIN 32 OR BELOW:   9    0.50 INCH OR MORE:   3
MIN  0 OR BELOW:   0    1.00 INCH OR MORE:   0

[HDD (BASE 65) ]
TOTAL THIS MO.   574    CLEAR  (SCALE 0-3)  18
DPTR FM NORMAL    -6    PTCLDY (SCALE 4-7)   3
TOTAL FM JUL 1  1364    CLOUDY (SCALE 8-10)  9
DPTR FM NORMAL  -163

[CDD (BASE 65) ]
TOTAL THIS MO.     1
DPTR FM NORMAL     1    [PRESSURE DATA]
TOTAL FM JAN 1     1    HIGHEST SLP M ON M
DPTR FM NORMAL     1    LOWEST  SLP 29.84 ON  3

[REMARKS]




U.S. Dept. of Commerce
NOAA National Weather Service
1325 East West Highway
Silver Spring, MD 20910
E-mail: w-nws.webmaster@noaa.gov
Page last modified: May 16, 2007
NATIONAL WEATHER SERVICE: for Safety, for Work, for Fun - FOR LIFE