087
CXUS54 KFWD 032122
CF6FTW
PRELIMINARY LOCAL CLIMATOLOGICAL DATA (WS FORM: F-6)

                                          STATION:   FORT WORTH MEACHAM
                                          MONTH:     NOVEMBER
                                          YEAR:      2014
                                          LATITUDE:   32 49 N
                                          LONGITUDE:  97 21 W

  TEMPERATURE IN F:       :PCPN:    SNOW:  WIND      :SUNSHINE: SKY     :PK WND
================================================================================
1   2   3   4   5  6A  6B    7    8   9   10  11  12  13   14  15   16   17  18
                                     12Z  AVG MX 2MIN
DY MAX MIN AVG DEP HDD CDD  WTR  SNW DPTH SPD SPD DIR MIN PSBL S-S WX    SPD DR
================================================================================

 1  63  39  51 -11  14   0 0.00  0.0    0  9.4 17 110   M    M   0 8      23 110
 2  69  47  58  -3   7   0 0.00  0.0    0 15.3 23 150   M    M   2        29 140
 3  77  57  67   6   0   2 0.00  0.0    0 15.3 25 170   M    M   7        32 160
 4  72  53  63   3   2   0 1.00  0.0    0 11.5 33  20   M    M  10 1      42  10
 5  58  51  55  -5  10   0 0.21  0.0    0  5.5 14  10   M    M   7 1      17 350
 6  73  45  59  -1   6   0 0.00  0.0    0  6.8 16  20   M    M   0        20  50
 7  70  44  57  -2   8   0 0.00  0.0    0  6.5 17 180   M    M   0        21 170
 8  72  49  61   2   4   0 0.00  0.0    0 10.6 28 360   M    M   0        34 350
 9  77  41  59   0   6   0 0.00  0.0    0  7.8 20 180   M    M   0        28 200
10  82  55  69  11   0   4 0.00  0.0    0 19.0 31 190   M    M   0        41 190
11  67  37  52  -6  13   0 0.00  0.0    0 17.5 31 310   M    M   4 8      42 320
12  41  31  36 -22  29   0    T    M    0 16.1 24 350   M    M   4 4      30 350
13  39  29  34 -23  31   0 0.00  0.0    0 12.3 22 350   M    M   6        28 360
14  41  26  34 -23  31   0 0.00  0.0    0  5.7 12 140   M    M   8        13 150
15  47  37  42 -14  23   0 0.00  0.0    0 13.8 23 140   M    M   9 18     27 150
16  43  28  36 -20  29   0 0.01    M    0 14.2 23 330   M    M  10 18     31 320
17  45  26  36 -20  29   0 0.00  0.0    M  9.8 20 330   M    M   0        24 320
18  59  27  43 -12  22   0 0.00  0.0    0  8.0 18 190   M    M   0        24 210
19  66  34  50  -5  15   0 0.00  0.0    0  7.4 16 210   M    M   0        21 220
20  74  41  58   4   7   0 0.00  0.0    0  8.7 20 170   M    M   0        24 170
21  71  61  66  12   0   1    T  0.0    0 11.8 20 150   M    M   9 18     27 150
22  65  56  61   8   4   0 1.51  0.0    0 11.2 24 120   M    M   9 13     30 120
23  78  49  64  11   1   0 0.00  0.0    0 14.7 31 300   M    M   0        46 290
24  62  42  52  -1  13   0 0.00  0.0    0  7.0 18 310   M    M   0        23 320
25  62  35  49  -3  16   0 0.00  0.0    0  4.8 15 240   M    M   0 8      19 240
26  66  43  55   3  10   0 0.00  0.0    0  9.7 18 360   M    M   0        24 360
27  58  36  47  -5  18   0 0.00  0.0    0  4.8 15  10   M    M   0        20  10
28  72  42  57   6   8   0 0.00  0.0    0 13.6 25 190   M    M   0        33 200
29  78  50  64  13   1   0 0.00  0.0    0 16.4 29 190   M    M   0        35 180
30  80  63  72  22   0   7 0.00  0.0    0 14.2 24 200   M    M   2        33 180
================================================================================
SM 1927 1274       357  14  2.73     0.0 329.4          M       87
================================================================================
AV 64.2 42.5                              11.0 FASTST   M    M   3    MAX(MPH)
                                 MISC ---->  # 33  20               # 46  290
================================================================================
NOTES:
# LAST OF SEVERAL OCCURRENCES

COLUMN 17 PEAK WIND IN M.P.H.

PRELIMINARY LOCAL CLIMATOLOGICAL DATA (WS FORM: F-6) , PAGE 2

                                          STATION:  FORT WORTH MEACHAM
                                          MONTH:    NOVEMBER
                                          YEAR:     2014
                                          LATITUDE:   32 49 N
                                          LONGITUDE:  97 21 W

[TEMPERATURE DATA]      [PRECIPITATION DATA]       SYMBOLS USED IN COLUMN 16

AVERAGE MONTHLY: 53.3   TOTAL FOR MONTH:   2.73    1 = FOG OR MIST
DPTR FM NORMAL:  -2.7   DPTR FM NORMAL:    0.00    2 = FOG REDUCING VISIBILITY
HIGHEST:    82 ON 10    GRTST 24HR  1.51 ON 22-22      TO 1/4 MILE OR LESS
LOWEST:     26 ON 17,14                            3 = THUNDER
                        SNOW, ICE PELLETS, HAIL    4 = ICE PELLETS
                        TOTAL MONTH:   0.0 INCH    5 = HAIL
                        GRTST 24HR     0.0         6 = FREEZING RAIN OR DRIZZLE
                        GRTST DEPTH:   0           7 = DUSTSTORM OR SANDSTORM:
                                                       VSBY 1/2 MILE OR LESS
                                                   8 = SMOKE OR HAZE
[NO. OF DAYS WITH]      [WEATHER - DAYS WITH]      9 = BLOWING SNOW
                                                   X = TORNADO
MAX 32 OR BELOW:   0    0.01 INCH OR MORE:   4
MAX 90 OR ABOVE:   0    0.10 INCH OR MORE:   3
MIN 32 OR BELOW:   6    0.50 INCH OR MORE:   2
MIN  0 OR BELOW:   0    1.00 INCH OR MORE:   2

[HDD (BASE 65) ]
TOTAL THIS MO.   357    CLEAR  (SCALE 0-3)  19
DPTR FM NORMAL    65    PTCLDY (SCALE 4-7)   5
TOTAL FM JUL 1   370    CLOUDY (SCALE 8-10)  6
DPTR FM NORMAL    -5

[CDD (BASE 65) ]
TOTAL THIS MO.    14
DPTR FM NORMAL    -9    [PRESSURE DATA]
TOTAL FM JAN 1  3025    HIGHEST SLP 30.63 ON 13
DPTR FM NORMAL   385    LOWEST  SLP 29.36 ON 23

[REMARKS]
#FINAL-11-14#




U.S. Dept. of Commerce
NOAA National Weather Service
1325 East West Highway
Silver Spring, MD 20910
E-mail: w-nws.webmaster@noaa.gov
Page last modified: May 16, 2007
NATIONAL WEATHER SERVICE: for Safety, for Work, for Fun - FOR LIFE