283
CXUS54 KMAF 271100
CF6FST
PRELIMINARY LOCAL CLIMATOLOGICAL DATA (WS FORM: F-6)

                                          STATION:   Fort Stockton
                                          MONTH:     AUGUST
                                          YEAR:      2014
                                          LATITUDE:   30 55 N
                                          LONGITUDE: 102 55 W

  TEMPERATURE IN F:       :PCPN:    SNOW:  WIND      :SUNSHINE: SKY     :PK WND
================================================================================
1   2   3   4   5  6A  6B    7    8   9   10  11  12  13   14  15   16   17  18
                                     12Z  AVG MX 2MIN
DY MAX MIN AVG DEP HDD CDD  WTR  SNW DPTH SPD SPD DIR MIN PSBL S-S WX    SPD DR
================================================================================

 1  81  66  74  -8   0   9 0.47  0.0    0  8.1 16 110   M    M   4 13     20 120
 2  86  70  78  -4   0  13 0.00  0.0    0  7.4 15 160   M    M   5        24 100
 3  90  65  78  -4   0  13 0.00  0.0    0  7.3 15 120   M    M   2        24 120
 4  92  68  80  -2   0  15 0.00  0.0    0  7.8 16 100   M    M   1        20 100
 5  93  69  81  -1   0  16 0.00  0.0    0 10.1 17 170   M    M   0        26 140
 6  98  71  85   3   0  20 0.00  0.0    0  9.9 17 140   M    M   0        24 140
 7  99  73  86   4   0  21 0.00  0.0    0  9.8 21 120   M    M   0        27 120
 8  96  70  83   1   0  18 0.00  0.0    0 10.6 20 140   M    M   1        27 150
 9  96  73  85   3   0  20 0.00  0.0    0 11.7 21 120   M    M   0        28 120
10  93  72  83   1   0  18 0.00  0.0    0 11.2 23 110   M    M   0        30 110
11  92  69  81  -1   0  16 0.10  0.0    0  6.7 23  90   M    M   1 3      30  90
12  92  71  82   0   0  17    T  0.0    0  8.9 25 150   M    M   2 3      33 130
13  93  67  80  -2   0  15 0.00  0.0    0 10.2 24 110   M    M   0        30 110
14  95  70  83   1   0  18 0.00  0.0    0 10.9 18 130   M    M   1        29 150
15  99  73  86   4   0  21 0.00  0.0    0  8.7 20 140   M    M   1        26 160
16  98  70  84   3   0  19 0.74  0.0    0  9.7 29 320   M    M   1 13     43 320
17  90  69  80  -1   0  15 0.07  0.0    0  7.8 30  90   M    M   3 13     42  60
18  93  67  80  -1   0  15 0.00  0.0    0  7.2 26 180   M    M   0 3      31 180
19  92  70  81   0   0  16 0.51  0.0    0 11.2 31 180   M    M   1 3      40 180
20  92  73  83   2   0  18 0.01  0.0    0 11.3 30 160   M    M   1 3      39 160
21  97  71  84   3   0  19 0.00  0.0    0 12.0 30 150   M    M   1 3      45 150
22  95  71  83   2   0  18 0.00  0.0    0 10.9 24 140   M    M   0        34 130
23  95  73  84   4   0  19 0.00  0.0    0  8.2 18 120   M    M   2        21 160
24  97  73  85   5   0  20 0.27  0.0    0 10.2 39 120   M    M   0 3      49 120
25  96  70  83   3   0  18 0.00  0.0    0  9.4 20 320   M    M   0        24 100
26  95  66  81   1   0  16 0.00  0.0    0  7.1 17 140   M    M   1        23 110
================================================================================
SM 2435 1820         0 443  2.17     0.0 244.3          M       28
================================================================================
AV 93.7 70.0                               9.4 FASTST   M    M   1    MAX(MPH)
                                 MISC ---->  # 39 120               # 49  120
================================================================================
NOTES:
# LAST OF SEVERAL OCCURRENCES

COLUMN 17 PEAK WIND IN M.P.H.

PRELIMINARY LOCAL CLIMATOLOGICAL DATA (WS FORM: F-6) , PAGE 2

                                          STATION:  Fort Stockton
                                          MONTH:    AUGUST
                                          YEAR:     2014
                                          LATITUDE:   30 55 N
                                          LONGITUDE: 102 55 W

[TEMPERATURE DATA]      [PRECIPITATION DATA]       SYMBOLS USED IN COLUMN 16

AVERAGE MONTHLY: 81.8   TOTAL FOR MONTH:   2.17    1 = FOG OR MIST
DPTR FM NORMAL:   0.4   DPTR FM NORMAL:    0.60    2 = FOG REDUCING VISIBILITY
HIGHEST:    99 ON 15, 7 GRTST 24HR  0.81 ON 16-17      TO 1/4 MILE OR LESS
LOWEST:     65 ON  3                               3 = THUNDER
                        SNOW, ICE PELLETS, HAIL    4 = ICE PELLETS
                        TOTAL MONTH:   0.0 INCH    5 = HAIL
                        GRTST 24HR     0.0         6 = FREEZING RAIN OR DRIZZLE
                        GRTST DEPTH:   0           7 = DUSTSTORM OR SANDSTORM:
                                                       VSBY 1/2 MILE OR LESS
                                                   8 = SMOKE OR HAZE
[NO. OF DAYS WITH]      [WEATHER - DAYS WITH]      9 = BLOWING SNOW
                                                   X = TORNADO
MAX 32 OR BELOW:   0    0.01 INCH OR MORE:   7
MAX 90 OR ABOVE:  24    0.10 INCH OR MORE:   5
MIN 32 OR BELOW:   0    0.50 INCH OR MORE:   2
MIN  0 OR BELOW:   0    1.00 INCH OR MORE:   0

[HDD (BASE 65) ]
TOTAL THIS MO.     0    CLEAR  (SCALE 0-3)  24
DPTR FM NORMAL     0    PTCLDY (SCALE 4-7)   2
TOTAL FM JUL 1     0    CLOUDY (SCALE 8-10)  0
DPTR FM NORMAL     0

[CDD (BASE 65) ]
TOTAL THIS MO.   443
DPTR FM NORMAL    16    [PRESSURE DATA]
TOTAL FM JAN 1  2135    HIGHEST SLP M ON M
DPTR FM NORMAL   149    LOWEST  SLP 29.70 ON 19

[REMARKS]




U.S. Dept. of Commerce
NOAA National Weather Service
1325 East West Highway
Silver Spring, MD 20910
E-mail: w-nws.webmaster@noaa.gov
Page last modified: May 16, 2007
NATIONAL WEATHER SERVICE: for Safety, for Work, for Fun - FOR LIFE