028
CXUS54 KMAF 311100
CF6FST
PRELIMINARY LOCAL CLIMATOLOGICAL DATA (WS FORM: F-6)

                                          STATION:   Fort Stockton
                                          MONTH:     JANUARY
                                          YEAR:      2015
                                          LATITUDE:   30 55 N
                                          LONGITUDE: 102 55 W

  TEMPERATURE IN F:       :PCPN:    SNOW:  WIND      :SUNSHINE: SKY     :PK WND
================================================================================
1   2   3   4   5  6A  6B    7    8   9   10  11  12  13   14  15   16   17  18
                                     12Z  AVG MX 2MIN
DY MAX MIN AVG DEP HDD CDD  WTR  SNW DPTH SPD SPD DIR MIN PSBL S-S WX    SPD DR
================================================================================

 1  25  21  23 -25  42   0 0.03    M    0  4.6 10 330   M    M  10 16     12 330
 2  31  25  28 -20  37   0 0.61    M    0  4.6 21 100   M    M  10 16     27 110
 3  54  26  40  -8  25   0    T  0.0    0 13.1 28 240   M    M   1        36 230
 4  38  28  33 -15  32   0 0.00  0.0    0  5.5 16  10   M    M   3        23 360
 5  60  27  44  -4  21   0 0.00  0.0    0  7.6 16 220   M    M   0 1      19 220
 6  62  39  51   3  14   0 0.00  0.0    0  8.8 18 230   M    M   0        21 230
 7  45  23  34 -14  31   0 0.00  0.0    0 10.7 25  30   M    M   3        32  40
 8  43  22  33 -15  32   0 0.00  0.0    0  4.9 15 220   M    M   1        17 220
 9  43  29  36 -12  29   0 0.00  0.0    0  8.3 18  70   M    M   7        22  60
10  46  28  37 -11  28   0 0.02    M    0  7.4 21 230   M    M   7 1      26 220
11  67  40  54   6  11   0 0.00  0.0    0 13.5 22 300   M    M   0        29 310
12  49  31  40  -8  25   0    T    M    0 10.0 15  20   M    M   5 1      20  30
13  31  28  30 -19  35   0 0.03    M    0  7.2 10  80   M    M  10 126    13  70
14  34  30  32 -17  33   0 0.00  0.0    0  5.2  9 270   M    M  10 1      12 290
15  52  33  43  -6  22   0 0.00  0.0    0  8.2 14 310   M    M   3        25  70
16  64  35  50   1  15   0 0.00  0.0    0  9.1 14 220   M    M   0        19 230
17  68  42  55   6  10   0 0.00  0.0    0 11.6 21 340   M    M   0        28 330
18  74  38  56   7   9   0 0.00  0.0    0  8.8 17 220   M    M   0        22 210
19  75  46  61  12   4   0 0.00  0.0    0 11.2 20 340   M    M   0        25 340
20  73  47  60  11   5   0 0.00  0.0    0 10.1 17 220   M    M   0 8      23 230
21  47  35  41  -8  24   0 0.32  0.0    0  5.1 17 110   M    M   7 1      20 110
22  41  31  36 -13  29   0 0.30    M    0 10.4 21  30   M    M  10 12     25  30
23  48  30  39 -11  26   0 0.01    M    0  9.9 15 290   M    M   4 1      22 270
24  55  33  44  -6  21   0 0.00  0.0    0  8.8 18 220   M    M   0        24 220
25  61  32  47  -3  18   0 0.00  0.0    0  8.1 18 230   M    M   0        23 220
26  60  39  50   0  15   0 0.00  0.0    0  7.8 15 220   M    M   0        18 220
27  72  41  57   7   8   0 0.00  0.0    0  7.7 16 220   M    M   0        19 220
28  80  50  65  15   0   0 0.00  0.0    0  8.8 16 220   M    M   2        26 250
29  66  49  58   8   7   0 0.00  0.0    0 11.4 20  40   M    M   2        27  40
30  49  43  46  -4  19   0 0.11    M    0  9.6 23 110   M    M  10 1      42 100
================================================================================
SM 1613 1021       627   0  1.43     0.0 258.0          M      105
================================================================================
AV 53.8 34.0                               8.6 FASTST   M    M   4    MAX(MPH)
                                 MISC ---->  # 28 240               # 42  100
================================================================================
NOTES:
# LAST OF SEVERAL OCCURRENCES

COLUMN 17 PEAK WIND IN M.P.H.

PRELIMINARY LOCAL CLIMATOLOGICAL DATA (WS FORM: F-6) , PAGE 2

                                          STATION:  Fort Stockton
                                          MONTH:    JANUARY
                                          YEAR:     2015
                                          LATITUDE:   30 55 N
                                          LONGITUDE: 102 55 W

[TEMPERATURE DATA]      [PRECIPITATION DATA]       SYMBOLS USED IN COLUMN 16

AVERAGE MONTHLY: 43.9   TOTAL FOR MONTH:   1.43    1 = FOG OR MIST
DPTR FM NORMAL:  -5.0   DPTR FM NORMAL:    0.83    2 = FOG REDUCING VISIBILITY
HIGHEST:    80 ON 28    GRTST 24HR  0.61 ON  2- 2      TO 1/4 MILE OR LESS
LOWEST:     21 ON  1                               3 = THUNDER
                        SNOW, ICE PELLETS, HAIL    4 = ICE PELLETS
                        TOTAL MONTH:   0.0 INCH    5 = HAIL
                        GRTST 24HR     0.0         6 = FREEZING RAIN OR DRIZZLE
                        GRTST DEPTH:   0           7 = DUSTSTORM OR SANDSTORM:
                                                       VSBY 1/2 MILE OR LESS
                                                   8 = SMOKE OR HAZE
[NO. OF DAYS WITH]      [WEATHER - DAYS WITH]      9 = BLOWING SNOW
                                                   X = TORNADO
MAX 32 OR BELOW:   3    0.01 INCH OR MORE:   8
MAX 90 OR ABOVE:   0    0.10 INCH OR MORE:   4
MIN 32 OR BELOW:  15    0.50 INCH OR MORE:   1
MIN  0 OR BELOW:   0    1.00 INCH OR MORE:   0

[HDD (BASE 65) ]
TOTAL THIS MO.   627    CLEAR  (SCALE 0-3)  18
DPTR FM NORMAL   143    PTCLDY (SCALE 4-7)   6
TOTAL FM JUL 1  1442    CLOUDY (SCALE 8-10)  6
DPTR FM NORMAL   148

[CDD (BASE 65) ]
TOTAL THIS MO.     0
DPTR FM NORMAL     0    [PRESSURE DATA]
TOTAL FM JAN 1     0    HIGHEST SLP M ON M
DPTR FM NORMAL     0    LOWEST  SLP 29.84 ON  2

[REMARKS]




U.S. Dept. of Commerce
NOAA National Weather Service
1325 East West Highway
Silver Spring, MD 20910
E-mail: w-nws.webmaster@noaa.gov
Page last modified: May 16, 2007
NATIONAL WEATHER SERVICE: for Safety, for Work, for Fun - FOR LIFE