260
CXUS54 KMAF 281100
CF6FST
PRELIMINARY LOCAL CLIMATOLOGICAL DATA (WS FORM: F-6)

                                          STATION:   Fort Stockton
                                          MONTH:     NOVEMBER
                                          YEAR:      2014
                                          LATITUDE:   30 55 N
                                          LONGITUDE: 102 55 W

  TEMPERATURE IN F:       :PCPN:    SNOW:  WIND      :SUNSHINE: SKY     :PK WND
================================================================================
1   2   3   4   5  6A  6B    7    8   9   10  11  12  13   14  15   16   17  18
                                     12Z  AVG MX 2MIN
DY MAX MIN AVG DEP HDD CDD  WTR  SNW DPTH SPD SPD DIR MIN PSBL S-S WX    SPD DR
================================================================================

 1  77  52  65   3   0   0 0.00  0.0    0 15.6 24 160   M    M   0        32 160
 2  73  54  64   2   1   0 0.00  0.0    0 18.8 30 160   M    M   0        39 150
 3  78  58  68   7   0   3    T  0.0    0 15.9 28 170   M    M   2        38 160
 4  62  48  55  -6  10   0 1.36    M    0  8.5 22  20   M    M  10        27  40
 5  51  46  49 -11  16   0 0.60    M    0  7.1 13 320   M    M  10        16  30
 6  58  48  53  -7  12   0 0.11    M    0  6.5 14 220   M    M   9        18 310
 7  68  44  56  -4   9   0    T  0.0    0  6.2 16 180   M    M   2        20 180
 8  66  47  57  -2   8   0 0.00  0.0    0  9.4 16 360   M    M   0        19 360
 9  74  45  60   1   5   0 0.00  0.0    0 12.6 23 240   M    M   0        29 240
10  81  52  67   8   0   2 0.00  0.0    0 15.0 25 230   M    M   0        32 230
11  63  37  50  -8  15   0 0.00  0.0    0  8.4 22  20   M    M   0        30  10
12  39  28  34 -24  31   0 0.00  0.0    0 10.7 16  50   M    M   5        22  70
13  35  25  30 -28  35   0 0.00  0.0    0  8.4 16  40   M    M   7        21  40
14  56  26  41 -16  24   0 0.00  0.0    0  7.2 17 160   M    M   0        22 160
15  77  36  57   0   8   0 0.00  0.0    0  9.5 20 310   M    M   0        26 310
16  57  24  41 -15  24   0    T    M    0 13.3 29 360   M    M   5        35 350
17  44  23  34 -22  31   0 0.00  0.0    0  8.2 13 160   M    M   0        28 320
18  58  30  44 -12  21   0 0.00  0.0    0  7.6 14 210   M    M   0        19 150
19  71  40  56   0   9   0 0.00  0.0    0 10.4 17 230   M    M   0        22 230
20  76  45  61   6   4   0 0.00  0.0    0 10.4 16 290   M    M   0        21 300
21  70  42  56   1   9   0 0.00  0.0    0 13.7 25 150   M    M   0        34 150
22  70  51  61   6   4   0 0.00  0.0    0  9.8 20 280   M    M   3        24 280
23  71  40  56   2   9   0 0.00  0.0    0 18.1 36 280   M    M   0        48 280
24  58  36  47  -7  18   0 0.00  0.0    0  9.7 20 320   M    M   0        23 330
25  56  34  45  -9  20   0 0.00  0.0    0 10.4 20 230   M    M   0        24 220
26  70  45  58   5   7   0 0.00  0.0    0  9.9 17 220   M    M   0        22 230
27  67  33  50  -3  15   0 0.00  0.0    0  7.9 17 170   M    M   0        22 160
================================================================================
SM 1726 1089       345   5  2.07     0.0 289.2          M       53
================================================================================
AV 63.9 40.3                              10.7 FASTST   M    M   2    MAX(MPH)
                                 MISC ---->  # 36 280               # 48  280
================================================================================
NOTES:
# LAST OF SEVERAL OCCURRENCES

COLUMN 17 PEAK WIND IN M.P.H.

PRELIMINARY LOCAL CLIMATOLOGICAL DATA (WS FORM: F-6) , PAGE 2

                                          STATION:  Fort Stockton
                                          MONTH:    NOVEMBER
                                          YEAR:     2014
                                          LATITUDE:   30 55 N
                                          LONGITUDE: 102 55 W

[TEMPERATURE DATA]      [PRECIPITATION DATA]       SYMBOLS USED IN COLUMN 16

AVERAGE MONTHLY: 52.1   TOTAL FOR MONTH:   2.07    1 = FOG OR MIST
DPTR FM NORMAL:  -5.2   DPTR FM NORMAL:    1.53    2 = FOG REDUCING VISIBILITY
HIGHEST:    81 ON 10    GRTST 24HR  1.87 ON  4- 5      TO 1/4 MILE OR LESS
LOWEST:     23 ON 17                               3 = THUNDER
                        SNOW, ICE PELLETS, HAIL    4 = ICE PELLETS
                        TOTAL MONTH:   0.0 INCH    5 = HAIL
                        GRTST 24HR     0.0         6 = FREEZING RAIN OR DRIZZLE
                        GRTST DEPTH:   0           7 = DUSTSTORM OR SANDSTORM:
                                                       VSBY 1/2 MILE OR LESS
                                                   8 = SMOKE OR HAZE
[NO. OF DAYS WITH]      [WEATHER - DAYS WITH]      9 = BLOWING SNOW
                                                   X = TORNADO
MAX 32 OR BELOW:   0    0.01 INCH OR MORE:   3
MAX 90 OR ABOVE:   0    0.10 INCH OR MORE:   3
MIN 32 OR BELOW:   6    0.50 INCH OR MORE:   2
MIN  0 OR BELOW:   0    1.00 INCH OR MORE:   1

[HDD (BASE 65) ]
TOTAL THIS MO.   345    CLEAR  (SCALE 0-3)  21
DPTR FM NORMAL   120    PTCLDY (SCALE 4-7)   3
TOTAL FM JUL 1   373    CLOUDY (SCALE 8-10)  3
DPTR FM NORMAL    85

[CDD (BASE 65) ]
TOTAL THIS MO.     5
DPTR FM NORMAL   -10    [PRESSURE DATA]
TOTAL FM JAN 1  2748    HIGHEST SLP M ON M
DPTR FM NORMAL   201    LOWEST  SLP 29.59 ON 23

[REMARKS]




U.S. Dept. of Commerce
NOAA National Weather Service
1325 East West Highway
Silver Spring, MD 20910
E-mail: w-nws.webmaster@noaa.gov
Page last modified: May 16, 2007
NATIONAL WEATHER SERVICE: for Safety, for Work, for Fun - FOR LIFE