357
CXUS54 KMAF 301100
CF6FST
PRELIMINARY LOCAL CLIMATOLOGICAL DATA (WS FORM: F-6)

                                          STATION:   Fort Stockton
                                          MONTH:     JULY
                                          YEAR:      2014
                                          LATITUDE:   30 55 N
                                          LONGITUDE: 102 55 W

  TEMPERATURE IN F:       :PCPN:    SNOW:  WIND      :SUNSHINE: SKY     :PK WND
================================================================================
1   2   3   4   5  6A  6B    7    8   9   10  11  12  13   14  15   16   17  18
                                     12Z  AVG MX 2MIN
DY MAX MIN AVG DEP HDD CDD  WTR  SNW DPTH SPD SPD DIR MIN PSBL S-S WX    SPD DR
================================================================================

 1  95  73  84   2   0  19 0.00  0.0    0 15.9 24 120   M    M   0        31 110
 2  91  71  81  -1   0  16 0.00  0.0    0 12.9 25 120   M    M   0        32 120
 3  92  69  81  -1   0  16 0.00  0.0    0 13.0 25 120   M    M   0        35 120
 4  93  71  82   0   0  17 0.00  0.0    0 16.8 25 100   M    M   0        36 120
 5  94  70  82   0   0  17 0.00  0.0    0 14.8 23 150   M    M   0        32 150
 6  96  70  83   1   0  18 0.00  0.0    0 11.5 21 130   M    M   1        27 130
 7  94  75  85   3   0  20 0.00  0.0    0 10.4 23 140   M    M   1 3      31 170
 8  95  70  83   1   0  18 0.00  0.0    0 11.4 21 110   M    M   1        27 110
 9  92  70  81  -1   0  16 0.00  0.0    0 13.1 24 110   M    M   0        31 100
10  91  69  80  -2   0  15 0.00  0.0    0 14.9 24 120   M    M   0        33 110
11  85  68  77  -5   0  12 0.00  0.0    0 17.0 30 130   M    M   0        38 120
12  91  70  81  -1   0  16 0.00  0.0    0 15.9 24 120   M    M   1 3      36 120
13  95  68  82   0   0  17 0.00  0.0    0 11.1 22 130   M    M   0        26 120
14  98  71  85   3   0  20 0.00  0.0    0  9.6 22 110   M    M   1        26 120
15  93  71  82   0   0  17 0.00  0.0    0 10.7 18 120   M    M   1        25 120
16  95  73  84   2   0  19 0.21  0.0    0 10.1 29 190   M    M   3 3      36 200
17  91  71  81  -1   0  16 0.01  0.0    0 11.0 20 320   M    M   1 3      24  50
18  90  67  79  -3   0  14 0.00  0.0    0  9.9 18 150   M    M   6        26 100
19  98  73  86   4   0  21 0.00  0.0    0 13.9 22 150   M    M   0 1      29 120
20 101  73  87   5   0  22    T  0.0    0 11.1 21 170   M    M   1 3      29 150
21 100  75  88   6   0  23 0.00  0.0    0 10.1 22 170   M    M   0        28 170
22  97  75  86   4   0  21 0.00  0.0    0 11.7 22 120   M    M   0        31 110
23  96  72  84   2   0  19    T  0.0    0 10.1 21  80   M    M   0        27  80
24  98  72  85   3   0  20 0.00  0.0    0  8.0 20 110   M    M   0        28 110
25  98  71  85   3   0  20 0.00  0.0    0 11.1 18 130   M    M   0        25 140
26 100  72  86   4   0  21    T  0.0    0 11.5 23 140   M    M   0        31 140
27 100  75  88   6   0  23    T  0.0    0 11.6 21 110   M    M   0        29 150
28  97  75  86   4   0  21 0.00  0.0    0 12.0 22 110   M    M   1        33 120
29  97  72  85   3   0  20 0.00  0.0    0 10.5 22 150   M    M   0        32 160
================================================================================
SM 2753 2072         0 534  0.22     0.0 351.6          M       18
================================================================================
AV 94.9 71.4                              12.1 FASTST   M    M   1    MAX(MPH)
                                 MISC ---->  # 30 130               # 38  120
================================================================================
NOTES:
# LAST OF SEVERAL OCCURRENCES

COLUMN 17 PEAK WIND IN M.P.H.

PRELIMINARY LOCAL CLIMATOLOGICAL DATA (WS FORM: F-6) , PAGE 2

                                          STATION:  Fort Stockton
                                          MONTH:    JULY
                                          YEAR:     2014
                                          LATITUDE:   30 55 N
                                          LONGITUDE: 102 55 W

[TEMPERATURE DATA]      [PRECIPITATION DATA]       SYMBOLS USED IN COLUMN 16

AVERAGE MONTHLY: 83.2   TOTAL FOR MONTH:   0.22    1 = FOG OR MIST
DPTR FM NORMAL:   1.2   DPTR FM NORMAL:   -1.50    2 = FOG REDUCING VISIBILITY
HIGHEST:   101 ON 20    GRTST 24HR  0.22 ON 16-17      TO 1/4 MILE OR LESS
LOWEST:     67 ON 18                               3 = THUNDER
                        SNOW, ICE PELLETS, HAIL    4 = ICE PELLETS
                        TOTAL MONTH:   0.0 INCH    5 = HAIL
                        GRTST 24HR     0.0         6 = FREEZING RAIN OR DRIZZLE
                        GRTST DEPTH:   0           7 = DUSTSTORM OR SANDSTORM:
                                                       VSBY 1/2 MILE OR LESS
                                                   8 = SMOKE OR HAZE
[NO. OF DAYS WITH]      [WEATHER - DAYS WITH]      9 = BLOWING SNOW
                                                   X = TORNADO
MAX 32 OR BELOW:   0    0.01 INCH OR MORE:   2
MAX 90 OR ABOVE:  28    0.10 INCH OR MORE:   1
MIN 32 OR BELOW:   0    0.50 INCH OR MORE:   0
MIN  0 OR BELOW:   0    1.00 INCH OR MORE:   0

[HDD (BASE 65) ]
TOTAL THIS MO.     0    CLEAR  (SCALE 0-3)  28
DPTR FM NORMAL     0    PTCLDY (SCALE 4-7)   1
TOTAL FM JUL 1     0    CLOUDY (SCALE 8-10)  0
DPTR FM NORMAL     0

[CDD (BASE 65) ]
TOTAL THIS MO.   534
DPTR FM NORMAL    41    [PRESSURE DATA]
TOTAL FM JAN 1  1655    HIGHEST SLP M ON M
DPTR FM NORMAL   136    LOWEST  SLP 29.67 ON  1

[REMARKS]




U.S. Dept. of Commerce
NOAA National Weather Service
1325 East West Highway
Silver Spring, MD 20910
E-mail: w-nws.webmaster@noaa.gov
Page last modified: May 16, 2007
NATIONAL WEATHER SERVICE: for Safety, for Work, for Fun - FOR LIFE