172
CXUS54 KTSA 270840
CF6FSM
PRELIMINARY LOCAL CLIMATOLOGICAL DATA (WS FORM: F-6)

                                          STATION:   FORT SMITH ARKANSAS
                                          MONTH:     JULY
                                          YEAR:      2014
                                          LATITUDE:   35 19 N
                                          LONGITUDE:  94 22 W

  TEMPERATURE IN F:       :PCPN:    SNOW:  WIND      :SUNSHINE: SKY     :PK WND
================================================================================
1   2   3   4   5  6A  6B    7    8   9   10  11  12  13   14  15   16   17  18
                                     12Z  AVG MX 2MIN
DY MAX MIN AVG DEP HDD CDD  WTR  SNW DPTH SPD SPD DIR MIN PSBL S-S WX    SPD DR
================================================================================

 1  94  73  84   3   0  19 0.03  0.0    0  7.9 20 300   M    M   3 3      26 310
 2  88  71  80  -1   0  15 0.03  0.0    0  8.3 20 360   M    M   2        23 340
 3  86  63  75  -6   0  10 0.00  0.0    0  4.4 10  70   M    M   0        14  60
 4  87  66  77  -4   0  12 0.00  0.0    0  6.3 12 110   M    M   1        16 100
 5  88  67  78  -4   0  13 0.00  0.0    0  5.6 10 110   M    M   3        14 130
 6  92  69  81  -1   0  16 0.00  0.0    0  4.9 13 200   M    M   0 1      16 190
 7  95  73  84   2   0  19 0.00  0.0    0  5.6 16 210   M    M   0 18     20 220
 8  97  73  85   3   0  20 0.41  0.0    0  7.9 24 100   M    M   2 13     34 100
 9  87  73  80  -2   0  15 0.02  0.0    0  3.7 13  70   M    M   5 138    14 170
10  84  71  78  -4   0  13 0.48  0.0    0  7.4 30 320   M    M   4 13     41 290
11  93  70  82   0   0  17 0.00  0.0    0  5.7 13 200   M    M   1        16 210
12  95  74  85   3   0  20 0.00  0.0    0  4.9 14 270   M    M   0 1      17 260
13  95  73  84   2   0  19 0.00  0.0    0  5.3 16 230   M    M   0 8      20 250
14  92  74  83   1   0  18 0.01  0.0    0  6.2 17 360   M    M   2 38     21 110
15  83  66  75  -7   0  10 0.00  0.0    0  7.9 15 330   M    M   2        22  20
16  81  59  70 -12   0   5 0.18  0.0    0  3.0  9 230   M    M   3 1      12  80
17  69  61  65 -17   0   0 0.26  0.0    0  8.3 17  70   M    M  10 1      20  70
18  73  61  67 -16   0   2 0.00  0.0    0  6.7 14  80   M    M  10        19  70
19  82  62  72 -11   0   7 0.00  0.0    0  2.0  9  90   M    M   4 1      11  90
20  84  64  74  -9   0   9 0.00  0.0    0  2.9 12 110   M    M   4 12     15 110
21  90  66  78  -5   0  13 0.00  0.0    0  4.0  9  80   M    M   1 1      13  50
22  93  71  82  -1   0  17 0.00  0.0    0  4.1  9 190   M    M   1 1      14  50
23  96  70  83   0   0  18 0.30  0.0    0  6.2 46 310   M    M   2 1      66 300
24  87  67  77  -6   0  12 0.00  0.0    0  5.3 14  80   M    M   3 1      19 110
25  92  71  82  -1   0  17 0.00  0.0    0  5.1 15 220   M    M   2 18     17 230
26  96  73  85   2   0  20 0.00  0.0    0  6.6 16 210   M    M   0 18     21 180
================================================================================
SM 2299 1781         0 356  1.72     0.0 146.2          M       65
================================================================================
AV 88.4 68.5                               5.6 FASTST   M    M   3    MAX(MPH)
                                 MISC ---->  # 46 310               # 66  300
================================================================================
NOTES:
# LAST OF SEVERAL OCCURRENCES

COLUMN 17 PEAK WIND IN M.P.H.

PRELIMINARY LOCAL CLIMATOLOGICAL DATA (WS FORM: F-6) , PAGE 2

                                          STATION:  FORT SMITH ARKANSAS
                                          MONTH:    JULY
                                          YEAR:     2014
                                          LATITUDE:   35 19 N
                                          LONGITUDE:  94 22 W

[TEMPERATURE DATA]      [PRECIPITATION DATA]       SYMBOLS USED IN COLUMN 16

AVERAGE MONTHLY: 78.5   TOTAL FOR MONTH:   1.72    1 = FOG OR MIST
DPTR FM NORMAL:  -3.7   DPTR FM NORMAL:   -1.06    2 = FOG REDUCING VISIBILITY
HIGHEST:    97 ON  8    GRTST 24HR  0.48 ON 10-10      TO 1/4 MILE OR LESS
LOWEST:     59 ON 16                               3 = THUNDER
                        SNOW, ICE PELLETS, HAIL    4 = ICE PELLETS
                        TOTAL MONTH:   0.0 INCH    5 = HAIL
                        GRTST 24HR     0.0         6 = FREEZING RAIN OR DRIZZLE
                        GRTST DEPTH:   0           7 = DUSTSTORM OR SANDSTORM:
                                                       VSBY 1/2 MILE OR LESS
                                                   8 = SMOKE OR HAZE
[NO. OF DAYS WITH]      [WEATHER - DAYS WITH]      9 = BLOWING SNOW
                                                   X = TORNADO
MAX 32 OR BELOW:   0    0.01 INCH OR MORE:   9
MAX 90 OR ABOVE:  13    0.10 INCH OR MORE:   5
MIN 32 OR BELOW:   0    0.50 INCH OR MORE:   0
MIN  0 OR BELOW:   0    1.00 INCH OR MORE:   0

[HDD (BASE 65) ]
TOTAL THIS MO.     0    CLEAR  (SCALE 0-3)  19
DPTR FM NORMAL     0    PTCLDY (SCALE 4-7)   5
TOTAL FM JUL 1     0    CLOUDY (SCALE 8-10)  2
DPTR FM NORMAL     0

[CDD (BASE 65) ]
TOTAL THIS MO.   356
DPTR FM NORMAL   -92    [PRESSURE DATA]
TOTAL FM JAN 1  1072    HIGHEST SLP M ON M
DPTR FM NORMAL    -5    LOWEST  SLP 29.81 ON  7

[REMARKS]




U.S. Dept. of Commerce
NOAA National Weather Service
1325 East West Highway
Silver Spring, MD 20910
E-mail: w-nws.webmaster@noaa.gov
Page last modified: May 16, 2007
NATIONAL WEATHER SERVICE: for Safety, for Work, for Fun - FOR LIFE