995
CXUS54 KTSA 210940
CF6FSM
PRELIMINARY LOCAL CLIMATOLOGICAL DATA (WS FORM: F-6)

                                          STATION:   FORT SMITH ARKANSAS
                                          MONTH:     NOVEMBER
                                          YEAR:      2014
                                          LATITUDE:   35 19 N
                                          LONGITUDE:  94 22 W

  TEMPERATURE IN F:       :PCPN:    SNOW:  WIND      :SUNSHINE: SKY     :PK WND
================================================================================
1   2   3   4   5  6A  6B    7    8   9   10  11  12  13   14  15   16   17  18
                                     12Z  AVG MX 2MIN
DY MAX MIN AVG DEP HDD CDD  WTR  SNW DPTH SPD SPD DIR MIN PSBL S-S WX    SPD DR
================================================================================

 1  58  29  44 -14  21   0 0.00  0.0    0  4.1 10  80   M    M   1        12  80
 2  63  39  51  -6  14   0 0.00  0.0    0  8.0 15 150   M    M   0        20 150
 3  72  43  58   1   7   0 0.00  0.0    0  6.9 16 210   M    M   6        21 220
 4  68  52  60   4   5   0 0.59  0.0    0  5.9 22 360   M    M  10 1      27 350
 5  57  45  51  -5  14   0 0.00  0.0    0  2.8  9 210   M    M   7 12     11 330
 6  67  41  54  -2  11   0 0.00  0.0    0  8.0 24 340   M    M   3 128    34 330
 7  65  32  49  -6  16   0 0.00  0.0    0  3.4  9 160   M    M   0 8      12 180
 8  65  39  52  -3  13   0 0.00  0.0    0  6.8 18 310   M    M   0 18     25 320
 9  70  32  51  -3  14   0 0.00  0.0    0  3.5 10 230   M    M   0 12     13 210
10  77  43  60   6   5   0 0.00  0.0    0 10.6 26 200   M    M   0        38 200
11  68  35  52  -2  13   0 0.00  0.0    0 12.8 24 260   M    M   5        31 300
12  42  29  36 -17  29   0 0.00  0.0    0 12.8 21 340   M    M   4        25 350
13  39  26  33 -20  32   0 0.00  0.0    0 10.8 17 340   M    M   4        23 330
14  42  24  33 -19  32   0 0.00  0.0    0  3.6 12  80   M    M   1        13  90
15  40  26  33 -19  32   0    T  0.0    0  7.0 17 110   M    M   6        22 110
16  41  28  35 -16  30   0 0.02    T    0  8.1 16 310   M    M   9 1      21 310
17  38  20  29 -22  36   0 0.00  0.0    0 11.0 24 290   M    M   1        31 310
18  50  18  34 -16  31   0 0.00  0.0    0  4.8 13 220   M    M   0        18 260
19  58  25  42  -8  23   0 0.00  0.0    0  5.2 20 280   M    M   0        24 260
20  59  29  44  -6  21   0 0.00  0.0    0  8.4 17  60   M    M   1        20  80
================================================================================
SM 1139  655       399   0  0.61    T    144.5          M       58
================================================================================
AV 57.0 32.8                               7.2 FASTST   M    M   3    MAX(MPH)
                                 MISC ---->  # 26 200               # 38  200
================================================================================
NOTES:
# LAST OF SEVERAL OCCURRENCES

COLUMN 17 PEAK WIND IN M.P.H.

PRELIMINARY LOCAL CLIMATOLOGICAL DATA (WS FORM: F-6) , PAGE 2

                                          STATION:  FORT SMITH ARKANSAS
                                          MONTH:    NOVEMBER
                                          YEAR:     2014
                                          LATITUDE:   35 19 N
                                          LONGITUDE:  94 22 W

[TEMPERATURE DATA]      [PRECIPITATION DATA]       SYMBOLS USED IN COLUMN 16

AVERAGE MONTHLY: 44.8   TOTAL FOR MONTH:   0.61    1 = FOG OR MIST
DPTR FM NORMAL:  -8.9   DPTR FM NORMAL:   -2.41    2 = FOG REDUCING VISIBILITY
HIGHEST:    77 ON 10    GRTST 24HR  0.59 ON  4- 4      TO 1/4 MILE OR LESS
LOWEST:     18 ON 18                               3 = THUNDER
                        SNOW, ICE PELLETS, HAIL    4 = ICE PELLETS
                        TOTAL MONTH:    T          5 = HAIL
                        GRTST 24HR    T  ON 16-16  6 = FREEZING RAIN OR DRIZZLE
                        GRTST DEPTH:   0           7 = DUSTSTORM OR SANDSTORM:
                                                       VSBY 1/2 MILE OR LESS
                                                   8 = SMOKE OR HAZE
[NO. OF DAYS WITH]      [WEATHER - DAYS WITH]      9 = BLOWING SNOW
                                                   X = TORNADO
MAX 32 OR BELOW:   0    0.01 INCH OR MORE:   2
MAX 90 OR ABOVE:   0    0.10 INCH OR MORE:   1
MIN 32 OR BELOW:  12    0.50 INCH OR MORE:   1
MIN  0 OR BELOW:   0    1.00 INCH OR MORE:   0

[HDD (BASE 65) ]
TOTAL THIS MO.   399    CLEAR  (SCALE 0-3)  12
DPTR FM NORMAL   165    PTCLDY (SCALE 4-7)   6
TOTAL FM JUL 1   474    CLOUDY (SCALE 8-10)  2
DPTR FM NORMAL    86

[CDD (BASE 65) ]
TOTAL THIS MO.     0
DPTR FM NORMAL    -7    [PRESSURE DATA]
TOTAL FM JAN 1  2053    HIGHEST SLP M ON M
DPTR FM NORMAL     0    LOWEST  SLP 29.46 ON 10

[REMARKS]




U.S. Dept. of Commerce
NOAA National Weather Service
1325 East West Highway
Silver Spring, MD 20910
E-mail: w-nws.webmaster@noaa.gov
Page last modified: May 16, 2007
NATIONAL WEATHER SERVICE: for Safety, for Work, for Fun - FOR LIFE