056
CXUS54 KTSA 300840
CF6FSM
PRELIMINARY LOCAL CLIMATOLOGICAL DATA (WS FORM: F-6)

                                          STATION:   FORT SMITH ARKANSAS
                                          MONTH:     AUGUST
                                          YEAR:      2014
                                          LATITUDE:   35 19 N
                                          LONGITUDE:  94 22 W

  TEMPERATURE IN F:       :PCPN:    SNOW:  WIND      :SUNSHINE: SKY     :PK WND
================================================================================
1   2   3   4   5  6A  6B    7    8   9   10  11  12  13   14  15   16   17  18
                                     12Z  AVG MX 2MIN
DY MAX MIN AVG DEP HDD CDD  WTR  SNW DPTH SPD SPD DIR MIN PSBL S-S WX    SPD DR
================================================================================

 1  82  69  76  -7   0  11 0.00  0.0    0  3.8  8  70   M    M   8 18     10 120
 2  88  66  77  -6   0  12 0.00  0.0    0  2.3 12 110   M    M   2 12     14  80
 3  90  69  80  -3   0  15 0.00  0.0    0  4.6 10 110   M    M   0 1      15  80
 4  91  68  80  -3   0  15 0.00  0.0    0  3.2 10  60   M    M   0 1      12 100
 5  93  67  80  -3   0  15 0.00  0.0    0  2.5  9 180   M    M   0 18     12 200
 6  94  70  82  -1   0  17 0.00  0.0    0  5.5 13 210   M    M   1 18     16 170
 7  90  73  82  -1   0  17 0.62  0.0    0  4.2 24 350   M    M   4 138    31 350
 8  94  75  85   2   0  20 0.01  0.0    0  5.0 23  20   M    M   2 1      27  10
 9  90  73  82  -1   0  17 0.30  0.0    0  4.4 26 240   M    M   4 13     37 220
10  93  71  82  -1   0  17 0.19  0.0    0  5.4 13 300   M    M   4 1      18 230
11  90  75  83   0   0  18 0.00  0.0    0  8.4 20 340   M    M   2        23 340
12  86  67  77  -6   0  12 0.00  0.0    0  8.5 17 350   M    M   0        22 340
13  87  61  74  -9   0   9 0.00  0.0    0  3.1 12 360   M    M   0        15  30
14  89  64  77  -6   0  12 0.00  0.0    0  4.1  9 240   M    M   0        10 190
15  90  68  79  -4   0  14 0.00  0.0    0  4.7 12  90   M    M   1        15 150
16  93  71  82   0   0  17    T  0.0    0  6.2 17 230   M    M   1        23 210
17  92  76  84   2   0  19 0.00  0.0    0  5.9 18 230   M    M   0 3      22 230
18  94  71  83   1   0  18 0.27  0.0    0  4.4 39 340   M    M   2 13     48 340
19  96  69  83   1   0  18 0.00  0.0    0  4.6 13 240   M    M   1        19 240
20  94  73  84   2   0  19 0.00  0.0    0  6.1 17 220   M    M   0 1      23 220
21  94  74  84   2   0  19 0.00  0.0    0  6.9 17 190   M    M   0        22 190
22  97  76  87   5   0  22 0.00  0.0    0  5.7 15 230   M    M   0 1      20 210
23  98  75  87   5   0  22 0.00  0.0    0  4.6 14 230   M    M   0 1      17 230
24  97  73  85   4   0  20 0.00  0.0    0  3.3 10 190   M    M   0 1      14 160
25  99  74  87   6   0  22 0.00  0.0    0  4.5 13 110   M    M   0        15 110
26  97  74  86   5   0  21 0.00  0.0    0  5.7 14 130   M    M   0        19 150
27  96  74  85   4   0  20 0.00  0.0    0  4.0 15 100   M    M   1        18 110
28  94  73  84   4   0  19 0.00  0.0    0  5.4 13 190   M    M   1 1      17 180
29  90  72  81   1   0  16 0.10  0.0    0  6.8 21 200   M    M   3 13     26 200
================================================================================
SM 2678 2061         0 493  1.49     0.0 143.8          M       37
================================================================================
AV 92.3 71.1                               5.0 FASTST   M    M   1    MAX(MPH)
                                 MISC ---->  # 39 340               # 48  340
================================================================================
NOTES:
# LAST OF SEVERAL OCCURRENCES

COLUMN 17 PEAK WIND IN M.P.H.

PRELIMINARY LOCAL CLIMATOLOGICAL DATA (WS FORM: F-6) , PAGE 2

                                          STATION:  FORT SMITH ARKANSAS
                                          MONTH:    AUGUST
                                          YEAR:     2014
                                          LATITUDE:   35 19 N
                                          LONGITUDE:  94 22 W

[TEMPERATURE DATA]      [PRECIPITATION DATA]       SYMBOLS USED IN COLUMN 16

AVERAGE MONTHLY: 81.7   TOTAL FOR MONTH:   1.49    1 = FOG OR MIST
DPTR FM NORMAL:  -0.5   DPTR FM NORMAL:   -0.92    2 = FOG REDUCING VISIBILITY
HIGHEST:    99 ON 25    GRTST 24HR  0.62 ON  7- 7      TO 1/4 MILE OR LESS
LOWEST:     61 ON 13                               3 = THUNDER
                        SNOW, ICE PELLETS, HAIL    4 = ICE PELLETS
                        TOTAL MONTH:   0.0 INCH    5 = HAIL
                        GRTST 24HR     0.0         6 = FREEZING RAIN OR DRIZZLE
                        GRTST DEPTH:   0           7 = DUSTSTORM OR SANDSTORM:
                                                       VSBY 1/2 MILE OR LESS
                                                   8 = SMOKE OR HAZE
[NO. OF DAYS WITH]      [WEATHER - DAYS WITH]      9 = BLOWING SNOW
                                                   X = TORNADO
MAX 32 OR BELOW:   0    0.01 INCH OR MORE:   6
MAX 90 OR ABOVE:  24    0.10 INCH OR MORE:   5
MIN 32 OR BELOW:   0    0.50 INCH OR MORE:   1
MIN  0 OR BELOW:   0    1.00 INCH OR MORE:   0

[HDD (BASE 65) ]
TOTAL THIS MO.     0    CLEAR  (SCALE 0-3)  25
DPTR FM NORMAL     0    PTCLDY (SCALE 4-7)   4
TOTAL FM JUL 1     0    CLOUDY (SCALE 8-10)  0
DPTR FM NORMAL     0

[CDD (BASE 65) ]
TOTAL THIS MO.   493
DPTR FM NORMAL    -9    [PRESSURE DATA]
TOTAL FM JAN 1  1628    HIGHEST SLP M ON M
DPTR FM NORMAL   -39    LOWEST  SLP 29.81 ON 19

[REMARKS]




U.S. Dept. of Commerce
NOAA National Weather Service
1325 East West Highway
Silver Spring, MD 20910
E-mail: w-nws.webmaster@noaa.gov
Page last modified: May 16, 2007
NATIONAL WEATHER SERVICE: for Safety, for Work, for Fun - FOR LIFE