168
CXUS54 KTSA 231402
CF6FSM
PRELIMINARY LOCAL CLIMATOLOGICAL DATA (WS FORM: F-6)

                                          STATION:   FORT SMITH ARKANSAS
                                          MONTH:     APRIL
                                          YEAR:      2014
                                          LATITUDE:   35 19 N
                                          LONGITUDE:  94 22 W

  TEMPERATURE IN F:       :PCPN:    SNOW:  WIND      :SUNSHINE: SKY     :PK WND
================================================================================
1   2   3   4   5  6A  6B    7    8   9   10  11  12  13   14  15   16   17  18
                                     12Z  AVG MX 2MIN
DY MAX MIN AVG DEP HDD CDD  WTR  SNW DPTH SPD SPD DIR MIN PSBL S-S WX    SPD DR
================================================================================

 1  80  54  67   9   0   2 0.00  0.0    0  5.5 15 190   M    M   6 13     18 160
 2  83  61  72  14   0   7 0.00  0.0    0  8.8 22 200   M    M   8        31 200
 3  81  56  69  11   0   4 0.20  0.0    0 12.4 33 320   M    M   7 3      42 220
 4  63  44  54  -4  11   0 0.00  0.0    0 10.8 26 290   M    M   2        33 310
 5  61  41  51  -8  14   0 0.04  0.0    0  6.6 14  60   M    M   1 8      17  60
 6  55  46  51  -8  14   0 0.66  0.0    0  7.7 14  70   M    M   8 1      19 130
 7  63  47  55  -4  10   0 0.73  0.0    0  8.3 24 290   M    M   8 13     29 290
 8  65  44  55  -4  10   0    T  0.0    0  9.8 35 330   M    M   6 13     44  10
 9  77  37  57  -3   8   0 0.00  0.0    0  5.0 14 210   M    M   0        18 200
10  87  50  69   9   0   4 0.00  0.0    0  9.4 28 210   M    M   1        36 220
11  81  56  69   9   0   4 0.00  0.0    0  4.6 15 150   M    M   2 8      19 150
12  84  60  72  11   0   7 0.00  0.0    0  7.7 18 150   M    M   3 18     24 150
13  73  56  65   4   0   0 0.38  0.0    0  8.4 39 290   M    M   8 13     51 290
14  56  36  46 -15  19   0    T  0.0    0 13.9 24 360   M    M   9 18     33 320
15  63  32  48 -14  17   0 0.00  0.0    0  4.8 13 270   M    M   0        16 280
16  67  40  54  -8  11   0 0.00  0.0    0  8.6 18 170   M    M   0        27 160
17  72  42  57  -5   8   0    T  0.0    0  5.6 14  10   M    M   3        16  10
18  77  49  63   1   2   0 0.00  0.0    0  3.6 12  70   M    M   2        17  50
19  81  50  66   3   0   1 0.00  0.0    0  3.8 12 210   M    M   0        17 160
20  81  56  69   6   0   4 0.01  0.0    0  4.6 15 240   M    M   3        19 230
21  71  59  65   2   0   0 0.15  0.0    0  1.9  8 110   M    M   7 12     10 160
22  82  53  68   4   0   3 0.00  0.0    0  5.4 16 350   M    M   3 12     21 330
================================================================================
SM 1603 1069       124  36  2.17     0.0 157.2          M       87
================================================================================
AV 72.9 48.6                               7.1 FASTST   M    M   4    MAX(MPH)
                                 MISC ---->  # 39 290               # 51  290
================================================================================
NOTES:
# LAST OF SEVERAL OCCURRENCES

COLUMN 17 PEAK WIND IN M.P.H.

PRELIMINARY LOCAL CLIMATOLOGICAL DATA (WS FORM: F-6) , PAGE 2

                                          STATION:  FORT SMITH ARKANSAS
                                          MONTH:    APRIL
                                          YEAR:     2014
                                          LATITUDE:   35 19 N
                                          LONGITUDE:  94 22 W

[TEMPERATURE DATA]      [PRECIPITATION DATA]       SYMBOLS USED IN COLUMN 16

AVERAGE MONTHLY: 60.7   TOTAL FOR MONTH:   2.17    1 = FOG OR MIST
DPTR FM NORMAL:   0.2   DPTR FM NORMAL:   -0.85    2 = FOG REDUCING VISIBILITY
HIGHEST:    87 ON 10    GRTST 24HR  1.18 ON  6- 7      TO 1/4 MILE OR LESS
LOWEST:     32 ON 15                               3 = THUNDER
                        SNOW, ICE PELLETS, HAIL    4 = ICE PELLETS
                        TOTAL MONTH:   0.0 INCH    5 = HAIL
                        GRTST 24HR     0.0         6 = FREEZING RAIN OR DRIZZLE
                        GRTST DEPTH:   0           7 = DUSTSTORM OR SANDSTORM:
                                                       VSBY 1/2 MILE OR LESS
                                                   8 = SMOKE OR HAZE
[NO. OF DAYS WITH]      [WEATHER - DAYS WITH]      9 = BLOWING SNOW
                                                   X = TORNADO
MAX 32 OR BELOW:   0    0.01 INCH OR MORE:   7
MAX 90 OR ABOVE:   0    0.10 INCH OR MORE:   5
MIN 32 OR BELOW:   1    0.50 INCH OR MORE:   2
MIN  0 OR BELOW:   0    1.00 INCH OR MORE:   0

[HDD (BASE 65) ]
TOTAL THIS MO.   124    CLEAR  (SCALE 0-3)  13
DPTR FM NORMAL    -8    PTCLDY (SCALE 4-7)   6
TOTAL FM JUL 1  3528    CLOUDY (SCALE 8-10)  3
DPTR FM NORMAL   337

[CDD (BASE 65) ]
TOTAL THIS MO.    36
DPTR FM NORMAL     2    [PRESSURE DATA]
TOTAL FM JAN 1    36    HIGHEST SLP M ON M
DPTR FM NORMAL   -10    LOWEST  SLP 29.48 ON 13

[REMARKS]





U.S. Dept. of Commerce
NOAA National Weather Service
1325 East West Highway
Silver Spring, MD 20910
E-mail: w-nws.webmaster@noaa.gov
Page last modified: May 16, 2007
NATIONAL WEATHER SERVICE: for Safety, for Work, for Fun - FOR LIFE