551
CXUS55 KFSD 310905
CF6FSD
PRELIMINARY LOCAL CLIMATOLOGICAL DATA (WS FORM: F-6)

                                          STATION:   SIOUX FALLS
                                          MONTH:     JULY
                                          YEAR:      2014
                                          LATITUDE:   43 34 N
                                          LONGITUDE:  96 44 W

  TEMPERATURE IN F:       :PCPN:    SNOW:  WIND      :SUNSHINE: SKY     :PK WND
================================================================================
1   2   3   4   5  6A  6B    7    8   9   10  11  12  13   14  15   16   17  18
                                     12Z  AVG MX 2MIN
DY MAX MIN AVG DEP HDD CDD  WTR  SNW DPTH SPD SPD DIR MIN PSBL S-S WX    SPD DR
================================================================================

 1  68  55  62 -10   3   0 0.01  0.0    0 17.3 29 310   M    M   8 13     37 310
 2  73  54  64  -8   1   0    T  0.0    0 10.3 23 360   M    M   6        30 350
 3  79  51  65  -7   0   0 0.00  0.0    0  6.3 16 150   M    M   4        20 160
 4  84  65  75   3   0  10 0.00  0.0    0 16.7 29 160   M    M   8        37 200
 5  90  67  79   6   0  14    T  0.0    0 12.6 22 190   M    M   5        30 180
 6  92  67  80   7   0  15 0.00  0.0    0 10.8 24 330   M    M   3 1      29 320
 7  85  62  74   1   0   9 0.05  0.0    0  8.4 25 340   M    M   4 3      32 340
 8  81  60  71  -2   0   6 0.00  0.0    0 13.0 28 320   M    M   2        38 320
 9  83  55  69  -4   0   4 0.00  0.0    0  4.0 10 120   M    M   3 8      14 130
10  84  56  70  -3   0   5    T  0.0    0 13.1 23 180   M    M   5 1      31 160
11  85  70  78   5   0  13 0.37  0.0    0 10.1 29 190   M    M   8 13     36 180
12  82  67  75   2   0  10 0.03  0.0    0  6.9 20 180   M    M   5 1      25 170
13  83  58  71  -2   0   6 0.00  0.0    0  8.5 20 330   M    M   2        31 300
14  69  53  61 -12   4   0 0.00  0.0    0 14.9 29 340   M    M   3 8      36 350
15  73  50  62 -11   3   0 0.00  0.0    0  8.4 20 340   M    M   4        23 340
16  78  47  63 -10   2   0 0.00  0.0    0  2.7 10  60   M    M   4 1      14 360
17  77  58  68  -5   0   3 0.00  0.0    0  8.2 16 180   M    M   5        21 190
18  76  60  68  -5   0   3 0.00  0.0    0 15.0 26 200   M    M   6        34 200
19  77  63  70  -3   0   5 0.00  0.0    0 11.1 20 200   M    M   6 3      28 190
20  84  67  76   3   0  11 0.00  0.0    0 13.6 21 180   M    M   4        26 180
21  88  71  80   7   0  15 0.00  0.0    0 10.8 21 150   M    M   5        26 160
22  82  63  73   0   0   8    T  0.0    0  8.7 28 290   M    M   4 13     41 290
23  81  57  69  -4   0   4 0.00  0.0    0  6.7 14  50   M    M   3         M  M
24  77  63  70  -3   0   5 0.19    T    0 13.7 33  60   M    M   6 135    39  70
25  87  65  76   3   0  11 0.00  0.0    0  8.5 25 150   M    M   4 3      34 150
26  84  65  75   2   0  10 0.15  0.0    0  6.7 15 180   M    M   5 13     19 200
27  74  59  67  -6   0   2 0.00  0.0    0 13.4 24 330   M    M   5        30 340
28  75  55  65  -8   0   0 0.00  0.0    0  7.8 16 350   M    M   5        22  40
29  76  50  63 -10   2   0 0.00  0.0    0  3.5 13 360   M    M   3 1      19 340
30  80  52  66  -7   0   1 0.00  0.0    0  2.3 12 350   M    M   1        14  10
================================================================================
SM 2407 1785        15 170  0.80    T    294.0          M      136
================================================================================
AV 80.2 59.5                               9.8 FASTST   M    M   5    MAX(MPH)
                                 MISC ---->  # 33  60               # 41  290
================================================================================
NOTES:
# LAST OF SEVERAL OCCURRENCES

COLUMN 17 PEAK WIND IN M.P.H.

PRELIMINARY LOCAL CLIMATOLOGICAL DATA (WS FORM: F-6) , PAGE 2

                                          STATION:  SIOUX FALLS
                                          MONTH:    JULY
                                          YEAR:     2014
                                          LATITUDE:   43 34 N
                                          LONGITUDE:  96 44 W

[TEMPERATURE DATA]      [PRECIPITATION DATA]       SYMBOLS USED IN COLUMN 16

AVERAGE MONTHLY: 69.9   TOTAL FOR MONTH:   0.80    1 = FOG OR MIST
DPTR FM NORMAL:  -3.0   DPTR FM NORMAL:   -2.19    2 = FOG REDUCING VISIBILITY
HIGHEST:    92 ON  6    GRTST 24HR  0.37 ON 11-11      TO 1/4 MILE OR LESS
LOWEST:     47 ON 16                               3 = THUNDER
                        SNOW, ICE PELLETS, HAIL    4 = ICE PELLETS
                        TOTAL MONTH:    T          5 = HAIL
                        GRTST 24HR    T  ON 24-24  6 = FREEZING RAIN OR DRIZZLE
                        GRTST DEPTH:   0           7 = DUSTSTORM OR SANDSTORM:
                                                       VSBY 1/2 MILE OR LESS
                                                   8 = SMOKE OR HAZE
[NO. OF DAYS WITH]      [WEATHER - DAYS WITH]      9 = BLOWING SNOW
                                                   X = TORNADO
MAX 32 OR BELOW:   0    0.01 INCH OR MORE:   6
MAX 90 OR ABOVE:   2    0.10 INCH OR MORE:   3
MIN 32 OR BELOW:   0    0.50 INCH OR MORE:   0
MIN  0 OR BELOW:   0    1.00 INCH OR MORE:   0

[HDD (BASE 65) ]
TOTAL THIS MO.    15    CLEAR  (SCALE 0-3)   7
DPTR FM NORMAL    15    PTCLDY (SCALE 4-7)  22
TOTAL FM JUL 1    15    CLOUDY (SCALE 8-10)  1
DPTR FM NORMAL    15

[CDD (BASE 65) ]
TOTAL THIS MO.   170
DPTR FM NORMAL   -78    [PRESSURE DATA]
TOTAL FM JAN 1   359    HIGHEST SLP M ON M
DPTR FM NORMAL   -60    LOWEST  SLP 29.64 ON 25

[REMARKS]




U.S. Dept. of Commerce
NOAA National Weather Service
1325 East West Highway
Silver Spring, MD 20910
E-mail: w-nws.webmaster@noaa.gov
Page last modified: May 16, 2007
NATIONAL WEATHER SERVICE: for Safety, for Work, for Fun - FOR LIFE