668
CXUS55 KFSD 300905
CF6FSD
PRELIMINARY LOCAL CLIMATOLOGICAL DATA (WS FORM: F-6)

                                          STATION:   SIOUX FALLS
                                          MONTH:     JANUARY
                                          YEAR:      2015
                                          LATITUDE:   43 34 N
                                          LONGITUDE:  96 44 W

  TEMPERATURE IN F:       :PCPN:    SNOW:  WIND      :SUNSHINE: SKY     :PK WND
================================================================================
1   2   3   4   5  6A  6B    7    8   9   10  11  12  13   14  15   16   17  18
                                     12Z  AVG MX 2MIN
DY MAX MIN AVG DEP HDD CDD  WTR  SNW DPTH SPD SPD DIR MIN PSBL S-S WX    SPD DR
================================================================================

 1  30  12  21   4  44   0 0.00  0.0    3  8.2 18 280   M    M   5        24 290
 2  27  23  25   9  40   0 0.00  0.0    3  9.4 20 180   M    M   8        23 190
 3  25   2  14  -2  51   0 0.03  0.4    3 17.0 33 350   M    M   7 19     41 350
 4   2  -7  -2 -18  67   0 0.00  0.0    3 14.8 31 340   M    M   6 89     39 340
 5   9 -10   0 -16  65   0 0.39  5.0    3  7.6 16 140   M    M   7 12     21 140
 6   9 -12  -1 -17  66   0    T    T    7 12.3 26 330   M    M   7 9      35 320
 7   1 -10  -4 -20  69   0 0.00  0.0    6 12.5 24 330   M    M   3        31 330
 8  22   1  12  -4  53   0 0.02  0.4    6 24.8 44 320   M    M   7 9      56 320
 9   7  -3   2 -14  63   0 0.00  0.0    5 13.2 29 320   M    M   2 89     35 310
10  25  -5  10  -6  55   0 0.00  0.0    5  7.8 20 190   M    M   4        23 190
11  17  -1   8  -8  57   0 0.00  0.0    5  6.2 13 350   M    M   7        15  20
12  11 -15  -2 -18  67   0 0.00  0.0    4  6.0 14  30   M    M   0        18  10
13  20 -16   2 -14  63   0    T    T    4 10.4 21 180   M    M   5 18     24 170
14  26   9  18   2  47   0    T    T    4  6.0 16 320   M    M   7 1      20 340
15  36  17  27  11  38   0 0.00  0.0    3  6.8 22 300   M    M   1 1      26 310
16  38  12  25   9  40   0 0.00  0.0    2  3.0 10 190   M    M   2 1      11 190
17  41  24  33  17  32   0 0.00  0.0    1 14.4 33 320   M    M   5 1      42 310
18  47  25  36  19  29   0 0.00  0.0    T  5.0 18 300   M    M   3        26 300
19  47  24  36  19  29   0 0.02  0.0    T  6.5 15 290   M    M   4 6      21 290
20  39  29  34  17  31   0 0.01  0.4    T 11.2 21 310   M    M   9 1      28 270
21  31  26  29  12  36   0    T  0.1    T  7.2 15 340   M    M  10 1      22  10
22  37  23  30  13  35   0 0.00  0.0    T  9.8 20 200   M    M   4        24 200
23  43  27  35  18  30   0 0.00  0.0    T  9.4 18 200   M    M   3        25 200
24  42  28  35  18  30   0 0.08  0.2    T  5.3 17 360   M    M   7 1      21  10
25  35  31  33  16  32   0 0.02  0.1    T  9.3 22 360   M    M  10 1      29 360
26  48  30  39  22  26   0 0.00  0.0    T 10.7 24 320   M    M   2        30 320
27  41  23  32  15  33   0 0.00  0.0    T  7.7 17 140   M    M   4 12     22 140
28  46  33  40  23  25   0 0.00  0.0    T 12.1 32 330   M    M   6 1      43 330
29  34  21  28  10  37   0    T  0.0    0 18.1 32 340   M    M  10 16     42 330
================================================================================
SM  836  341      1290   0  0.57     6.6 292.7          M      155
================================================================================
AV 28.8 11.8                              10.1 FASTST   M    M   5    MAX(MPH)
                                 MISC ---->  # 44 320               # 56  320
================================================================================
NOTES:
# LAST OF SEVERAL OCCURRENCES

COLUMN 17 PEAK WIND IN M.P.H.

PRELIMINARY LOCAL CLIMATOLOGICAL DATA (WS FORM: F-6) , PAGE 2

                                          STATION:  SIOUX FALLS
                                          MONTH:    JANUARY
                                          YEAR:     2015
                                          LATITUDE:   43 34 N
                                          LONGITUDE:  96 44 W

[TEMPERATURE DATA]      [PRECIPITATION DATA]       SYMBOLS USED IN COLUMN 16

AVERAGE MONTHLY: 20.3   TOTAL FOR MONTH:   0.57    1 = FOG OR MIST
DPTR FM NORMAL:   3.8   DPTR FM NORMAL:    0.05    2 = FOG REDUCING VISIBILITY
HIGHEST:    48 ON 26    GRTST 24HR  0.39 ON  4- 5      TO 1/4 MILE OR LESS
LOWEST:    -16 ON 13                               3 = THUNDER
                        SNOW, ICE PELLETS, HAIL    4 = ICE PELLETS
                        TOTAL MONTH:   6.6 INCHES  5 = HAIL
                        GRTST 24HR   5.0 ON  5- 5  6 = FREEZING RAIN OR DRIZZLE
                        GRTST DEPTH:   7 ON  6     7 = DUSTSTORM OR SANDSTORM:
                                                       VSBY 1/2 MILE OR LESS
                                                   8 = SMOKE OR HAZE
[NO. OF DAYS WITH]      [WEATHER - DAYS WITH]      9 = BLOWING SNOW
                                                   X = TORNADO
MAX 32 OR BELOW:  15    0.01 INCH OR MORE:   7
MAX 90 OR ABOVE:   0    0.10 INCH OR MORE:   1
MIN 32 OR BELOW:  28    0.50 INCH OR MORE:   0
MIN  0 OR BELOW:   9    1.00 INCH OR MORE:   0

[HDD (BASE 65) ]
TOTAL THIS MO.  1290    CLEAR  (SCALE 0-3)   7
DPTR FM NORMAL  -120    PTCLDY (SCALE 4-7)  18
TOTAL FM JUL 1  4295    CLOUDY (SCALE 8-10)  4
DPTR FM NORMAL  -248

[CDD (BASE 65) ]
TOTAL THIS MO.     0
DPTR FM NORMAL     0    [PRESSURE DATA]
TOTAL FM JAN 1     0    HIGHEST SLP M ON M
DPTR FM NORMAL     0    LOWEST  SLP 29.59 ON 24

[REMARKS]




U.S. Dept. of Commerce
NOAA National Weather Service
1325 East West Highway
Silver Spring, MD 20910
E-mail: w-nws.webmaster@noaa.gov
Page last modified: May 16, 2007
NATIONAL WEATHER SERVICE: for Safety, for Work, for Fun - FOR LIFE