376
CXUS55 KFSD 011226
CF6FSD

PRELIMINARY LOCAL CLIMATOLOGICAL DATA (WS FORM: F-6)

                                          STATION:   SIOUX FALLS
                                          MONTH:     AUGUST
                                          YEAR:      2014
                                          LATITUDE:   43 34 N
                                          LONGITUDE:  96 44 W

  TEMPERATURE IN F:       :PCPN:    SNOW:  WIND      :SUNSHINE: SKY     :PK WND
================================================================================
1   2   3   4   5  6A  6B    7    8   9   10  11  12  13   14  15   16   17  18
                                     12Z  AVG MX 2MIN
DY MAX MIN AVG DEP HDD CDD  WTR  SNW DPTH SPD SPD DIR MIN PSBL S-S WX    SPD DR
================================================================================

 1  84  53  69  -4   0   4 0.00  0.0    0  1.7 10 110   M    M   2 13     12 130
 2  82  57  70  -3   0   5 0.02  0.0    0  5.8 14 180   M    M   5 1      19 190
 3  86  59  73   0   0   8    T  0.0    0  4.2 10 110   M    M   5 1      16  80
 4  83  62  73   1   0   8    T  0.0    0  5.3 16  60   M    M   6        20  40
 5  74  60  67  -5   0   2 0.13  0.0    0  5.9 15  90   M    M   9        18  90
 6  68  64  66  -6   0   1 0.65  0.0    0 10.5 18  90   M    M  10 1      23  90
 7  73  64  69  -3   0   4 0.02  0.0    0  8.0 17 110   M    M  10 1      22 110
 8  74  66  70  -2   0   5 0.19  0.0    0  8.4 15 110   M    M  10 1      18 110
 9  79  68  74   2   0   9    T  0.0    0 10.1 17 190   M    M   9 13     23 180
10  81  65  73   1   0   8 0.01  0.0    0  7.8 17 340   M    M   8 1      22 340
11  75  56  66  -6   0   1 0.00  0.0    0 11.4 23 350   M    M   2        31 360
12  80  51  66  -6   0   1 0.00  0.0    0  5.2 14 350   M    M   1        19 340
13  83  53  68  -3   0   3 0.00  0.0    0  4.9 13 160   M    M   1        15 140
14  73  63  68  -3   0   3 0.02  0.0    0  7.2 15 170   M    M   8        20 170
15  80  65  73   2   0   8 1.09  0.0    0 10.7 24 180   M    M   7 13     31 160
16  83  66  75   4   0  10 0.00  0.0    0  6.8 13 160   M    M   7 1      16 160
17  84  69  77   6   0  12    T  0.0    0  5.4 16 310   M    M   5 1      22 290
18  88  63  76   5   0  11 0.00  0.0    0  5.6 15 280   M    M   2 1      22 280
19  85  61  73   2   0   8 0.00  0.0    0  3.3  9 300   M    M   2        13 310
20  83  66  75   5   0  10 0.03  0.0    0  8.5 22 190   M    M   6 3      27 170
21  90  69  80  10   0  15 0.00  0.0    0  6.9 17 180   M    M   5 1      24 180
22  86  63  75   5   0  10 0.00  0.0    0  6.6 14  90   M    M   5 1      17  40
23  83  69  76   6   0  11 1.03  0.0    0 12.9 23 130   M    M   8 13     33 250
24  81  65  73   4   0   8 0.82  0.0    0  6.8 39 190   M    M   6 1      60 210
25  75  57  66  -3   0   1 0.00  0.0    0  6.1 17 320   M    M   4        21 320
26  73  51  62  -7   3   0 0.00  0.0    0  5.7 15  50   M    M   6        18  10
27  75  58  67  -2   0   2 0.00  0.0    0  8.5 17 120   M    M   7        22 340
28  74  67  71   3   0   6 0.39  0.0    0  9.0 15 150   M    M  10 13     20 140
29  76  65  71   3   0   6 0.55  0.0    0  4.1 28 300   M    M   9 13     43 310
30  73  63  68   0   0   3 0.00  0.0    0  7.3 13 340   M    M   6 1      16 310
31  82  61  72   4   0   7    T  0.0    0  8.9 21 170   M    M   6 3      30 300
================================================================================
SM 2466 1919         3 190  4.95     0.0 219.5          M      187
================================================================================
AV 79.5 61.9                               7.1 FASTST   M    M   6    MAX(MPH)
                                 MISC ---->  # 39 190               # 60  210
================================================================================
NOTES:
# LAST OF SEVERAL OCCURRENCES
-COLUMN 17 PEAK WIND IN M.P.H.
-PRECIPITATION AMOUNTS IN COLUMNS 7,8 AND 9 ARE THE OFFICIAL
PRECIPITATION AMOUNTS FOR SIOUX FALLS, SD.
-SNOW DEPTH IN COLUMN 9 IS RECORDED AT 6 AM CST (12Z).

PRELIMINARY LOCAL CLIMATOLOGICAL DATA (WS FORM: F-6) , PAGE 2

                                          STATION:  SIOUX FALLS
                                          MONTH:    AUGUST
                                          YEAR:     2014
                                          LATITUDE:   43 34 N
                                          LONGITUDE:  96 44 W

[TEMPERATURE DATA]      [PRECIPITATION DATA]       SYMBOLS USED IN COLUMN 16

AVERAGE MONTHLY: 70.7   TOTAL FOR MONTH:   4.95    1 = FOG OR MIST
DPTR FM NORMAL:   0.0   DPTR FM NORMAL:    1.90    2 = FOG REDUCING VISIBILITY
HIGHEST:    90 ON 21    GRTST 24HR  1.76 ON 23-24      TO 1/4 MILE OR LESS
LOWEST:     51 ON 26,12                            3 = THUNDER
                        SNOW, ICE PELLETS, HAIL    4 = ICE PELLETS
                        TOTAL MONTH:   0.0 INCH    5 = HAIL
                        GRTST 24HR     0.0         6 = FREEZING RAIN OR DRIZZLE
                        GRTST DEPTH:   0           7 = DUSTSTORM OR SANDSTORM:
                                                       VSBY 1/2 MILE OR LESS
                                                   8 = SMOKE OR HAZE
[NO. OF DAYS WITH]      [WEATHER - DAYS WITH]      9 = BLOWING SNOW
                                                   X = TORNADO
MAX 32 OR BELOW:   0    0.01 INCH OR MORE:  13
MAX 90 OR ABOVE:   1    0.10 INCH OR MORE:   8
MIN 32 OR BELOW:   0    0.50 INCH OR MORE:   5
MIN  0 OR BELOW:   0    1.00 INCH OR MORE:   2

[HDD (BASE 65) ]
TOTAL THIS MO.     3    CLEAR  (SCALE 0-3)   6
DPTR FM NORMAL   -20    PTCLDY (SCALE 4-7)  18
TOTAL FM JUL 1    18    CLOUDY (SCALE 8-10)  7
DPTR FM NORMAL   -13

[CDD (BASE 65) ]
TOTAL THIS MO.   190
DPTR FM NORMAL    -8    [PRESSURE DATA]
TOTAL FM JAN 1   551    HIGHEST SLP 30.23 ON 26
DPTR FM NORMAL   -74    LOWEST  SLP 29.60 ON 31

[REMARKS]

#FINAL-08-14#




U.S. Dept. of Commerce
NOAA National Weather Service
1325 East West Highway
Silver Spring, MD 20910
E-mail: w-nws.webmaster@noaa.gov
Page last modified: May 16, 2007
NATIONAL WEATHER SERVICE: for Safety, for Work, for Fun - FOR LIFE