591
CXUS55 KFSD 012156
CF6FSD

PRELIMINARY LOCAL CLIMATOLOGICAL DATA (WS FORM: F-6)

                                          STATION:   SIOUX FALLS
                                          MONTH:     NOVEMBER
                                          YEAR:      2014
                                          LATITUDE:   43 34 N
                                          LONGITUDE:  96 44 W

  TEMPERATURE IN F:       :PCPN:    SNOW:  WIND      :SUNSHINE: SKY     :PK WND
================================================================================
1   2   3   4   5  6A  6B    7    8   9   10  11  12  13   14  15   16   17  18
                                     12Z  AVG MX 2MIN
DY MAX MIN AVG DEP HDD CDD  WTR  SNW DPTH SPD SPD DIR MIN PSBL S-S WX    SPD DR
================================================================================

 1  49  27  38  -3  27   0 0.00  0.0    0 18.2 28 160   M    M   4        36 170
 2  59  39  49   9  16   0 0.00  0.0    0 15.6 29 180   M    M   6        36 190
 3  55  41  48   8  17   0    T  0.0    0  9.4 25 320   M    M   8        31 320
 4  54  32  43   4  22   0 0.00  0.0    0  7.7 21 280   M    M   3        26 290
 5  59  36  48   9  17   0    T  0.0    0 15.4 36 320   M    M   7        45 330
 6  50  32  41   3  24   0 0.00  0.0    0 10.9 28 350   M    M   8        35 350
 7  56  38  47   9  18   0 0.00  0.0    0 17.5 38 330   M    M   7        47 350
 8  45  32  39   2  26   0 0.00  0.0    0 14.1 37 350   M    M   8        46 340
 9  45  32  39   3  26   0    T  0.0    0  9.1 21  90   M    M   7        27  80
10  33  20  27  -9  38   0    T  0.1    0 24.3 35 360   M    M  10 169    46  10
11  22  14  18 -17  47   0    T    T    T 19.6 31 350   M    M  10        38 350
12  22   8  15 -20  50   0 0.02  0.2    T 16.2 23 310   M    M   8 1      30 300
13  21   4  13 -21  52   0    T    T    T 11.5 20 310   M    M   5        26 300
14  26  -1  13 -21  52   0 0.00  0.0    T  3.9 12 160   M    M   3        13 180
15  25   7  16 -17  49   0 0.32  6.5    1  8.6 23 330   M    M  10 19     29 330
16  21  -5   8 -24  57   0    T    T    6 11.7 23 330   M    M   3 1      29 320
17  14   3   9 -23  56   0    T    T    5 16.1 28 310   M    M   3        36 310
18  28   2  15 -16  50   0    T    T    4  9.7 16 210   M    M   9 1      21 220
19  28  11  20 -10  45   0    T    T    3 16.6 32 320   M    M   8 9      39 320
20  21   4  13 -17  52   0 0.00  0.0    3  5.8 13 320   M    M   1        15 300
21  35  11  23  -6  42   0 0.00  0.0    3 15.7 28 190   M    M   5        39 200
22  44  27  36   7  29   0 0.00  0.0    1 11.0 21 180   M    M   6 12     29 180
23  44  24  34   6  31   0 0.13  0.0    T 15.2 31 320   M    M   9 1      38 320
24  25  15  20  -8  45   0    T    T    0 21.5 33 330   M    M   7        42 320
25  37  11  24  -3  41   0 0.04  0.6    0  8.2 17 150   M    M   7 1      23 150
26  31   3  17  -9  48   0 0.05  0.9    2 13.7 25  20   M    M   8 19     34  10
27  18  -7   6 -20  59   0 0.00  0.0    1  8.3 18 150   M    M   6        25 150
28  35  17  26   0  39   0 0.00  0.0    1  7.2 18 170   M    M   6 1      23 170
29  58  16  37  12  28   0 0.00  0.0    0  9.0 28 350   M    M   5 1      35 350
30  16   3  10 -14  55   0 0.00  0.0    0 15.0 28 340   M    M   3        34 340
================================================================================
SM 1076  496      1158   0  0.56     8.3 386.7          M      190
================================================================================
AV 35.9 16.5                              12.9 FASTST   M    M   6    MAX(MPH)
                                 MISC ---->  # 38 330               # 47  350
================================================================================
NOTES:
# LAST OF SEVERAL OCCURRENCES
-COLUMN 17 PEAK WIND IN M.P.H.
-PRECIPITATION AMOUNTS IN COLUMN 7,8 AND 9 ARE THE OFFICIAL PRECIPITATION
 AMOUNTS FOR SIOUX FALLS,SD.
-SNOW DEPTH IN COLUMN 9 IS RECORDED AT 6 AM CST (12Z).

PRELIMINARY LOCAL CLIMATOLOGICAL DATA (WS FORM: F-6) , PAGE 2

                                          STATION:  SIOUX FALLS
                                          MONTH:    NOVEMBER
                                          YEAR:     2014
                                          LATITUDE:   43 34 N
                                          LONGITUDE:  96 44 W

[TEMPERATURE DATA]      [PRECIPITATION DATA]       SYMBOLS USED IN COLUMN 16

AVERAGE MONTHLY: 26.2   TOTAL FOR MONTH:   0.56    1 = FOG OR MIST
DPTR FM NORMAL:  -6.4   DPTR FM NORMAL:   -0.80    2 = FOG REDUCING VISIBILITY
HIGHEST:    59 ON  5, 2 GRTST 24HR  0.32 ON 15-15      TO 1/4 MILE OR LESS
LOWEST:     -7 ON 27                               3 = THUNDER
                        SNOW, ICE PELLETS, HAIL    4 = ICE PELLETS
                        TOTAL MONTH:   8.3 INCHES  5 = HAIL
                        GRTST 24HR   6.5 ON 15-15  6 = FREEZING RAIN OR DRIZZLE
                        GRTST DEPTH:   6 ON 16     7 = DUSTSTORM OR SANDSTORM:
                                                       VSBY 1/2 MILE OR LESS
                                                   8 = SMOKE OR HAZE
[NO. OF DAYS WITH]      [WEATHER - DAYS WITH]      9 = BLOWING SNOW
                                                   X = TORNADO
MAX 32 OR BELOW:  14    0.01 INCH OR MORE:   5
MAX 90 OR ABOVE:   0    0.10 INCH OR MORE:   2
MIN 32 OR BELOW:  26    0.50 INCH OR MORE:   0
MIN  0 OR BELOW:   3    1.00 INCH OR MORE:   0

[HDD (BASE 65) ]
TOTAL THIS MO.  1158    CLEAR  (SCALE 0-3)   4
DPTR FM NORMAL   186    PTCLDY (SCALE 4-7)  21
TOTAL FM JUL 1  1756    CLOUDY (SCALE 8-10)  5
DPTR FM NORMAL    44

[CDD (BASE 65) ]
TOTAL THIS MO.     0
DPTR FM NORMAL     0    [PRESSURE DATA]
TOTAL FM JAN 1   610    HIGHEST SLP 30.66 ON 30
DPTR FM NORMAL   -80    LOWEST  SLP 29.41 ON 23

[REMARKS]

RECORD DAILY MAXIMUM SNOWFALL WAS ESTABLISHED ON THE 15TH WITH 6.5 INCHES.
THE PREVIOUS RECORD WAS 5.1 INCHES SET IN 2000.

RECORD LOW MAXIMUM TEMPERATURE WAS ESTABLISHED ON THE 17TH WITH 14 DEGREES.
THE PREVIOUS RECORD WAS 18 DEGREES SET IN 1903.

THIS WAS THE 10TH COLDEST NOVEMBER ON RECORD WITH AN AVERAGE TEMPERATURE
OF 26.2 DEGREES.  IT ALSO FEATURED THE 9TH COLDEST AVERAGE MAXIMUM
TEMPERATURE...AND THE 10TH COLDEST AVERAGE MINIMUM TEMPERATURE.

#FINAL-11-14#




U.S. Dept. of Commerce
NOAA National Weather Service
1325 East West Highway
Silver Spring, MD 20910
E-mail: w-nws.webmaster@noaa.gov
Page last modified: May 16, 2007
NATIONAL WEATHER SERVICE: for Safety, for Work, for Fun - FOR LIFE