028
CXUS52 KMLB 271114
CF6FPR
PRELIMINARY LOCAL CLIMATOLOGICAL DATA (WS FORM: F-6)

                                          STATION:   FORT PIERCE
                                          MONTH:     AUGUST
                                          YEAR:      2014
                                          LATITUDE:   27 30 N
                                          LONGITUDE:  80 22 W

  TEMPERATURE IN F:       :PCPN:    SNOW:  WIND      :SUNSHINE: SKY     :PK WND
================================================================================
1   2   3   4   5  6A  6B    7    8   9   10  11  12  13   14  15   16   17  18
                                     12Z  AVG MX 2MIN
DY MAX MIN AVG DEP HDD CDD  WTR  SNW DPTH SPD SPD DIR MIN PSBL S-S WX    SPD DR
================================================================================

 1  90  73  82   0   0  17 0.01  0.0    0  4.9 17 110   M    M   1 13     22 140
 2  90  75  83   1   0  18 0.12  0.0    0  5.4 15  90   M    M   2 1      19  90
 3  89  76  83   1   0  18    T  0.0    0  2.7 14 220   M    M   4 13     18 100
 4  87  74  81  -1   0  16 0.25  0.0    0  5.3 16 290   M    M   6 13     23 290
 5  91  76  84   2   0  19 0.01  0.0    0  6.0 21 290   M    M   2 3      29 290
 6  91  74  83   1   0  18    T  0.0    0  4.9 14 110   M    M   2 1      19 100
 7  92  75  84   2   0  19 1.21  0.0    0  3.9 26  70   M    M   2 138    35  60
 8  93  73  83   1   0  18    T  0.0    0  4.3 21 140   M    M   2 3      24 150
 9  95  74  85   3   0  20 1.00  0.0    0  3.6 28 310   M    M   2 13     38 320
10  94  73  84   2   0  19 0.23  0.0    0  4.8 20 330   M    M   2 1      24 330
11  94  72  83   1   0  18 0.07  0.0    0  4.1 17 260   M    M   2 13     20 270
12  94  73  84   2   0  19 0.00  0.0    0  5.7 15 240   M    M   2        21 250
13  94  76  85   3   0  20 0.03  0.0    0  5.1 17 130   M    M   2 3      26 310
14  94  75  85   3   0  20    T  0.0    0  4.3 25 280   M    M   2 3      34 280
15  93  75  84   2   0  19 0.34  0.0    0  4.1 17 190   M    M   2 13     24 190
16  94  72  83   1   0  18 0.27  0.0    0  5.0 25 280   M    M   1 13     37 280
17  91  73  82   0   0  17 0.00  0.0    0  4.0 17 130   M    M   1 1      20 130
18  94  75  85   3   0  20 0.00  0.0    0  5.2 15 130   M    M   1 13     19 120
19  95  78  87   5   0  22 0.00  0.0    0  5.8 15 130   M    M   2        18 140
20  92  76  84   2   0  19 0.00  0.0    0  4.3 13 120   M    M   0 13     16 120
21  92  74  83   1   0  18 0.00  0.0    0  4.2 14 130   M    M   1 12     17 130
22  93  74  84   2   0  19 0.00  0.0    0  3.7 13  90   M    M   0 1      16  90
23  93  73  83   1   0  18 0.00  0.0    0  3.7 13  80   M    M   1 12     17  80
24  94  72  83   1   0  18 0.41  0.0    0  4.5 13  60   M    M   1 12     18  20
25  89  77  83   1   0  18 0.02  0.0    0  9.2 20  70   M    M   4 18     28  60
26  90  81  86   4   0  21 0.00  0.0    0  9.3 17  70   M    M   3        23  80
================================================================================
SM 2398 1939         0 486  3.97     0.0 128.0          M       50
================================================================================
AV 92.2 74.6                               4.9 FASTST   M    M   2    MAX(MPH)
                                 MISC ---->  # 28 310               # 38  320
================================================================================
NOTES:
# LAST OF SEVERAL OCCURRENCES

COLUMN 17 PEAK WIND IN M.P.H.

PRELIMINARY LOCAL CLIMATOLOGICAL DATA (WS FORM: F-6) , PAGE 2

                                          STATION:  FORT PIERCE
                                          MONTH:    AUGUST
                                          YEAR:     2014
                                          LATITUDE:   27 30 N
                                          LONGITUDE:  80 22 W

[TEMPERATURE DATA]      [PRECIPITATION DATA]       SYMBOLS USED IN COLUMN 16

AVERAGE MONTHLY: 83.4   TOTAL FOR MONTH:   3.97    1 = FOG OR MIST
DPTR FM NORMAL:   1.4   DPTR FM NORMAL:   -2.25    2 = FOG REDUCING VISIBILITY
HIGHEST:    95 ON 19, 9 GRTST 24HR  1.21 ON  7- 7      TO 1/4 MILE OR LESS
LOWEST:     72 ON 24,16                            3 = THUNDER
                        SNOW, ICE PELLETS, HAIL    4 = ICE PELLETS
                        TOTAL MONTH:   0.0 INCH    5 = HAIL
                        GRTST 24HR     0.0         6 = FREEZING RAIN OR DRIZZLE
                        GRTST DEPTH:   0           7 = DUSTSTORM OR SANDSTORM:
                                                       VSBY 1/2 MILE OR LESS
                                                   8 = SMOKE OR HAZE
[NO. OF DAYS WITH]      [WEATHER - DAYS WITH]      9 = BLOWING SNOW
                                                   X = TORNADO
MAX 32 OR BELOW:   0    0.01 INCH OR MORE:  13
MAX 90 OR ABOVE:  23    0.10 INCH OR MORE:   8
MIN 32 OR BELOW:   0    0.50 INCH OR MORE:   2
MIN  0 OR BELOW:   0    1.00 INCH OR MORE:   2

[HDD (BASE 65) ]
TOTAL THIS MO.     0    CLEAR  (SCALE 0-3)  23
DPTR FM NORMAL     0    PTCLDY (SCALE 4-7)   3
TOTAL FM JUL 1     0    CLOUDY (SCALE 8-10)  0
DPTR FM NORMAL     0

[CDD (BASE 65) ]
TOTAL THIS MO.   486
DPTR FM NORMAL    44    [PRESSURE DATA]
TOTAL FM JAN 1  2371    HIGHEST SLP M ON M
DPTR FM NORMAL   178    LOWEST  SLP 29.80 ON 24

[REMARKS]




U.S. Dept. of Commerce
NOAA National Weather Service
1325 East West Highway
Silver Spring, MD 20910
E-mail: w-nws.webmaster@noaa.gov
Page last modified: May 16, 2007
NATIONAL WEATHER SERVICE: for Safety, for Work, for Fun - FOR LIFE