429
CXUS52 KMLB 221135
CF6FPR
PRELIMINARY LOCAL CLIMATOLOGICAL DATA (WS FORM: F-6)

                                          STATION:   FORT PIERCE
                                          MONTH:     APRIL
                                          YEAR:      2014
                                          LATITUDE:   27 30 N
                                          LONGITUDE:  80 22 W

  TEMPERATURE IN F:       :PCPN:    SNOW:  WIND      :SUNSHINE: SKY     :PK WND
================================================================================
1   2   3   4   5  6A  6B    7    8   9   10  11  12  13   14  15   16   17  18
                                     12Z  AVG MX 2MIN
DY MAX MIN AVG DEP HDD CDD  WTR  SNW DPTH SPD SPD DIR MIN PSBL S-S WX    SPD DR
================================================================================

 1  78  47  63  -6   2   0 0.00  0.0    0  3.9 12  80   M    M   0 1      17  60
 2  78  49  64  -5   1   0 0.00  0.0    0  5.9 17 120   M    M   0 1      20 110
 3  81  55  68  -1   0   3 0.00  0.0    0  8.5 21 120   M    M   0 1      25 120
 4  83  56  70   0   0   5 0.00  0.0    0  7.7 21 150   M    M   2 1      26 140
 5  84  62  73   3   0   8 0.00  0.0    0  6.8 14 120   M    M   1 12     18  80
 6  85  62  74   4   0   9 0.00  0.0    0  9.5 20 130   M    M   1        22 190
 7  92  61  77   7   0  12    T  0.0    0  8.1 21 130   M    M   2 12     25 130
 8  85  65  75   5   0  10 0.20  0.0    0 11.5 32 220   M    M   7 18     42 230
 9  78  54  66  -4   0   1 0.00  0.0    0  7.2 18 290   M    M   3        25 300
10  79  51  65  -5   0   0 0.00  0.0    0  6.9 18 110   M    M   2        23 100
11  77  63  70   0   0   5 0.10  0.0    0  7.0 20 140   M    M   8 1      24 140
12  80  66  73   2   0   8 0.00  0.0    0  6.4 15  70   M    M   5        20  70
13  82  71  77   6   0  12 0.00  0.0    0 11.9 22  90   M    M   5        29 100
14  86  70  78   7   0  13    T  0.0    0 11.7 22 130   M    M   3        27 130
15  92  65  79   8   0  14 0.16  0.0    0  8.5 26 260   M    M   4 12     34 260
16  76  64  70  -1   0   5    T  0.0    0  9.8 15  70   M    M  10 1      24 350
17  78  73  76   5   0  11 0.01  0.0    0 11.8 20  80   M    M  10 1      28  60
18  83  71  77   5   0  12 1.19  0.0    0 12.2 24 130   M    M   6 138    30 150
19  84  60  72   0   0   7 0.77  0.0    0  8.8 20 280   M    M   5 13     26 280
20  72  58  65  -7   0   0    T  0.0    0  7.9 15 320   M    M   7        18 320
21  77  59  68  -4   0   3 0.00  0.0    0  7.9 15  10   M    M   5        21  40
================================================================================
SM 1710 1282         3 138  2.43     0.0 179.9          M       86
================================================================================
AV 81.4 61.0                               8.6 FASTST   M    M   4    MAX(MPH)
                                 MISC ---->  # 32 220               # 42  230
================================================================================
NOTES:
# LAST OF SEVERAL OCCURRENCES

COLUMN 17 PEAK WIND IN M.P.H.

PRELIMINARY LOCAL CLIMATOLOGICAL DATA (WS FORM: F-6) , PAGE 2

                                          STATION:  FORT PIERCE
                                          MONTH:    APRIL
                                          YEAR:     2014
                                          LATITUDE:   27 30 N
                                          LONGITUDE:  80 22 W

[TEMPERATURE DATA]      [PRECIPITATION DATA]       SYMBOLS USED IN COLUMN 16

AVERAGE MONTHLY: 71.2   TOTAL FOR MONTH:   2.43    1 = FOG OR MIST
DPTR FM NORMAL:   0.7   DPTR FM NORMAL:    0.56    2 = FOG REDUCING VISIBILITY
HIGHEST:    92 ON 15, 7 GRTST 24HR  1.95 ON 18-19      TO 1/4 MILE OR LESS
LOWEST:     47 ON  1                               3 = THUNDER
                        SNOW, ICE PELLETS, HAIL    4 = ICE PELLETS
                        TOTAL MONTH:   0.0 INCH    5 = HAIL
                        GRTST 24HR     0.0         6 = FREEZING RAIN OR DRIZZLE
                        GRTST DEPTH:   0           7 = DUSTSTORM OR SANDSTORM:
                                                       VSBY 1/2 MILE OR LESS
                                                   8 = SMOKE OR HAZE
[NO. OF DAYS WITH]      [WEATHER - DAYS WITH]      9 = BLOWING SNOW
                                                   X = TORNADO
MAX 32 OR BELOW:   0    0.01 INCH OR MORE:   6
MAX 90 OR ABOVE:   2    0.10 INCH OR MORE:   5
MIN 32 OR BELOW:   0    0.50 INCH OR MORE:   2
MIN  0 OR BELOW:   0    1.00 INCH OR MORE:   1

[HDD (BASE 65) ]
TOTAL THIS MO.     3    CLEAR  (SCALE 0-3)   9
DPTR FM NORMAL   -10    PTCLDY (SCALE 4-7)  10
TOTAL FM JUL 1   246    CLOUDY (SCALE 8-10)  2
DPTR FM NORMAL  -195

[CDD (BASE 65) ]
TOTAL THIS MO.   138
DPTR FM NORMAL    11    [PRESSURE DATA]
TOTAL FM JAN 1   459    HIGHEST SLP M ON M
DPTR FM NORMAL    87    LOWEST  SLP 29.69 ON  8

[REMARKS]




U.S. Dept. of Commerce
NOAA National Weather Service
1325 East West Highway
Silver Spring, MD 20910
E-mail: w-nws.webmaster@noaa.gov
Page last modified: May 16, 2007
NATIONAL WEATHER SERVICE: for Safety, for Work, for Fun - FOR LIFE