878
CXUS52 KMLB 011118
CF6FPR
PRELIMINARY LOCAL CLIMATOLOGICAL DATA (WS FORM: F-6)

                                          STATION:   FORT PIERCE
                                          MONTH:     SEPTEMBER
                                          YEAR:      2014
                                          LATITUDE:   27 30 N
                                          LONGITUDE:  80 22 W

  TEMPERATURE IN F:       :PCPN:    SNOW:  WIND      :SUNSHINE: SKY     :PK WND
================================================================================
1   2   3   4   5  6A  6B    7    8   9   10  11  12  13   14  15   16   17  18
                                     12Z  AVG MX 2MIN
DY MAX MIN AVG DEP HDD CDD  WTR  SNW DPTH SPD SPD DIR MIN PSBL S-S WX    SPD DR
================================================================================

 1  90  73  82   1   0  17 0.00  0.0    0  6.3 16 110   M    M   1        21 130
 2  90  74  82   1   0  17    T  0.0    0  5.7 17 110   M    M   2        21 110
 3  90  72  81   0   0  16    T  0.0    0  6.9 25 120   M    M   2        31 120
 4  87  71  79  -2   0  14 0.03  0.0    0  3.9 16 100   M    M   3 38     20 100
 5  91  73  82   1   0  17 0.20  0.0    0  3.5 15 210   M    M   2 138    18 100
 6  90  74  82   1   0  17 0.13  0.0    0  3.5 17 150   M    M   1 3      22 140
 7  89  72  81   0   0  16    T  0.0    0  4.2 18 120   M    M   1 3      23 140
 8  90  71  81   0   0  16 0.00  0.0    0  4.9 17 120   M    M   1 3      21 120
 9  89  72  81   0   0  16 0.00  0.0    0  7.2 16 120   M    M   1 3      22 100
10  89  73  81   0   0  16 0.06  0.0    0  5.7 14 110   M    M   1 1      22 100
11  88  73  81   0   0  16 1.02  0.0    0  3.5 15  50   M    M   3 123    23  30
12  88  77  83   2   0  18 0.00  0.0    0 10.5 20 120   M    M   3 8      25 130
13  87  73  80  -1   0  15 0.45  0.0    0  6.3 17 110   M    M   0 13     23 150
14  88  71  80  -1   0  15 0.39  0.0    0  5.5 17 190   M    M   1 13     22 190
15  88  70  79  -2   0  14 0.00  0.0    0  3.3 12  80   M    M   1 1      14  80
16  90  73  82   1   0  17 0.13  0.0    0  3.5 17 320   M    M   4 13     22 320
17  86  72  79  -2   0  14 0.01  0.0    0  5.0 15 280   M    M   1 1      19 290
18  88  72  80  -1   0  15 0.00  0.0    0  5.0 13 110   M    M   3 128    15 110
19  87  72  80  -1   0  15 0.30  0.0    0  3.8 23 160   M    M   4 138    31 160
20  82  73  78  -2   0  13 0.33  0.0    0  5.4 20 270   M    M   4 18     24 210
21  88  71  80   0   0  15 1.27  0.0    0  2.7 24 300   M    M   4 123    31 290
22  87  71  79  -1   0  14 0.98  0.0    0  3.7 26 150   M    M   4 123    36 200
23  86  71  79  -1   0  14 1.35  0.0    0  4.4 21 210   M    M   3 13     31 220
24  85  73  79  -1   0  14 0.32  0.0    0  4.3 14 100   M    M   2 13     17  70
25  87  73  80   0   0  15 2.19  0.0    0  3.4 16 140   M    M   5 13     21 150
26  86  74  80   0   0  15 0.43  0.0    0  4.3 16 110   M    M   4 13     19 120
27  88  74  81   1   0  16 0.05  0.0    0  6.9 15 110   M    M   3 1      19 120
28  88  75  82   2   0  17 0.16  0.0    0  5.3 18  80   M    M   2        24 130
29  89  74  82   2   0  17 0.83  0.0    0  4.4 18 200   M    M   2 1238   25 200
30  91  74  83   3   0  18 0.17  0.0    0  5.6 18 320   M    M   3 13     25 320
================================================================================
SM 2642 2181         0 469 10.80     0.0 148.6          M       71
================================================================================
AV 88.1 72.7                               5.0 FASTST   M    M   2    MAX(MPH)
                                 MISC ---->  # 26 150               # 36  200
================================================================================
NOTES:
# LAST OF SEVERAL OCCURRENCES

COLUMN 17 PEAK WIND IN M.P.H.

PRELIMINARY LOCAL CLIMATOLOGICAL DATA (WS FORM: F-6) , PAGE 2

                                          STATION:  FORT PIERCE
                                          MONTH:    SEPTEMBER
                                          YEAR:     2014
                                          LATITUDE:   27 30 N
                                          LONGITUDE:  80 22 W

[TEMPERATURE DATA]      [PRECIPITATION DATA]       SYMBOLS USED IN COLUMN 16

AVERAGE MONTHLY: 80.4   TOTAL FOR MONTH:  10.80    1 = FOG OR MIST
DPTR FM NORMAL:  -0.2   DPTR FM NORMAL:    3.50    2 = FOG REDUCING VISIBILITY
HIGHEST:    91 ON 30, 5 GRTST 24HR  2.33 ON 22-23      TO 1/4 MILE OR LESS
LOWEST:     70 ON 15                               3 = THUNDER
                        SNOW, ICE PELLETS, HAIL    4 = ICE PELLETS
                        TOTAL MONTH:   0.0 INCH    5 = HAIL
                        GRTST 24HR     0.0         6 = FREEZING RAIN OR DRIZZLE
                        GRTST DEPTH:   0           7 = DUSTSTORM OR SANDSTORM:
                                                       VSBY 1/2 MILE OR LESS
                                                   8 = SMOKE OR HAZE
[NO. OF DAYS WITH]      [WEATHER - DAYS WITH]      9 = BLOWING SNOW
                                                   X = TORNADO
MAX 32 OR BELOW:   0    0.01 INCH OR MORE:  21
MAX 90 OR ABOVE:   8    0.10 INCH OR MORE:  17
MIN 32 OR BELOW:   0    0.50 INCH OR MORE:   6
MIN  0 OR BELOW:   0    1.00 INCH OR MORE:   4

[HDD (BASE 65) ]
TOTAL THIS MO.     0    CLEAR  (SCALE 0-3)  19
DPTR FM NORMAL     0    PTCLDY (SCALE 4-7)  11
TOTAL FM JUL 1     0    CLOUDY (SCALE 8-10)  0
DPTR FM NORMAL     0

[CDD (BASE 65) ]
TOTAL THIS MO.   469
DPTR FM NORMAL     0    [PRESSURE DATA]
TOTAL FM JAN 1  2926    HIGHEST SLP 30.17 ON 15
DPTR FM NORMAL   188    LOWEST  SLP 29.80 ON 30

[REMARKS]
#FINAL-09-14#




U.S. Dept. of Commerce
NOAA National Weather Service
1325 East West Highway
Silver Spring, MD 20910
E-mail: w-nws.webmaster@noaa.gov
Page last modified: May 16, 2007
NATIONAL WEATHER SERVICE: for Safety, for Work, for Fun - FOR LIFE