615
CXUS52 KMLB 201233
CF6FPR
PRELIMINARY LOCAL CLIMATOLOGICAL DATA (WS FORM: F-6)

                                          STATION:   FORT PIERCE
                                          MONTH:     NOVEMBER
                                          YEAR:      2014
                                          LATITUDE:   27 30 N
                                          LONGITUDE:  80 22 W

  TEMPERATURE IN F:       :PCPN:    SNOW:  WIND      :SUNSHINE: SKY     :PK WND
================================================================================
1   2   3   4   5  6A  6B    7    8   9   10  11  12  13   14  15   16   17  18
                                     12Z  AVG MX 2MIN
DY MAX MIN AVG DEP HDD CDD  WTR  SNW DPTH SPD SPD DIR MIN PSBL S-S WX    SPD DR
================================================================================

 1  68  41  55 -18  10   0 0.00  0.0    0 10.1 28 280   M    M   0        38 280
 2  67  40  54 -18  11   0 0.00  0.0    0  7.5 15 360   M    M   0        23 340
 3  76  49  63  -9   2   0 0.00  0.0    0  7.9 15  20   M    M   6        23  10
 4  81  69  75   3   0  10    T  0.0    0 10.5 21  90   M    M   5        26 100
 5  82  72  77   5   0  12    T  0.0    0  8.3 17 110   M    M   4        22  80
 6  83  62  73   1   0   8 0.00  0.0    0  2.8  9 290   M    M   4        13  80
 7  78  60  69  -2   0   4 0.00  0.0    0  4.4 14  10   M    M   3 1      18  20
 8  81  55  68  -3   0   3 0.07  0.0    0  5.8 16 130   M    M   5 1      20 270
 9  66  61  64  -7   1   0 0.53  0.0    0  4.4 13 330   M    M  10 1      17 320
10  77  61  69  -2   0   4 0.07  0.0    0  6.6 14 310   M    M   4 1      20 320
11  80  56  68  -3   0   3 0.00  0.0    0  6.9 17 300   M    M   3        24 300
12  82  55  69  -1   0   4 0.00  0.0    0  5.8 13 330   M    M   0 1      17  30
13  81  54  68  -2   0   3 0.00  0.0    0  3.2 10  90   M    M   0 12     13  50
14  77  56  67  -3   0   2 0.00  0.0    0  4.6 13 330   M    M   6 128    17 320
15  77  55  66  -4   0   1 0.00  0.0    0  3.9  9  60   M    M   2 1      17 360
16  81  55  68  -2   0   3 0.00  0.0    0  5.7 16 120   M    M   1 12     20 130
17  88  64  76   6   0  11 0.01  0.0    0  8.6 23 310   M    M   5 12     37 300
18  70  51  61  -8   4   0 0.04  0.0    0  8.6 16 340   M    M   6 1      23 340
19  69  48  59 -10   6   0    T    M    0  8.4 16 360   M    M   7        23  10
================================================================================
SM 1464 1064        34  68  0.72     0.0 124.0          M       71
================================================================================
AV 77.1 56.0                               6.5 FASTST   M    M   4    MAX(MPH)
                                 MISC ---->  # 28 280               # 38  280
================================================================================
NOTES:
# LAST OF SEVERAL OCCURRENCES

COLUMN 17 PEAK WIND IN M.P.H.

PRELIMINARY LOCAL CLIMATOLOGICAL DATA (WS FORM: F-6) , PAGE 2

                                          STATION:  FORT PIERCE
                                          MONTH:    NOVEMBER
                                          YEAR:     2014
                                          LATITUDE:   27 30 N
                                          LONGITUDE:  80 22 W

[TEMPERATURE DATA]      [PRECIPITATION DATA]       SYMBOLS USED IN COLUMN 16

AVERAGE MONTHLY: 66.5   TOTAL FOR MONTH:   0.72    1 = FOG OR MIST
DPTR FM NORMAL:  -4.3   DPTR FM NORMAL:   -1.47    2 = FOG REDUCING VISIBILITY
HIGHEST:    88 ON 17    GRTST 24HR  0.58 ON  9-10      TO 1/4 MILE OR LESS
LOWEST:     40 ON  2                               3 = THUNDER
                        SNOW, ICE PELLETS, HAIL    4 = ICE PELLETS
                        TOTAL MONTH:   0.0 INCH    5 = HAIL
                        GRTST 24HR     0.0         6 = FREEZING RAIN OR DRIZZLE
                        GRTST DEPTH:   0           7 = DUSTSTORM OR SANDSTORM:
                                                       VSBY 1/2 MILE OR LESS
                                                   8 = SMOKE OR HAZE
[NO. OF DAYS WITH]      [WEATHER - DAYS WITH]      9 = BLOWING SNOW
                                                   X = TORNADO
MAX 32 OR BELOW:   0    0.01 INCH OR MORE:   5
MAX 90 OR ABOVE:   0    0.10 INCH OR MORE:   1
MIN 32 OR BELOW:   0    0.50 INCH OR MORE:   1
MIN  0 OR BELOW:   0    1.00 INCH OR MORE:   0

[HDD (BASE 65) ]
TOTAL THIS MO.    34    CLEAR  (SCALE 0-3)   8
DPTR FM NORMAL    27    PTCLDY (SCALE 4-7)  10
TOTAL FM JUL 1    34    CLOUDY (SCALE 8-10)  1
DPTR FM NORMAL    24

[CDD (BASE 65) ]
TOTAL THIS MO.    68
DPTR FM NORMAL   -53    [PRESSURE DATA]
TOTAL FM JAN 1  3316    HIGHEST SLP M ON M
DPTR FM NORMAL    96    LOWEST  SLP 29.86 ON M

[REMARKS]




U.S. Dept. of Commerce
NOAA National Weather Service
1325 East West Highway
Silver Spring, MD 20910
E-mail: w-nws.webmaster@noaa.gov
Page last modified: May 16, 2007
NATIONAL WEATHER SERVICE: for Safety, for Work, for Fun - FOR LIFE