728
CXUS52 KMLB 301224
CF6FPR
PRELIMINARY LOCAL CLIMATOLOGICAL DATA (WS FORM: F-6)

                                          STATION:   FORT PIERCE
                                          MONTH:     JULY
                                          YEAR:      2014
                                          LATITUDE:   27 30 N
                                          LONGITUDE:  80 22 W

  TEMPERATURE IN F:       :PCPN:    SNOW:  WIND      :SUNSHINE: SKY     :PK WND
================================================================================
1   2   3   4   5  6A  6B    7    8   9   10  11  12  13   14  15   16   17  18
                                     12Z  AVG MX 2MIN
DY MAX MIN AVG DEP HDD CDD  WTR  SNW DPTH SPD SPD DIR MIN PSBL S-S WX    SPD DR
================================================================================

 1  86  75  81   0   0  16 0.24  0.0    0 10.8 18 320   M    M   6 138    29 340
 2  93  74  84   3   0  19 0.00  0.0    0  9.7 28 220   M    M   3 3      39 230
 3  94  75  85   4   0  20 0.00  0.0    0  8.2 17 210   M    M   2 18     25 210
 4  93  71  82   1   0  17 0.08  0.0    0  4.7 30 140   M    M   2 13     37 140
 5  90  71  81   0   0  16 0.13  0.0    0  3.7 22 190   M    M   1 138    28 180
 6  88  73  81   0   0  16 0.07  0.0    0  4.3 17 130   M    M   2 3      22 140
 7  87  72  80  -1   0  15 0.42  0.0    0  2.4 22 210   M    M   1 13     28 220
 8  90  72  81   0   0  16 0.67  0.0    0  2.7 16 160   M    M   4 123    20 130
 9  89  70  80  -1   0  15 0.02  0.0    0  3.9 17 130   M    M   3 123    23 180
10  87  70  79  -2   0  14 0.09  0.0    0  3.6 16 140   M    M   2 13     20 130
11  88  70  79  -2   0  14    T  0.0    0  7.2 15 130   M    M   1        19 110
12  89  74  82   1   0  17    T  0.0    0  7.0 20 110   M    M   2 3      25 120
13  88  75  82   1   0  17 0.02  0.0    0  6.6 16 120   M    M   3 38     20 120
14  89  72  81   0   0  16 0.85  0.0    0  5.1 18 220   M    M   2 13     22 120
15  88  73  81   0   0  16 0.38  0.0    0  2.9 23 130   M    M   3 138    27 140
16  90  73  82   1   0  17 1.91  0.0    0  5.5 26 270   M    M   2 1238   34 270
17  90  75  83   2   0  18    T  0.0    0  6.6 24 240   M    M   2 3      32 240
18  91  73  82   1   0  17 0.43  0.0    0  3.7 18 290   M    M   2 13     22 290
19  89  73  81  -1   0  16 0.00  0.0    0  4.6 10  90   M    M   3 128    15 100
20  90  75  83   1   0  18 0.00  0.0    0  4.6 13  90   M    M   2        15  80
21  89  74  82   0   0  17 0.69  0.0    0  3.1 14 230   M    M   4 13     18 340
22  90  74  82   0   0  17 0.46  0.0    0  2.7 18 130   M    M   4 13     28 130
23  88  73  81  -1   0  16 0.02  0.0    0  4.5 16 130   M    M   2 13     18 130
24  92  75  84   2   0  19    T  0.0    0  5.4 16 130   M    M   2 3      21 110
25  91  74  83   1   0  18 0.00  0.0    0  5.2 18 100   M    M   2 3      23 110
26  92  73  83   1   0  18 0.18  0.0    0  4.2 20 140   M    M   2 13     23 140
27  92  75  84   2   0  19    T  0.0    0  4.4 13 130   M    M   3 13     15 130
28  94  76  85   3   0  20 0.00  0.0    0  6.9 15 220   M    M   1        19 270
29  93  76  85   3   0  20 0.03  0.0    0  6.6 21 280   M    M   1 3      28 270
================================================================================
SM 2610 2126         0 494  6.69     0.0 150.8          M       69
================================================================================
AV 90.0 73.3                               5.2 FASTST   M    M   2    MAX(MPH)
                                 MISC ---->  # 30 140               # 39  230
================================================================================
NOTES:
# LAST OF SEVERAL OCCURRENCES

COLUMN 17 PEAK WIND IN M.P.H.

PRELIMINARY LOCAL CLIMATOLOGICAL DATA (WS FORM: F-6) , PAGE 2

                                          STATION:  FORT PIERCE
                                          MONTH:    JULY
                                          YEAR:     2014
                                          LATITUDE:   27 30 N
                                          LONGITUDE:  80 22 W

[TEMPERATURE DATA]      [PRECIPITATION DATA]       SYMBOLS USED IN COLUMN 16

AVERAGE MONTHLY: 81.7   TOTAL FOR MONTH:   6.69    1 = FOG OR MIST
DPTR FM NORMAL:   0.3   DPTR FM NORMAL:    0.99    2 = FOG REDUCING VISIBILITY
HIGHEST:    94 ON 28, 3 GRTST 24HR  1.93 ON 15-16      TO 1/4 MILE OR LESS
LOWEST:     70 ON 11,10                            3 = THUNDER
                        SNOW, ICE PELLETS, HAIL    4 = ICE PELLETS
                        TOTAL MONTH:   0.0 INCH    5 = HAIL
                        GRTST 24HR     0.0         6 = FREEZING RAIN OR DRIZZLE
                        GRTST DEPTH:   0           7 = DUSTSTORM OR SANDSTORM:
                                                       VSBY 1/2 MILE OR LESS
                                                   8 = SMOKE OR HAZE
[NO. OF DAYS WITH]      [WEATHER - DAYS WITH]      9 = BLOWING SNOW
                                                   X = TORNADO
MAX 32 OR BELOW:   0    0.01 INCH OR MORE:  18
MAX 90 OR ABOVE:  16    0.10 INCH OR MORE:  11
MIN 32 OR BELOW:   0    0.50 INCH OR MORE:   4
MIN  0 OR BELOW:   0    1.00 INCH OR MORE:   1

[HDD (BASE 65) ]
TOTAL THIS MO.     0    CLEAR  (SCALE 0-3)  23
DPTR FM NORMAL     0    PTCLDY (SCALE 4-7)   6
TOTAL FM JUL 1     0    CLOUDY (SCALE 8-10)  0
DPTR FM NORMAL     0

[CDD (BASE 65) ]
TOTAL THIS MO.   494
DPTR FM NORMAL    21    [PRESSURE DATA]
TOTAL FM JAN 1  1851    HIGHEST SLP M ON M
DPTR FM NORMAL   135    LOWEST  SLP 29.86 ON  2

[REMARKS]




U.S. Dept. of Commerce
NOAA National Weather Service
1325 East West Highway
Silver Spring, MD 20910
E-mail: w-nws.webmaster@noaa.gov
Page last modified: May 16, 2007
NATIONAL WEATHER SERVICE: for Safety, for Work, for Fun - FOR LIFE