992
CXUS53 KDTX 270800
CF6FNT
PRELIMINARY LOCAL CLIMATOLOGICAL DATA (WS FORM: F-6)

                                          STATION:   FLINT MI
                                          MONTH:     AUGUST
                                          YEAR:      2014
                                          LATITUDE:   42 58 N
                                          LONGITUDE:  83 44 W

  TEMPERATURE IN F:       :PCPN:    SNOW:  WIND      :SUNSHINE: SKY     :PK WND
================================================================================
1   2   3   4   5  6A  6B    7    8   9   10  11  12  13   14  15   16   17  18
                                     12Z  AVG MX 2MIN
DY MAX MIN AVG DEP HDD CDD  WTR  SNW DPTH SPD SPD DIR MIN PSBL S-S WX    SPD DR
================================================================================

 1  82  61  72   2   0   7    T  0.0    0  4.5 15 280   M    M   2 38     18 280
 2  84  56  70   0   0   5 0.00  0.0    0  2.7 14  60   M    M   0 138    17  50
 3  85  56  71   1   0   6 0.00  0.0    0  2.2 12 290   M    M   1 18     14 290
 4  86  60  73   3   0   8    T  0.0    0  4.6 24 230   M    M   1 138    32 220
 5  82  65  74   4   0   9 0.02  0.0    0  5.1 20 260   M    M   5 138    31 250
 6  81  59  70   0   0   5 0.00  0.0    0  4.6 13 350   M    M   3 18     17  50
 7  85  54  70   0   0   5 0.00  0.0    0  4.9 17  30   M    M   1 18     21  30
 8  81  55  68  -2   0   3 0.00  0.0    0  6.2 14  50   M    M   0        17 100
 9  83  53  68  -2   0   3 0.00  0.0    0  5.9 16 110   M    M   0        29 190
10  87  61  74   4   0   9 0.00  0.0    0  6.5 13 100   M    M   1 8      19 150
11  79  65  72   2   0   7 2.64  0.0    0  6.5 15 110   M    M   7 1      20 110
12  79  61  70   1   0   5 0.31  0.0    0  9.3 20 290   M    M   8 138    24 280
13  78  56  67  -2   0   2 0.00  0.0    0 11.3 20 310   M    M   2        25 300
14  72  51  62  -7   3   0 0.00  0.0    0 11.5 22 280   M    M   1        29 310
15  77  45  61  -8   4   0 0.00  0.0    0  7.4 18 280   M    M   0        23 310
16  83  54  69   0   0   4 0.00  0.0    0 10.3 23 270   M    M   5        32 170
17  81  63  72   3   0   7 0.00  0.0    0  6.9 16  80   M    M   5        19  80
18  80  62  71   2   0   6 0.00  0.0    0  4.3 14  90   M    M   6        17  80
19  75  66  71   2   0   6 0.76  0.0    0  8.0 20 220   M    M   5 138    24 230
20  84  66  75   6   0  10    T  0.0    0  6.2 20 280   M    M   6 18      M  M
21  82  61  72   4   0   7 0.00  0.0    0  4.8 13  90   M    M   5 1      15  80
22  84  68  76   8   0  11 0.00  0.0    0  5.7 13  80   M    M   7        14  50
23  83  64  74   6   0   9 0.00  0.0    0  6.9 14  80   M    M   4 128    17  80
24  81  64  73   5   0   8 0.00  0.0    0  6.9 14  90   M    M   5 18     16  80
25  88  64  76   8   0  11 0.00  0.0    0  5.9 14 150   M    M   4        17 160
26  89  70  80  12   0  15 0.02  0.0    0  6.8 23 240   M    M   3 138    32 240
================================================================================
SM 2131 1560         7 168  3.75     0.0 165.9          M       87
================================================================================
AV 82.0 60.0                               6.4 FASTST   M    M   3    MAX(MPH)
                                 MISC ---->  # 24 230               # 32  220
================================================================================
NOTES:
# LAST OF SEVERAL OCCURRENCES

COLUMN 17 PEAK WIND IN M.P.H.

PRELIMINARY LOCAL CLIMATOLOGICAL DATA (WS FORM: F-6) , PAGE 2

                                          STATION:  FLINT MI
                                          MONTH:    AUGUST
                                          YEAR:     2014
                                          LATITUDE:   42 58 N
                                          LONGITUDE:  83 44 W

[TEMPERATURE DATA]      [PRECIPITATION DATA]       SYMBOLS USED IN COLUMN 16

AVERAGE MONTHLY: 71.0   TOTAL FOR MONTH:   3.75    1 = FOG OR MIST
DPTR FM NORMAL:   1.8   DPTR FM NORMAL:    1.11    2 = FOG REDUCING VISIBILITY
HIGHEST:    89 ON 26    GRTST 24HR  2.64 ON 11-11      TO 1/4 MILE OR LESS
LOWEST:     45 ON 15                               3 = THUNDER
                        SNOW, ICE PELLETS, HAIL    4 = ICE PELLETS
                        TOTAL MONTH:   0.0 INCH    5 = HAIL
                        GRTST 24HR     0.0         6 = FREEZING RAIN OR DRIZZLE
                        GRTST DEPTH:   0           7 = DUSTSTORM OR SANDSTORM:
                                                       VSBY 1/2 MILE OR LESS
                                                   8 = SMOKE OR HAZE
[NO. OF DAYS WITH]      [WEATHER - DAYS WITH]      9 = BLOWING SNOW
                                                   X = TORNADO
MAX 32 OR BELOW:   0    0.01 INCH OR MORE:   5
MAX 90 OR ABOVE:   0    0.10 INCH OR MORE:   3
MIN 32 OR BELOW:   0    0.50 INCH OR MORE:   2
MIN  0 OR BELOW:   0    1.00 INCH OR MORE:   1

[HDD (BASE 65) ]
TOTAL THIS MO.     7    CLEAR  (SCALE 0-3)  12
DPTR FM NORMAL   -18    PTCLDY (SCALE 4-7)  14
TOTAL FM JUL 1    24    CLOUDY (SCALE 8-10)  0
DPTR FM NORMAL   -16

[CDD (BASE 65) ]
TOTAL THIS MO.   168
DPTR FM NORMAL    39    [PRESSURE DATA]
TOTAL FM JAN 1   497    HIGHEST SLP M ON M
DPTR FM NORMAL    37    LOWEST  SLP 29.66 ON 12

[REMARKS]




U.S. Dept. of Commerce
NOAA National Weather Service
1325 East West Highway
Silver Spring, MD 20910
E-mail: w-nws.webmaster@noaa.gov
Page last modified: May 16, 2007
NATIONAL WEATHER SERVICE: for Safety, for Work, for Fun - FOR LIFE