225
CXUS53 KDTX 300800
CF6FNT
PRELIMINARY LOCAL CLIMATOLOGICAL DATA (WS FORM: F-6)

                                          STATION:   FLINT MI
                                          MONTH:     JULY
                                          YEAR:      2014
                                          LATITUDE:   42 58 N
                                          LONGITUDE:  83 44 W

  TEMPERATURE IN F:       :PCPN:    SNOW:  WIND      :SUNSHINE: SKY     :PK WND
================================================================================
1   2   3   4   5  6A  6B    7    8   9   10  11  12  13   14  15   16   17  18
                                     12Z  AVG MX 2MIN
DY MAX MIN AVG DEP HDD CDD  WTR  SNW DPTH SPD SPD DIR MIN PSBL S-S WX    SPD DR
================================================================================

 1  84  67  76   6   0  11 0.85  0.0    0 10.5 17 240   M    M   6 13     57 240
 2  78  66  72   2   0   7 0.00  0.0    0 10.4 21 260   M    M   6        27 270
 3  73  53  63  -7   2   0 0.01  0.0    0  9.0 18 310   M    M   7 18     23 310
 4  76  51  64  -6   1   0 0.00  0.0    0  6.4 16  20   M    M   1 1      21 360
 5  80  51  66  -4   0   1 0.00  0.0    0  5.5 17 220   M    M   0        23 220
 6  82  61  72   2   0   7 0.03  0.0    0  9.5 18 250   M    M   3 3      23 240
 7  86  66  76   5   0  11 1.69  0.0    0 12.8 25 350   M    M   4 13     31 360
 8  78  65  72   1   0   7 1.48  0.0    0  9.5 22 270   M    M   4 13     38 280
 9  74  58  66  -5   0   1 0.00  0.0    0  6.8 15 280   M    M   6        19 280
10  77  56  67  -4   0   2 0.00  0.0    0  5.7 13 320   M    M   3        28 110
11  81  56  69  -2   0   4 0.00  0.0    0  4.4 10 210   M    M   1        14 210
12  85  64  75   4   0  10    T  0.0    0  6.8 16 230   M    M   4        26 200
13  83  67  75   4   0  10 0.54  0.0    0 11.5 21 260   M    M   4 13     31 210
14  80  63  72   1   0   7 0.06  0.0    0  4.7 16 300   M    M   6 13     21 300
15  71  56  64  -7   1   0 0.02  0.0    0 11.7 23 300   M    M   7 138    29 300
16  71  53  62  -9   3   0 0.00  0.0    0  8.6 16 330   M    M   9        21 290
17  78  49  64  -7   1   0 0.00  0.0    0  5.9 17 270   M    M   1 1      22 280
18  79  52  66  -5   0   1 0.00  0.0    0  3.4 13 150   M    M   1 1      14 150
19  80  59  70  -1   0   5 0.00  0.0    0  4.9 14 110   M    M   2 8      17 150
20  85  56  71   0   0   6 0.00  0.0    0  2.4  8 170   M    M   2 128    12  70
21  86  58  72   1   0   7 0.00  0.0    0  5.0 12 160   M    M   1 18     16 190
22  89  62  76   5   0  11 0.00  0.0    0  8.3 17 200   M    M   2        25 260
23  80  58  69  -2   0   4 0.00  0.0    0 11.1 20  30   M    M   8        23  20
24  76  53  65  -5   0   0 0.00  0.0    0  3.8 14 360   M    M   3        17  20
25  77  52  65  -5   0   0    T  0.0    0  5.6 14 210   M    M   2        20 260
26  84  60  72   2   0   7    T  0.0    0  5.8 12 240   M    M   4        15 240
27  84  61  73   3   0   8 0.30  0.0    0  7.9 37  10   M    M   5 1238   49  10
28  67  54  61  -9   4   0 0.30  0.0    0 11.0 21 350   M    M   9 1      26 330
29  73  49  61  -9   4   0 0.39    M    0  4.6 17 300   M    M   5 138    24 280
================================================================================
SM 2297 1676        16 127  5.67     0.0 213.5          M      116
================================================================================
AV 79.2 57.8                               7.4 FASTST   M    M   4    MAX(MPH)
                                 MISC ---->  # 37  10               # 57  240
================================================================================
NOTES:
# LAST OF SEVERAL OCCURRENCES

COLUMN 17 PEAK WIND IN M.P.H.

PRELIMINARY LOCAL CLIMATOLOGICAL DATA (WS FORM: F-6) , PAGE 2

                                          STATION:  FLINT MI
                                          MONTH:    JULY
                                          YEAR:     2014
                                          LATITUDE:   42 58 N
                                          LONGITUDE:  83 44 W

[TEMPERATURE DATA]      [PRECIPITATION DATA]       SYMBOLS USED IN COLUMN 16

AVERAGE MONTHLY: 68.5   TOTAL FOR MONTH:   5.67    1 = FOG OR MIST
DPTR FM NORMAL:  -2.1   DPTR FM NORMAL:    2.59    2 = FOG REDUCING VISIBILITY
HIGHEST:    89 ON 22    GRTST 24HR  1.72 ON  6- 7      TO 1/4 MILE OR LESS
LOWEST:     49 ON 29,17                            3 = THUNDER
                        SNOW, ICE PELLETS, HAIL    4 = ICE PELLETS
                        TOTAL MONTH:   0.0 INCH    5 = HAIL
                        GRTST 24HR     0.0         6 = FREEZING RAIN OR DRIZZLE
                        GRTST DEPTH:   0           7 = DUSTSTORM OR SANDSTORM:
                                                       VSBY 1/2 MILE OR LESS
                                                   8 = SMOKE OR HAZE
[NO. OF DAYS WITH]      [WEATHER - DAYS WITH]      9 = BLOWING SNOW
                                                   X = TORNADO
MAX 32 OR BELOW:   0    0.01 INCH OR MORE:  11
MAX 90 OR ABOVE:   0    0.10 INCH OR MORE:   7
MIN 32 OR BELOW:   0    0.50 INCH OR MORE:   4
MIN  0 OR BELOW:   0    1.00 INCH OR MORE:   2

[HDD (BASE 65) ]
TOTAL THIS MO.    16    CLEAR  (SCALE 0-3)  11
DPTR FM NORMAL     6    PTCLDY (SCALE 4-7)  16
TOTAL FM JUL 1    16    CLOUDY (SCALE 8-10)  2
DPTR FM NORMAL     6

[CDD (BASE 65) ]
TOTAL THIS MO.   127
DPTR FM NORMAL   -47    [PRESSURE DATA]
TOTAL FM JAN 1   327    HIGHEST SLP M ON M
DPTR FM NORMAL     9    LOWEST  SLP 29.60 ON 27

[REMARKS]




U.S. Dept. of Commerce
NOAA National Weather Service
1325 East West Highway
Silver Spring, MD 20910
E-mail: w-nws.webmaster@noaa.gov
Page last modified: May 16, 2007
NATIONAL WEATHER SERVICE: for Safety, for Work, for Fun - FOR LIFE