514
CXUS53 KDTX 010800
CF6FNT
PRELIMINARY LOCAL CLIMATOLOGICAL DATA (WS FORM: F-6)

                                          STATION:   FLINT MI
                                          MONTH:     NOVEMBER
                                          YEAR:      2014
                                          LATITUDE:   42 58 N
                                          LONGITUDE:  83 44 W

  TEMPERATURE IN F:       :PCPN:    SNOW:  WIND      :SUNSHINE: SKY     :PK WND
================================================================================
1   2   3   4   5  6A  6B    7    8   9   10  11  12  13   14  15   16   17  18
                                     12Z  AVG MX 2MIN
DY MAX MIN AVG DEP HDD CDD  WTR  SNW DPTH SPD SPD DIR MIN PSBL S-S WX    SPD DR
================================================================================

 1  39  24  32 -12  33   0 0.05  0.6    1 10.9 23 360   M    M   7 1      29 360
 2  49  19  34 -10  31   0 0.00  0.0    0  3.9 12 240   M    M   0        14 250
 3  60  42  51   7  14   0 0.00  0.0    0  9.6 21 240   M    M   4        26 220
 4  59  44  52   9  13   0 0.03  0.0    0 12.8 26 280   M    M  10 8      33 280
 5  56  40  48   5  17   0 0.00  0.0    0  7.9 18 280   M    M   2        24 220
 6  51  38  45   2  20   0 0.07  0.0    0  8.7 24 350   M    M  10 18     31 350
 7  45  32  39  -3  26   0 0.00  0.0    0  8.4 22 340   M    M   6        29 330
 8  45  37  41  -1  24   0 0.08    T    0 10.6 22 280   M    M  10 18     28 280
 9  44  33  39  -3  26   0 0.00  0.0    0  8.9 18 220   M    M   7        25 210
10  59  40  50   9  15   0    T  0.0    0  9.5 20 150   M    M   4        25 150
11  59  37  48   7  17   0 0.07  0.0    0 12.5 26 270   M    M   8 1      38 280
12  37  31  34  -6  31   0    T    T    0 13.8 25 290   M    M  10 8      32 300
13  37  24  31  -9  34   0    T    T    0  9.1 21 280   M    M   8        25 290
14  35  23  29 -11  36   0    T    T    0  9.6 17 330   M    M   9        21 300
15  35  24  30  -9  35   0    T    T    0  7.2 17 250   M    M   9 8      20 220
16  34  27  31  -8  34   0 0.03  0.8    T  6.8 14 230   M    M  10 18     17 230
17  32  18  25 -13  40   0 0.04  1.0    T 11.9 25 270   M    M   9 8      30 280
18  24  14  19 -19  46   0 0.07  1.8    2 15.8 29 260   M    M   8 128    36 250
19  28  15  22 -16  43   0 0.10  2.6    2 12.9 26 280   M    M  10 18     33 280
20  26  11  19 -18  46   0 0.07  1.1    4 12.0 24 270   M    M   7 128    29 280
21  26   3  15 -22  50   0 0.00  0.0    4  7.6 14 200   M    M   0        18 190
22  48  23  36   0  29   0 0.08  0.0    4 10.2 17 190   M    M   9 18     23 190
23  53  47  50  14  15   0 0.48  0.0    0 10.8 20 130   M    M  10 18     26 130
24  58  34  46  10  19   0 0.50  0.0    0 18.5 36 220   M    M  10 1      50 240
25  34  31  33  -2  32   0    T  0.1    0 13.0 25 230   M    M  10 168    35 230
26  34  30  32  -3  33   0 0.00  0.0    0  5.0 15  10   M    M  10        18  10
27  33  20  27  -7  38   0    T    T    0 10.4 18 320   M    M  10 8      24 330
28  29  15  22 -12  43   0 0.02  0.7    0  6.9 13 200   M    M   6 18     15 180
29  52  29  41   8  24   0    T    T    1 11.9 18 180   M    M   7 8      26 180
30  59  35  47  14  18   0    T  0.0    0 11.8 21 230   M    M  10 18     26 230
================================================================================
SM 1280  840       882   0  1.69     8.7 308.9          M      230
================================================================================
AV 42.7 28.0                              10.3 FASTST   M    M   8    MAX(MPH)
                                 MISC ---->  # 36 220               # 50  240
================================================================================
NOTES:
# LAST OF SEVERAL OCCURRENCES

COLUMN 17 PEAK WIND IN M.P.H.

PRELIMINARY LOCAL CLIMATOLOGICAL DATA (WS FORM: F-6) , PAGE 2

                                          STATION:  FLINT MI
                                          MONTH:    NOVEMBER
                                          YEAR:     2014
                                          LATITUDE:   42 58 N
                                          LONGITUDE:  83 44 W

[TEMPERATURE DATA]      [PRECIPITATION DATA]       SYMBOLS USED IN COLUMN 16

AVERAGE MONTHLY: 35.3   TOTAL FOR MONTH:   1.69    1 = FOG OR MIST
DPTR FM NORMAL:  -3.6   DPTR FM NORMAL:   -0.98    2 = FOG REDUCING VISIBILITY
HIGHEST:    60 ON  3    GRTST 24HR  0.98 ON 23-24      TO 1/4 MILE OR LESS
LOWEST:      3 ON 21                               3 = THUNDER
                        SNOW, ICE PELLETS, HAIL    4 = ICE PELLETS
                        TOTAL MONTH:   8.7 INCHES  5 = HAIL
                        GRTST 24HR   2.6 ON   M    6 = FREEZING RAIN OR DRIZZLE
                        GRTST DEPTH:   4 ON 22,21  7 = DUSTSTORM OR SANDSTORM:
                                                       VSBY 1/2 MILE OR LESS
                                                   8 = SMOKE OR HAZE
[NO. OF DAYS WITH]      [WEATHER - DAYS WITH]      9 = BLOWING SNOW
                                                   X = TORNADO
MAX 32 OR BELOW:   6    0.01 INCH OR MORE:  14
MAX 90 OR ABOVE:   0    0.10 INCH OR MORE:   3
MIN 32 OR BELOW:  19    0.50 INCH OR MORE:   1
MIN  0 OR BELOW:   0    1.00 INCH OR MORE:   0

[HDD (BASE 65) ]
TOTAL THIS MO.   882    CLEAR  (SCALE 0-3)   3
DPTR FM NORMAL    97    PTCLDY (SCALE 4-7)  11
TOTAL FM JUL 1  1464    CLOUDY (SCALE 8-10) 16
DPTR FM NORMAL   -17

[CDD (BASE 65) ]
TOTAL THIS MO.     0
DPTR FM NORMAL     0    [PRESSURE DATA]
TOTAL FM JAN 1   597    HIGHEST SLP 30.50 ON 21
DPTR FM NORMAL    66    LOWEST  SLP 29.01 ON 24

[REMARKS]
#FINAL-11-14#




U.S. Dept. of Commerce
NOAA National Weather Service
1325 East West Highway
Silver Spring, MD 20910
E-mail: w-nws.webmaster@noaa.gov
Page last modified: May 16, 2007
NATIONAL WEATHER SERVICE: for Safety, for Work, for Fun - FOR LIFE