264
CXUS53 KDTX 240800
CF6FNT
PRELIMINARY LOCAL CLIMATOLOGICAL DATA (WS FORM: F-6)

                                          STATION:   FLINT MI
                                          MONTH:     APRIL
                                          YEAR:      2014
                                          LATITUDE:   42 58 N
                                          LONGITUDE:  83 44 W

  TEMPERATURE IN F:       :PCPN:    SNOW:  WIND      :SUNSHINE: SKY     :PK WND
================================================================================
1   2   3   4   5  6A  6B    7    8   9   10  11  12  13   14  15   16   17  18
                                     12Z  AVG MX 2MIN
DY MAX MIN AVG DEP HDD CDD  WTR  SNW DPTH SPD SPD DIR MIN PSBL S-S WX    SPD DR
================================================================================

 1  60  34  47   6  18   0 0.01  0.0    0 16.4 28 280   M    M   7        38 270
 2  51  28  40  -1  25   0 0.00  0.0    0  6.3 13 270   M    M   0        16 330
 3  41  31  36  -6  29   0 0.07  0.0    0 12.2 21  60   M    M   9 8      30  70
 4  48  35  42   0  23   0 0.23    T    0 13.0 30 250   M    M  10 1      42 260
 5  48  25  37  -5  28   0 0.00  0.0    0 15.5 31 280   M    M   5        39 270
 6  57  24  41  -2  24   0 0.00  0.0    0  4.8 13 170   M    M   0        16 210
 7  55  31  43   0  22   0 0.12  0.0    0  6.2 15  90   M    M   4 1      17  60
 8  63  36  50   6  15   0    T  0.0    0  9.2 23 330   M    M   6        32 330
 9  57  29  43  -1  22   0 0.00  0.0    0  7.2 16 240   M    M   1        21 240
10  71  46  59  15   6   0    T  0.0    0 13.8 33 260   M    M   2        45 260
11  67  31  49   4  16   0 0.00  0.0    0  5.2 22 270   M    M   1        27 270
12  73  37  55  10  10   0 0.22  0.0    0  9.5 30  30   M    M   5 3      40 330
13  74  49  62  16   3   0 0.01  0.0    0 10.7 25 250   M    M   7 8      44 280
14  69  29  49   3  16   0 0.15  0.6    0 16.1 32 270   M    M   8 1      48 210
15  34  22  28 -18  37   0 0.05  0.7    1 13.0 24 290   M    M   7 18     29 320
16  45  19  32 -15  33   0 0.00  0.0    T  8.0 18 160   M    M   0        23 130
17  66  30  48   1  17   0 0.00  0.0    0 10.2 21 200   M    M   0        30 180
18  62  36  49   1  16   0 0.09  0.0    0  6.7 17  50   M    M   6 18     21  50
19  59  32  46  -2  19   0 0.00  0.0    0  8.2 15 100   M    M   0        19 160
20  74  33  54   6  11   0 0.00  0.0    0  6.4 16 170   M    M   0        20 170
21  81  46  64  15   1   0 0.17  0.0    0  8.6 20 300   M    M   5 1      25 270
22  58  39  49   0  16   0 0.12  0.0    0 17.3 28 320   M    M  10 18     41 300
23  55  36  46  -3  19   0 0.00  0.0    0  9.3 18  20   M    M   4        23  30
================================================================================
SM 1368  758       426   0  1.24     1.3 233.8          M       97
================================================================================
AV 59.5 33.0                              10.2 FASTST   M    M   4    MAX(MPH)
                                 MISC ---->  # 33 260               # 48  210
================================================================================
NOTES:
# LAST OF SEVERAL OCCURRENCES

COLUMN 17 PEAK WIND IN M.P.H.

PRELIMINARY LOCAL CLIMATOLOGICAL DATA (WS FORM: F-6) , PAGE 2

                                          STATION:  FLINT MI
                                          MONTH:    APRIL
                                          YEAR:     2014
                                          LATITUDE:   42 58 N
                                          LONGITUDE:  83 44 W

[TEMPERATURE DATA]      [PRECIPITATION DATA]       SYMBOLS USED IN COLUMN 16

AVERAGE MONTHLY: 46.2   TOTAL FOR MONTH:   1.24    1 = FOG OR MIST
DPTR FM NORMAL:   1.0   DPTR FM NORMAL:   -0.98    2 = FOG REDUCING VISIBILITY
HIGHEST:    81 ON 21    GRTST 24HR  0.29 ON 21-22      TO 1/4 MILE OR LESS
LOWEST:     19 ON 16                               3 = THUNDER
                        SNOW, ICE PELLETS, HAIL    4 = ICE PELLETS
                        TOTAL MONTH:   1.3 INCHES  5 = HAIL
                        GRTST 24HR   0.7 ON   M    6 = FREEZING RAIN OR DRIZZLE
                        GRTST DEPTH:   1 ON 15     7 = DUSTSTORM OR SANDSTORM:
                                                       VSBY 1/2 MILE OR LESS
                                                   8 = SMOKE OR HAZE
[NO. OF DAYS WITH]      [WEATHER - DAYS WITH]      9 = BLOWING SNOW
                                                   X = TORNADO
MAX 32 OR BELOW:   0    0.01 INCH OR MORE:  11
MAX 90 OR ABOVE:   0    0.10 INCH OR MORE:   6
MIN 32 OR BELOW:  12    0.50 INCH OR MORE:   0
MIN  0 OR BELOW:   0    1.00 INCH OR MORE:   0

[HDD (BASE 65) ]
TOTAL THIS MO.   426    CLEAR  (SCALE 0-3)   9
DPTR FM NORMAL   -34    PTCLDY (SCALE 4-7)  10
TOTAL FM JUL 1  7151    CLOUDY (SCALE 8-10)  4
DPTR FM NORMAL   646

[CDD (BASE 65) ]
TOTAL THIS MO.     0
DPTR FM NORMAL     0    [PRESSURE DATA]
TOTAL FM JAN 1     0    HIGHEST SLP M ON M
DPTR FM NORMAL     0    LOWEST  SLP 29.37 ON 14

[REMARKS]




U.S. Dept. of Commerce
NOAA National Weather Service
1325 East West Highway
Silver Spring, MD 20910
E-mail: w-nws.webmaster@noaa.gov
Page last modified: May 16, 2007
NATIONAL WEATHER SERVICE: for Safety, for Work, for Fun - FOR LIFE