842
CXUS55 KBOU 301329
CF6FNL
PRELIMINARY LOCAL CLIMATOLOGICAL DATA (WS FORM: F-6)

                                          STATION:   FT COLLINS/LOVELAND CO
                                          MONTH:     JANUARY
                                          YEAR:      2015
                                          LATITUDE:   40 27 N
                                          LONGITUDE: 105  1 W

  TEMPERATURE IN F:       :PCPN:    SNOW:  WIND      :SUNSHINE: SKY     :PK WND
================================================================================
1   2   3   4   5  6A  6B    7    8   9   10  11  12  13   14  15   16   17  18
                                     12Z  AVG MX 2MIN
DY MAX MIN AVG DEP HDD CDD  WTR  SNW DPTH SPD SPD DIR MIN PSBL S-S WX    SPD DR
================================================================================

 1  25   0  13   M  52   0    M    M    M  2.6 12 170   M    M   0         M  M
 2  34  14  24   M  41   0    M    M    M  2.6  7 150   M    M   0         M  M
 3  30   5  18   M  47   0    M    M    M  7.2 16 170   M    M   2         M  M
 4  14  -6   4   M  61   0    M    M    M  2.7  9  40   M    M   0         M  M
 5  46   0  23   M  42   0    M    M    M  8.3 22 110   M    M   0        32  80
 6  39  21  30   M  35   0    M    M    M  4.9 22  60   M    M   1        30  60
 7  21  10  16   M  49   0    M    M    M  7.2 13 120   M    M   3         M  M
 8  43   9  26   M  39   0    M    M    M  9.3 17  80   M    M   2        20  40
 9  25  16  21   M  44   0    M    M    M  4.4 14 160   M    M   4         M  M
10  43  19  31   M  34   0    M    M    M  3.6  9  10   M    M   2         M  M
11  39  21  30   M  35   0    M    M    M  4.2 10 110   M    M   3         M  M
12  27  19  23   M  42   0    M    M    M  5.7 12 100   M    M   9         M  M
13  32  21  27   M  38   0    M    M    M  1.8  6 160   M    M   4         M  M
14  37  21  29   M  36   0    M    M    M  3.0  8 150   M    M   3         M  M
15  46  14  30   M  35   0    M    M    M  2.9 10 350   M    M   0         M  M
16  54  21  38   M  27   0    M    M    M  6.1 29 250   M    M   0        40 250
17  52  36  44   M  21   0    M    M    M 11.8 24 310   M    M   0        33 300
18  59  23  41   M  24   0    M    M    M  7.7 17 360   M    M   0        23 360
19  55  32  44   M  21   0    M    M    M  7.3 22 250   M    M   0        32 250
20  46  27  37   M  28   0    M    M    M  7.9 22 310   M    M   2        25 310
21  36  21  29   M  36   0    M    M    M  3.3 10  50   M    M   2         M  M
22  39  12  26   M  39   0    M    M    M  2.3  8 170   M    M   0         M  M
23  50  18  34   M  31   0    M    M    M  5.1 16  10   M    M   1        21  10
24  54  23  39   M  26   0    M    M    M  6.3 17 340   M    M   0         M  M
25  61  27  44   M  21   0    M    M    M  4.8 10 150   M    M   0         M  M
26  73  30  52   M  13   0    M    M    M  5.2 10 360   M    M   0         M  M
27  70  30  50   M  15   0    M    M    M  3.6  8  80   M    M   0         M  M
28  61  39  50   M  15   0    M    M    M 15.1 25 290   M    M   0        33 310
29  48  30  39   M  26   0    M    M    M  6.8 14 180   M    M   4        16 190
================================================================================
SM 1259  553       973   0    M     M    163.7          M       42
================================================================================
AV 43.4 19.1                               5.6 FASTST   M    M   1    MAX(MPH)
                                 MISC ---->    29   M                 40    M
================================================================================
NOTES:
# LAST OF SEVERAL OCCURRENCES

COLUMN 17 PEAK WIND IN M.P.H.

PRELIMINARY LOCAL CLIMATOLOGICAL DATA (WS FORM: F-6) , PAGE 2

                                          STATION:  FT COLLINS/LOVELAND CO
                                          MONTH:    JANUARY
                                          YEAR:     2015
                                          LATITUDE:   40 27 N
                                          LONGITUDE: 105  1 W

[TEMPERATURE DATA]      [PRECIPITATION DATA]       SYMBOLS USED IN COLUMN 16

AVERAGE MONTHLY: 31.2   TOTAL FOR MONTH:      M    1 = FOG OR MIST
DPTR FM NORMAL:     M   DPTR FM NORMAL:       M    2 = FOG REDUCING VISIBILITY
HIGHEST:    73 ON 26    GRTST 24HR    M  ON   M        TO 1/4 MILE OR LESS
LOWEST:     -6 ON  4                               3 = THUNDER
                        SNOW, ICE PELLETS, HAIL    4 = ICE PELLETS
                        TOTAL MONTH:    M          5 = HAIL
                        GRTST 24HR    M  ON   M    6 = FREEZING RAIN OR DRIZZLE
                        GRTST DEPTH:  M  ON   M    7 = DUSTSTORM OR SANDSTORM:
                                                       VSBY 1/2 MILE OR LESS
                                                   8 = SMOKE OR HAZE
[NO. OF DAYS WITH]      [WEATHER - DAYS WITH]      9 = BLOWING SNOW
                                                   X = TORNADO
MAX 32 OR BELOW:   7    0.01 INCH OR MORE:   0
MAX 90 OR ABOVE:   0    0.10 INCH OR MORE:   0
MIN 32 OR BELOW:  27    0.50 INCH OR MORE:   0
MIN  0 OR BELOW:   3    1.00 INCH OR MORE:   0

[HDD (BASE 65) ]
TOTAL THIS MO.   973    CLEAR  (SCALE 0-3)  23
DPTR FM NORMAL     M    PTCLDY (SCALE 4-7)   5
TOTAL FM JUL 1  3390    CLOUDY (SCALE 8-10)  1
DPTR FM NORMAL     M

[CDD (BASE 65) ]
TOTAL THIS MO.     0
DPTR FM NORMAL     M    [PRESSURE DATA]
TOTAL FM JAN 1     0    HIGHEST SLP M ON M
DPTR FM NORMAL     M    LOWEST  SLP M ON M

[REMARKS]




U.S. Dept. of Commerce
NOAA National Weather Service
1325 East West Highway
Silver Spring, MD 20910
E-mail: w-nws.webmaster@noaa.gov
Page last modified: May 16, 2007
NATIONAL WEATHER SERVICE: for Safety, for Work, for Fun - FOR LIFE