840
CXUS55 KBOU 271219
CF6FNL
PRELIMINARY LOCAL CLIMATOLOGICAL DATA (WS FORM: F-6)

                                          STATION:   FT COLLINS/LOVELAND CO
                                          MONTH:     NOVEMBER
                                          YEAR:      2014
                                          LATITUDE:   40 27 N
                                          LONGITUDE: 105  1 W

  TEMPERATURE IN F:       :PCPN:    SNOW:  WIND      :SUNSHINE: SKY     :PK WND
================================================================================
1   2   3   4   5  6A  6B    7    8   9   10  11  12  13   14  15   16   17  18
                                     12Z  AVG MX 2MIN
DY MAX MIN AVG DEP HDD CDD  WTR  SNW DPTH SPD SPD DIR MIN PSBL S-S WX    SPD DR
================================================================================

 1  63  30  47   M  18   0    M    M    M  2.0  8 360   M    M   0         M  M
 2  70  36  53   M  12   0    M    M    M  4.5 14  20   M    M   0         M  M
 3  50  30  40   M  25   0    M    M    M  9.2 21  10   M    M   4 3      25  10
 4  57  25  41   M  24   0    M    M    M  4.9 10 180   M    M   0         M  M
 5  63  34  49   M  16   0    M    M    M  4.7 10 160   M    M   0         M  M
 6  64  34  49   M  16   0    M    M    M  4.3  8  20   M    M   0         M  M
 7  72  37  55   M  10   0    M    M    M 10.5 24  20   M    M   2        30  20
 8  63  30  47   M  18   0    M    M    M  4.0 10 180   M    M   1         M  M
 9  64  34  49   M  16   0    M    M    M  5.8 16 240   M    M   0        22 240
10  64  16  40   M  25   0    M    M    M 15.1 29  20   M    M   5        36 260
11  16   5  11   M  54   0    M    M    M  8.4 14 360   M    M   4         M  M
12   5  -6   0   M  65   0    M    M    M  5.8 10  10   M    M   3         M  M
13  12  -8   2   M  63   0    M    M    M  1.4  6 110   M    M   2         M  M
14  28   3  16   M  49   0    M    M    M  1.9  8 180   M    M   0         M  M
15  19   7  13   M  52   0    M    M    M  7.1 16 150   M    M   4        16  70
16  28  -2  13   M  52   0    M    M    M  4.9 10 110   M    M   1         M  M
17  34   1  18   M  47   0    M    M    M  5.5  9 160   M    M   0         M  M
18  48   9  29   M  36   0    M    M    M  3.8 13  10   M    M   0         M  M
19  45  27  36   M  29   0    M    M    M  5.1 14 100   M    M   2         M  M
20  48  19  34   M  31   0    M    M    M  2.5  7  10   M    M   0         M  M
21  55  27  41   M  24   0    M    M    M  2.1  9 160   M    M   0         M  M
22  54  25  40   M  25   0    M    M    M  6.4 17 250   M    M   0        27 210
23  46  28  37   M  28   0    M    M    M 16.9 29 340   M    M   1        39 320
24  43  21  32   M  33   0    M    M    M 15.7 29 320   M    M   0        38 320
25  52  18  35   M  30   0    M    M    M 10.3 31 280   M    M   1        43 300
26  41  21  31   M  34   0    M    M    M  7.0 12 180   M    M   4        16  60
================================================================================
SM 1204  501       832   0    M     M    169.8          M       34
================================================================================
AV 46.3 19.3                               6.5 FASTST   M    M   1    MAX(MPH)
                                 MISC ---->    31   M                 43    M
================================================================================
NOTES:
# LAST OF SEVERAL OCCURRENCES

COLUMN 17 PEAK WIND IN M.P.H.

PRELIMINARY LOCAL CLIMATOLOGICAL DATA (WS FORM: F-6) , PAGE 2

                                          STATION:  FT COLLINS/LOVELAND CO
                                          MONTH:    NOVEMBER
                                          YEAR:     2014
                                          LATITUDE:   40 27 N
                                          LONGITUDE: 105  1 W

[TEMPERATURE DATA]      [PRECIPITATION DATA]       SYMBOLS USED IN COLUMN 16

AVERAGE MONTHLY: 32.8   TOTAL FOR MONTH:      M    1 = FOG OR MIST
DPTR FM NORMAL:     M   DPTR FM NORMAL:       M    2 = FOG REDUCING VISIBILITY
HIGHEST:    72 ON  7    GRTST 24HR    M  ON   M        TO 1/4 MILE OR LESS
LOWEST:     -8 ON 13                               3 = THUNDER
                        SNOW, ICE PELLETS, HAIL    4 = ICE PELLETS
                        TOTAL MONTH:    M          5 = HAIL
                        GRTST 24HR    M  ON   M    6 = FREEZING RAIN OR DRIZZLE
                        GRTST DEPTH:  M  ON   M    7 = DUSTSTORM OR SANDSTORM:
                                                       VSBY 1/2 MILE OR LESS
                                                   8 = SMOKE OR HAZE
[NO. OF DAYS WITH]      [WEATHER - DAYS WITH]      9 = BLOWING SNOW
                                                   X = TORNADO
MAX 32 OR BELOW:   6    0.01 INCH OR MORE:   0
MAX 90 OR ABOVE:   0    0.10 INCH OR MORE:   0
MIN 32 OR BELOW:  21    0.50 INCH OR MORE:   0
MIN  0 OR BELOW:   3    1.00 INCH OR MORE:   0

[HDD (BASE 65) ]
TOTAL THIS MO.   832    CLEAR  (SCALE 0-3)  21
DPTR FM NORMAL     M    PTCLDY (SCALE 4-7)   5
TOTAL FM JUL 1  1268    CLOUDY (SCALE 8-10)  0
DPTR FM NORMAL     M

[CDD (BASE 65) ]
TOTAL THIS MO.     0
DPTR FM NORMAL     M    [PRESSURE DATA]
TOTAL FM JAN 1   624    HIGHEST SLP M ON M
DPTR FM NORMAL     M    LOWEST  SLP M ON M

[REMARKS]




U.S. Dept. of Commerce
NOAA National Weather Service
1325 East West Highway
Silver Spring, MD 20910
E-mail: w-nws.webmaster@noaa.gov
Page last modified: May 16, 2007
NATIONAL WEATHER SERVICE: for Safety, for Work, for Fun - FOR LIFE