724
CXUS53 KOAX 301000
CF6FNB
PRELIMINARY LOCAL CLIMATOLOGICAL DATA (WS FORM: F-6)

                                          STATION:   FALLS CITY, NEBRASKA
                                          MONTH:     JANUARY
                                          YEAR:      2015
                                          LATITUDE:   40  4 N
                                          LONGITUDE:  95 35 W

  TEMPERATURE IN F:       :PCPN:    SNOW:  WIND      :SUNSHINE: SKY     :PK WND
================================================================================
1   2   3   4   5  6A  6B    7    8   9   10  11  12  13   14  15   16   17  18
                                     12Z  AVG MX 2MIN
DY MAX MIN AVG DEP HDD CDD  WTR  SNW DPTH SPD SPD DIR MIN PSBL S-S WX    SPD DR
================================================================================

 1  34  14  24  -3  41   0 0.00    M    M  8.5 16 230   M    M   2        21 240
 2  39  13  26   0  39   0 0.00    M    M  4.7 10 160   M    M   5        14 200
 3  38  13  26   0  39   0 0.05    M    M  8.5 29 330   M    M   6 12     38 330
 4  13   3   8 -18  57   0 0.05    M    M 13.3 26 330   M    M   3 19     36 320
 5  25   8  17  -9  48   0 0.00    M    M  8.6 21 160   M    M   6        26 170
 6  26   9  18  -8  47   0    T    M    M 10.4 25 330   M    M   4        40 330
 7  17  -5   6 -20  59   0    T    M    M 11.9 26 350   M    M   2        34 340
 8  33  -2  16 -10  49   0 0.00    M    M 17.9 31 190   M    M   3        42 190
 9  20   2  11 -15  54   0 0.00    M    M 10.6 30 310   M    M   1        41 310
10  40   0  20  -6  45   0 0.00    M    M 11.7 28 200   M    M   1        37 200
11  39  17  28   2  37   0 0.00    M    M  6.2 17 350   M    M   1        24 350
12  25   3  14 -12  51   0 0.00    M    M 11.0 20 360   M    M   2        24 360
13  25  -1  12 -14  53   0 0.00    M    M  3.7  9 110   M    M   3        12 120
14  38  18  28   2  37   0 0.00    M    M  5.5 14 290   M    M   3        18 290
15  50  12  31   5  34   0 0.00    M    M  5.2 16 320   M    M   0        19 280
16  64  20  42  16  23   0 0.00    M    M 10.0 25 220   M    M   0        31 210
17  55  32  44  18  21   0 0.00    M    M 14.8 43 320   M    M   1 8      56 320
18  60  27  44  18  21   0 0.00    M    M  5.4 17 250   M    M   0        21 260
19  60  22  41  15  24   0 0.00    M    M  6.4 18 320   M    M   0        23 320
20  55  28  42  16  23   0 0.00    M    M 10.9 26 290   M    M   0        32 290
21  49  27  38  12  27   0 0.00    M    M 10.1 20 290   M    M   3        23 290
22  37  21  29   3  36   0 0.00    M    M  3.4  9  20   M    M   9        13  10
23  51  16  34   8  31   0 0.00    M    M  8.1 20 230   M    M   1        25 230
24  58  28  43  16  22   0 0.06    M    M 11.4 21 270   M    M   2        27 270
25  46  30  38  11  27   0    T    M    M 14.3 33 310   M    M  10        40 310
26  62  23  43  16  22   0 0.00    M    M  9.1 23 320   M    M   0        29 320
27  57  26  42  15  23   0 0.00    M    M  6.7 15 150   M    M   0        18 120
28  72  33  53  26  12   0 0.00    M    M 12.1 28 330   M    M   0        38 320
29  47  18  33   6  32   0 0.00    M    M 15.0 35 330   M    M   7        46 320
================================================================================
SM 1235  455      1034   0  0.16    M    275.4          M       75
================================================================================
AV 42.6 15.7                               9.5 FASTST   M    M   3    MAX(MPH)
                                 MISC ---->  # 43 320               # 56  320
================================================================================
NOTES:
# LAST OF SEVERAL OCCURRENCES

COLUMN 17 PEAK WIND IN M.P.H.

PRELIMINARY LOCAL CLIMATOLOGICAL DATA (WS FORM: F-6) , PAGE 2

                                          STATION:  FALLS CITY, NEBRASKA
                                          MONTH:    JANUARY
                                          YEAR:     2015
                                          LATITUDE:   40  4 N
                                          LONGITUDE:  95 35 W

[TEMPERATURE DATA]      [PRECIPITATION DATA]       SYMBOLS USED IN COLUMN 16

AVERAGE MONTHLY: 29.1   TOTAL FOR MONTH:   0.16    1 = FOG OR MIST
DPTR FM NORMAL:   2.9   DPTR FM NORMAL:   -0.44    2 = FOG REDUCING VISIBILITY
HIGHEST:    72 ON 28    GRTST 24HR  0.06 ON 24-24      TO 1/4 MILE OR LESS
LOWEST:     -5 ON  7                               3 = THUNDER
                        SNOW, ICE PELLETS, HAIL    4 = ICE PELLETS
                        TOTAL MONTH:    M          5 = HAIL
                        GRTST 24HR    M  ON   M    6 = FREEZING RAIN OR DRIZZLE
                        GRTST DEPTH:  M  ON   M    7 = DUSTSTORM OR SANDSTORM:
                                                       VSBY 1/2 MILE OR LESS
                                                   8 = SMOKE OR HAZE
[NO. OF DAYS WITH]      [WEATHER - DAYS WITH]      9 = BLOWING SNOW
                                                   X = TORNADO
MAX 32 OR BELOW:   7    0.01 INCH OR MORE:   3
MAX 90 OR ABOVE:   0    0.10 INCH OR MORE:   0
MIN 32 OR BELOW:  28    0.50 INCH OR MORE:   0
MIN  0 OR BELOW:   4    1.00 INCH OR MORE:   0

[HDD (BASE 65) ]
TOTAL THIS MO.  1034    CLEAR  (SCALE 0-3)  21
DPTR FM NORMAL   -88    PTCLDY (SCALE 4-7)   6
TOTAL FM JUL 1  3238    CLOUDY (SCALE 8-10)  2
DPTR FM NORMAL  -149

[CDD (BASE 65) ]
TOTAL THIS MO.     0
DPTR FM NORMAL     0    [PRESSURE DATA]
TOTAL FM JAN 1     0    HIGHEST SLP M ON M
DPTR FM NORMAL     0    LOWEST  SLP 29.66 ON 24

[REMARKS]




U.S. Dept. of Commerce
NOAA National Weather Service
1325 East West Highway
Silver Spring, MD 20910
E-mail: w-nws.webmaster@noaa.gov
Page last modified: May 16, 2007
NATIONAL WEATHER SERVICE: for Safety, for Work, for Fun - FOR LIFE