967
CXUS53 KOAX 291000
CF6FNB
PRELIMINARY LOCAL CLIMATOLOGICAL DATA (WS FORM: F-6)

                                          STATION:   FALLS CITY, NEBRASKA
                                          MONTH:     AUGUST
                                          YEAR:      2014
                                          LATITUDE:   40  4 N
                                          LONGITUDE:  95 35 W

  TEMPERATURE IN F:       :PCPN:    SNOW:  WIND      :SUNSHINE: SKY     :PK WND
================================================================================
1   2   3   4   5  6A  6B    7    8   9   10  11  12  13   14  15   16   17  18
                                     12Z  AVG MX 2MIN
DY MAX MIN AVG DEP HDD CDD  WTR  SNW DPTH SPD SPD DIR MIN PSBL S-S WX    SPD DR
================================================================================

 1  86  63  75  -2   0  10    T    M    M  7.1 15 110   M    M   4 8      20 110
 2  89  61  75  -2   0  10 0.00    M    M  5.3 15 120   M    M   1 1      18 110
 3  90  65  78   1   0  13 0.75    M    M 10.3 30 350   M    M   5 13     45  30
 4  90  66  78   1   0  13 0.00    M    M  5.5 12  10   M    M   0 8      15 170
 5  89  68  79   2   0  14 0.00    M    M  5.2 13 150   M    M   0 18     16 150
 6  86  68  77   0   0  12 0.32    M    M  8.4 21 190   M    M   4 138    29 190
 7  84  68  76  -1   0  11    T    M    M  5.0  9  70   M    M   8 1      11 110
 8  82  67  75  -2   0  10 0.00    M    M  5.8 12  50   M    M   6 1      15  80
 9  84  65  75  -1   0  10 0.14    M    M  4.6 20 120   M    M   6 13     24 120
10  80  67  74  -2   0   9 0.31    M    M  4.8 12  30   M    M   5 13     14  40
11  79  60  70  -6   0   5 0.00    M    M  9.7 21 320   M    M   1 1      30 310
12  79  56  68  -8   0   3 0.00    M    M  7.0 17  10   M    M   0        23 360
13  82  52  67  -9   0   2 0.00    M    M  2.3  9 120   M    M   0 1      12 110
14  85  55  70  -6   0   5 0.00    M    M  6.0 15 110   M    M   0 18     20 110
15  77  64  71  -5   0   6 0.44    M    M  7.0 16 110   M    M   8 1      21 110
16  81  66  74  -2   0   9 0.00    M    M  4.8 10  40   M    M   8 1      14  40
17  85  62  74  -2   0   9 0.00    M    M  3.3 10 120   M    M   2 12     14 120
18  89  66  78   3   0  13 0.02    M    M  5.0 20 150   M    M   1 3      25 150
19  91  68  80   5   0  15    T    M    M  5.1 13 110   M    M   1 3      16 100
20  94  70  82   7   0  17 0.00    M    M  8.7 20 150   M    M   1 1      25 160
21 100  78  89  14   0  24 0.00    M    M  8.3 20 190   M    M   1        26 190
22  83  74  79   4   0  14 0.27    M    M  6.0 15 180   M    M   1 13     20 190
23  94  72  83   9   0  18 0.01    M    M  8.8 17  10   M    M   2        22  20
24  99  76  88  14   0  23    T    M    M  9.9 20 160   M    M   2 3      24 160
25  92  71  82   8   0  17    T    M    M  6.7 21 270   M    M   0 1      26 290
26  87  69  78   4   0  13    T    M    M  6.7 22 360   M    M   2 3      32 360
27  82  69  76   2   0  11 0.61    M    M  6.7 17  60   M    M   5 13     26  60
28  88  71  80   7   0  15 0.40    M    M  4.3 23 140   M    M   6 13     29 150
================================================================================
SM 2427 1857         0 331  3.27    M    178.3          M       80
================================================================================
AV 86.7 66.3                               6.4 FASTST   M    M   3    MAX(MPH)
                                 MISC ---->  # 30 350               # 45   30
================================================================================
NOTES:
# LAST OF SEVERAL OCCURRENCES

COLUMN 17 PEAK WIND IN M.P.H.

PRELIMINARY LOCAL CLIMATOLOGICAL DATA (WS FORM: F-6) , PAGE 2

                                          STATION:  FALLS CITY, NEBRASKA
                                          MONTH:    AUGUST
                                          YEAR:     2014
                                          LATITUDE:   40  4 N
                                          LONGITUDE:  95 35 W

[TEMPERATURE DATA]      [PRECIPITATION DATA]       SYMBOLS USED IN COLUMN 16

AVERAGE MONTHLY: 76.5   TOTAL FOR MONTH:   3.27    1 = FOG OR MIST
DPTR FM NORMAL:   0.9   DPTR FM NORMAL:   -0.41    2 = FOG REDUCING VISIBILITY
HIGHEST:   100 ON 21    GRTST 24HR  0.95 ON 27-28      TO 1/4 MILE OR LESS
LOWEST:     52 ON 13                               3 = THUNDER
                        SNOW, ICE PELLETS, HAIL    4 = ICE PELLETS
                        TOTAL MONTH:    M          5 = HAIL
                        GRTST 24HR    M  ON   M    6 = FREEZING RAIN OR DRIZZLE
                        GRTST DEPTH:  M  ON   M    7 = DUSTSTORM OR SANDSTORM:
                                                       VSBY 1/2 MILE OR LESS
                                                   8 = SMOKE OR HAZE
[NO. OF DAYS WITH]      [WEATHER - DAYS WITH]      9 = BLOWING SNOW
                                                   X = TORNADO
MAX 32 OR BELOW:   0    0.01 INCH OR MORE:  10
MAX 90 OR ABOVE:   8    0.10 INCH OR MORE:   8
MIN 32 OR BELOW:   0    0.50 INCH OR MORE:   2
MIN  0 OR BELOW:   0    1.00 INCH OR MORE:   0

[HDD (BASE 65) ]
TOTAL THIS MO.     0    CLEAR  (SCALE 0-3)  17
DPTR FM NORMAL     0    PTCLDY (SCALE 4-7)  11
TOTAL FM JUL 1     6    CLOUDY (SCALE 8-10)  0
DPTR FM NORMAL     5

[CDD (BASE 65) ]
TOTAL THIS MO.   331
DPTR FM NORMAL    30    [PRESSURE DATA]
TOTAL FM JAN 1  1054    HIGHEST SLP M ON M
DPTR FM NORMAL    -3    LOWEST  SLP 29.71 ON 20

[REMARKS]




U.S. Dept. of Commerce
NOAA National Weather Service
1325 East West Highway
Silver Spring, MD 20910
E-mail: w-nws.webmaster@noaa.gov
Page last modified: May 16, 2007
NATIONAL WEATHER SERVICE: for Safety, for Work, for Fun - FOR LIFE