387
CXUS53 KOAX 011451
CF6FNB
PRELIMINARY LOCAL CLIMATOLOGICAL DATA (WS FORM: F-6)

                                          STATION:   FALLS CITY, NEBRASKA
                                          MONTH:     SEPTEMBER
                                          YEAR:      2014
                                          LATITUDE:   40  4 N
                                          LONGITUDE:  95 35 W

  TEMPERATURE IN F:       :PCPN:    SNOW:  WIND      :SUNSHINE: SKY     :PK WND
================================================================================
1   2   3   4   5  6A  6B    7    8   9   10  11  12  13   14  15   16   17  18
                                     12Z  AVG MX 2MIN
DY MAX MIN AVG DEP HDD CDD  WTR  SNW DPTH SPD SPD DIR MIN PSBL S-S WX    SPD DR
================================================================================

 1  83  62  73   1   0   8 0.04    M    M  7.4 23 170   M    M   3        30 170
 2  86  59  73   1   0   8 0.00    M    M  4.6 10 230   M    M   0        15 300
 3  88  64  76   4   0  11 0.01    M    M 11.0 25 190   M    M   1 13     32 180
 4  96  76  86  15   0  21 0.00    M    M 12.5 24 200   M    M   1        33 200
 5  77  58  68  -3   0   3 0.28    M    M  8.1 22 280   M    M   6 13     29 330
 6  75  51  63  -8   2   0 0.00    M    M  4.7 13  70   M    M   1 12     17  20
 7  79  47  63  -7   2   0 0.00    M    M  4.1 10 150   M    M   0 12     16 190
 8  88  54  71   1   0   6 0.00    M    M 10.8 20 190   M    M   2        27 200
 9  92  71  82  12   0  17 1.50    M    M 11.8 28 220   M    M   4 13     39 180
10  71  57  64  -5   1   0 0.29    M    M 11.0 21 330   M    M   9 1      26 320
11  62  51  57 -12   8   0 0.00    M    M  8.8 15  20   M    M  10        21  10
12  54  41  48 -20  17   0 0.14    M    M  8.1 17  10   M    M   8 1      23 360
13  64  35  50 -18  15   0 0.00    M    M  5.3 16 150   M    M   3 12     23 150
14  74  51  63  -5   2   0 0.00    M    M  6.9 17 150   M    M   6        20 150
15  69  48  59  -8   6   0 0.01    M    M  8.0 20 350   M    M   6        28 360
16  72  40  56 -11   9   0 0.00    M    M  3.7 12 160   M    M   2        14 150
17  80  60  70   4   0   5 0.01    M    M  4.4 12 120   M    M   6 1      14 120
18  71  57  64  -2   1   0 0.00    M    M  7.0 13 100   M    M   7 1      17 140
19  82  57  70   5   0   5 0.00    M    M 11.5 21 160   M    M   5 1      25 190
20  84  67  76  11   0  11 0.05    M    M  8.9 24  10   M    M   1 13     40 320
21  75  52  64  -1   1   0 0.00    M    M  8.6 22 350   M    M   0        31 320
22  75  46  61  -3   4   0 0.00    M    M  3.3  9 150   M    M   0        12 150
23  73  54  64   0   1   0 0.54    M    M  8.5 20 160   M    M   5 13     26 140
24  76  58  67   4   0   2 0.02    M    M  8.8 17 150   M    M   8 13     22 170
25  84  58  71   8   0   6 0.00    M    M  5.4 13 160   M    M   3        16 160
26  84  57  71   9   0   6 0.00    M    M  6.9 17 160   M    M   1        23 190
27  82  56  69   7   0   4 0.00    M    M  6.2 17 160   M    M   1 1      22 180
28  84  54  69   7   0   4 0.00    M    M  4.7 13 170   M    M   0 1      18 180
29  85  54  70   9   0   5 0.00    M    M  3.1 10 190   M    M   1        15 220
30  84  59  72  11   0   7 0.64    M    M  7.2 25 280   M    M   4 13     32 280
================================================================================
SM 2349 1654        69 129  3.53    M    221.3          M      104
================================================================================
AV 78.3 55.1                               7.4 FASTST   M    M   3    MAX(MPH)
                                 MISC ---->  # 28 220               # 40  320
================================================================================
NOTES:
# LAST OF SEVERAL OCCURRENCES

COLUMN 17 PEAK WIND IN M.P.H.

PRELIMINARY LOCAL CLIMATOLOGICAL DATA (WS FORM: F-6) , PAGE 2

                                          STATION:  FALLS CITY, NEBRASKA
                                          MONTH:    SEPTEMBER
                                          YEAR:     2014
                                          LATITUDE:   40  4 N
                                          LONGITUDE:  95 35 W

[TEMPERATURE DATA]      [PRECIPITATION DATA]       SYMBOLS USED IN COLUMN 16

AVERAGE MONTHLY: 66.7   TOTAL FOR MONTH:   3.53    1 = FOG OR MIST
DPTR FM NORMAL:   0.0   DPTR FM NORMAL:   -0.02    2 = FOG REDUCING VISIBILITY
HIGHEST:    96 ON  4    GRTST 24HR  1.79 ON  9-10      TO 1/4 MILE OR LESS
LOWEST:     35 ON 13                               3 = THUNDER
                        SNOW, ICE PELLETS, HAIL    4 = ICE PELLETS
                        TOTAL MONTH:    M          5 = HAIL
                        GRTST 24HR    M  ON   M    6 = FREEZING RAIN OR DRIZZLE
                        GRTST DEPTH:  M  ON   M    7 = DUSTSTORM OR SANDSTORM:
                                                       VSBY 1/2 MILE OR LESS
                                                   8 = SMOKE OR HAZE
[NO. OF DAYS WITH]      [WEATHER - DAYS WITH]      9 = BLOWING SNOW
                                                   X = TORNADO
MAX 32 OR BELOW:   0    0.01 INCH OR MORE:  12
MAX 90 OR ABOVE:   2    0.10 INCH OR MORE:   6
MIN 32 OR BELOW:   0    0.50 INCH OR MORE:   3
MIN  0 OR BELOW:   0    1.00 INCH OR MORE:   1

[HDD (BASE 65) ]
TOTAL THIS MO.    69    CLEAR  (SCALE 0-3)  16
DPTR FM NORMAL   -14    PTCLDY (SCALE 4-7)  12
TOTAL FM JUL 1    75    CLOUDY (SCALE 8-10)  2
DPTR FM NORMAL   -14

[CDD (BASE 65) ]
TOTAL THIS MO.   129
DPTR FM NORMAL    -7    [PRESSURE DATA]
TOTAL FM JAN 1  1222    HIGHEST SLP 30.43 ON 13
DPTR FM NORMAL     4    LOWEST  SLP 29.50 ON  9

[REMARKS]
#FINAL-09-14#




U.S. Dept. of Commerce
NOAA National Weather Service
1325 East West Highway
Silver Spring, MD 20910
E-mail: w-nws.webmaster@noaa.gov
Page last modified: May 16, 2007
NATIONAL WEATHER SERVICE: for Safety, for Work, for Fun - FOR LIFE