816
CXUS55 KTBW 301000
CF6FMY
PRELIMINARY LOCAL CLIMATOLOGICAL DATA (WS FORM: F-6)

                                          STATION:   Fort Myers
                                          MONTH:     JULY
                                          YEAR:      2014
                                          LATITUDE:   26 34 N
                                          LONGITUDE:  81 52 W

  TEMPERATURE IN F:       :PCPN:    SNOW:  WIND      :SUNSHINE: SKY     :PK WND
================================================================================
1   2   3   4   5  6A  6B    7    8   9   10  11  12  13   14  15   16   17  18
                                     12Z  AVG MX 2MIN
DY MAX MIN AVG DEP HDD CDD  WTR  SNW DPTH SPD SPD DIR MIN PSBL S-S WX    SPD DR
================================================================================

 1  94  78  86   3   0  21 0.00  0.0    0  7.6 17 260   M    M   1 3      21 260
 2  93  77  85   2   0  20 0.00  0.0    0  7.9 20 240   M    M   2 3      24 260
 3  91  79  85   2   0  20 0.17  0.0    0  8.6 17 220   M    M   1 138    24 250
 4  93  77  85   2   0  20 0.00  0.0    0  6.6 16 260   M    M   1 1      22 260
 5  90  76  83   0   0  18 0.83  0.0    0  3.3 22 270   M    M   2 138    24 270
 6  92  73  83   0   0  18 0.18  0.0    0  4.8 23  40   M    M   2 13     28  30
 7  84  74  79  -4   0  14 0.10  0.0    0  3.5 13 220   M    M   2 13     16 220
 8  92  73  83   0   0  18 0.11  0.0    0  5.4 18  90   M    M   2 13     24 100
 9  92  73  83   0   0  18 0.29  0.0    0  4.0 18 310   M    M   1 13     22  50
10  89  72  81  -2   0  16 3.31  0.0    0  3.0 18 250   M    M   1 138    26 220
11  92  74  83   0   0  18 0.04  0.0    0  4.9 20  10   M    M   2 138    31  30
12  92  75  84   1   0  19 0.07  0.0    0  4.5 20 200   M    M   3 138    25 190
13  93  74  84   1   0  19 0.07  0.0    0  5.1 13 300   M    M   3 38     15 280
14  90  76  83   0   0  18 0.00  0.0    0  3.6 14 120   M    M   2 3      18 220
15  87  74  81  -2   0  16 0.12  0.0    0  4.3 13 240   M    M   3 13     16 240
16  89  74  82  -1   0  17 0.39  0.0    0  6.3 26 310   M    M   1 138    35 310
17  91  76  84   1   0  19 0.09  0.0    0  7.5 21 270   M    M   2 13     26 280
18  93  76  85   2   0  20 0.00  0.0    0  4.5 18  70   M    M   1        23  70
19  95  76  86   3   0  21 0.00  0.0    0  5.3 16 290   M    M   1        20 320
20  96  76  86   3   0  21 0.29  0.0    0  5.0 29 330   M    M   2 13     34 330
21  93  76  85   2   0  20 0.00  0.0    0  4.6 15 110   M    M   2 3      20 120
22  87  74  81  -2   0  16 0.40  0.0    0  3.3 14 180   M    M   3 13     18 180
23  92  75  84   1   0  19 0.00  0.0    0  2.7 18  20   M    M   1 1      23  10
24  92  77  85   2   0  20 0.00  0.0    0  4.3 15 250   M    M   1 3      18 250
25  91  77  84   1   0  19 0.53  0.0    0  5.0 18  80   M    M   3 13     23  80
26  92  75  84   1   0  19 0.65  0.0    0  1.4 22  10   M    M   2 13     33 360
27  91  76  84   1   0  19    T  0.0    0  4.7 15 320   M    M   2 3      19 320
28  90  78  84   1   0  19 0.30  0.0    0  5.8 28 300   M    M   1 13     33 310
29  91  75  83   0   0  18 0.67  0.0    0  6.4 32 290   M    M   2 138    39 290
================================================================================
SM 2647 2186         0 540  8.61     0.0 143.9          M       52
================================================================================
AV 91.3 75.4                               5.0 FASTST   M    M   2    MAX(MPH)
                                 MISC ---->  # 32 290               # 39  290
================================================================================
NOTES:
# LAST OF SEVERAL OCCURRENCES

COLUMN 17 PEAK WIND IN M.P.H.

PRELIMINARY LOCAL CLIMATOLOGICAL DATA (WS FORM: F-6) , PAGE 2

                                          STATION:  Fort Myers
                                          MONTH:    JULY
                                          YEAR:     2014
                                          LATITUDE:   26 34 N
                                          LONGITUDE:  81 52 W

[TEMPERATURE DATA]      [PRECIPITATION DATA]       SYMBOLS USED IN COLUMN 16

AVERAGE MONTHLY: 83.3   TOTAL FOR MONTH:   8.61    1 = FOG OR MIST
DPTR FM NORMAL:   0.3   DPTR FM NORMAL:    0.17    2 = FOG REDUCING VISIBILITY
HIGHEST:    96 ON 20    GRTST 24HR  3.43 ON  9-10      TO 1/4 MILE OR LESS
LOWEST:     72 ON 10                               3 = THUNDER
                        SNOW, ICE PELLETS, HAIL    4 = ICE PELLETS
                        TOTAL MONTH:   0.0 INCH    5 = HAIL
                        GRTST 24HR     0.0         6 = FREEZING RAIN OR DRIZZLE
                        GRTST DEPTH:   0           7 = DUSTSTORM OR SANDSTORM:
                                                       VSBY 1/2 MILE OR LESS
                                                   8 = SMOKE OR HAZE
[NO. OF DAYS WITH]      [WEATHER - DAYS WITH]      9 = BLOWING SNOW
                                                   X = TORNADO
MAX 32 OR BELOW:   0    0.01 INCH OR MORE:  19
MAX 90 OR ABOVE:  24    0.10 INCH OR MORE:  15
MIN 32 OR BELOW:   0    0.50 INCH OR MORE:   5
MIN  0 OR BELOW:   0    1.00 INCH OR MORE:   1

[HDD (BASE 65) ]
TOTAL THIS MO.     0    CLEAR  (SCALE 0-3)  27
DPTR FM NORMAL     0    PTCLDY (SCALE 4-7)   2
TOTAL FM JUL 1     0    CLOUDY (SCALE 8-10)  0
DPTR FM NORMAL     0

[CDD (BASE 65) ]
TOTAL THIS MO.   540
DPTR FM NORMAL    18    [PRESSURE DATA]
TOTAL FM JAN 1  2261    HIGHEST SLP M ON M
DPTR FM NORMAL   148    LOWEST  SLP 29.85 ON  1

[REMARKS]




U.S. Dept. of Commerce
NOAA National Weather Service
1325 East West Highway
Silver Spring, MD 20910
E-mail: w-nws.webmaster@noaa.gov
Page last modified: May 16, 2007
NATIONAL WEATHER SERVICE: for Safety, for Work, for Fun - FOR LIFE