767
CXUS55 KTBW 011904
CF6FMY
PRELIMINARY LOCAL CLIMATOLOGICAL DATA (WS FORM: F-6)

                                          STATION:   Fort Myers
                                          MONTH:     NOVEMBER
                                          YEAR:      2014
                                          LATITUDE:   26 34 N
                                          LONGITUDE:  81 52 W

  TEMPERATURE IN F:       :PCPN:    SNOW:  WIND      :SUNSHINE: SKY     :PK WND
================================================================================
1   2   3   4   5  6A  6B    7    8   9   10  11  12  13   14  15   16   17  18
                                     12Z  AVG MX 2MIN
DY MAX MIN AVG DEP HDD CDD  WTR  SNW DPTH SPD SPD DIR MIN PSBL S-S WX    SPD DR
================================================================================

 1  73  53  63 -11   2   0 0.00  0.0    0 12.3 28 310   M    M   1        40 330
 2  70  47  59 -15   6   0 0.00  0.0    0  8.5 15  20   M    M   0        22  10
 3  78  48  63 -11   2   0 0.00  0.0    0  9.0 18  40   M    M   1        23  40
 4  80  58  69  -5   0   4 0.00  0.0    0  7.9 17  80   M    M   4        23  70
 5  84  61  73  -1   0   8 0.00  0.0    0  7.8 16  90   M    M   4        23  80
 6  86  65  76   3   0  11 0.00  0.0    0  6.1 13 300   M    M   2        16 300
 7  82  64  73   0   0   8 0.00  0.0    0  4.3 14 310   M    M   3        16 310
 8  82  60  71  -2   0   6 0.12  0.0    0  6.2 14 280   M    M   7 1      17 290
 9  65  59  62 -11   3   0 0.56  0.0    0  6.4 15  40   M    M   9 1      20 350
10  78  61  70  -3   0   5    T  0.0    0  7.7 15 340   M    M   3        21 340
11  78  57  68  -4   0   3 0.00  0.0    0  7.5 16 310   M    M   0 1      20 320
12  83  58  71  -1   0   6 0.00  0.0    0  4.7 13 320   M    M   0        16 320
13  82  56  69  -3   0   4 0.00  0.0    0  5.0 10 290   M    M   0 8      13 310
14  76  58  67  -5   0   2 0.00  0.0    0  8.4 15 320   M    M   3 18     18 320
15  79  54  67  -5   0   2 0.00  0.0    0  5.7 13 310   M    M   3        16 320
16  85  63  74   2   0   9 0.00  0.0    0  5.6 13 150   M    M   2        17 150
17  84  67  76   5   0  11 0.82  0.0    0  8.0 22 330   M    M   4 13     28 220
18  71  50  61 -10   4   0 0.08  0.0    0 11.7 18  30   M    M   8 1      25  20
19  64  47  56 -15   9   0    T  0.0    0 13.1 20  20   M    M   5        25  30
20  76  50  63  -8   2   0 0.00  0.0    0 10.7 17  40   M    M   2        22  40
21  72  60  66  -5   0   1    T  0.0    0 10.7 20  60   M    M  10        28  70
22  82  68  75   5   0  10    T  0.0    0 12.9 24 100   M    M   8 1      33 110
23  86  71  79   9   0  14 0.00  0.0    0  8.6 17 200   M    M   6 1      23 210
24  85  73  79   9   0  14    T  0.0    0  6.6 16 210   M    M   5 1      21 200
25  86  76  81  11   0  16 0.04  0.0    0  8.7 20 180   M    M   7 13     26 200
26  78  52  65  -5   0   0 2.85  0.0    0 10.0 26 330   M    M   6 13     35 330
27  74  51  63  -7   2   0 0.00  0.0    0 10.4 20 340   M    M   0        23  10
28  66  48  57 -13   8   0 0.00  0.0    0 11.2 20  20   M    M   0        25  30
29  75  49  62  -7   3   0 0.00  0.0    0  8.5 15  60   M    M   1        19  70
30  79  55  67  -2   0   2 0.00  0.0    0  8.0 17 100   M    M   1        23 120
================================================================================
SM 2339 1739        41 136  4.47     0.0 252.2          M      105
================================================================================
AV 78.0 58.0                               8.4 FASTST   M    M   4    MAX(MPH)
                                 MISC ---->  # 28 310               # 40  330
================================================================================
NOTES:
# LAST OF SEVERAL OCCURRENCES

COLUMN 17 PEAK WIND IN M.P.H.

PRELIMINARY LOCAL CLIMATOLOGICAL DATA (WS FORM: F-6) , PAGE 2

                                          STATION:  Fort Myers
                                          MONTH:    NOVEMBER
                                          YEAR:     2014
                                          LATITUDE:   26 34 N
                                          LONGITUDE:  81 52 W

[TEMPERATURE DATA]      [PRECIPITATION DATA]       SYMBOLS USED IN COLUMN 16

AVERAGE MONTHLY: 68.0   TOTAL FOR MONTH:   4.47    1 = FOG OR MIST
DPTR FM NORMAL:  -3.7   DPTR FM NORMAL:    2.51    2 = FOG REDUCING VISIBILITY
HIGHEST:    86 ON 25,23 GRTST 24HR  2.85 ON 26-26      TO 1/4 MILE OR LESS
LOWEST:     47 ON 19, 2                            3 = THUNDER
                        SNOW, ICE PELLETS, HAIL    4 = ICE PELLETS
                        TOTAL MONTH:   0.0 INCH    5 = HAIL
                        GRTST 24HR     0.0         6 = FREEZING RAIN OR DRIZZLE
                        GRTST DEPTH:   0           7 = DUSTSTORM OR SANDSTORM:
                                                       VSBY 1/2 MILE OR LESS
                                                   8 = SMOKE OR HAZE
[NO. OF DAYS WITH]      [WEATHER - DAYS WITH]      9 = BLOWING SNOW
                                                   X = TORNADO
MAX 32 OR BELOW:   0    0.01 INCH OR MORE:   6
MAX 90 OR ABOVE:   0    0.10 INCH OR MORE:   4
MIN 32 OR BELOW:   0    0.50 INCH OR MORE:   3
MIN  0 OR BELOW:   0    1.00 INCH OR MORE:   1

[HDD (BASE 65) ]
TOTAL THIS MO.    41    CLEAR  (SCALE 0-3)  16
DPTR FM NORMAL    25    PTCLDY (SCALE 4-7)  12
TOTAL FM JUL 1    41    CLOUDY (SCALE 8-10)  2
DPTR FM NORMAL    23

[CDD (BASE 65) ]
TOTAL THIS MO.   136
DPTR FM NORMAL   -79    [PRESSURE DATA]
TOTAL FM JAN 1  3927    HIGHEST SLP 30.33 ON  3
DPTR FM NORMAL    64    LOWEST  SLP 29.83 ON  9

[REMARKS]
#FINAL-11-14#




U.S. Dept. of Commerce
NOAA National Weather Service
1325 East West Highway
Silver Spring, MD 20910
E-mail: w-nws.webmaster@noaa.gov
Page last modified: May 16, 2007
NATIONAL WEATHER SERVICE: for Safety, for Work, for Fun - FOR LIFE