866
CXUS52 KMFL 011000
CF6FLL
PRELIMINARY LOCAL CLIMATOLOGICAL DATA (WS FORM: F-6)

                                          STATION:   FORT LAUDERDALE
                                          MONTH:     NOVEMBER
                                          YEAR:      2014
                                          LATITUDE:   26  4 N
                                          LONGITUDE:  80  9 W

  TEMPERATURE IN F:       :PCPN:    SNOW:  WIND      :SUNSHINE: SKY     :PK WND
================================================================================
1   2   3   4   5  6A  6B    7    8   9   10  11  12  13   14  15   16   17  18
                                     12Z  AVG MX 2MIN
DY MAX MIN AVG DEP HDD CDD  WTR  SNW DPTH SPD SPD DIR MIN PSBL S-S WX    SPD DR
================================================================================

 1  78  56  67 -11   0   2 0.00  0.0    0 11.0 22 270   M    M   1        31 310
 2  73  52  63 -15   2   0 0.00  0.0    0 10.1 16  60   M    M   2        20 330
 3  79  59  69  -9   0   4 0.00  0.0    0 12.3 21  70   M    M   7        28  70
 4  80  73  77   0   0  12    T  0.0    0 15.8 23  80   M    M   7        30  80
 5  83  75  79   2   0  14    T  0.0    0 14.7 24  80   M    M   7        30  60
 6  83  72  78   1   0  13 0.06  0.0    0  6.9 17 100   M    M   5        20 110
 7  85  68  77   0   0  12 0.00  0.0    0  5.2 15 310   M    M   4        18 310
 8  83  69  76  -1   0  11 0.00  0.0    0  5.7 17 140   M    M   6        21 130
 9  75  68  72  -4   0   7 0.47  0.0    0  4.5 12 340   M    M   8 13     15 330
10  78  65  72  -4   0   7 0.59  0.0    0  6.6 14 330   M    M   7 1      18 330
11  80  63  72  -4   0   7 0.00  0.0    0  6.7 17 280   M    M   1        22 270
12  83  63  73  -3   0   8 0.00  0.0    0  7.3 14 320   M    M   2        19 360
13  83  67  75  -1   0  10 0.00  0.0    0  5.8 14  80   M    M   2        18  50
14  83  67  75  -1   0  10 0.00  0.0    0  4.8 12  90   M    M   2        15  60
15  82  65  74  -2   0   9 0.00  0.0    0  8.5 14  70   M    M   3        20  70
16  83  75  79   4   0  14    T  0.0    0 12.4 17 130   M    M   6        22 140
17  87  76  82   7   0  17 0.10  0.0    0 10.2 24 130   M    M   7 1      29 120
18  80  57  69  -6   0   4 0.08  0.0    0  9.3 18 350   M    M   9 1      24 330
19  66  55  61 -14   4   0 1.16  0.0    0  8.9 16 340   M    M  10 1      22 330
20  79  63  71  -4   0   6 0.01  0.0    0 10.4 20  60   M    M   9 1      26  70
21  75  71  73  -2   0   8 0.32  0.0    0 15.0 23  80   M    M  10 1      30  70
22  80  74  77   2   0  12 0.05  0.0    0 21.6 31 100   M    M  10 1      36 100
23  84  78  81   7   0  16    T  0.0    0 14.5 26 120   M    M   6        32 120
24  87  79  83   9   0  18 0.02  0.0    0  8.9 17 170   M    M   6        22 170
25  85  79  82   8   0  17    T  0.0    0 12.6 24 160   M    M   6        28 150
26  82  57  70  -4   0   5 0.06  0.0    0 10.9 22 250   M    M   7 1      29 250
27  73  54  64 -10   1   0 0.00  0.0    0  9.9 21 350   M    M   2        27 350
28  72  52  62 -12   3   0 0.00  0.0    0 11.1 17 340   M    M   3        22 340
29  77  55  66  -8   0   1 0.00  0.0    0 10.8 18  60   M    M   4        24  80
30  79  71  75   2   0  10    T  0.0    0 15.1 22 100   M    M   5        27  80
================================================================================
SM 2397 1978        10 254  2.92     0.0 307.5          M      164
================================================================================
AV 79.9 65.9                              10.2 FASTST   M    M   5    MAX(MPH)
                                 MISC ---->  # 31 100               # 36  100
================================================================================
NOTES:
# LAST OF SEVERAL OCCURRENCES

COLUMN 17 PEAK WIND IN M.P.H.

PRELIMINARY LOCAL CLIMATOLOGICAL DATA (WS FORM: F-6) , PAGE 2

                                          STATION:  FORT LAUDERDALE
                                          MONTH:    NOVEMBER
                                          YEAR:     2014
                                          LATITUDE:   26  4 N
                                          LONGITUDE:  80  9 W

[TEMPERATURE DATA]      [PRECIPITATION DATA]       SYMBOLS USED IN COLUMN 16

AVERAGE MONTHLY: 72.9   TOTAL FOR MONTH:   2.92    1 = FOG OR MIST
DPTR FM NORMAL:  -2.6   DPTR FM NORMAL:   -0.32    2 = FOG REDUCING VISIBILITY
HIGHEST:    87 ON 24,17 GRTST 24HR  1.23 ON 18-19      TO 1/4 MILE OR LESS
LOWEST:     52 ON 28, 2                            3 = THUNDER
                        SNOW, ICE PELLETS, HAIL    4 = ICE PELLETS
                        TOTAL MONTH:   0.0 INCH    5 = HAIL
                        GRTST 24HR     0.0         6 = FREEZING RAIN OR DRIZZLE
                        GRTST DEPTH:   0           7 = DUSTSTORM OR SANDSTORM:
                                                       VSBY 1/2 MILE OR LESS
                                                   8 = SMOKE OR HAZE
[NO. OF DAYS WITH]      [WEATHER - DAYS WITH]      9 = BLOWING SNOW
                                                   X = TORNADO
MAX 32 OR BELOW:   0    0.01 INCH OR MORE:  11
MAX 90 OR ABOVE:   0    0.10 INCH OR MORE:   5
MIN 32 OR BELOW:   0    0.50 INCH OR MORE:   2
MIN  0 OR BELOW:   0    1.00 INCH OR MORE:   1

[HDD (BASE 65) ]
TOTAL THIS MO.    10    CLEAR  (SCALE 0-3)   9
DPTR FM NORMAL     8    PTCLDY (SCALE 4-7)  16
TOTAL FM JUL 1    10    CLOUDY (SCALE 8-10)  5
DPTR FM NORMAL     8

[CDD (BASE 65) ]
TOTAL THIS MO.   254
DPTR FM NORMAL   -65    [PRESSURE DATA]
TOTAL FM JAN 1  4601    HIGHEST SLP 30.28 ON 30
DPTR FM NORMAL    88    LOWEST  SLP 29.82 ON  9

[REMARKS]
#FINAL-11-14#




U.S. Dept. of Commerce
NOAA National Weather Service
1325 East West Highway
Silver Spring, MD 20910
E-mail: w-nws.webmaster@noaa.gov
Page last modified: May 16, 2007
NATIONAL WEATHER SERVICE: for Safety, for Work, for Fun - FOR LIFE