774
CXUS52 KMFL 231000
CF6FLL
PRELIMINARY LOCAL CLIMATOLOGICAL DATA (WS FORM: F-6)

                                          STATION:   FORT LAUDERDALE
                                          MONTH:     APRIL
                                          YEAR:      2014
                                          LATITUDE:   26  4 N
                                          LONGITUDE:  80  9 W

  TEMPERATURE IN F:       :PCPN:    SNOW:  WIND      :SUNSHINE: SKY     :PK WND
================================================================================
1   2   3   4   5  6A  6B    7    8   9   10  11  12  13   14  15   16   17  18
                                     12Z  AVG MX 2MIN
DY MAX MIN AVG DEP HDD CDD  WTR  SNW DPTH SPD SPD DIR MIN PSBL S-S WX    SPD DR
================================================================================

 1  79  63  71  -4   0   6 0.00  0.0    0  7.4 15 110   M    M   3        22  90
 2  79  69  74  -1   0   9 0.00  0.0    0 10.9 17 130   M    M   2        22 110
 3  81  72  77   2   0  12 0.00  0.0    0 12.7 20 130   M    M   5        25 130
 4  82  74  78   3   0  13 0.00  0.0    0 11.8 22 130   M    M   5        26 130
 5  84  72  78   3   0  13 0.00  0.0    0  7.8 17 130   M    M   3        22 140
 6  85  71  78   3   0  13 0.00  0.0    0 10.6 20 150   M    M   4        26 160
 7  87  76  82   7   0  17 0.00  0.0    0 13.0 23 150   M    M   6        27 150
 8  92  69  81   6   0  16 0.26  0.0    0 15.1 32 220   M    M   8 1      42 220
 9  80  68  74  -2   0   9 0.00  0.0    0 10.4 22 320   M    M   6        30 320
10  80  68  74  -2   0   9 0.00  0.0    0 11.3 20 100   M    M   5        24  80
11  82  71  77   1   0  12 0.00  0.0    0 11.9 20 120   M    M   7        25 130
12  83  73  78   2   0  13 0.00  0.0    0 12.1 21  70   M    M   3        28  50
13  79  72  76   0   0  11 0.91  0.0    0 12.6 22 100   M    M   8 18     25 100
14  86  75  81   5   0  16 0.00  0.0    0 11.8 20 140   M    M   5        25 140
15  88  74  81   5   0  16 0.93  0.0    0  9.3 23 130   M    M   4 13     36 240
16  83  72  78   2   0  13 1.14  0.0    0  9.5 18  20   M    M   8 13     23  30
17  82  73  78   2   0  13 0.72  0.0    0 11.9 25  70   M    M   7 13     30  70
18  85  74  80   4   0  15 0.09  0.0    0 13.8 23 130   M    M   6 1      28 150
19  90  69  80   3   0  15 0.17  0.0    0  9.9 22 250   M    M   5 13     28 260
20  80  66  73  -4   0   8 0.00  0.0    0  8.3 14 310   M    M   6        20 270
21  83  63  73  -4   0   8 0.00  0.0    0  7.9 14  50   M    M   5        20 290
22  82  67  75  -2   0  10 0.00  0.0    0  6.1 13 270   M    M   6        16 120
================================================================================
SM 1832 1551         0 267  4.22     0.0 236.1          M      117
================================================================================
AV 83.3 70.5                              10.7 FASTST   M    M   5    MAX(MPH)
                                 MISC ---->  # 32 220               # 42  220
================================================================================
NOTES:
# LAST OF SEVERAL OCCURRENCES

COLUMN 17 PEAK WIND IN M.P.H.

PRELIMINARY LOCAL CLIMATOLOGICAL DATA (WS FORM: F-6) , PAGE 2

                                          STATION:  FORT LAUDERDALE
                                          MONTH:    APRIL
                                          YEAR:     2014
                                          LATITUDE:   26  4 N
                                          LONGITUDE:  80  9 W

[TEMPERATURE DATA]      [PRECIPITATION DATA]       SYMBOLS USED IN COLUMN 16

AVERAGE MONTHLY: 76.9   TOTAL FOR MONTH:   4.22    1 = FOG OR MIST
DPTR FM NORMAL:   1.1   DPTR FM NORMAL:    1.94    2 = FOG REDUCING VISIBILITY
HIGHEST:    92 ON  8    GRTST 24HR  1.66 ON 16-17      TO 1/4 MILE OR LESS
LOWEST:     63 ON 21, 1                            3 = THUNDER
                        SNOW, ICE PELLETS, HAIL    4 = ICE PELLETS
                        TOTAL MONTH:   0.0 INCH    5 = HAIL
                        GRTST 24HR     0.0         6 = FREEZING RAIN OR DRIZZLE
                        GRTST DEPTH:   0           7 = DUSTSTORM OR SANDSTORM:
                                                       VSBY 1/2 MILE OR LESS
                                                   8 = SMOKE OR HAZE
[NO. OF DAYS WITH]      [WEATHER - DAYS WITH]      9 = BLOWING SNOW
                                                   X = TORNADO
MAX 32 OR BELOW:   0    0.01 INCH OR MORE:   7
MAX 90 OR ABOVE:   2    0.10 INCH OR MORE:   6
MIN 32 OR BELOW:   0    0.50 INCH OR MORE:   4
MIN  0 OR BELOW:   0    1.00 INCH OR MORE:   1

[HDD (BASE 65) ]
TOTAL THIS MO.     0    CLEAR  (SCALE 0-3)   4
DPTR FM NORMAL     0    PTCLDY (SCALE 4-7)  17
TOTAL FM JUL 1    81    CLOUDY (SCALE 8-10)  1
DPTR FM NORMAL   -30

[CDD (BASE 65) ]
TOTAL THIS MO.   267
DPTR FM NORMAL    30    [PRESSURE DATA]
TOTAL FM JAN 1   927    HIGHEST SLP M ON M
DPTR FM NORMAL    80    LOWEST  SLP 29.78 ON  8

[REMARKS]




U.S. Dept. of Commerce
NOAA National Weather Service
1325 East West Highway
Silver Spring, MD 20910
E-mail: w-nws.webmaster@noaa.gov
Page last modified: May 16, 2007
NATIONAL WEATHER SERVICE: for Safety, for Work, for Fun - FOR LIFE