330
CXUS52 KMFL 011000
CF6FLL
PRELIMINARY LOCAL CLIMATOLOGICAL DATA (WS FORM: F-6)

                                          STATION:   FORT LAUDERDALE
                                          MONTH:     AUGUST
                                          YEAR:      2014
                                          LATITUDE:   26  4 N
                                          LONGITUDE:  80  9 W

  TEMPERATURE IN F:       :PCPN:    SNOW:  WIND      :SUNSHINE: SKY     :PK WND
================================================================================
1   2   3   4   5  6A  6B    7    8   9   10  11  12  13   14  15   16   17  18
                                     12Z  AVG MX 2MIN
DY MAX MIN AVG DEP HDD CDD  WTR  SNW DPTH SPD SPD DIR MIN PSBL S-S WX    SPD DR
================================================================================

 1  92  80  86   1   0  21 0.00  0.0    0  7.5 16 110   M    M   4        22 120
 2  92  79  86   1   0  21 0.25  0.0    0  5.7 15  90   M    M   6 1      18 100
 3  87  74  81  -4   0  16 0.67  0.0    0  6.2 29 130   M    M   8 13     36 150
 4  89  76  83  -2   0  18 1.43  0.0    0  6.8 26 240   M    M   7 13     32 240
 5  92  76  84  -1   0  19    T  0.0    0  5.2 18 260   M    M   5        23 270
 6  92  79  86   1   0  21 0.01  0.0    0  5.3 15 210   M    M   4 3      19 210
 7  92  78  85   0   0  20 0.02  0.0    0  6.4 17 140   M    M   4 3      23 140
 8  90  78  84  -1   0  19 0.01  0.0    0  6.1 15 130   M    M   6        19 140
 9  93  81  87   2   0  22 0.00  0.0    0  4.9 17 140   M    M   5        22 130
10  92  81  87   2   0  22 0.00  0.0    0  6.6 17 130   M    M   3        20 150
11  93  78  86   1   0  21 0.00  0.0    0  4.7 21 250   M    M   4 3      26 260
12  92  78  85   0   0  20 0.05  0.0    0  5.0 21 130   M    M   5        26 140
13  93  80  87   2   0  22    T  0.0    0  6.9 21 130   M    M   5        26 130
14  93  77  85   0   0  20 1.26  0.0    0  6.0 25 180   M    M   5 38     34 170
15  93  73  83  -2   0  18 1.18  0.0    0  4.8 24 140   M    M   6 13     29 340
16  93  77  85   0   0  20 0.09  0.0    0  4.5 22 330   M    M   7 3      30 330
17  92  78  85   0   0  20    T  0.0    0  6.1 17 120   M    M   5        21 130
18  92  80  86   1   0  21 0.00  0.0    0  5.7 15 140   M    M   3        19 120
19  93  81  87   3   0  22 0.00  0.0    0  5.8 15 140   M    M   5        20 120
20  93  82  88   4   0  23 0.00  0.0    0  5.5 15 130   M    M   5        19 140
21  92  82  87   3   0  22 0.00  0.0    0  6.8 15 130   M    M   5        21 130
22  92  82  87   3   0  22 0.00  0.0    0  7.5 15 120   M    M   3        21  90
23  93  81  87   3   0  22 0.00  0.0    0  8.2 17  60   M    M   3        22  70
24  94  80  87   3   0  22 0.00  0.0    0  6.1 15  80   M    M   3        20  40
25  93  79  86   2   0  21 0.29  0.0    0 10.2 24  50   M    M   7 18     33  40
26  91  82  87   3   0  22 0.04  0.0    0 12.5 22  50   M    M   5        28  60
27  91  78  85   1   0  20 0.00  0.0    0  9.0 17 100   M    M   4        23  60
28  92  82  87   3   0  22 0.02  0.0    0  7.6 20 120   M    M   6 3      24 160
29  92  83  88   4   0  23 0.01  0.0    0  9.0 17 120   M    M   5        24 140
30  91  78  85   1   0  20 0.22  0.0    0 12.6 21 140   M    M   5 3      26 140
31  91  82  87   3   0  22 0.16  0.0    0 11.4 18 110   M    M   3        21  90
================================================================================
SM 2850 2455         0 644  5.71     0.0 216.6          M      151
================================================================================
AV 91.9 79.2                               7.0 FASTST   M    M   5    MAX(MPH)
                                 MISC ---->  # 29 130               # 36  150
================================================================================
NOTES:
# LAST OF SEVERAL OCCURRENCES

COLUMN 17 PEAK WIND IN M.P.H.

PRELIMINARY LOCAL CLIMATOLOGICAL DATA (WS FORM: F-6) , PAGE 2

                                          STATION:  FORT LAUDERDALE
                                          MONTH:    AUGUST
                                          YEAR:     2014
                                          LATITUDE:   26  4 N
                                          LONGITUDE:  80  9 W

[TEMPERATURE DATA]      [PRECIPITATION DATA]       SYMBOLS USED IN COLUMN 16

AVERAGE MONTHLY: 85.6   TOTAL FOR MONTH:   5.71    1 = FOG OR MIST
DPTR FM NORMAL:   1.0   DPTR FM NORMAL:   -1.73    2 = FOG REDUCING VISIBILITY
HIGHEST:    94 ON 24    GRTST 24HR  2.43 ON 14-15      TO 1/4 MILE OR LESS
LOWEST:     73 ON 15                               3 = THUNDER
                        SNOW, ICE PELLETS, HAIL    4 = ICE PELLETS
                        TOTAL MONTH:   0.0 INCH    5 = HAIL
                        GRTST 24HR     0.0         6 = FREEZING RAIN OR DRIZZLE
                        GRTST DEPTH:   0           7 = DUSTSTORM OR SANDSTORM:
                                                       VSBY 1/2 MILE OR LESS
                                                   8 = SMOKE OR HAZE
[NO. OF DAYS WITH]      [WEATHER - DAYS WITH]      9 = BLOWING SNOW
                                                   X = TORNADO
MAX 32 OR BELOW:   0    0.01 INCH OR MORE:  16
MAX 90 OR ABOVE:  29    0.10 INCH OR MORE:   8
MIN 32 OR BELOW:   0    0.50 INCH OR MORE:   4
MIN  0 OR BELOW:   0    1.00 INCH OR MORE:   3

[HDD (BASE 65) ]
TOTAL THIS MO.     0    CLEAR  (SCALE 0-3)   3
DPTR FM NORMAL     0    PTCLDY (SCALE 4-7)  27
TOTAL FM JUL 1     0    CLOUDY (SCALE 8-10)  1
DPTR FM NORMAL     0

[CDD (BASE 65) ]
TOTAL THIS MO.   644
DPTR FM NORMAL    37    [PRESSURE DATA]
TOTAL FM JAN 1  3310    HIGHEST SLP 30.12 ON 21
DPTR FM NORMAL   144    LOWEST  SLP 29.71 ON 25

[REMARKS]
#FINAL-08-14#




U.S. Dept. of Commerce
NOAA National Weather Service
1325 East West Highway
Silver Spring, MD 20910
E-mail: w-nws.webmaster@noaa.gov
Page last modified: May 16, 2007
NATIONAL WEATHER SERVICE: for Safety, for Work, for Fun - FOR LIFE