519
CXUS56 KFGZ 010900
CF6FLG
PRELIMINARY LOCAL CLIMATOLOGICAL DATA (WS FORM: F-6)

                                          STATION:   FLAGSTAFF AZ AIRPORT
                                          MONTH:     NOVEMBER
                                          YEAR:      2014
                                          LATITUDE:   35  7 N
                                          LONGITUDE: 111 40 W

  TEMPERATURE IN F:       :PCPN:    SNOW:  WIND      :SUNSHINE: SKY     :PK WND
================================================================================
1   2   3   4   5  6A  6B    7    8   9   10  11  12  13   14  15   16   17  18
                                     12Z  AVG MX 2MIN
DY MAX MIN AVG DEP HDD CDD  WTR  SNW DPTH SPD SPD DIR MIN PSBL S-S WX    SPD DR
================================================================================

 1  57  44  51   9  14   0 0.16  0.0    0 18.8 35 220   M    M   5 18     47 190
 2  45  30  38  -3  27   0 0.44    T    0 11.0 25 220   M    M   7 1      34 220
 3  46  22  34  -7  31   0 0.00  0.0    0  6.0 18  50   M    M   2 8      26  30
 4  48  31  40  -1  25   0 0.00  0.0    0 14.5 25  40   M    M   0 8      34  60
 5  59  30  45   5  20   0 0.00  0.0    0 11.0 23  40   M    M   0 8      28  40
 6  63  27  45   5  20   0 0.00  0.0    0  5.1 15  70   M    M   0 8      19  80
 7  69  24  47   7  18   0 0.00  0.0    0  2.7 13 340   M    M   0        19 330
 8  63  31  47   8  18   0 0.00  0.0    0  6.8 20  70   M    M   0        25  60
 9  68  28  48   9  17   0 0.00  0.0    0  5.7 17 220   M    M   0        22 220
10  59  33  46   7  19   0 0.00  0.0    0 11.6 32 230   M    M   0        44 240
11  57  30  44   6  21   0 0.00  0.0    0 11.1 25 210   M    M   0        32 210
12  55  32  44   6  21   0 0.00  0.0    0  8.5 22 210   M    M   1        30 240
13  55  29  42   4  23   0 0.00  0.0    0  9.9 25 220   M    M   4 1      36 210
14  47  40  44   7  21   0 0.00  0.0    0  9.8 20 230   M    M   8 1      25 210
15  50  33  42   5  23   0    T  0.0    0 12.6 26 220   M    M   5        33 230
16  42  27  35  -1  30   0    T    T    0 16.8 37  40   M    M   2        47  40
17  43  19  31  -5  34   0 0.00  0.0    0  9.7 21  60   M    M   0 8      29  80
18  49  11  30  -6  35   0 0.00  0.0    0  3.5 13 100   M    M   0 8      19  60
19  55  13  34  -1  31   0 0.00  0.0    0  4.2 17 190   M    M   2        21 200
20  54  21  38   3  27   0 0.00  0.0    0  3.7 17 210   M    M   1 8      22 220
21  50  22  36   1  29   0 0.00  0.0    0  1.6 12  70   M    M   1        15  40
22  53  17  35   1  30   0 0.00  0.0    0  6.8 26 230   M    M   0        36 230
23  45  18  32  -2  33   0 0.00  0.0    0  8.6 23  40   M    M   0        36  30
24  46  13  30  -4  35   0 0.00  0.0    0 10.2 24  30   M    M   0        39  20
25  53  12  33   0  32   0 0.00  0.0    0  4.4 20  50   M    M   0        25  60
26  62  21  42   9  23   0 0.00  0.0    0  3.4 14  70   M    M   0        19  50
27  66  21  44  11  21   0 0.00  0.0    0  2.3 13  70   M    M   0        15  70
28  65  24  45  13  20   0 0.00  0.0    0  6.0 17 220   M    M   0        23 210
29  57  24  41   9  24   0 0.00  0.0    0 10.1 26 230   M    M   0        35 220
30  52  30  41   9  24   0 0.00  0.0    0 13.8 32 220   M    M   0        40 210
================================================================================
SM 1633  757       746   0  0.60    T    250.2          M       38
================================================================================
AV 54.4 25.2                               8.3 FASTST   M    M   1    MAX(MPH)
                                 MISC ---->  # 37  40               # 47  190
================================================================================
NOTES:
# LAST OF SEVERAL OCCURRENCES

COLUMN 17 PEAK WIND IN M.P.H.

PRELIMINARY LOCAL CLIMATOLOGICAL DATA (WS FORM: F-6) , PAGE 2

                                          STATION:  FLAGSTAFF AZ AIRPORT
                                          MONTH:    NOVEMBER
                                          YEAR:     2014
                                          LATITUDE:   35  7 N
                                          LONGITUDE: 111 40 W

[TEMPERATURE DATA]      [PRECIPITATION DATA]       SYMBOLS USED IN COLUMN 16

AVERAGE MONTHLY: 39.8   TOTAL FOR MONTH:   0.60    1 = FOG OR MIST
DPTR FM NORMAL:   3.1   DPTR FM NORMAL:   -1.16    2 = FOG REDUCING VISIBILITY
HIGHEST:    69 ON  7    GRTST 24HR  0.58 ON  1- 2      TO 1/4 MILE OR LESS
LOWEST:     11 ON 18                               3 = THUNDER
                        SNOW, ICE PELLETS, HAIL    4 = ICE PELLETS
                        TOTAL MONTH:    T          5 = HAIL
                        GRTST 24HR    T  ON 16-16  6 = FREEZING RAIN OR DRIZZLE
                        GRTST DEPTH:   0           7 = DUSTSTORM OR SANDSTORM:
                                                       VSBY 1/2 MILE OR LESS
                                                   8 = SMOKE OR HAZE
[NO. OF DAYS WITH]      [WEATHER - DAYS WITH]      9 = BLOWING SNOW
                                                   X = TORNADO
MAX 32 OR BELOW:   0    0.01 INCH OR MORE:   2
MAX 90 OR ABOVE:   0    0.10 INCH OR MORE:   2
MIN 32 OR BELOW:  26    0.50 INCH OR MORE:   0
MIN  0 OR BELOW:   0    1.00 INCH OR MORE:   0

[HDD (BASE 65) ]
TOTAL THIS MO.   746    CLEAR  (SCALE 0-3)  25
DPTR FM NORMAL  -103    PTCLDY (SCALE 4-7)   4
TOTAL FM JUL 1  1417    CLOUDY (SCALE 8-10)  1
DPTR FM NORMAL  -315

[CDD (BASE 65) ]
TOTAL THIS MO.     0
DPTR FM NORMAL     0    [PRESSURE DATA]
TOTAL FM JAN 1   109    HIGHEST SLP M ON M
DPTR FM NORMAL    -8    LOWEST  SLP 29.70 ON 10

[REMARKS]
#FINAL-11-14#




U.S. Dept. of Commerce
NOAA National Weather Service
1325 East West Highway
Silver Spring, MD 20910
E-mail: w-nws.webmaster@noaa.gov
Page last modified: May 16, 2007
NATIONAL WEATHER SERVICE: for Safety, for Work, for Fun - FOR LIFE