025
CXUS56 KFGZ 010900
CF6FLG
PRELIMINARY LOCAL CLIMATOLOGICAL DATA (WS FORM: F-6)

                                          STATION:   FLAGSTAFF AZ AIRPORT
                                          MONTH:     SEPTEMBER
                                          YEAR:      2014
                                          LATITUDE:   35  7 N
                                          LONGITUDE: 111 40 W

  TEMPERATURE IN F:       :PCPN:    SNOW:  WIND      :SUNSHINE: SKY     :PK WND
================================================================================
1   2   3   4   5  6A  6B    7    8   9   10  11  12  13   14  15   16   17  18
                                     12Z  AVG MX 2MIN
DY MAX MIN AVG DEP HDD CDD  WTR  SNW DPTH SPD SPD DIR MIN PSBL S-S WX    SPD DR
================================================================================

 1  80  47  64   2   1   0 0.00  0.0    0  5.2 18 220   M    M   0        25 210
 2  80  46  63   1   2   0 0.00  0.0    0  4.7 18 210   M    M   0        23 210
 3  79  45  62   1   3   0 0.00  0.0    0  6.7 22 240   M    M   0        32 220
 4  67  49  58  -3   7   0 0.20  0.0    0  4.1 13  30   M    M   4 13     20 250
 5  75  48  62   1   3   0 0.48  0.0    0  3.2 17  20   M    M   2 13     22 330
 6  78  46  62   1   3   0    T  0.0    0  2.5 15 250   M    M   2 3      20 240
 7  77  50  64   4   1   0 0.02  0.0    0  3.6 15 140   M    M   6 3      22 130
 8  66  55  61   1   4   0 0.26  0.0    0  6.5 16 210   M    M   8 1      20 210
 9  67  53  60   0   5   0 0.36  0.0    0 11.0 25 220   M    M   8 18     30 220
10  74  44  59  -1   6   0 0.00  0.0    0  2.5 15  50   M    M   0        19  40
11  76  39  58  -1   7   0 0.00  0.0    0  2.7 15 200   M    M   0        18 200
12  80  41  61   2   4   0 0.00  0.0    0  2.3 12  50   M    M   2        16  20
13  79  43  61   3   4   0    T  0.0    0  2.3 12 170   M    M   3        16 160
14  78  48  63   5   2   0 0.00  0.0    0  3.3 14  60   M    M   1        19  60
15  79  48  64   6   1   0 0.00  0.0    0  3.1 15 100   M    M   1 3      19 360
16  75  47  61   3   4   0 0.03  0.0    0  3.2 17 220   M    M   4        23 190
17  68  51  60   3   5   0 0.16  0.0    0  3.6 16  40   M    M   7 1      23  30
18  75  46  61   4   4   0 0.01  0.0    0  3.2 15 220   M    M   3        17 230
19  72  51  62   6   3   0 0.28  0.0    0  2.8 12  40   M    M   4 1      14  40
20  78  47  63   7   2   0    T  0.0    0  3.3 17 210   M    M   4 3      23 190
21  73  49  61   5   4   0 0.00  0.0    0  5.7 20 220   M    M   3        24 210
22  74  46  60   5   5   0 0.00  0.0    0  3.7 20 210   M    M   1        25 220
23  76  42  59   4   6   0 0.00  0.0    0  2.9 16 230   M    M   0        21 230
24  78  41  60   5   5   0 0.00  0.0    0  1.8 13 200   M    M   0        15 210
25  78  46  62   8   3   0 0.00  0.0    0  4.9 18 240   M    M   1        24 230
26  74  46  60   6   5   0 0.54  0.0    0  5.8 20 210   M    M   1 1      25 210
27  63  49  56   2   9   0 0.72  0.0    0  7.6 15 190   M    M   8 13     33 250
28  60  37  49  -4  16   0 0.04  0.0    0  9.6 30 220   M    M   3 12     38 200
29  61  32  47  -6  18   0 0.00  0.0    0  4.5 20 230   M    M   1        25 230
30  66  32  49  -3  16   0 0.00  0.0    0  4.7 16 220   M    M   0        21 190
================================================================================
SM 2206 1364       158   0  3.10     0.0 131.0          M       77
================================================================================
AV 73.5 45.5                               4.4 FASTST   M    M   3    MAX(MPH)
                                 MISC ---->  # 30 220               # 38  200
================================================================================
NOTES:
# LAST OF SEVERAL OCCURRENCES

COLUMN 17 PEAK WIND IN M.P.H.

PRELIMINARY LOCAL CLIMATOLOGICAL DATA (WS FORM: F-6) , PAGE 2

                                          STATION:  FLAGSTAFF AZ AIRPORT
                                          MONTH:    SEPTEMBER
                                          YEAR:     2014
                                          LATITUDE:   35  7 N
                                          LONGITUDE: 111 40 W

[TEMPERATURE DATA]      [PRECIPITATION DATA]       SYMBOLS USED IN COLUMN 16

AVERAGE MONTHLY: 59.5   TOTAL FOR MONTH:   3.10    1 = FOG OR MIST
DPTR FM NORMAL:   2.1   DPTR FM NORMAL:    0.72    2 = FOG REDUCING VISIBILITY
HIGHEST:    80 ON 12, 2 GRTST 24HR  0.94 ON 26-27      TO 1/4 MILE OR LESS
LOWEST:     32 ON 30,29                            3 = THUNDER
                        SNOW, ICE PELLETS, HAIL    4 = ICE PELLETS
                        TOTAL MONTH:   0.0 INCH    5 = HAIL
                        GRTST 24HR     0.0         6 = FREEZING RAIN OR DRIZZLE
                        GRTST DEPTH:   0           7 = DUSTSTORM OR SANDSTORM:
                                                       VSBY 1/2 MILE OR LESS
                                                   8 = SMOKE OR HAZE
[NO. OF DAYS WITH]      [WEATHER - DAYS WITH]      9 = BLOWING SNOW
                                                   X = TORNADO
MAX 32 OR BELOW:   0    0.01 INCH OR MORE:  12
MAX 90 OR ABOVE:   0    0.10 INCH OR MORE:   8
MIN 32 OR BELOW:   2    0.50 INCH OR MORE:   2
MIN  0 OR BELOW:   0    1.00 INCH OR MORE:   0

[HDD (BASE 65) ]
TOTAL THIS MO.   158    CLEAR  (SCALE 0-3)  20
DPTR FM NORMAL   -71    PTCLDY (SCALE 4-7)   9
TOTAL FM JUL 1   252    CLOUDY (SCALE 8-10)  1
DPTR FM NORMAL   -65

[CDD (BASE 65) ]
TOTAL THIS MO.     0
DPTR FM NORMAL    -3    [PRESSURE DATA]
TOTAL FM JAN 1   109    HIGHEST SLP M ON M
DPTR FM NORMAL    -8    LOWEST  SLP 29.79 ON 28

[REMARKS]
#FINAL-09-14#




U.S. Dept. of Commerce
NOAA National Weather Service
1325 East West Highway
Silver Spring, MD 20910
E-mail: w-nws.webmaster@noaa.gov
Page last modified: May 16, 2007
NATIONAL WEATHER SERVICE: for Safety, for Work, for Fun - FOR LIFE