653
CXUS56 KFGZ 160900
CF6FLG
PRELIMINARY LOCAL CLIMATOLOGICAL DATA (WS FORM: F-6)

                                          STATION:   FLAGSTAFF AZ AIRPORT
                                          MONTH:     APRIL
                                          YEAR:      2014
                                          LATITUDE:   35  7 N
                                          LONGITUDE: 111 40 W

  TEMPERATURE IN F:       :PCPN:    SNOW:  WIND      :SUNSHINE: SKY     :PK WND
================================================================================
1   2   3   4   5  6A  6B    7    8   9   10  11  12  13   14  15   16   17  18
                                     12Z  AVG MX 2MIN
DY MAX MIN AVG DEP HDD CDD  WTR  SNW DPTH SPD SPD DIR MIN PSBL S-S WX    SPD DR
================================================================================

 1  52  37  45   5  20   0 0.00  0.0    0 23.3 40 220   M    M   1        52 200
 2  40  23  32  -8  33   0 0.30  3.6    T 14.2 35 220   M    M   8 128    43 220
 3  48  17  33  -7  32   0    T    T    2  4.6 17 220   M    M   3        22 220
 4  51  20  36  -4  29   0 0.00  0.0    0  6.1 22 210   M    M   0        26 220
 5  48  22  35  -6  30   0 0.03    T    0  4.2 20 230   M    M   5 18     25 220
 6  57  19  38  -3  27   0 0.00  0.0    0  3.9 16 330   M    M   0        24  10
 7  63  31  47   6  18   0 0.00  0.0    0  6.2 24  50   M    M   0        30  80
 8  69  24  47   6  18   0 0.00  0.0    0  3.0 20 210   M    M   0        27 210
 9  71  27  49   7  16   0 0.00  0.0    0  6.7 22 240   M    M   0        30 240
10  71  25  48   6  17   0 0.00  0.0    0  7.8 26 210   M    M   0        35 230
11  68  30  49   7  16   0 0.00  0.0    0  8.1 24 220   M    M   1        34 230
12  62  27  45   3  20   0 0.00  0.0    0  9.9 26 220   M    M   0        39 200
13  62  27  45   2  20   0 0.00  0.0    0 12.6 36 220   M    M   2        54 210
14  55  24  40  -3  25   0 0.00  0.0    0 13.8 31  50   M    M   0        42  40
15  64  17  41  -2  24   0 0.00  0.0    0  5.7 23 220   M    M   0        27 220
================================================================================
SM  881  370       345   0  0.33     3.6 130.1          M       20
================================================================================
AV 58.7 24.7                               8.7 FASTST   M    M   1    MAX(MPH)
                                 MISC ---->  # 40 220               # 54  210
================================================================================
NOTES:
# LAST OF SEVERAL OCCURRENCES

COLUMN 17 PEAK WIND IN M.P.H.

PRELIMINARY LOCAL CLIMATOLOGICAL DATA (WS FORM: F-6) , PAGE 2

                                          STATION:  FLAGSTAFF AZ AIRPORT
                                          MONTH:    APRIL
                                          YEAR:     2014
                                          LATITUDE:   35  7 N
                                          LONGITUDE: 111 40 W

[TEMPERATURE DATA]      [PRECIPITATION DATA]       SYMBOLS USED IN COLUMN 16

AVERAGE MONTHLY: 41.7   TOTAL FOR MONTH:   0.33    1 = FOG OR MIST
DPTR FM NORMAL:   0.3   DPTR FM NORMAL:   -0.35    2 = FOG REDUCING VISIBILITY
HIGHEST:    71 ON 10, 9 GRTST 24HR  0.30 ON  2- 2      TO 1/4 MILE OR LESS
LOWEST:     17 ON 15, 3                            3 = THUNDER
                        SNOW, ICE PELLETS, HAIL    4 = ICE PELLETS
                        TOTAL MONTH:   3.6 INCHES  5 = HAIL
                        GRTST 24HR   3.6 ON   M    6 = FREEZING RAIN OR DRIZZLE
                        GRTST DEPTH:   2 ON  3     7 = DUSTSTORM OR SANDSTORM:
                                                       VSBY 1/2 MILE OR LESS
                                                   8 = SMOKE OR HAZE
[NO. OF DAYS WITH]      [WEATHER - DAYS WITH]      9 = BLOWING SNOW
                                                   X = TORNADO
MAX 32 OR BELOW:   0    0.01 INCH OR MORE:   2
MAX 90 OR ABOVE:   0    0.10 INCH OR MORE:   1
MIN 32 OR BELOW:  14    0.50 INCH OR MORE:   0
MIN  0 OR BELOW:   0    1.00 INCH OR MORE:   0

[HDD (BASE 65) ]
TOTAL THIS MO.   345    CLEAR  (SCALE 0-3)  13
DPTR FM NORMAL    -9    PTCLDY (SCALE 4-7)   2
TOTAL FM JUL 1  5707    CLOUDY (SCALE 8-10)  0
DPTR FM NORMAL  -354

[CDD (BASE 65) ]
TOTAL THIS MO.     0
DPTR FM NORMAL     0    [PRESSURE DATA]
TOTAL FM JAN 1     0    HIGHEST SLP M ON M
DPTR FM NORMAL     0    LOWEST  SLP 29.63 ON  2

[REMARKS]




U.S. Dept. of Commerce
NOAA National Weather Service
1325 East West Highway
Silver Spring, MD 20910
E-mail: w-nws.webmaster@noaa.gov
Page last modified: May 16, 2007
NATIONAL WEATHER SERVICE: for Safety, for Work, for Fun - FOR LIFE