117
CXUS53 KMKX 220658
CF6FLD
PRELIMINARY LOCAL CLIMATOLOGICAL DATA (WS FORM: F-6)

                                          STATION:   FOND_DU_LAC WI
                                          MONTH:     SEPTEMBER
                                          YEAR:      2014
                                          LATITUDE:   43 46 N
                                          LONGITUDE:  88 29 W

  TEMPERATURE IN F:       :PCPN:    SNOW:  WIND      :SUNSHINE: SKY     :PK WND
================================================================================
1   2   3   4   5  6A  6B    7    8   9   10  11  12  13   14  15   16   17  18
                                     12Z  AVG MX 2MIN
DY MAX MIN AVG DEP HDD CDD  WTR  SNW DPTH SPD SPD DIR MIN PSBL S-S WX    SPD DR
================================================================================

 1  76  63  70   3   0   5 0.13  0.0    0  9.2 20 240   M    M   4 1      29 210
 2  78  56  67   0   0   2 0.00  0.0    0  5.9 15 280   M    M   1 1      19 270
 3  80  58  69   2   0   4 0.00  0.0    0  9.0 20 180   M    M   0        25 160
 4  84  68  76  10   0  11 0.02  0.0    0 14.1 25 200   M    M   5 3      34 210
 5  79  57  68   2   0   3 0.07  0.0    0 10.3 24 310   M    M   5 13     31 270
 6  75  52  64  -2   1   0 0.00  0.0    0  7.5 16 290   M    M   0        27 150
 7  78  51  65   0   0   0 0.00  0.0    0  5.2 17  30   M    M   1        20  30
 8  76  55  66   1   0   1 0.00    M    M  7.2 16 180   M    M   2        21 200
 9  81  57  69   4   0   4 0.00    M    M  6.5 18 290   M    M   1        25 320
10  76  47  62  -2   3   0 0.33    M    M 13.7 26 310   M    M   9 1      35 310
11  52  45  49 -15  16   0 0.00  0.0    0  9.5 18 330   M    M  10        24 330
12  48  40  44 -20  21   0 0.35  0.0    0  7.2 14 330   M    M  10        17 330
13  58  39  49 -14  16   0 0.00  0.0    0  5.7 14 350   M    M   5        18  20
14  65  41  53 -10  12   0 0.00  0.0    0  9.2 21 200   M    M   5        26 190
15  57  45  51 -11  14   0 0.15    M    0  4.6  9 300   M    M   6        25  20
16  64  37  51 -11  14   0 0.00  0.0    0  4.6 12 270   M    M   0        15 290
17  69  41  55  -6  10   0 0.00  0.0    0  5.3 18  20   M    M   2 1      22  20
18  62  46  54  -7  11   0 0.00    M    M  6.8 15  60   M    M   6        20  50
19  73  46  60  -1   5   0 0.00    M    M 13.2 26 190   M    M   2 1      36 210
20  74  57  66   6   0   1 0.29    M    M 10.0 39 290   M    M   4 13     52 300
21  61  43  52  -8  13   0 0.07    M    M 12.1 28 360   M    M   5 1      33 330
================================================================================
SM 1466 1044       136  31  1.41     0.0 176.8          M       83
================================================================================
AV 69.8 49.7                               8.4 FASTST   M    M   4    MAX(MPH)
                                 MISC ---->  # 39 290               # 52  300
================================================================================
NOTES:
# LAST OF SEVERAL OCCURRENCES

COLUMN 17 PEAK WIND IN M.P.H.

PRELIMINARY LOCAL CLIMATOLOGICAL DATA (WS FORM: F-6) , PAGE 2

                                          STATION:  FOND_DU_LAC WI
                                          MONTH:    SEPTEMBER
                                          YEAR:     2014
                                          LATITUDE:   43 46 N
                                          LONGITUDE:  88 29 W

[TEMPERATURE DATA]      [PRECIPITATION DATA]       SYMBOLS USED IN COLUMN 16

AVERAGE MONTHLY: 59.8   TOTAL FOR MONTH:   1.41    1 = FOG OR MIST
DPTR FM NORMAL:  -4.0   DPTR FM NORMAL:   -1.03    2 = FOG REDUCING VISIBILITY
HIGHEST:    84 ON  4    GRTST 24HR  0.35 ON 12-12      TO 1/4 MILE OR LESS
LOWEST:     37 ON 16                               3 = THUNDER
                        SNOW, ICE PELLETS, HAIL    4 = ICE PELLETS
                        TOTAL MONTH:   0.0 INCH    5 = HAIL
                        GRTST 24HR     0.0         6 = FREEZING RAIN OR DRIZZLE
                        GRTST DEPTH:   0           7 = DUSTSTORM OR SANDSTORM:
                                                       VSBY 1/2 MILE OR LESS
                                                   8 = SMOKE OR HAZE
[NO. OF DAYS WITH]      [WEATHER - DAYS WITH]      9 = BLOWING SNOW
                                                   X = TORNADO
MAX 32 OR BELOW:   0    0.01 INCH OR MORE:   8
MAX 90 OR ABOVE:   0    0.10 INCH OR MORE:   5
MIN 32 OR BELOW:   0    0.50 INCH OR MORE:   0
MIN  0 OR BELOW:   0    1.00 INCH OR MORE:   0

[HDD (BASE 65) ]
TOTAL THIS MO.   136    CLEAR  (SCALE 0-3)   9
DPTR FM NORMAL    61    PTCLDY (SCALE 4-7)   9
TOTAL FM JUL 1   163    CLOUDY (SCALE 8-10)  3
DPTR FM NORMAL    62

[CDD (BASE 65) ]
TOTAL THIS MO.    31
DPTR FM NORMAL   -17    [PRESSURE DATA]
TOTAL FM JAN 1   410    HIGHEST SLP M ON M
DPTR FM NORMAL  -169    LOWEST  SLP 29.46 ON 10

[REMARKS]




U.S. Dept. of Commerce
NOAA National Weather Service
1325 East West Highway
Silver Spring, MD 20910
E-mail: w-nws.webmaster@noaa.gov
Page last modified: May 16, 2007
NATIONAL WEATHER SERVICE: for Safety, for Work, for Fun - FOR LIFE