825
CXUS53 KMKX 290701
CF6FLD
PRELIMINARY LOCAL CLIMATOLOGICAL DATA (WS FORM: F-6)

                                          STATION:   FOND_DU_LAC WI
                                          MONTH:     JANUARY
                                          YEAR:      2015
                                          LATITUDE:   43 46 N
                                          LONGITUDE:  88 29 W

  TEMPERATURE IN F:       :PCPN:    SNOW:  WIND      :SUNSHINE: SKY     :PK WND
================================================================================
1   2   3   4   5  6A  6B    7    8   9   10  11  12  13   14  15   16   17  18
                                     12Z  AVG MX 2MIN
DY MAX MIN AVG DEP HDD CDD  WTR  SNW DPTH SPD SPD DIR MIN PSBL S-S WX    SPD DR
================================================================================

 1  29  14  22   3  43   0 0.00  0.0    0 11.5 21 240   M    M   6        29 250
 2  30  10  20   1  45   0    T    M    0  4.3 10  40   M    M   1        14 220
 3  33  26  30  11  35   0    T    M    M  4.8 12 330   M    M  10 12     15 140
 4  30  -7  12  -7  53   0 0.05    M    M 16.0 24 340   M    M   7 1      31 310
 5   2  -9  -3 -22  68   0 0.02    M    0  9.2 17 280   M    M   2        22 280
 6  12 -10   1 -18  64   0 0.01    M    0 10.2 23 320   M    M   3        30 310
 7   3  -7  -2 -21  67   0 0.00  0.0    0 14.9 25 310   M    M   0        32 310
 8  10  -8   1 -18  64   0    T    M    M 15.2 25 300   M    M   5        36 210
 9   7  -4   2 -17  63   0    T    M    M 14.6 28 300   M    M   2 89     36 320
10  21  -6   8 -10  57   0 0.00    M    M 11.2 17 200   M    M   4        23 210
11  26  15  21   3  44   0 0.00    M    M  6.1 12 330   M    M   6        16 210
12  20   0  10  -8  55   0    T    M    0 10.1 20  20   M    M   2        24 350
13  18  -5   7 -11  58   0    T    M    0  4.2 13  20   M    M   7 8      15  20
14  20   1  11  -7  54   0    T    M    0  7.4 13 210   M    M   8        16 220
15  36  20  28  10  37   0    T    M    0 10.5 16 240   M    M   6 8      22 250
16  29  21  25   7  40   0    T    M    0 10.0 21 150   M    M   9        24 160
17  40  29  35  17  30   0    T    M    0 13.4 23 150   M    M   5        29 190
18  40  33  37  19  28   0 0.00  0.0    0 10.4 21 290   M    M  10        28 290
19  33  28  31  12  34   0 0.01    M    M  5.9 12 130   M    M  10 1       M 340
20  31  26  29  10  36   0 0.02    M    M  7.5 15  80   M    M   9 1      19  90
21  28  25  27   8  38   0    T    M    M  6.3 13  20   M    M  10        16  30
22  31  24  28   9  37   0 0.00  0.0    0  7.8 21 230   M    M   7        26 210
23  34  27  31  12  34   0    T    M    0 12.7 24 220   M    M   7        33 220
24  38  29  34  15  31   0    T    M    0  7.3 18  70   M    M  10 1      27 230
25  29  14  22   3  43   0    T    M    0 13.7 22  20   M    M   7        28  20
26  25  10  18  -1  47   0 0.09    M    M  5.6 16 190   M    M   8 1      20 200
27  29  22  26   7  39   0 0.00    M    M  4.4  9  70   M    M  10 1      11  70
28  33  19  26   7  39   0    T    M    M 10.1 21 180   M    M   3        26 180
================================================================================
SM  717  337      1283   0  0.20     0.0 265.3          M      174
================================================================================
AV 25.6 12.0                               9.5 FASTST   M    M   6    MAX(MPH)
                                 MISC ---->  # 28 300               # 36  210
================================================================================
NOTES:
# LAST OF SEVERAL OCCURRENCES

COLUMN 17 PEAK WIND IN M.P.H.

PRELIMINARY LOCAL CLIMATOLOGICAL DATA (WS FORM: F-6) , PAGE 2

                                          STATION:  FOND_DU_LAC WI
                                          MONTH:    JANUARY
                                          YEAR:     2015
                                          LATITUDE:   43 46 N
                                          LONGITUDE:  88 29 W

[TEMPERATURE DATA]      [PRECIPITATION DATA]       SYMBOLS USED IN COLUMN 16

AVERAGE MONTHLY: 18.8   TOTAL FOR MONTH:   0.20    1 = FOG OR MIST
DPTR FM NORMAL:   0.1   DPTR FM NORMAL:   -0.69    2 = FOG REDUCING VISIBILITY
HIGHEST:    40 ON 18,17 GRTST 24HR  0.09 ON 26-26      TO 1/4 MILE OR LESS
LOWEST:    -10 ON  6                               3 = THUNDER
                        SNOW, ICE PELLETS, HAIL    4 = ICE PELLETS
                        TOTAL MONTH:   0.0 INCH    5 = HAIL
                        GRTST 24HR     0.0         6 = FREEZING RAIN OR DRIZZLE
                        GRTST DEPTH:   0           7 = DUSTSTORM OR SANDSTORM:
                                                       VSBY 1/2 MILE OR LESS
                                                   8 = SMOKE OR HAZE
[NO. OF DAYS WITH]      [WEATHER - DAYS WITH]      9 = BLOWING SNOW
                                                   X = TORNADO
MAX 32 OR BELOW:  20    0.01 INCH OR MORE:   6
MAX 90 OR ABOVE:   0    0.10 INCH OR MORE:   0
MIN 32 OR BELOW:  27    0.50 INCH OR MORE:   0
MIN  0 OR BELOW:   9    1.00 INCH OR MORE:   0

[HDD (BASE 65) ]
TOTAL THIS MO.  1283    CLEAR  (SCALE 0-3)   7
DPTR FM NORMAL   -10    PTCLDY (SCALE 4-7)  12
TOTAL FM JUL 1  4214    CLOUDY (SCALE 8-10)  9
DPTR FM NORMAL   114

[CDD (BASE 65) ]
TOTAL THIS MO.     0
DPTR FM NORMAL     0    [PRESSURE DATA]
TOTAL FM JAN 1     0    HIGHEST SLP M ON M
DPTR FM NORMAL     0    LOWEST  SLP 29.52 ON 17

[REMARKS]




U.S. Dept. of Commerce
NOAA National Weather Service
1325 East West Highway
Silver Spring, MD 20910
E-mail: w-nws.webmaster@noaa.gov
Page last modified: May 16, 2007
NATIONAL WEATHER SERVICE: for Safety, for Work, for Fun - FOR LIFE