216
CXUS53 KMKX 230704
CF6FLD
PRELIMINARY LOCAL CLIMATOLOGICAL DATA (WS FORM: F-6)

                                          STATION:   FOND_DU_LAC WI
                                          MONTH:     AUGUST
                                          YEAR:      2014
                                          LATITUDE:   43 46 N
                                          LONGITUDE:  88 29 W

  TEMPERATURE IN F:       :PCPN:    SNOW:  WIND      :SUNSHINE: SKY     :PK WND
================================================================================
1   2   3   4   5  6A  6B    7    8   9   10  11  12  13   14  15   16   17  18
                                     12Z  AVG MX 2MIN
DY MAX MIN AVG DEP HDD CDD  WTR  SNW DPTH SPD SPD DIR MIN PSBL S-S WX    SPD DR
================================================================================

 1  82  56  69  -2   0   4 0.02    M    M  5.1 20 330   M    M   1 3      24 330
 2  83  53  68  -3   0   3 0.00    M    M  3.7  7  30   M    M   0         M  M
 3  84  61  73   2   0   8 0.69    M    M  5.5 40 260   M    M   2 138    63 280
 4  77  62  70  -1   0   5 0.07  0.0    0  4.6 23 340   M    M   2 13     30 330
 5  78  57  68  -3   0   3 0.00  0.0    0  4.4 14  30   M    M   3 1      18  20
 6  80  53  67  -4   0   2 0.00  0.0    0  3.4 12 140   M    M   2 18     13 140
 7  80  52  66  -5   0   1 0.00  0.0    0  4.6 13 120   M    M   0        19 130
 8  82  55  69  -2   0   4 0.00  0.0    0  4.6 14  80   M    M   1        18  80
 9  80  56  68  -2   0   3 0.00  0.0    0  5.4 17  90   M    M   0 1      23  60
10  80  58  69  -1   0   4 0.00  0.0    0  2.9 10 160   M    M   5        14  70
11  81  60  71   1   0   6 1.16    M    M  5.6 28 330   M    M   7 13     32 330
12  74  57  66  -4   0   1 0.17    M    M 10.4 18 330   M    M   7        25 330
13  77  53  65  -5   0   0 0.00    M    M  5.7 14  70   M    M   3        20  70
14  72  50  61  -9   4   0 0.00  0.0    0  4.4 15  60   M    M   0        18  60
15  79  49  64  -6   1   0 0.00  0.0    0  6.5 13 210   M    M   1        16 200
16  84  62  73   3   0   8    T  0.0    0  8.9 18  80   M    M   4 18     23  80
17  72  58  65  -5   0   0 0.00  0.0    0  9.2 15  50   M    M   3        18  60
18  84  56  70   0   0   5 0.66    M    M  8.1 29 320   M    M   5 13     35 320
19  79  63  71   1   0   6 0.44    M    M  7.9 25 280   M    M   4 13     32 270
20  78  61  70   0   0   5 0.00  0.0    0  4.8 13  40   M    M   3        15  30
21  79  63  71   2   0   6 0.34    M    M  6.0 15 160   M    M   6 13     19 150
22  89  69  79  10   0  14 0.00    M    M  5.5 16 140   M    M   6 18     19 150
================================================================================
SM 1754 1264         5  88  3.55     0.0 127.2          M       65
================================================================================
AV 79.7 57.5                               5.8 FASTST   M    M   3    MAX(MPH)
                                 MISC ---->  # 40 260               # 63  280
================================================================================
NOTES:
# LAST OF SEVERAL OCCURRENCES

COLUMN 17 PEAK WIND IN M.P.H.

PRELIMINARY LOCAL CLIMATOLOGICAL DATA (WS FORM: F-6) , PAGE 2

                                          STATION:  FOND_DU_LAC WI
                                          MONTH:    AUGUST
                                          YEAR:     2014
                                          LATITUDE:   43 46 N
                                          LONGITUDE:  88 29 W

[TEMPERATURE DATA]      [PRECIPITATION DATA]       SYMBOLS USED IN COLUMN 16

AVERAGE MONTHLY: 68.6   TOTAL FOR MONTH:   3.55    1 = FOG OR MIST
DPTR FM NORMAL:  -1.7   DPTR FM NORMAL:    0.95    2 = FOG REDUCING VISIBILITY
HIGHEST:    89 ON 22    GRTST 24HR  1.33 ON 11-12      TO 1/4 MILE OR LESS
LOWEST:     49 ON 15                               3 = THUNDER
                        SNOW, ICE PELLETS, HAIL    4 = ICE PELLETS
                        TOTAL MONTH:   0.0 INCH    5 = HAIL
                        GRTST 24HR     0.0         6 = FREEZING RAIN OR DRIZZLE
                        GRTST DEPTH:   0           7 = DUSTSTORM OR SANDSTORM:
                                                       VSBY 1/2 MILE OR LESS
                                                   8 = SMOKE OR HAZE
[NO. OF DAYS WITH]      [WEATHER - DAYS WITH]      9 = BLOWING SNOW
                                                   X = TORNADO
MAX 32 OR BELOW:   0    0.01 INCH OR MORE:   8
MAX 90 OR ABOVE:   0    0.10 INCH OR MORE:   6
MIN 32 OR BELOW:   0    0.50 INCH OR MORE:   3
MIN  0 OR BELOW:   0    1.00 INCH OR MORE:   1

[HDD (BASE 65) ]
TOTAL THIS MO.     5    CLEAR  (SCALE 0-3)  11
DPTR FM NORMAL    -4    PTCLDY (SCALE 4-7)  11
TOTAL FM JUL 1    26    CLOUDY (SCALE 8-10)  0
DPTR FM NORMAL     9

[CDD (BASE 65) ]
TOTAL THIS MO.    88
DPTR FM NORMAL   -38    [PRESSURE DATA]
TOTAL FM JAN 1   320    HIGHEST SLP M ON M
DPTR FM NORMAL  -173    LOWEST  SLP 29.63 ON 19

[REMARKS]




U.S. Dept. of Commerce
NOAA National Weather Service
1325 East West Highway
Silver Spring, MD 20910
E-mail: w-nws.webmaster@noaa.gov
Page last modified: May 16, 2007
NATIONAL WEATHER SERVICE: for Safety, for Work, for Fun - FOR LIFE