045
CXUS53 KMKX 240649
CF6FLD
PRELIMINARY LOCAL CLIMATOLOGICAL DATA (WS FORM: F-6)

                                          STATION:   FOND_DU_LAC WI
                                          MONTH:     APRIL
                                          YEAR:      2014
                                          LATITUDE:   43 46 N
                                          LONGITUDE:  88 29 W

  TEMPERATURE IN F:       :PCPN:    SNOW:  WIND      :SUNSHINE: SKY     :PK WND
================================================================================
1   2   3   4   5  6A  6B    7    8   9   10  11  12  13   14  15   16   17  18
                                     12Z  AVG MX 2MIN
DY MAX MIN AVG DEP HDD CDD  WTR  SNW DPTH SPD SPD DIR MIN PSBL S-S WX    SPD DR
================================================================================

 1  52  28  40  -1  25   0    T    M    M 13.8 26 280   M    M   5        37 280
 2  45  24  35  -6  30   0 0.00    M    M  8.2 16 100   M    M   0        21 100
 3  39  33  36  -6  29   0    T    M    M 14.7 24  80   M    M  10        31  60
 4  37  30  34  -8  31   0 0.21    M    M 13.1 29 320   M    M  10 1      37 320
 5  51  26  39  -4  26   0 0.00    M    M  7.3 15 230   M    M   1        24 250
 6  58  33  46   3  19   0 0.00    M    M 11.7 23 190   M    M   2        30 190
 7  61  35  48   4  17   0    T    M    0  5.9 13  30   M    M   7        15 350
 8  57  32  45   1  20   0 0.01    M    0  7.1 17  10   M    M   7        20  10
 9  61  29  45   1  20   0 0.00  0.0    0 11.6 26 200   M    M   2        37 210
10  64  33  49   4  16   0 0.00    M    M 12.3 25 310   M    M   1        32 190
11  63  33  48   3  17   0 0.00    M    M  8.1 24 240   M    M   2        31 240
12  50  34  42  -4  23   0 1.12    M    M 11.0 24 330   M    M   7 13     29 100
13  46  38  42  -4  23   0 2.32    M    M 10.6 25  30   M    M  10 13     31  30
14  38  25  32 -14  33   0 0.39    M    M 16.8 30  20   M    M   9 1      36  20
15  34  20  27 -20  38   0 0.00  0.0    M  7.3 17 290   M    M   2        23 300
16  46  26  36 -11  29   0 0.00  0.0    0 15.4 29 130   M    M   4        36 130
17  55  34  45  -3  20   0 0.00  0.0    0 11.7 24 140   M    M   8        30 140
18  49  30  40  -8  25   0 0.00  0.0    0  6.3 16 110   M    M   3 1      19 110
19  59  33  46  -2  19   0 0.00  0.0    0 14.3 23 150   M    M   0        29 160
20  69  48  59  10   6   0 0.02    M    0  6.6 20 190   M    M   8 1      24 180
21  70  47  59  10   6   0    T    M    M  6.9 25 360   M    M   5 138    32 350
22  55  36  46  -3  19   0 0.00    M    M 13.2 24 320   M    M   1        34 330
23  53  27  40 -10  25   0 0.00    M    M  5.8 14 130   M    M   1        17 130
================================================================================
SM 1212  734       516   0  4.07     0.0 239.7          M      105
================================================================================
AV 52.7 31.9                              10.4 FASTST   M    M   5    MAX(MPH)
                                 MISC ---->  # 30  20               # 37  280
================================================================================
NOTES:
# LAST OF SEVERAL OCCURRENCES

COLUMN 17 PEAK WIND IN M.P.H.

PRELIMINARY LOCAL CLIMATOLOGICAL DATA (WS FORM: F-6) , PAGE 2

                                          STATION:  FOND_DU_LAC WI
                                          MONTH:    APRIL
                                          YEAR:     2014
                                          LATITUDE:   43 46 N
                                          LONGITUDE:  88 29 W

[TEMPERATURE DATA]      [PRECIPITATION DATA]       SYMBOLS USED IN COLUMN 16

AVERAGE MONTHLY: 42.3   TOTAL FOR MONTH:   4.07    1 = FOG OR MIST
DPTR FM NORMAL:  -3.2   DPTR FM NORMAL:    2.14    2 = FOG REDUCING VISIBILITY
HIGHEST:    70 ON 21    GRTST 24HR  2.38 ON 12-13      TO 1/4 MILE OR LESS
LOWEST:     20 ON 15                               3 = THUNDER
                        SNOW, ICE PELLETS, HAIL    4 = ICE PELLETS
                        TOTAL MONTH:   0.0 INCH    5 = HAIL
                        GRTST 24HR     0.0         6 = FREEZING RAIN OR DRIZZLE
                        GRTST DEPTH:   0           7 = DUSTSTORM OR SANDSTORM:
                                                       VSBY 1/2 MILE OR LESS
                                                   8 = SMOKE OR HAZE
[NO. OF DAYS WITH]      [WEATHER - DAYS WITH]      9 = BLOWING SNOW
                                                   X = TORNADO
MAX 32 OR BELOW:   0    0.01 INCH OR MORE:   6
MAX 90 OR ABOVE:   0    0.10 INCH OR MORE:   4
MIN 32 OR BELOW:  11    0.50 INCH OR MORE:   2
MIN  0 OR BELOW:   0    1.00 INCH OR MORE:   2

[HDD (BASE 65) ]
TOTAL THIS MO.   516    CLEAR  (SCALE 0-3)  11
DPTR FM NORMAL    67    PTCLDY (SCALE 4-7)   7
TOTAL FM JUL 1  7946    CLOUDY (SCALE 8-10)  5
DPTR FM NORMAL  1121

[CDD (BASE 65) ]
TOTAL THIS MO.     0
DPTR FM NORMAL     0    [PRESSURE DATA]
TOTAL FM JAN 1     0    HIGHEST SLP M ON M
DPTR FM NORMAL     0    LOWEST  SLP 29.47 ON  4

[REMARKS]




U.S. Dept. of Commerce
NOAA National Weather Service
1325 East West Highway
Silver Spring, MD 20910
E-mail: w-nws.webmaster@noaa.gov
Page last modified: May 16, 2007
NATIONAL WEATHER SERVICE: for Safety, for Work, for Fun - FOR LIFE