786
CXUS53 KMKX 280705
CF6FLD
PRELIMINARY LOCAL CLIMATOLOGICAL DATA (WS FORM: F-6)

                                          STATION:   FOND_DU_LAC WI
                                          MONTH:     JULY
                                          YEAR:      2014
                                          LATITUDE:   43 46 N
                                          LONGITUDE:  88 29 W

  TEMPERATURE IN F:       :PCPN:    SNOW:  WIND      :SUNSHINE: SKY     :PK WND
================================================================================
1   2   3   4   5  6A  6B    7    8   9   10  11  12  13   14  15   16   17  18
                                     12Z  AVG MX 2MIN
DY MAX MIN AVG DEP HDD CDD  WTR  SNW DPTH SPD SPD DIR MIN PSBL S-S WX    SPD DR
================================================================================

 1  78  64  71   0   0   6 0.02  0.0    0 10.8 22 290   M    M   5 3      30 280
 2  64  54  59 -12   6   0 0.15  0.0    0  7.9 18 270   M    M   9 18     26 280
 3  76  50  63  -8   2   0 0.00  0.0    0  6.2 22  20   M    M   2        26  30
 4  77  50  64  -8   1   0 0.00    M    M  4.6 13 140   M    M   1        16 170
 5  78  54  66  -6   0   1 0.00    M    M 10.8 24 210   M    M   1        31 220
 6  80  64  72   0   0   7 0.00    M    M  9.2 17 200   M    M   6 8      24 200
 7  85  64  75   3   0  10 0.75  0.0    0  8.9 18 270   M    M   1 13     24 270
 8  78  60  69  -3   0   4 0.02  0.0    0 11.7 25 300   M    M   6 13     31 300
 9  74  53  64  -8   1   0 0.00  0.0    0  6.9 18 320   M    M   6        24 320
10  79  51  65  -7   0   0 0.00  0.0    0  6.0 16 150   M    M   2 1      21 150
11  78  58  68  -4   0   3 0.00  0.0    0  9.0 20 200   M    M   3        26 200
12  78  63  71  -1   0   6 0.35  0.0    0  4.8 20 340   M    M   7 1      25 340
13  80  55  68  -4   0   3 0.00  0.0    0  8.3 21 300   M    M   3 1      27 280
14  76  54  65  -7   0   0 0.00    M    M  8.5 31 310   M    M   3        38 310
15  70  53  62 -10   3   0 0.26    M    M 10.3 21 340   M    M  10 13     32 350
16  73  49  61 -11   4   0 0.00    M    M  4.4 12 360   M    M   3        20 240
17  77  49  63  -9   2   0 0.00  0.0    0  4.9 12 270   M    M   1        19 250
18  79  53  66  -6   0   1 0.00  0.0    0  7.3 16 150   M    M   3        20 150
19  80  58  69  -3   0   4 0.00  0.0    0  6.4 15 200   M    M   2        18 210
20  81  57  69  -3   0   4 0.00  0.0    0  7.8 15 190   M    M   2        22 190
21  86  62  74   2   0   9 0.00    M    M  9.8 17 210   M    M   0 1      23 200
22  91  68  80   8   0  15    T    M    M 14.0 22 350   M    M   2        30 210
23  76  54  65  -6   0   0 0.00  0.0    0  9.1 18  30   M    M   2        23  20
24  77  50  64  -7   1   0 0.00  0.0    0  4.2 20 150   M    M   2        22 140
25  74  57  66  -5   0   1    T  0.0    0  9.2 18 210   M    M   5        23 190
26  82  62  72   1   0   7 0.00  0.0    0  6.4 13 270   M    M   2 1      17 260
27  79  59  69  -2   0   4 0.32    M    M 10.8 25 320   M    M   4 13     34 320
================================================================================
SM 2106 1525        20  85  1.87     0.0 218.2          M       93
================================================================================
AV 78.0 56.5                               8.1 FASTST   M    M   3    MAX(MPH)
                                 MISC ---->  # 31 310               # 38  310
================================================================================
NOTES:
# LAST OF SEVERAL OCCURRENCES

COLUMN 17 PEAK WIND IN M.P.H.

PRELIMINARY LOCAL CLIMATOLOGICAL DATA (WS FORM: F-6) , PAGE 2

                                          STATION:  FOND_DU_LAC WI
                                          MONTH:    JULY
                                          YEAR:     2014
                                          LATITUDE:   43 46 N
                                          LONGITUDE:  88 29 W

[TEMPERATURE DATA]      [PRECIPITATION DATA]       SYMBOLS USED IN COLUMN 16

AVERAGE MONTHLY: 67.2   TOTAL FOR MONTH:   1.87    1 = FOG OR MIST
DPTR FM NORMAL:  -4.5   DPTR FM NORMAL:   -1.46    2 = FOG REDUCING VISIBILITY
HIGHEST:    91 ON 22    GRTST 24HR  0.77 ON  7- 8      TO 1/4 MILE OR LESS
LOWEST:     49 ON 17,16                            3 = THUNDER
                        SNOW, ICE PELLETS, HAIL    4 = ICE PELLETS
                        TOTAL MONTH:   0.0 INCH    5 = HAIL
                        GRTST 24HR     0.0         6 = FREEZING RAIN OR DRIZZLE
                        GRTST DEPTH:   0           7 = DUSTSTORM OR SANDSTORM:
                                                       VSBY 1/2 MILE OR LESS
                                                   8 = SMOKE OR HAZE
[NO. OF DAYS WITH]      [WEATHER - DAYS WITH]      9 = BLOWING SNOW
                                                   X = TORNADO
MAX 32 OR BELOW:   0    0.01 INCH OR MORE:   7
MAX 90 OR ABOVE:   1    0.10 INCH OR MORE:   5
MIN 32 OR BELOW:   0    0.50 INCH OR MORE:   1
MIN  0 OR BELOW:   0    1.00 INCH OR MORE:   0

[HDD (BASE 65) ]
TOTAL THIS MO.    20    CLEAR  (SCALE 0-3)  16
DPTR FM NORMAL    20    PTCLDY (SCALE 4-7)   9
TOTAL FM JUL 1    20    CLOUDY (SCALE 8-10)  2
DPTR FM NORMAL    20

[CDD (BASE 65) ]
TOTAL THIS MO.    85
DPTR FM NORMAL  -103    [PRESSURE DATA]
TOTAL FM JAN 1   226    HIGHEST SLP M ON M
DPTR FM NORMAL  -120    LOWEST  SLP 29.58 ON  7

[REMARKS]




U.S. Dept. of Commerce
NOAA National Weather Service
1325 East West Highway
Silver Spring, MD 20910
E-mail: w-nws.webmaster@noaa.gov
Page last modified: May 16, 2007
NATIONAL WEATHER SERVICE: for Safety, for Work, for Fun - FOR LIFE