295
CXUS53 KARX 010930
CF6FKA
PRELIMINARY LOCAL CLIMATOLOGICAL DATA (WS FORM: F-6)

                                          STATION:   PRESTON MN
                                          MONTH:     NOVEMBER
                                          YEAR:      2014
                                          LATITUDE:   43 40 N
                                          LONGITUDE:  92 11 W

  TEMPERATURE IN F:       :PCPN:    SNOW:  WIND      :SUNSHINE: SKY     :PK WND
================================================================================
1   2   3   4   5  6A  6B    7    8   9   10  11  12  13   14  15   16   17  18
                                     12Z  AVG MX 2MIN
DY MAX MIN AVG DEP HDD CDD  WTR  SNW DPTH SPD SPD DIR MIN PSBL S-S WX    SPD DR
================================================================================

 1  42  19  31   M  34   0 0.00  0.0    0  6.8 14 150   M    M   0        21 150
 2  54  32  43   M  22   0 0.00  0.0    0 14.4 22 180   M    M   0        30 180
 3  55  38  47   M  18   0 0.07  0.0    0 10.7 16 190   M    M   5 1      24 190
 4  53  34  44   M  21   0 0.00  0.0    0 15.0 22 270   M    M   3        29 270
 5  47  32  40   M  25   0 0.03  0.0    0  5.4 10 300   M    M   7 1       M  M
 6  41  31  36   M  29   0 0.00  0.0    0 12.0 22 340   M    M   9 1      29 340
 7  44  28  36   M  29   0    T  0.0    0 11.2 18 170   M    M   7 1      27 170
 8  42  34  38   M  27   0 0.00  0.0    0 15.2 25 320   M    M   7        38 320
 9  43  32  38   M  27   0 0.01    T    0  6.0 13 220   M    M   8 1       M  M
10  39  29  34   M  31   0    M    M    0 11.8 17 360   M    M  10 1      23 110
11  29  20  25   M  40   0    M    M    1 17.4 24 340   M    M  10        32 340
12  21  12  17   M  48   0    M    M    2 11.0 15 280   M    M   7        18 280
13  21  10  16   M  49   0 0.01  0.1    2 12.3 17 300   M    M   8 8      22 310
14  19   8  14   M  51   0    T    T    1  6.1 10 340   M    M   1         M  M
15  21   6  14   M  51   0    M    M    1  3.8 10 200   M    M   8         M  M
16  19   9  14   M  51   0    M    M    2 10.5 15 270   M    M   5 1      20 230
17  11   3   7   M  58   0    M    M    3 17.7 24 300   M    M   5 8      33 300
18  16   4  10   M  55   0 0.00  0.0    3 12.7 22 300   M    M   8 8      27 290
19  21  13  17   M  48   0    T    T    3 16.9 25 300   M    M   8 1      33 310
20  17   3  10   M  55   0 0.00  0.0    3 11.8 18 290   M    M   0        22 300
21  31   0  16   M  49   0 0.00  0.0    3 12.6 22 190   M    M   3        31 190
22  49  31  40   M  25   0 0.00  0.0    3 12.7 18 190   M    M  10 12     25 200
23  49  34  42   M  23   0 0.05  0.0    0 11.8 21 330   M    M  10 12     29 190
24  34  15  25   M  40   0    M    M    3 19.9 25 300   M    M  10 1      35 300
25  22   6  14   M  51   0    M    M    3  6.8 15 320   M    M   4        24 320
26  25  16  21   M  44   0    M    M    3  7.2 10  40   M    M   9 1       M  M
27  20  -1  10   M  55   0    T    T    4  6.9 14 320   M    M   3        18 320
28  24   8  16   M  49   0    M    M    4 10.4 17 160   M    M   4 14     22 160
29  42  22  32   M  33   0 0.00  0.0    3  8.6 14 310   M    M   1 1      18 310
30  25   4  15   M  50   0 0.00  0.0    0 15.0 21 340   M    M   2 1      29 340
================================================================================
SM  976  532      1188   0  0.17     0.1 340.6          M      172
================================================================================
AV 32.5 17.7                              11.4 FASTST   M    M   6    MAX(MPH)
                                 MISC ---->    25   M               # 38  320
================================================================================
NOTES:
# LAST OF SEVERAL OCCURRENCES

COLUMN 17 PEAK WIND IN M.P.H.

PRELIMINARY LOCAL CLIMATOLOGICAL DATA (WS FORM: F-6) , PAGE 2

                                          STATION:  PRESTON MN
                                          MONTH:    NOVEMBER
                                          YEAR:     2014
                                          LATITUDE:   43 40 N
                                          LONGITUDE:  92 11 W

[TEMPERATURE DATA]      [PRECIPITATION DATA]       SYMBOLS USED IN COLUMN 16

AVERAGE MONTHLY: 25.1   TOTAL FOR MONTH:   0.17    1 = FOG OR MIST
DPTR FM NORMAL:     M   DPTR FM NORMAL:       M    2 = FOG REDUCING VISIBILITY
HIGHEST:    55 ON  3    GRTST 24HR  0.07 ON  3- 3      TO 1/4 MILE OR LESS
LOWEST:     -1 ON 27                               3 = THUNDER
                        SNOW, ICE PELLETS, HAIL    4 = ICE PELLETS
                        TOTAL MONTH:   0.1 INCH    5 = HAIL
                        GRTST 24HR   0.1 ON   M    6 = FREEZING RAIN OR DRIZZLE
                        GRTST DEPTH:   4 ON 28,27  7 = DUSTSTORM OR SANDSTORM:
                                                       VSBY 1/2 MILE OR LESS
                                                   8 = SMOKE OR HAZE
[NO. OF DAYS WITH]      [WEATHER - DAYS WITH]      9 = BLOWING SNOW
                                                   X = TORNADO
MAX 32 OR BELOW:  16    0.01 INCH OR MORE:   5
MAX 90 OR ABOVE:   0    0.10 INCH OR MORE:   0
MIN 32 OR BELOW:  26    0.50 INCH OR MORE:   0
MIN  0 OR BELOW:   2    1.00 INCH OR MORE:   0

[HDD (BASE 65) ]
TOTAL THIS MO.  1188    CLEAR  (SCALE 0-3)   8
DPTR FM NORMAL     M    PTCLDY (SCALE 4-7)  13
TOTAL FM JUL 1  1982    CLOUDY (SCALE 8-10)  9
DPTR FM NORMAL     M

[CDD (BASE 65) ]
TOTAL THIS MO.     0
DPTR FM NORMAL     M    [PRESSURE DATA]
TOTAL FM JAN 1   426    HIGHEST SLP M ON M
DPTR FM NORMAL     M    LOWEST  SLP M ON M

[REMARKS]
#FINAL-11-14#




U.S. Dept. of Commerce
NOAA National Weather Service
1325 East West Highway
Silver Spring, MD 20910
E-mail: w-nws.webmaster@noaa.gov
Page last modified: May 16, 2007
NATIONAL WEATHER SERVICE: for Safety, for Work, for Fun - FOR LIFE