719
CXUS53 KLMK 310800
CF6FFT
PRELIMINARY LOCAL CLIMATOLOGICAL DATA (WS FORM: F-6)

                                          STATION:   FRANKFORT KY
                                          MONTH:     JANUARY
                                          YEAR:      2015
                                          LATITUDE:   38 10 N
                                          LONGITUDE:  84 54 W

  TEMPERATURE IN F:       :PCPN:    SNOW:  WIND      :SUNSHINE: SKY     :PK WND
================================================================================
1   2   3   4   5  6A  6B    7    8   9   10  11  12  13   14  15   16   17  18
                                     12Z  AVG MX 2MIN
DY MAX MIN AVG DEP HDD CDD  WTR  SNW DPTH SPD SPD DIR MIN PSBL S-S WX    SPD DR
================================================================================

 1  39  18  29  -3  36   0 0.00    M    M 10.1 21 230   M    M   2        26 240
 2  37  33  35   3  30   0    T    M    M  4.6 14 220   M    M  10 18     17 220
 3  62  36  49  17  16   0 0.39    M    M 10.1 23 190   M    M  10 1      31 170
 4  59  24  42  10  23   0 0.13    M    M 12.2 20 300   M    M  10 1      29 260
 5  24  15  20 -12  45   0 0.00    M    M  6.1 18 290   M    M   2        26 260
 6  32  22  27  -5  38   0 0.00    M    M  6.7 15 310   M    M   9        20 280
 7  22   3  13 -19  52   0    T    M    M 10.5 21 330   M    M   6        28 320
 8  27  -1  13 -19  52   0 0.00    M    M  9.7 29 240   M    M   2        39 240
 9  27   9  18 -14  47   0    T    M    M 10.4 25 230   M    M   4        36 230
10  27   1  14 -18  51   0 0.00    M    M  2.6  9 220   M    M   0        14 190
11  44  11  28  -4  37   0 0.01    M    M  3.5 16 220   M    M   8        23 260
12  38  30  34   2  31   0 0.22    M    M  5.7 16  10   M    M  10 18     24  10
13  30  25  28  -4  37   0 0.00    M    M  8.5 16  40   M    M  10        20  30
14  30  20  25  -7  40   0 0.00    M    M  1.7  8 220   M    M   8        12 230
15  36  25  31  -1  34   0 0.00    M    M  6.6 13 200   M    M   6 1      15 190
16  45  22  34   2  31   0 0.00    M    M  3.9 10 220   M    M   0 1      14 220
17  54  25  40   8  25   0 0.00    M    M 10.0 22 210   M    M   0 1      30 200
18  49  34  42  10  23   0 0.07    M    M  9.6 21 240   M    M   5        30 240
19  55  21  38   6  27   0 0.00    M    M  1.3 10 230   M    M   0        11 230
20  56  25  41   9  24   0 0.00    M    M  3.2 12 320   M    M   3        15 230
21  53  29  41   8  24   0 0.00    M    M  7.7 18 230   M    M   3        25 320
22  38  26  32  -1  33   0 0.00    M    M  2.3  9  30   M    M   9        12  40
23  36  31  34   1  31   0 0.32    M    M  4.9 10  30   M    M   9 18     14  30
24  36  20  28  -5  37   0    T    M    M  8.0 17 230   M    M   5 1      22 230
25  42  32  37   4  28   0 0.24    M    M  6.7 13 200   M    M   6 1      18 180
26  39  23  31  -2  34   0    T    M    M  8.5 20 320   M    M  10 1      26 320
27  34  22  28  -5  37   0 0.01    M    M  4.2 12 290   M    M   6 18     15 310
28  37  12  25  -8  40   0 0.00    M    M  5.1 13 130   M    M   0 18     16 110
29  53  33  43  10  22   0 0.07    M    M 12.4 26 230   M    M   7 18     36 270
30  37  20  29  -5  36   0    T    M    M  6.6 18 340   M    M   5        26  10
================================================================================
SM 1198  646      1021   0  1.46    M    203.4          M      165
================================================================================
AV 39.9 21.5                               6.8 FASTST   M    M   6    MAX(MPH)
                                 MISC ---->  # 29 240               # 39  240
================================================================================
NOTES:
# LAST OF SEVERAL OCCURRENCES

COLUMN 17 PEAK WIND IN M.P.H.

PRELIMINARY LOCAL CLIMATOLOGICAL DATA (WS FORM: F-6) , PAGE 2

                                          STATION:  FRANKFORT KY
                                          MONTH:    JANUARY
                                          YEAR:     2015
                                          LATITUDE:   38 10 N
                                          LONGITUDE:  84 54 W

[TEMPERATURE DATA]      [PRECIPITATION DATA]       SYMBOLS USED IN COLUMN 16

AVERAGE MONTHLY: 30.7   TOTAL FOR MONTH:   1.46    1 = FOG OR MIST
DPTR FM NORMAL:  -1.6   DPTR FM NORMAL:   -1.69    2 = FOG REDUCING VISIBILITY
HIGHEST:    62 ON  3    GRTST 24HR  0.49 ON  3- 4      TO 1/4 MILE OR LESS
LOWEST:     -1 ON  8                               3 = THUNDER
                        SNOW, ICE PELLETS, HAIL    4 = ICE PELLETS
                        TOTAL MONTH:    M          5 = HAIL
                        GRTST 24HR    M  ON   M    6 = FREEZING RAIN OR DRIZZLE
                        GRTST DEPTH:  M  ON   M    7 = DUSTSTORM OR SANDSTORM:
                                                       VSBY 1/2 MILE OR LESS
                                                   8 = SMOKE OR HAZE
[NO. OF DAYS WITH]      [WEATHER - DAYS WITH]      9 = BLOWING SNOW
                                                   X = TORNADO
MAX 32 OR BELOW:   8    0.01 INCH OR MORE:   9
MAX 90 OR ABOVE:   0    0.10 INCH OR MORE:   5
MIN 32 OR BELOW:  26    0.50 INCH OR MORE:   0
MIN  0 OR BELOW:   1    1.00 INCH OR MORE:   0

[HDD (BASE 65) ]
TOTAL THIS MO.  1021    CLEAR  (SCALE 0-3)  10
DPTR FM NORMAL    43    PTCLDY (SCALE 4-7)  11
TOTAL FM JUL 1  2967    CLOUDY (SCALE 8-10)  9
DPTR FM NORMAL   157

[CDD (BASE 65) ]
TOTAL THIS MO.     0
DPTR FM NORMAL     0    [PRESSURE DATA]
TOTAL FM JAN 1     0    HIGHEST SLP M ON M
DPTR FM NORMAL     0    LOWEST  SLP 29.64 ON 25

[REMARKS]




U.S. Dept. of Commerce
NOAA National Weather Service
1325 East West Highway
Silver Spring, MD 20910
E-mail: w-nws.webmaster@noaa.gov
Page last modified: May 16, 2007
NATIONAL WEATHER SERVICE: for Safety, for Work, for Fun - FOR LIFE