864
CXUS53 KLMK 011301
CF6FFT
PRELIMINARY LOCAL CLIMATOLOGICAL DATA (WS FORM: F-6)

                                          STATION:   FRANKFORT KY
                                          MONTH:     NOVEMBER
                                          YEAR:      2014
                                          LATITUDE:   38 10 N
                                          LONGITUDE:  84 54 W

  TEMPERATURE IN F:       :PCPN:    SNOW:  WIND      :SUNSHINE: SKY     :PK WND
================================================================================
1   2   3   4   5  6A  6B    7    8   9   10  11  12  13   14  15   16   17  18
                                     12Z  AVG MX 2MIN
DY MAX MIN AVG DEP HDD CDD  WTR  SNW DPTH SPD SPD DIR MIN PSBL S-S WX    SPD DR
================================================================================

 1  41  27  34 -18  31   0    T    M    M  9.9 24 340   M    M   9 1      34 340
 2  49  23  36 -15  29   0 0.00    M    M  2.1 10  60   M    M   0        15  40
 3  66  29  48  -3  17   0 0.00    M    M  6.6 17 220   M    M   2        22 240
 4  68  49  59   9   6   0 0.05    M    M  9.3 21 220   M    M   4 1      26 220
 5  55  52  54   4  11   0 0.28    M    M  2.9  8 210   M    M  10 1      10 200
 6  54  42  48  -2  17   0 0.08    M    M  9.9 20 290   M    M   9 18     31 310
 7  47  33  40  -9  25   0 0.00    M    M  5.2 15 320   M    M   6        22 320
 8  54  31  43  -6  22   0 0.00    M    M  7.8 22 230   M    M   3        27 230
 9  54  31  43  -6  22   0 0.00    M    M  3.7 10 200   M    M   2        14 190
10  65  33  49   1  16   0 0.00    M    M  7.1 18 180   M    M   0        23 180
11  65  37  51   3  14   0 0.05    M    M 12.3 21 320   M    M   6 1      27 310
12  37  34  36 -12  29   0 0.00    M    M  4.7 15 330   M    M  10 1      22 330
13  34  25  30 -17  35   0 0.00    M    M  7.9 14 320   M    M  10        19 310
14  34  18  26 -21  39   0    T    M    M  2.2 12 340   M    M   3 18     13 340
15  39  14  27 -19  38   0 0.00    M    M  3.0 10 150   M    M   2        13 160
16  42  33  38  -8  27   0 0.17    M    M  4.3 13 220   M    M  10 18     16 220
17  37  18  28 -18  37   0 0.51    M    M  7.8 16 280   M    M   9 18     24 250
18  22   9  16 -29  49   0    T    M    M  8.4 20 220   M    M   3        25 210
19  46  11  29 -16  36   0 0.00    M    M 10.4 29 220   M    M   4        41 210
20  34  21  28 -16  37   0 0.00    M    M  6.3 16 270   M    M   3        21 270
21  39  13  26 -18  39   0 0.00    M    M  3.8  9  90   M    M   0        13 130
22  63  25  44   0  21   0    T    M    M  7.4 23 220   M    M   6        30 220
23  59  43  51   8  14   0 0.75    M    M  9.9 26 200   M    M   9 1      34 210
24  62  37  50   7  15   0 0.03    M    M 14.9 36 220   M    M   8 1      50 240
25  46  27  37  -5  28   0 0.00    M    M  4.8 15 240   M    M   1        20 240
26  44  25  35  -7  30   0 0.00    M    M  3.4  8  30   M    M   1 18     11 330
27  35  28  32  -9  33   0    T    M    M  7.8 15 290   M    M  10 18     22 300
28  37  23  30 -11  35   0 0.00    M    M  6.1 13 160   M    M   5        16 140
29  58  30  44   3  21   0 0.00    M    M 12.1 24 210   M    M   6        32 180
30  67  56  62  22   3   0    T    M    M 16.6 28 230   M    M   9        39 230
================================================================================
SM 1453  877       776   0  1.92    M    218.6          M      160
================================================================================
AV 48.4 29.2                               7.3 FASTST   M    M   5    MAX(MPH)
                                 MISC ---->  # 36 220               # 50  240
================================================================================
NOTES:
# LAST OF SEVERAL OCCURRENCES

COLUMN 17 PEAK WIND IN M.P.H.

PRELIMINARY LOCAL CLIMATOLOGICAL DATA (WS FORM: F-6) , PAGE 2

                                          STATION:  FRANKFORT KY
                                          MONTH:    NOVEMBER
                                          YEAR:     2014
                                          LATITUDE:   38 10 N
                                          LONGITUDE:  84 54 W

[TEMPERATURE DATA]      [PRECIPITATION DATA]       SYMBOLS USED IN COLUMN 16

AVERAGE MONTHLY: 38.8   TOTAL FOR MONTH:   1.92    1 = FOG OR MIST
DPTR FM NORMAL:  -7.2   DPTR FM NORMAL:   -1.81    2 = FOG REDUCING VISIBILITY
HIGHEST:    68 ON  4    GRTST 24HR  0.78 ON 23-24      TO 1/4 MILE OR LESS
LOWEST:      9 ON 18                               3 = THUNDER
                        SNOW, ICE PELLETS, HAIL    4 = ICE PELLETS
                        TOTAL MONTH:    M          5 = HAIL
                        GRTST 24HR    M  ON   M    6 = FREEZING RAIN OR DRIZZLE
                        GRTST DEPTH:  M  ON   M    7 = DUSTSTORM OR SANDSTORM:
                                                       VSBY 1/2 MILE OR LESS
                                                   8 = SMOKE OR HAZE
[NO. OF DAYS WITH]      [WEATHER - DAYS WITH]      9 = BLOWING SNOW
                                                   X = TORNADO
MAX 32 OR BELOW:   1    0.01 INCH OR MORE:   8
MAX 90 OR ABOVE:   0    0.10 INCH OR MORE:   4
MIN 32 OR BELOW:  19    0.50 INCH OR MORE:   2
MIN  0 OR BELOW:   0    1.00 INCH OR MORE:   0

[HDD (BASE 65) ]
TOTAL THIS MO.   776    CLEAR  (SCALE 0-3)  11
DPTR FM NORMAL   206    PTCLDY (SCALE 4-7)   9
TOTAL FM JUL 1  1128    CLOUDY (SCALE 8-10) 10
DPTR FM NORMAL   217

[CDD (BASE 65) ]
TOTAL THIS MO.     0
DPTR FM NORMAL    -1    [PRESSURE DATA]
TOTAL FM JAN 1  1070    HIGHEST SLP 30.54 ON 21
DPTR FM NORMAL   -85    LOWEST  SLP 29.31 ON 23

[REMARKS]
#FINAL-11-14#




U.S. Dept. of Commerce
NOAA National Weather Service
1325 East West Highway
Silver Spring, MD 20910
E-mail: w-nws.webmaster@noaa.gov
Page last modified: May 16, 2007
NATIONAL WEATHER SERVICE: for Safety, for Work, for Fun - FOR LIFE