948
CXUS52 KFFC 301110
CF6FFC
PRELIMINARY LOCAL CLIMATOLOGICAL DATA (WS FORM: F-6)

                                          STATION:   PEACHTREE CITY
                                          MONTH:     JULY
                                          YEAR:      2014
                                          LATITUDE:   33 20 N
                                          LONGITUDE:  84 34 W

  TEMPERATURE IN F:       :PCPN:    SNOW:  WIND      :SUNSHINE: SKY     :PK WND
================================================================================
1   2   3   4   5  6A  6B    7    8   9   10  11  12  13   14  15   16   17  18
                                     12Z  AVG MX 2MIN
DY MAX MIN AVG DEP HDD CDD  WTR  SNW DPTH SPD SPD DIR MIN PSBL S-S WX    SPD DR
================================================================================

 1  92  68  80   2   0  15 0.00  0.0    M  2.9 12 310   M    M   1 18     14 320
 2  95  69  82   4   0  17 0.00    M    M  3.6 12 320   M    M   0 18     14 320
 3  89  70  80   1   0  15 0.00  0.0    0  8.1 17 320   M    M   0        25 330
 4  86  64  75  -4   0  10 0.00  0.0    0  8.1 15 330   M    M   1        19 320
 5  91  63  77  -2   0  12 0.00  0.0    0  4.8 16 130   M    M   2 1      20 120
 6  89  65  77  -2   0  12 0.00  0.0    M  2.5 10 150   M    M   5 18     15 130
 7  91  65  78  -1   0  13 0.00  0.0    M  3.0 13 310   M    M   2 18     17 310
 8  91  63  77  -2   0  12 0.00  0.0    M  3.9 15 280   M    M   1 18     20 290
 9  92  68  80   1   0  15 0.46    M    M  3.9 22 300   M    M   3 138    30 300
10  87  69  78  -1   0  13 0.20    M    M  2.0 17 350   M    M   3 138    22 350
11  87  68  78  -1   0  13    T    M    M  1.1 21 360   M    M   2 13     26 360
12  91  67  79   0   0  14 0.00    M    M  2.5 10 130   M    M   3 18     14  90
13  91  68  80   1   0  15 0.00    M    M  1.4  8 130   M    M   2 1      12 120
14  93  69  81   2   0  16 0.00    M    M  3.9 13 260   M    M   1 18     19 200
15  89  71  80   0   0  15 0.01  0.0    M  4.6 16 330   M    M   4 18     19 320
16  85  62  74  -6   0   9 0.00  0.0    M  7.0 15 330   M    M   0        23 320
17  87  56  72  -8   0   7 0.00  0.0    M  1.7  8 130   M    M   0        12  80
18  84  60  72  -8   0   7 0.09    M    M  2.1  9 140   M    M   2 1      12 140
19  83  71  77  -3   0  12 0.61  0.0    M  2.4 12 310   M    M   8 18     13 310
20  81  70  76  -4   0  11 0.17  0.0    M  5.0 10 120   M    M  10 1      14 130
21  83  73  78  -2   0  13 0.17    M    M  2.9 10 140   M    M   6 1      13 140
22  86  70  78  -2   0  13 0.00    M    M  3.0 12 140   M    M   6 1      16 140
23  89  68  79  -1   0  14 0.00    M    M  0.9 10 250   M    M   2 1      14 250
24  88  69  79  -1   0  14 0.07    M    M  4.2 23 350   M    M   2 138    31 350
25  90  70  80   0   0  15 0.00  0.0    M  2.7 13 320   M    M   4 128    16 320
26  91  67  79  -1   0  14 0.00  0.0    M  3.1 12 260   M    M   1 18     18 290
27  92  68  80   0   0  15 0.00  0.0    M  4.3 14 250   M    M   2 18     19 310
28  93  73  83   3   0  18 0.00  0.0    M  9.3 22 320   M    M   1 18     26 290
29  84  66  75  -5   0  10 0.00  0.0    M  7.5 16 310   M    M   1        20 320
================================================================================
SM 2570 1950         0 379  1.78     0.0 112.4          M       75
================================================================================
AV 88.6 67.2                               3.9 FASTST   M    M   3    MAX(MPH)
                                 MISC ---->  # 23 350               # 31  350
================================================================================
NOTES:
# LAST OF SEVERAL OCCURRENCES

COLUMN 17 PEAK WIND IN M.P.H.

PRELIMINARY LOCAL CLIMATOLOGICAL DATA (WS FORM: F-6) , PAGE 2

                                          STATION:  PEACHTREE CITY
                                          MONTH:    JULY
                                          YEAR:     2014
                                          LATITUDE:   33 20 N
                                          LONGITUDE:  84 34 W

[TEMPERATURE DATA]      [PRECIPITATION DATA]       SYMBOLS USED IN COLUMN 16

AVERAGE MONTHLY: 77.9   TOTAL FOR MONTH:   1.78    1 = FOG OR MIST
DPTR FM NORMAL:  -1.5   DPTR FM NORMAL:   -3.24    2 = FOG REDUCING VISIBILITY
HIGHEST:    95 ON  2    GRTST 24HR  0.70 ON 18-19      TO 1/4 MILE OR LESS
LOWEST:     56 ON 17                               3 = THUNDER
                        SNOW, ICE PELLETS, HAIL    4 = ICE PELLETS
                        TOTAL MONTH:   0.0 INCH    5 = HAIL
                        GRTST 24HR     0.0         6 = FREEZING RAIN OR DRIZZLE
                        GRTST DEPTH:   0           7 = DUSTSTORM OR SANDSTORM:
                                                       VSBY 1/2 MILE OR LESS
                                                   8 = SMOKE OR HAZE
[NO. OF DAYS WITH]      [WEATHER - DAYS WITH]      9 = BLOWING SNOW
                                                   X = TORNADO
MAX 32 OR BELOW:   0    0.01 INCH OR MORE:   8
MAX 90 OR ABOVE:  13    0.10 INCH OR MORE:   5
MIN 32 OR BELOW:   0    0.50 INCH OR MORE:   1
MIN  0 OR BELOW:   0    1.00 INCH OR MORE:   0

[HDD (BASE 65) ]
TOTAL THIS MO.     0    CLEAR  (SCALE 0-3)  22
DPTR FM NORMAL     0    PTCLDY (SCALE 4-7)   6
TOTAL FM JUL 1     0    CLOUDY (SCALE 8-10)  1
DPTR FM NORMAL     0

[CDD (BASE 65) ]
TOTAL THIS MO.   379
DPTR FM NORMAL   -38    [PRESSURE DATA]
TOTAL FM JAN 1   967    HIGHEST SLP  0.00 ON M
DPTR FM NORMAL    33    LOWEST  SLP 29.79 ON 15

[REMARKS]




U.S. Dept. of Commerce
NOAA National Weather Service
1325 East West Highway
Silver Spring, MD 20910
E-mail: w-nws.webmaster@noaa.gov
Page last modified: May 16, 2007
NATIONAL WEATHER SERVICE: for Safety, for Work, for Fun - FOR LIFE