883
CXUS52 KFFC 011110
CF6FFC
PRELIMINARY LOCAL CLIMATOLOGICAL DATA (WS FORM: F-6)

                                          STATION:   PEACHTREE CITY
                                          MONTH:     NOVEMBER
                                          YEAR:      2014
                                          LATITUDE:   33 20 N
                                          LONGITUDE:  84 34 W

  TEMPERATURE IN F:       :PCPN:    SNOW:  WIND      :SUNSHINE: SKY     :PK WND
================================================================================
1   2   3   4   5  6A  6B    7    8   9   10  11  12  13   14  15   16   17  18
                                     12Z  AVG MX 2MIN
DY MAX MIN AVG DEP HDD CDD  WTR  SNW DPTH SPD SPD DIR MIN PSBL S-S WX    SPD DR
================================================================================

 1  50  38  44 -13  21   0 0.00    M    M 15.7 31 320   M    M   7        41 310
 2  59  31  45 -11  20   0 0.00    M    M  8.1 17 320   M    M   0        25 340
 3  67  29  48  -8  17   0 0.00    M    M  1.5  7 110   M    M   0        12 150
 4  71  34  53  -3  12   0 0.00    M    M  1.2  8 160   M    M   0 18     12 160
 5  70  42  56   0   9   0    T  0.0    M  1.0  9 170   M    M   1 18     13 170
 6  73  50  62   7   3   0 0.01  0.0    0  7.6 22 310   M    M   3 18     29 320
 7  61  34  48  -7  17   0 0.00  0.0    0  5.8 15 340   M    M   0        21 340
 8  61  31  46  -9  19   0 0.00  0.0    0  0.5  8 270   M    M   2 12     13 200
 9  69  35  52  -3  13   0 0.00  0.0    0  1.9  9 320   M    M   0 1      12 330
10  72  33  53  -1  12   0 0.00  0.0    0  1.2  9 170   M    M   1 128    13 130
11  72  34  53  -1  12   0 0.00  0.0    0  0.8 10 310   M    M   1 1      13 270
12  68  44  56   2   9   0 0.00  0.0    0  5.3 15 320   M    M   5 18     18 320
13  48  35  42 -12  23   0    T    M    M 12.4 22 320   M    M   7 18     30 310
14  47  27  37 -16  28   0 0.00  0.0    M 10.7 21 320   M    M   0 8      28 320
15  52  25  39 -14  26   0 0.00  0.0    M  4.4 14 130   M    M   1        18 120
16  50  31  41 -12  24   0 0.14  0.0    M  4.1 13 130   M    M   9 18     16 120
17  64  32  48  -4  17   0 0.48  0.0    M 10.3 23 310   M    M   7 1      31 300
18  38  19  29 -23  36   0 0.00  0.0    M  9.5 21 310   M    M   0        27 320
19  50  15  33 -19  32   0 0.00  0.0    M  1.4 10 270   M    M   0        15 210
20  63  24  44  -7  21   0 0.00  0.0    M  3.7 15 310   M    M   0        20 280
21  65  29  47  -4  18   0 0.00    M    M  1.6 10 330   M    M   0 1      12  10
22  64  30  47  -4  18   0    T    M    M  5.8 15 130   M    M   3 1      20 130
23  64  50  57   6   8   0 2.21    M    M  7.1 23 160   M    M  10 13     34 150
24  75  52  64  14   1   0 0.00    M    M  6.1 15 280   M    M   4 1      22 240
25  59  44  52   2  13   0 0.00    M    M  4.3 12 340   M    M   2        14 350
26  57  38  48  -2  17   0 0.01    M    M  5.9 17 310   M    M   3        23 320
27  50  35  43  -6  22   0 0.00  0.0    M 11.5 21 320   M    M   5        26 310
28  52  28  40  -9  25   0 0.00  0.0    M  3.4 10 350   M    M   0        14 350
29  62  25  44  -5  21   0 0.00    M    M  1.8  9 240   M    M   1 18     14 240
30  70  32  51   3  14   0 0.00    M    M  1.9 13 230   M    M   0 1      18 240
================================================================================
SM 1823 1006       528   0  2.85     0.0 156.5          M       72
================================================================================
AV 60.8 33.5                               5.2 FASTST   M    M   2    MAX(MPH)
                                 MISC ---->  # 31 320               # 41  310
================================================================================
NOTES:
# LAST OF SEVERAL OCCURRENCES

COLUMN 17 PEAK WIND IN M.P.H.

PRELIMINARY LOCAL CLIMATOLOGICAL DATA (WS FORM: F-6) , PAGE 2

                                          STATION:  PEACHTREE CITY
                                          MONTH:    NOVEMBER
                                          YEAR:     2014
                                          LATITUDE:   33 20 N
                                          LONGITUDE:  84 34 W

[TEMPERATURE DATA]      [PRECIPITATION DATA]       SYMBOLS USED IN COLUMN 16

AVERAGE MONTHLY: 47.2   TOTAL FOR MONTH:   2.85    1 = FOG OR MIST
DPTR FM NORMAL:  -5.5   DPTR FM NORMAL:   -1.02    2 = FOG REDUCING VISIBILITY
HIGHEST:    75 ON 24    GRTST 24HR  2.21 ON 23-23      TO 1/4 MILE OR LESS
LOWEST:     15 ON 19                               3 = THUNDER
                        SNOW, ICE PELLETS, HAIL    4 = ICE PELLETS
                        TOTAL MONTH:   0.0 INCH    5 = HAIL
                        GRTST 24HR     0.0         6 = FREEZING RAIN OR DRIZZLE
                        GRTST DEPTH:   0           7 = DUSTSTORM OR SANDSTORM:
                                                       VSBY 1/2 MILE OR LESS
                                                   8 = SMOKE OR HAZE
[NO. OF DAYS WITH]      [WEATHER - DAYS WITH]      9 = BLOWING SNOW
                                                   X = TORNADO
MAX 32 OR BELOW:   0    0.01 INCH OR MORE:   5
MAX 90 OR ABOVE:   0    0.10 INCH OR MORE:   3
MIN 32 OR BELOW:  15    0.50 INCH OR MORE:   1
MIN  0 OR BELOW:   0    1.00 INCH OR MORE:   1

[HDD (BASE 65) ]
TOTAL THIS MO.   528    CLEAR  (SCALE 0-3)  21
DPTR FM NORMAL   152    PTCLDY (SCALE 4-7)   7
TOTAL FM JUL 1   638    CLOUDY (SCALE 8-10)  2
DPTR FM NORMAL    96

[CDD (BASE 65) ]
TOTAL THIS MO.     0
DPTR FM NORMAL    -5    [PRESSURE DATA]
TOTAL FM JAN 1  1793    HIGHEST SLP 30.50 ON  3
DPTR FM NORMAL   140    LOWEST  SLP 29.64 ON 23

[REMARKS]
#FINAL-11-14#




U.S. Dept. of Commerce
NOAA National Weather Service
1325 East West Highway
Silver Spring, MD 20910
E-mail: w-nws.webmaster@noaa.gov
Page last modified: May 16, 2007
NATIONAL WEATHER SERVICE: for Safety, for Work, for Fun - FOR LIFE