055
CXUS52 KFFC 191110
CF6FFC
PRELIMINARY LOCAL CLIMATOLOGICAL DATA (WS FORM: F-6)

                                          STATION:   PEACHTREE CITY
                                          MONTH:     APRIL
                                          YEAR:      2014
                                          LATITUDE:   33 20 N
                                          LONGITUDE:  84 34 W

  TEMPERATURE IN F:       :PCPN:    SNOW:  WIND      :SUNSHINE: SKY     :PK WND
================================================================================
1   2   3   4   5  6A  6B    7    8   9   10  11  12  13   14  15   16   17  18
                                     12Z  AVG MX 2MIN
DY MAX MIN AVG DEP HDD CDD  WTR  SNW DPTH SPD SPD DIR MIN PSBL S-S WX    SPD DR
================================================================================

 1  82  41  62   5   3   0 0.00    M    M  1.9 13 260   M    M   1        20 270
 2  80  42  61   4   4   0 0.00    M    M  3.1 14 260   M    M   1 8      20 260
 3  84  50  67  10   0   2 0.00    M    M  4.3 14 260   M    M   1 18     21 270
 4  79  58  69  11   0   4    T    M    M  7.6 17 250   M    M   5 1      28 240
 5  72  51  62   4   3   0 0.00    M    M  6.7 14 330   M    M   2        18 330
 6  57  50  54  -4  11   0 0.34    M    M  5.0 17 110   M    M   9 1      22 110
 7  67  52  60   2   5   0 1.72    M    M  9.0 23 320   M    M   9 13     29 290
 8  65  46  56  -3   9   0 0.00    M    M  7.0 21 330   M    M   5        25 330
 9  68  42  55  -4  10   0 0.00    M    M  7.8 20 330   M    M   1        25 320
10  76  36  56  -3   9   0 0.00  0.0    M  2.7 13 140   M    M   0 1      20 180
11  74  41  58  -1   7   0 0.00  0.0    M  3.0 13 260   M    M   0 1      18 230
12  81  45  63   3   2   0 0.00  0.0    M  1.9 14 150   M    M   0 1      20 140
13  81  50  66   6   0   1 0.00  0.0    M  4.7 15 150   M    M   2 1      23 150
14  72  63  68   8   0   3 1.07  0.0    M  5.0 14 150   M    M   7 1      19 150
15  65  38  52  -8  13   0 0.19  0.0    M 12.1 30 320   M    M   8 1      37 320
16  63  33  48 -13  17   0 0.00    M    M  6.6 16 140   M    M   0        22 140
17  66  41  54  -7  11   0 0.00    M    M  8.0 17 100   M    M   6        25 120
18  59  50  55  -6  10   0 1.25    M    M  6.7 13 360   M    M  10 1      20  30
================================================================================
SM 1291  829       114  10  4.57     0.0 103.1          M       67
================================================================================
AV 71.7 46.1                               5.7 FASTST   M    M   4    MAX(MPH)
                                 MISC ---->  # 30 320               # 37  320
================================================================================
NOTES:
# LAST OF SEVERAL OCCURRENCES

COLUMN 17 PEAK WIND IN M.P.H.

PRELIMINARY LOCAL CLIMATOLOGICAL DATA (WS FORM: F-6) , PAGE 2

                                          STATION:  PEACHTREE CITY
                                          MONTH:    APRIL
                                          YEAR:     2014
                                          LATITUDE:   33 20 N
                                          LONGITUDE:  84 34 W

[TEMPERATURE DATA]      [PRECIPITATION DATA]       SYMBOLS USED IN COLUMN 16

AVERAGE MONTHLY: 58.9   TOTAL FOR MONTH:   4.57    1 = FOG OR MIST
DPTR FM NORMAL:  -0.1   DPTR FM NORMAL:    2.10    2 = FOG REDUCING VISIBILITY
HIGHEST:    84 ON  3    GRTST 24HR  1.90 ON  6- 7      TO 1/4 MILE OR LESS
LOWEST:     33 ON 16                               3 = THUNDER
                        SNOW, ICE PELLETS, HAIL    4 = ICE PELLETS
                        TOTAL MONTH:   0.0 INCH    5 = HAIL
                        GRTST 24HR     0.0         6 = FREEZING RAIN OR DRIZZLE
                        GRTST DEPTH:  M  ON   M    7 = DUSTSTORM OR SANDSTORM:
                                                       VSBY 1/2 MILE OR LESS
                                                   8 = SMOKE OR HAZE
[NO. OF DAYS WITH]      [WEATHER - DAYS WITH]      9 = BLOWING SNOW
                                                   X = TORNADO
MAX 32 OR BELOW:   0    0.01 INCH OR MORE:   5
MAX 90 OR ABOVE:   0    0.10 INCH OR MORE:   5
MIN 32 OR BELOW:   0    0.50 INCH OR MORE:   3
MIN  0 OR BELOW:   0    1.00 INCH OR MORE:   3

[HDD (BASE 65) ]
TOTAL THIS MO.   114    CLEAR  (SCALE 0-3)  10
DPTR FM NORMAL    -7    PTCLDY (SCALE 4-7)   5
TOTAL FM JUL 1  3060    CLOUDY (SCALE 8-10)  3
DPTR FM NORMAL   187

[CDD (BASE 65) ]
TOTAL THIS MO.    10
DPTR FM NORMAL    -2    [PRESSURE DATA]
TOTAL FM JAN 1    10    HIGHEST SLP M ON M
DPTR FM NORMAL    -7    LOWEST  SLP 29.65 ON  8

[REMARKS]




U.S. Dept. of Commerce
NOAA National Weather Service
1325 East West Highway
Silver Spring, MD 20910
E-mail: w-nws.webmaster@noaa.gov
Page last modified: May 16, 2007
NATIONAL WEATHER SERVICE: for Safety, for Work, for Fun - FOR LIFE