941
CXUS52 KFFC 011110
CF6FFC
PRELIMINARY LOCAL CLIMATOLOGICAL DATA (WS FORM: F-6)

                                          STATION:   PEACHTREE CITY
                                          MONTH:     JANUARY
                                          YEAR:      2015
                                          LATITUDE:   33 20 N
                                          LONGITUDE:  84 34 W

  TEMPERATURE IN F:       :PCPN:    SNOW:  WIND      :SUNSHINE: SKY     :PK WND
================================================================================
1   2   3   4   5  6A  6B    7    8   9   10  11  12  13   14  15   16   17  18
                                     12Z  AVG MX 2MIN
DY MAX MIN AVG DEP HDD CDD  WTR  SNW DPTH SPD SPD DIR MIN PSBL S-S WX    SPD DR
================================================================================

 1  57  29  43   1  22   0 0.08  0.0    M  1.4  9 330   M    M   2 18     13 340
 2  50  43  47   5  18   0 0.55  0.0    M  2.9 12 140   M    M   8 1      14 360
 3  65  49  57  15   8   0 0.05    M    M  5.9 12 170   M    M  10 12     16 170
 4  68  45  57  15   8   0 0.72  0.0    M  7.4 17 310   M    M   6 13     24 300
 5  50  30  40  -2  25   0 0.00    M    M 10.3 21 320   M    M   1        27 330
 6  56  25  41  -1  24   0 0.00  0.0    M  3.9 20 310   M    M   0 1      26 290
 7  40  17  29 -13  36   0 0.00    M    M 14.1 26 330   M    M   1        35 310
 8  34  11  23 -19  42   0 0.00    M    M  5.1 22 330   M    M   0        28 340
 9  41  16  29 -13  36   0 0.00    M    M  5.4 14 310   M    M   0        18 310
10  48  21  35  -7  30   0 0.00    M    M  4.6 16 340   M    M   0        21 330
11  47  24  36  -6  29   0 0.05    M    M  4.6 12  80   M    M   7 1      16 120
12  47  39  43   1  22   0 0.02    M    M  2.3  8 120   M    M   7 12     10 120
13  49  42  46   4  19   0 0.01    M    M  5.2 14 340   M    M  10 1      19 340
14  43  30  37  -6  28   0 0.00    M    M  3.3  9 310   M    M  10 128    11 320
15  39  30  35  -8  30   0 0.08  0.0    M  2.0 10 310   M    M   7 12     12 320
16  56  29  43   0  22   0 0.00  0.0    M  5.5 15 340   M    M   2 18     19 310
17  60  25  43   0  22   0 0.00  0.0    M  2.6 14 140   M    M   0        17 150
18  61  29  45   2  20   0 0.00  0.0    M  5.3 23 310   M    M   1        30 320
19  67  25  46   3  19   0 0.00  0.0    M  2.6 14 280   M    M   0        18 230
20  66  33  50   7  15   0 0.00  0.0    M  2.9 10 220   M    M   0        19 200
21  65  32  49   6  16   0 0.00  0.0    M  3.1 14 310   M    M   0 1      18 320
22  57  30  44   1  21   0 0.04    M    M  2.6 10  20   M    M   5        13  50
23  47  42  45   2  20   0 0.78    M    M  6.8 16 110   M    M  10 1      23  90
24  51  30  41  -2  24   0 0.01  0.0    M  7.1 20 310   M    M   5 1      27 290
25  60  25  43   0  22   0    T  0.0    M  3.7 23 290   M    M   1        31 290
26  46  31  39  -5  26   0    T  0.0    M  9.8 23 320   M    M   8        34 320
27  53  29  41  -3  24   0 0.00  0.0    M  7.6 22 340   M    M   3 1      29 350
28  56  29  43  -1  22   0 0.00    M    M  5.0 14 340   M    M   0        20 330
29  61  27  44   0  21   0 0.00  0.0    M  2.9 13 170   M    M   3 18     19 220
30  56  36  46   2  19   0 0.00  0.0    M 13.0 23 320   M    M   3        33 320
31  57  25  41  -3  24   0 0.00  0.0    M  2.1  9 320   M    M   0        13 320
================================================================================
SM 1653  928       714   0  2.39     0.0 161.0          M      110
================================================================================
AV 53.3 29.9                               5.2 FASTST   M    M   4    MAX(MPH)
                                 MISC ---->  # 26 330               # 35  310
================================================================================
NOTES:
# LAST OF SEVERAL OCCURRENCES

COLUMN 17 PEAK WIND IN M.P.H.

PRELIMINARY LOCAL CLIMATOLOGICAL DATA (WS FORM: F-6) , PAGE 2

                                          STATION:  PEACHTREE CITY
                                          MONTH:    JANUARY
                                          YEAR:     2015
                                          LATITUDE:   33 20 N
                                          LONGITUDE:  84 34 W

[TEMPERATURE DATA]      [PRECIPITATION DATA]       SYMBOLS USED IN COLUMN 16

AVERAGE MONTHLY: 41.6   TOTAL FOR MONTH:   2.39    1 = FOG OR MIST
DPTR FM NORMAL:  -1.1   DPTR FM NORMAL:   -1.81    2 = FOG REDUCING VISIBILITY
HIGHEST:    68 ON  4    GRTST 24HR  0.79 ON 22-23      TO 1/4 MILE OR LESS
LOWEST:     11 ON  8                               3 = THUNDER
                        SNOW, ICE PELLETS, HAIL    4 = ICE PELLETS
                        TOTAL MONTH:   0.0 INCH    5 = HAIL
                        GRTST 24HR     0.0         6 = FREEZING RAIN OR DRIZZLE
                        GRTST DEPTH:  M  ON   M    7 = DUSTSTORM OR SANDSTORM:
                                                       VSBY 1/2 MILE OR LESS
                                                   8 = SMOKE OR HAZE
[NO. OF DAYS WITH]      [WEATHER - DAYS WITH]      9 = BLOWING SNOW
                                                   X = TORNADO
MAX 32 OR BELOW:   0    0.01 INCH OR MORE:  11
MAX 90 OR ABOVE:   0    0.10 INCH OR MORE:   3
MIN 32 OR BELOW:  23    0.50 INCH OR MORE:   3
MIN  0 OR BELOW:   0    1.00 INCH OR MORE:   0

[HDD (BASE 65) ]
TOTAL THIS MO.   714    CLEAR  (SCALE 0-3)  19
DPTR FM NORMAL    26    PTCLDY (SCALE 4-7)   7
TOTAL FM JUL 1  1838    CLOUDY (SCALE 8-10)  5
DPTR FM NORMAL   -31

[CDD (BASE 65) ]
TOTAL THIS MO.     0
DPTR FM NORMAL     0    [PRESSURE DATA]
TOTAL FM JAN 1     0    HIGHEST SLP 30.65 ON  8
DPTR FM NORMAL     0    LOWEST  SLP 29.75 ON 24

[REMARKS]
#FINAL-01-15#




U.S. Dept. of Commerce
NOAA National Weather Service
1325 East West Highway
Silver Spring, MD 20910
E-mail: w-nws.webmaster@noaa.gov
Page last modified: May 16, 2007
NATIONAL WEATHER SERVICE: for Safety, for Work, for Fun - FOR LIFE