995
CXUS54 KOUN 310800
CF6FDR
PRELIMINARY LOCAL CLIMATOLOGICAL DATA (WS FORM: F-6)

                                          STATION:   FREDERICK MUNICIPAL
                                          MONTH:     AUGUST
                                          YEAR:      2014
                                          LATITUDE:   34 21 N
                                          LONGITUDE:  98 59 W

  TEMPERATURE IN F:       :PCPN:    SNOW:  WIND      :SUNSHINE: SKY     :PK WND
================================================================================
1   2   3   4   5  6A  6B    7    8   9   10  11  12  13   14  15   16   17  18
                                     12Z  AVG MX 2MIN
DY MAX MIN AVG DEP HDD CDD  WTR  SNW DPTH SPD SPD DIR MIN PSBL S-S WX    SPD DR
================================================================================

 1  86  64  75 -11   0  10 0.00  0.0    0  4.9 10  80   M    M   1 1      13  30
 2  91  66  79  -7   0  14 0.00  0.0    0  4.6 13 140   M    M   1 1      14 110
 3  91  67  79  -7   0  14 0.00  0.0    0  5.3 12 110   M    M   0        15  70
 4  92  68  80  -6   0  15 0.00  0.0    0  5.7 14 130   M    M   0        16 120
 5  95  69  82  -3   0  17 0.00  0.0    0  8.7 16 140   M    M   0        21 160
 6 102  77  90   5   0  25 0.00  0.0    0 12.5 20 160   M    M   2        27 190
 7 105  74  90   5   0  25 0.00  0.0    0 10.0 21 120   M    M   0        24 120
 8  95  77  86   1   0  21 0.10  0.0    0 10.1 25  40   M    M   1        31  40
 9  95  75  85   0   0  20    T  0.0    0  6.7 15 180   M    M   2        19 240
10  99  75  87   2   0  22 0.00  0.0    0  8.9 21 330   M    M   1 3      25 330
11  99  75  87   2   0  22 0.00  0.0    0  9.0 26  10   M    M   1        31  10
12  96  68  82  -3   0  17 0.00  0.0    0  8.3 15  60   M    M   0        21  40
13  96  68  82  -3   0  17 0.00  0.0    0  9.9 16 180   M    M   0        21 180
14  99  68  84  -1   0  19 0.00  0.0    0 10.3 17 130   M    M   0        22 130
15 103  70  87   3   0  22 0.00  0.0    0 12.1 23 160   M    M   1        28 150
16 100  77  89   5   0  24    T  0.0    0  9.6 21 220   M    M   1        24 200
17 102  71  87   3   0  22 0.00  0.0    0  5.9 13 130   M    M   0        17 100
18 101  72  87   3   0  22 0.00  0.0    0 10.5 21 200   M    M   0        28 190
19  97  71  84   0   0  19 0.00  0.0    0 11.2 24 150   M    M   2        29 150
20 103  76  90   6   0  25 0.00  0.0    0 15.1 26 200   M    M   1        37 200
21 105  77  91   8   0  26    T  0.0    0 16.0 30 150   M    M   0        36 150
22 105  78  92   9   0  27 0.00  0.0    0 14.3 25 210   M    M   0        31 210
23 104  72  88   5   0  23 0.00  0.0    0 14.1 26 200   M    M   0        33 200
24 104  73  89   6   0  24 0.00  0.0    0 12.7 25 180   M    M   0        30 140
25 105  73  89   7   0  24 0.00  0.0    0 10.3 18 150   M    M   0        24 140
26 101  75  88   6   0  23 0.00  0.0    0 10.7 20 130   M    M   1        25 120
27  99  73  86   4   0  21 0.00  0.0    0 10.2 21 130   M    M   1        26 160
28  97  67  82   0   0  17 1.01  0.0    0 11.6 32 300   M    M   4 13     42 310
29  86  69  78  -3   0  13 0.01  0.0    0  8.0 18 180   M    M   4 1      23 200
30  96  69  83   2   0  18 0.00  0.0    0  6.0 14 160   M    M   0 1      17 160
================================================================================
SM 2949 2154         0 608  1.12     0.0 293.2          M       24
================================================================================
AV 98.3 71.8                               9.8 FASTST   M    M   1    MAX(MPH)
                                 MISC ---->  # 32 300               # 42  310
================================================================================
NOTES:
# LAST OF SEVERAL OCCURRENCES

COLUMN 17 PEAK WIND IN M.P.H.

PRELIMINARY LOCAL CLIMATOLOGICAL DATA (WS FORM: F-6) , PAGE 2

                                          STATION:  FREDERICK MUNICIPAL
                                          MONTH:    AUGUST
                                          YEAR:     2014
                                          LATITUDE:   34 21 N
                                          LONGITUDE:  98 59 W

[TEMPERATURE DATA]      [PRECIPITATION DATA]       SYMBOLS USED IN COLUMN 16

AVERAGE MONTHLY: 85.1   TOTAL FOR MONTH:   1.12    1 = FOG OR MIST
DPTR FM NORMAL:   1.1   DPTR FM NORMAL:   -1.04    2 = FOG REDUCING VISIBILITY
HIGHEST:   105 ON 25,22 GRTST 24HR  1.02 ON 28-29      TO 1/4 MILE OR LESS
LOWEST:     64 ON  1                               3 = THUNDER
                        SNOW, ICE PELLETS, HAIL    4 = ICE PELLETS
                        TOTAL MONTH:   0.0 INCH    5 = HAIL
                        GRTST 24HR     0.0         6 = FREEZING RAIN OR DRIZZLE
                        GRTST DEPTH:   0           7 = DUSTSTORM OR SANDSTORM:
                                                       VSBY 1/2 MILE OR LESS
                                                   8 = SMOKE OR HAZE
[NO. OF DAYS WITH]      [WEATHER - DAYS WITH]      9 = BLOWING SNOW
                                                   X = TORNADO
MAX 32 OR BELOW:   0    0.01 INCH OR MORE:   3
MAX 90 OR ABOVE:  28    0.10 INCH OR MORE:   2
MIN 32 OR BELOW:   0    0.50 INCH OR MORE:   1
MIN  0 OR BELOW:   0    1.00 INCH OR MORE:   1

[HDD (BASE 65) ]
TOTAL THIS MO.     0    CLEAR  (SCALE 0-3)  28
DPTR FM NORMAL     0    PTCLDY (SCALE 4-7)   2
TOTAL FM JUL 1     0    CLOUDY (SCALE 8-10)  0
DPTR FM NORMAL     0

[CDD (BASE 65) ]
TOTAL THIS MO.   608
DPTR FM NORMAL    39    [PRESSURE DATA]
TOTAL FM JAN 1  2050    HIGHEST SLP M ON M
DPTR FM NORMAL    97    LOWEST  SLP 28.62 ON 14

[REMARKS]




U.S. Dept. of Commerce
NOAA National Weather Service
1325 East West Highway
Silver Spring, MD 20910
E-mail: w-nws.webmaster@noaa.gov
Page last modified: May 16, 2007
NATIONAL WEATHER SERVICE: for Safety, for Work, for Fun - FOR LIFE