783
CXUS54 KOUN 010800
CF6FDR
PRELIMINARY LOCAL CLIMATOLOGICAL DATA (WS FORM: F-6)

                                          STATION:   FREDERICK MUNICIPAL
                                          MONTH:     NOVEMBER
                                          YEAR:      2014
                                          LATITUDE:   34 21 N
                                          LONGITUDE:  98 59 W

  TEMPERATURE IN F:       :PCPN:    SNOW:  WIND      :SUNSHINE: SKY     :PK WND
================================================================================
1   2   3   4   5  6A  6B    7    8   9   10  11  12  13   14  15   16   17  18
                                     12Z  AVG MX 2MIN
DY MAX MIN AVG DEP HDD CDD  WTR  SNW DPTH SPD SPD DIR MIN PSBL S-S WX    SPD DR
================================================================================

 1  64  33  49  -9  16   0 0.00  0.0    0 12.4 22 140   M    M   0        30 160
 2  71  46  59   1   6   0 0.00  0.0    0 17.8 28 160   M    M   1        32 170
 3  70  55  63   5   2   0    T  0.0    0 15.1 23 140   M    M   9        28 150
 4  68  48  58   1   7   0 0.97  0.0    0 12.7 30  20   M    M   8 1      37  20
 5  60  48  54  -3  11   0 0.00  0.0    0  3.7 10 330   M    M   1        12 320
 6  70  42  56   0   9   0 0.00  0.0    0  8.1 14  50   M    M   0        20  20
 7  73  40  57   1   8   0 0.00  0.0    0 11.0 29 200   M    M   0        35 210
 8  67  46  57   2   8   0 0.00  0.0    0 12.9 30  20   M    M   0        34  20
 9  79  42  61   6   4   0 0.00  0.0    0 13.3 30 230   M    M   0        35 220
10  84  39  62   8   3   0 0.00  0.0    0 22.5 49 350   M    M   0 8      58 360
11  42  30  36 -18  29   0 0.00  0.0    0 20.7 41 360   M    M   1        52 360
12  31  25  28 -26  37   0 0.00    M    0 21.0 26  10   M    M   7        38 350
13  35  25  30 -23  35   0 0.00  0.0    0 12.2 26 360   M    M   6        31 360
14  39  26  33 -20  32   0 0.00  0.0    0  9.1 18 110   M    M   7        22 110
15  59  31  45  -7  20   0 0.00  0.0    0 17.2 28 180   M    M   1 1      33 170
16  41  18  30 -22  35   0    T    M    0 14.3 30 360   M    M  10 18     46  20
17  39  18  29 -22  36   0 0.00  0.0    0  8.6 18 340   M    M   0        23 310
18  54  24  39 -12  26   0 0.00  0.0    0 10.1 23 230   M    M   0        27 230
19  60  30  45  -6  20   0 0.00  0.0    0  8.6 13  30   M    M   0        16 220
20  66  33  50   0  15   0 0.00  0.0    0  9.6 14  50   M    M   0        17 150
21  62  37  50   0  15   0    T    M    0  7.7 12  90   M    M   4 1       M  M
22  60  49  55   6  10   0 1.23    M    0 11.9 26 110   M    M   8 123    32 110
23  64  42  53   4  12   0    T  0.0    0 17.1 38 340   M    M   6 12     48 320
24  59  33  46  -2  19   0 0.00  0.0    0  9.6 20 310   M    M   0 8      23 300
25  56  37  47  -1  18   0 0.00  0.0    0 10.7 20 340   M    M   0        24 330
26  58  34  46  -2  19   0 0.00  0.0    0 12.7 30 350   M    M   0        34 350
27  53  31  42  -5  23   0 0.00  0.0    0  7.0 14 160   M    M   0        17 160
28  72  35  54   7  11   0 0.00  0.0    0 14.5 25 210   M    M   0        31 210
29  77  44  61  15   4   0 0.00  0.0    0 17.8 30 200   M    M   0        37 230
30  77  30  54   8  11   0 0.00  0.0    0 16.1 32  20   M    M   0        37 360
================================================================================
SM 1810 1071       501   0  2.20     0.0 386.0          M       69
================================================================================
AV 60.3 35.7                              12.9 FASTST   M    M   2    MAX(MPH)
                                 MISC ---->  # 49 350               # 58  360
================================================================================
NOTES:
# LAST OF SEVERAL OCCURRENCES

COLUMN 17 PEAK WIND IN M.P.H.

PRELIMINARY LOCAL CLIMATOLOGICAL DATA (WS FORM: F-6) , PAGE 2

                                          STATION:  FREDERICK MUNICIPAL
                                          MONTH:    NOVEMBER
                                          YEAR:     2014
                                          LATITUDE:   34 21 N
                                          LONGITUDE:  98 59 W

[TEMPERATURE DATA]      [PRECIPITATION DATA]       SYMBOLS USED IN COLUMN 16

AVERAGE MONTHLY: 48.0   TOTAL FOR MONTH:   2.20    1 = FOG OR MIST
DPTR FM NORMAL:  -4.2   DPTR FM NORMAL:    0.76    2 = FOG REDUCING VISIBILITY
HIGHEST:    84 ON 10    GRTST 24HR  1.23 ON 22-22      TO 1/4 MILE OR LESS
LOWEST:     18 ON 17,16                            3 = THUNDER
                        SNOW, ICE PELLETS, HAIL    4 = ICE PELLETS
                        TOTAL MONTH:   0.0 INCH    5 = HAIL
                        GRTST 24HR     0.0         6 = FREEZING RAIN OR DRIZZLE
                        GRTST DEPTH:   0           7 = DUSTSTORM OR SANDSTORM:
                                                       VSBY 1/2 MILE OR LESS
                                                   8 = SMOKE OR HAZE
[NO. OF DAYS WITH]      [WEATHER - DAYS WITH]      9 = BLOWING SNOW
                                                   X = TORNADO
MAX 32 OR BELOW:   1    0.01 INCH OR MORE:   2
MAX 90 OR ABOVE:   0    0.10 INCH OR MORE:   2
MIN 32 OR BELOW:  11    0.50 INCH OR MORE:   2
MIN  0 OR BELOW:   0    1.00 INCH OR MORE:   1

[HDD (BASE 65) ]
TOTAL THIS MO.   501    CLEAR  (SCALE 0-3)  21
DPTR FM NORMAL   108    PTCLDY (SCALE 4-7)   7
TOTAL FM JUL 1   543    CLOUDY (SCALE 8-10)  2
DPTR FM NORMAL    29

[CDD (BASE 65) ]
TOTAL THIS MO.     0
DPTR FM NORMAL    -7    [PRESSURE DATA]
TOTAL FM JAN 1  2603    HIGHEST SLP M ON M
DPTR FM NORMAL   204    LOWEST  SLP 29.31 ON 23

[REMARKS]
#FINAL-11-14#




U.S. Dept. of Commerce
NOAA National Weather Service
1325 East West Highway
Silver Spring, MD 20910
E-mail: w-nws.webmaster@noaa.gov
Page last modified: May 16, 2007
NATIONAL WEATHER SERVICE: for Safety, for Work, for Fun - FOR LIFE