635
CXUS54 KOUN 300800
CF6FDR
PRELIMINARY LOCAL CLIMATOLOGICAL DATA (WS FORM: F-6)

                                          STATION:   FREDERICK MUNICIPAL
                                          MONTH:     JANUARY
                                          YEAR:      2015
                                          LATITUDE:   34 21 N
                                          LONGITUDE:  98 59 W

  TEMPERATURE IN F:       :PCPN:    SNOW:  WIND      :SUNSHINE: SKY     :PK WND
================================================================================
1   2   3   4   5  6A  6B    7    8   9   10  11  12  13   14  15   16   17  18
                                     12Z  AVG MX 2MIN
DY MAX MIN AVG DEP HDD CDD  WTR  SNW DPTH SPD SPD DIR MIN PSBL S-S WX    SPD DR
================================================================================

 1  29  22  26 -14  39   0    T    M    0  3.8  8 200   M    M  10 168     9 200
 2  34  29  32  -8  33   0 0.55    M    0  3.9 14  30   M    M  10 16     16  30
 3  44  33  39  -1  26   0    T    M    0  9.9 28  80   M    M  10 128    32  80
 4  39  20  30 -10  35   0 0.00  0.0    0 14.8 36 340   M    M   1 8      42 350
 5  45  20  33  -7  32   0 0.00  0.0    0 11.8 25 190   M    M   0        30 180
 6  51  30  41   1  24   0 0.00  0.0    0 10.5 23  50   M    M   0        28  50
 7  32  18  25 -15  40   0 0.00  0.0    0 18.0 38  20   M    M   1        46  10
 8  41  15  28 -12  37   0 0.00  0.0    0 12.3 30 190   M    M   0        36 190
 9  37  23  30 -10  35   0 0.00  0.0    0 12.0 22  10   M    M   0        25  10
10  42  25  34  -6  31   0 0.00  0.0    0 12.7 22 180   M    M   8        26 180
11  43  29  36  -4  29   0 0.00  0.0    0  9.3 16 190   M    M   8 128    19 180
12  38  30  34  -6  31   0 0.00  0.0    0 16.7 30  10   M    M  10 18     35  10
13  33  27  30 -11  35   0 0.00  0.0    0  7.8 15  10   M    M  10        17  40
14  39  33  36  -5  29   0 0.00  0.0    0  2.7  7 320   M    M  10         9 340
15  58  30  44   3  21   0 0.00  0.0    0  5.8 13 320   M    M   3 18     16 320
16  65  27  46   5  19   0 0.00  0.0    0  9.5 22 210   M    M   0 8      26 200
17  68  32  50   9  15   0 0.00  0.0    0 15.2 37 360   M    M   0        44 360
18  73  28  51  10  14   0 0.00  0.0    0 13.4 31 220   M    M   0        37 220
19  73  33  53  12  12   0 0.00  0.0    0  4.5 12 360   M    M   0        13 330
20  65  37  51  10  14   0 0.00  0.0    0 13.6 28  70   M    M   0        35  50
21  56  36  46   5  19   0 0.07  0.0    0 12.9 26  60   M    M   5 1      32  60
22  42  34  38  -3  27   0 0.20    M    0 14.9 24  30   M    M  10 1      30  50
23  51  31  41   0  24   0 0.00  0.0    0 10.6 20 270   M    M   3 18     27 250
24  62  32  47   6  18   0 0.00  0.0    0 10.7 17 300   M    M   0        21 310
25  64  38  51   9  14   0 0.00  0.0    0 15.6 33 320   M    M   0        42 320
26  79  33  56  14   9   0 0.00  0.0    0  9.3 24 270   M    M   0        29 270
27  77  42  60  18   5   0 0.00  0.0    0  8.2 15 310   M    M   0 8      18 310
28  81  40  61  19   4   0 0.00  0.0    0 11.0 23 190   M    M   0        27 190
29  60  43  52  10  13   0 0.00  0.0    0 15.3 30  10   M    M   0        37 360
================================================================================
SM 1521  870       684   0  0.82     0.0 316.7          M       99
================================================================================
AV 52.4 30.0                              10.9 FASTST   M    M   3    MAX(MPH)
                                 MISC ---->  # 38  20               # 46   10
================================================================================
NOTES:
# LAST OF SEVERAL OCCURRENCES

COLUMN 17 PEAK WIND IN M.P.H.

PRELIMINARY LOCAL CLIMATOLOGICAL DATA (WS FORM: F-6) , PAGE 2

                                          STATION:  FREDERICK MUNICIPAL
                                          MONTH:    JANUARY
                                          YEAR:     2015
                                          LATITUDE:   34 21 N
                                          LONGITUDE:  98 59 W

[TEMPERATURE DATA]      [PRECIPITATION DATA]       SYMBOLS USED IN COLUMN 16

AVERAGE MONTHLY: 41.2   TOTAL FOR MONTH:   0.82    1 = FOG OR MIST
DPTR FM NORMAL:   0.5   DPTR FM NORMAL:   -0.32    2 = FOG REDUCING VISIBILITY
HIGHEST:    81 ON 28    GRTST 24HR  0.55 ON  2- 2      TO 1/4 MILE OR LESS
LOWEST:     15 ON  8                               3 = THUNDER
                        SNOW, ICE PELLETS, HAIL    4 = ICE PELLETS
                        TOTAL MONTH:   0.0 INCH    5 = HAIL
                        GRTST 24HR     0.0         6 = FREEZING RAIN OR DRIZZLE
                        GRTST DEPTH:   0           7 = DUSTSTORM OR SANDSTORM:
                                                       VSBY 1/2 MILE OR LESS
                                                   8 = SMOKE OR HAZE
[NO. OF DAYS WITH]      [WEATHER - DAYS WITH]      9 = BLOWING SNOW
                                                   X = TORNADO
MAX 32 OR BELOW:   2    0.01 INCH OR MORE:   3
MAX 90 OR ABOVE:   0    0.10 INCH OR MORE:   2
MIN 32 OR BELOW:  18    0.50 INCH OR MORE:   1
MIN  0 OR BELOW:   0    1.00 INCH OR MORE:   0

[HDD (BASE 65) ]
TOTAL THIS MO.   684    CLEAR  (SCALE 0-3)  17
DPTR FM NORMAL   -19    PTCLDY (SCALE 4-7)   5
TOTAL FM JUL 1  1862    CLOUDY (SCALE 8-10)  7
DPTR FM NORMAL   -60

[CDD (BASE 65) ]
TOTAL THIS MO.     0
DPTR FM NORMAL     0    [PRESSURE DATA]
TOTAL FM JAN 1     0    HIGHEST SLP M ON M
DPTR FM NORMAL     0    LOWEST  SLP 29.79 ON  3

[REMARKS]




U.S. Dept. of Commerce
NOAA National Weather Service
1325 East West Highway
Silver Spring, MD 20910
E-mail: w-nws.webmaster@noaa.gov
Page last modified: May 16, 2007
NATIONAL WEATHER SERVICE: for Safety, for Work, for Fun - FOR LIFE