277
CXUS53 KMPX 241000
CF6FCM
PRELIMINARY LOCAL CLIMATOLOGICAL DATA (WS FORM: F-6)

                                          STATION:   MINNEAPOLIS FLYING CLOUD MN
                                          MONTH:     NOVEMBER
                                          YEAR:      2014
                                          LATITUDE:   44 49 N
                                          LONGITUDE:  93 27 W

  TEMPERATURE IN F:       :PCPN:    SNOW:  WIND      :SUNSHINE: SKY     :PK WND
================================================================================
1   2   3   4   5  6A  6B    7    8   9   10  11  12  13   14  15   16   17  18
                                     12Z  AVG MX 2MIN
DY MAX MIN AVG DEP HDD CDD  WTR  SNW DPTH SPD SPD DIR MIN PSBL S-S WX    SPD DR
================================================================================

 1  44  23  34  -8  31   0    M    M    M 11.1 21 150   M    M   0        25 180
 2  60  35  48   6  17   0    M    M    M 13.1 25 180   M    M   0        33 170
 3  56  44  50   9  15   0    M    M    M  9.4 21 300   M    M   5        26 300
 4  54  33  44   4  21   0    M    M    M 12.5 25 290   M    M   5        34 280
 5  47  31  39  -1  26   0    M    M    M  6.4 16 350   M    M   8 18     23  10
 6  44  33  39   0  26   0    M    M    M  9.5 17 340   M    M   5        24 350
 7  49  31  40   1  25   0    M    M    M 11.8 32 330   M    M   6        47 320
 8  44  35  40   2  25   0    M    M    M 14.0 28 310   M    M   7        39 340
 9  39  32  36  -2  29   0    M    M    M  6.9 16 340   M    M   9 8      19 340
10  33  25  29  -8  36   0    M    M    M 16.0 25  20   M    M  10 168    34 340
11  27  18  23 -14  42   0    M    M    M 14.7 24 350   M    M   9 18     35 350
12  24  12  18 -18  47   0    M    M    M  8.3 14 310   M    M   8 18     18 310
13  25  17  21 -14  44   0    M    M    M 12.3 18 310   M    M   6 18     24 320
14  22   6  14 -21  51   0    M    M    M  5.2 16 300   M    M   3 1      19 300
15  23   4  14 -20  51   0    M    M    M  3.7 12 190   M    M   8 18     14 190
16  22   5  14 -20  51   0    M    M    M 10.2 20 210   M    M   4 18     24 280
17  16   6  11 -22  54   0    M    M    M 14.7 25 300   M    M   3 8      33 310
18  19   6  13 -19  52   0    M    M    M 10.4 20 290   M    M   9 8      26 290
19  25  16  21 -11  44   0    M    M    M 14.0 24 310   M    M   8 18     34 290
20  18   4  11 -20  54   0    M    M    M  8.6 18 280   M    M   0        23 280
21  34   2  18 -13  47   0    M    M    M 12.5 26 180   M    M   2 18     31 190
22  45  34  40  10  25   0    M    M    M 10.8 18 200   M    M  10 18     24 190
23  51  32  42  12  23   0    M    M    M  9.9 20 320   M    M  10 18     26 310
================================================================================
SM  821  484       836   0    M     M    246.0          M      135
================================================================================
AV 35.7 21.0                              10.7 FASTST   M    M   6    MAX(MPH)
                                 MISC ---->  # 32 330               # 47  320
================================================================================
NOTES:
# LAST OF SEVERAL OCCURRENCES

COLUMN 17 PEAK WIND IN M.P.H.

PRELIMINARY LOCAL CLIMATOLOGICAL DATA (WS FORM: F-6) , PAGE 2

                                          STATION:  MINNEAPOLIS FLYING CLOUD MN
                                          MONTH:    NOVEMBER
                                          YEAR:     2014
                                          LATITUDE:   44 49 N
                                          LONGITUDE:  93 27 W

[TEMPERATURE DATA]      [PRECIPITATION DATA]       SYMBOLS USED IN COLUMN 16

AVERAGE MONTHLY: 28.4   TOTAL FOR MONTH:      M    1 = FOG OR MIST
DPTR FM NORMAL:  -7.5   DPTR FM NORMAL:       M    2 = FOG REDUCING VISIBILITY
HIGHEST:    60 ON  2    GRTST 24HR  0.09 ON  9-10      TO 1/4 MILE OR LESS
LOWEST:      2 ON 21                               3 = THUNDER
                        SNOW, ICE PELLETS, HAIL    4 = ICE PELLETS
                        TOTAL MONTH:    M          5 = HAIL
                        GRTST 24HR    M  ON   M    6 = FREEZING RAIN OR DRIZZLE
                        GRTST DEPTH:  M  ON   M    7 = DUSTSTORM OR SANDSTORM:
                                                       VSBY 1/2 MILE OR LESS
                                                   8 = SMOKE OR HAZE
[NO. OF DAYS WITH]      [WEATHER - DAYS WITH]      9 = BLOWING SNOW
                                                   X = TORNADO
MAX 32 OR BELOW:  10    0.01 INCH OR MORE:   0
MAX 90 OR ABOVE:   0    0.10 INCH OR MORE:   0
MIN 32 OR BELOW:  17    0.50 INCH OR MORE:   0
MIN  0 OR BELOW:   0    1.00 INCH OR MORE:   0

[HDD (BASE 65) ]
TOTAL THIS MO.   836    CLEAR  (SCALE 0-3)   5
DPTR FM NORMAL   167    PTCLDY (SCALE 4-7)  11
TOTAL FM JUL 1  1454    CLOUDY (SCALE 8-10)  7
DPTR FM NORMAL   109

[CDD (BASE 65) ]
TOTAL THIS MO.     0
DPTR FM NORMAL     0    [PRESSURE DATA]
TOTAL FM JAN 1   736    HIGHEST SLP M ON M
DPTR FM NORMAL     7    LOWEST  SLP 29.34 ON 23

[REMARKS]




U.S. Dept. of Commerce
NOAA National Weather Service
1325 East West Highway
Silver Spring, MD 20910
E-mail: w-nws.webmaster@noaa.gov
Page last modified: May 16, 2007
NATIONAL WEATHER SERVICE: for Safety, for Work, for Fun - FOR LIFE