470
CXUS53 KMPX 301000
CF6FCM
PRELIMINARY LOCAL CLIMATOLOGICAL DATA (WS FORM: F-6)

                                          STATION:   MINNEAPOLIS FLYING CLOUD MN
                                          MONTH:     SEPTEMBER
                                          YEAR:      2014
                                          LATITUDE:   44 49 N
                                          LONGITUDE:  93 27 W

  TEMPERATURE IN F:       :PCPN:    SNOW:  WIND      :SUNSHINE: SKY     :PK WND
================================================================================
1   2   3   4   5  6A  6B    7    8   9   10  11  12  13   14  15   16   17  18
                                     12Z  AVG MX 2MIN
DY MAX MIN AVG DEP HDD CDD  WTR  SNW DPTH SPD SPD DIR MIN PSBL S-S WX    SPD DR
================================================================================

 1  78  63  71   3   0   6 0.16    M    M  7.4 17 270   M    M   5 1      25 260
 2  79  60  70   3   0   5 0.00    M    M  6.5 14 230   M    M   1        20 220
 3  80  60  70   3   0   5 0.17    M    M  7.9 15 120   M    M   5 138    23 180
 4  87  65  76   9   0  11 0.02    M    M  9.2 22 300   M    M   6 3      31 300
 5  66  52  59  -7   6   0 0.00    M    M  8.2 20 330   M    M   3        24 320
 6  78  49  64  -2   1   0 0.00    M    M  5.6 12 280   M    M   0        16 280
 7  77  52  65  -1   0   0 0.00    M    M  8.1 18 180   M    M   0        22 220
 8  76  58  67   2   0   2    T    M    M 10.1 23 180   M    M   4        30 210
 9  76  60  68   3   0   3 0.14    M    M  6.6 16 150   M    M   8 18     20 140
10  68  48  58  -6   7   0 0.04    M    M 12.6 24 350   M    M  10 1      33 350
11  59  42  51 -13  14   0 0.00    M    M  6.0 15  20   M    M   5 8      22  40
12  58  41  50 -14  15   0 0.00    M    M  5.8 17 330   M    M   6 8      23 320
13  61  33  47 -16  18   0 0.00    M    M  7.0 18 180   M    M   4 12     25 180
14  66  48  57  -6   8   0 0.00    M    M  7.9 17 270   M    M   3        24 250
15  63  44  54  -8  11   0 0.10    M    M  3.8 15 300   M    M   6 1      20 300
16  68  39  54  -8  11   0 0.00    M    M  4.7 14 190   M    M   2        18 210
17   M  55   M   M   M   M 0.00    M    M  4.9  7 210   M    M   6         M  M
18   M   M   M   M   M   M 0.00    M    M  9.4 12 170   M    M   0         M  M
19  79  57  68   8   0   3    T    M    M 10.4 26 190   M    M   4 8      36 190
20  78  56  67   7   0   2 0.33    M    M 10.4 24 310   M    M   1 13     31 310
21  68  53  61   1   4   0 0.00    M    M 10.6 24 330   M    M   3        31 330
22  73  46  60   1   5   0 0.00    M    M  5.4 10 200   M    M   0 1      14 240
23  75  50  63   4   2   0 0.00    M    M  8.1 20 160   M    M   2        24 210
24  65  58  62   4   3   0 0.13    M    M  9.9 20 160   M    M  10 1      26 180
25  78  58  68  10   0   3 0.00    M    M  6.4 12 150   M    M   4        22 110
26  82  57  70  13   0   5 0.00    M    M  8.2 20 140   M    M   4        23 140
27  83  61  72  15   0   7 0.00    M    M  7.9 18 170   M    M   3        29 160
28  83  59  71  15   0   6 0.00    M    M  4.8 13 190   M    M   1 18     20 210
29  65  45  55  -1  10   0 0.07    M    M  9.3 16  10   M    M   7 1      21  10
================================================================================
SM 1969 1469       115  58  1.16    M    223.1          M      113
================================================================================
AV 72.9 52.5                               7.7 FASTST   M    M   4    MAX(MPH)
                                 MISC ---->  # 26 190               # 36  190
================================================================================
NOTES:
# LAST OF SEVERAL OCCURRENCES

COLUMN 17 PEAK WIND IN M.P.H.

PRELIMINARY LOCAL CLIMATOLOGICAL DATA (WS FORM: F-6) , PAGE 2

                                          STATION:  MINNEAPOLIS FLYING CLOUD MN
                                          MONTH:    SEPTEMBER
                                          YEAR:     2014
                                          LATITUDE:   44 49 N
                                          LONGITUDE:  93 27 W

[TEMPERATURE DATA]      [PRECIPITATION DATA]       SYMBOLS USED IN COLUMN 16

AVERAGE MONTHLY: 62.7   TOTAL FOR MONTH:   1.16    1 = FOG OR MIST
DPTR FM NORMAL:   0.6   DPTR FM NORMAL:   -2.28    2 = FOG REDUCING VISIBILITY
HIGHEST:    87 ON  4    GRTST 24HR  1.28 ON 31- 1      TO 1/4 MILE OR LESS
LOWEST:     33 ON 13                               3 = THUNDER
                        SNOW, ICE PELLETS, HAIL    4 = ICE PELLETS
                        TOTAL MONTH:    M          5 = HAIL
                        GRTST 24HR    M  ON   M    6 = FREEZING RAIN OR DRIZZLE
                        GRTST DEPTH:  M  ON   M    7 = DUSTSTORM OR SANDSTORM:
                                                       VSBY 1/2 MILE OR LESS
                                                   8 = SMOKE OR HAZE
[NO. OF DAYS WITH]      [WEATHER - DAYS WITH]      9 = BLOWING SNOW
                                                   X = TORNADO
MAX 32 OR BELOW:   0    0.01 INCH OR MORE:   9
MAX 90 OR ABOVE:   0    0.10 INCH OR MORE:   6
MIN 32 OR BELOW:   0    0.50 INCH OR MORE:   0
MIN  0 OR BELOW:   0    1.00 INCH OR MORE:   0

[HDD (BASE 65) ]
TOTAL THIS MO.   115    CLEAR  (SCALE 0-3)  11
DPTR FM NORMAL   -31    PTCLDY (SCALE 4-7)  16
TOTAL FM JUL 1   120    CLOUDY (SCALE 8-10)  2
DPTR FM NORMAL   -41

[CDD (BASE 65) ]
TOTAL THIS MO.    58
DPTR FM NORMAL    -4    [PRESSURE DATA]
TOTAL FM JAN 1   736    HIGHEST SLP M ON M
DPTR FM NORMAL    13    LOWEST  SLP 29.57 ON  4

[REMARKS]




U.S. Dept. of Commerce
NOAA National Weather Service
1325 East West Highway
Silver Spring, MD 20910
E-mail: w-nws.webmaster@noaa.gov
Page last modified: May 16, 2007
NATIONAL WEATHER SERVICE: for Safety, for Work, for Fun - FOR LIFE