657
CXUS52 KRAH 011345
CF6FAY
PRELIMINARY LOCAL CLIMATOLOGICAL DATA (WS FORM: F-6)

                                          STATION:   FAYETTEVILLE REGL AIRPORT NC
                                          MONTH:     NOVEMBER
                                          YEAR:      2014
                                          LATITUDE:   35  0 N
                                          LONGITUDE:  78 53 W

  TEMPERATURE IN F:       :PCPN:    SNOW:  WIND      :SUNSHINE: SKY     :PK WND
================================================================================
1   2   3   4   5  6A  6B    7    8   9   10  11  12  13   14  15   16   17  18
                                     12Z  AVG MX 2MIN
DY MAX MIN AVG DEP HDD CDD  WTR  SNW DPTH SPD SPD DIR MIN PSBL S-S WX    SPD DR
================================================================================

 1  52  46  49 -10  16   0 0.16    M    M 13.7 24  10   M    M   9 1      31 310
 2  55  33  44 -15  21   0 0.00    M    M 12.3 26 310   M    M   0        30 310
 3  65  31  48 -10  17   0 0.00    M    M  5.6 12 270   M    M   0        15 250
 4  68  36  52  -6  13   0 0.00    M    M  6.9 15 220   M    M   0        18 220
 5  72  51  62   4   3   0 0.00    M    M  7.2 15 220   M    M   1        19 220
 6  77  58  68  10   0   3 0.00    M    M 12.0 26 210   M    M   6        36 310
 7  64  40  52  -5  13   0 0.00    M    M  8.3 21 330   M    M   1        30 340
 8  61  34  48  -9  17   0 0.00    M    M  3.7  9  10   M    M   0        12  10
 9  63  41  52  -5  13   0 0.00    M    M  2.2 12  20   M    M   0 1      14  10
10  67  34  51  -6  14   0 0.00    M    M  5.0 14  20   M    M   1 1      17  50
11  73  50  62   6   3   0 0.00    M    M  8.4 15  10   M    M   4 12     19  30
12  80  56  68  12   0   3 0.00    M    M  2.8 12 360   M    M   6 12     15  10
13  62  49  56   0   9   0 0.00    M    M  8.4 17  10   M    M  10        22  10
14  49  32  41 -14  24   0 0.00    M    M 10.9 21 360   M    M   6 1      27  10
15  48  27  38 -17  27   0 0.00    M    M  5.4 14  30   M    M   0        20  30
16  49  28  39 -16  26   0 0.13    M    M  4.5 10 360   M    M   9 18     13  10
17  73  44  59   4   6   0    T    M    M 12.0 26 220   M    M   9 12     36 230
18  52  24  38 -16  27   0 0.00    M    M  9.6 20 300   M    M   1        26 300
19  46  17  32 -22  33   0 0.00    M    M  5.2 13 190   M    M   0        16 230
20  62  28  45  -9  20   0 0.00    M    M  9.3 23 240   M    M   0        30 260
21  56  30  43 -10  22   0 0.00    M    M  6.8 16  20   M    M   0        19 360
22  58  23  41 -12  24   0 0.00    M    M  1.7  7 230   M    M   0         8 180
23  67  39  53   0  12   0 0.58    M    M  8.5 24 210   M    M   7 1      37 200
24  72  60  66  14   0   1 0.07    M    M  8.6 20 220   M    M   8 12     27 200
25  63  51  57   5   8   0 0.49    M    M  6.9 21  10   M    M   8 1      24  20
26  53  37  45  -7  20   0 1.41    M    M 10.8 24 360   M    M   8 1      31  30
27  54  37  46  -5  19   0 0.00    M    M  7.7 20 330   M    M   5 12     25 310
28  47  30  39 -12  26   0 0.00    M    M  5.8 17 330   M    M   0        21 360
29  56  28  42  -8  23   0 0.00    M    M  5.6 14 210   M    M   0 1      17 170
30  70  33  52   2  13   0 0.00    M    M  7.8 20 210   M    M   1 1      25 230
================================================================================
SM 1834 1127       469   7  2.84    M    223.6          M      100
================================================================================
AV 61.1 37.6                               7.5 FASTST   M    M   3    MAX(MPH)
                                 MISC ---->  # 26 310               # 37  200
================================================================================
NOTES:
# LAST OF SEVERAL OCCURRENCES

COLUMN 17 PEAK WIND IN M.P.H.

PRELIMINARY LOCAL CLIMATOLOGICAL DATA (WS FORM: F-6) , PAGE 2

                                          STATION:  FAYETTEVILLE REGL AIRPORT NC
                                          MONTH:    NOVEMBER
                                          YEAR:     2014
                                          LATITUDE:   35  0 N
                                          LONGITUDE:  78 53 W

[TEMPERATURE DATA]      [PRECIPITATION DATA]       SYMBOLS USED IN COLUMN 16

AVERAGE MONTHLY: 49.3   TOTAL FOR MONTH:   2.84    1 = FOG OR MIST
DPTR FM NORMAL:  -5.4   DPTR FM NORMAL:    0.07    2 = FOG REDUCING VISIBILITY
HIGHEST:    80 ON 12    GRTST 24HR  1.64 ON 25-26      TO 1/4 MILE OR LESS
LOWEST:     17 ON 19                               3 = THUNDER
                        SNOW, ICE PELLETS, HAIL    4 = ICE PELLETS
                        TOTAL MONTH:    M          5 = HAIL
                        GRTST 24HR    M  ON   M    6 = FREEZING RAIN OR DRIZZLE
                        GRTST DEPTH:  M  ON   M    7 = DUSTSTORM OR SANDSTORM:
                                                       VSBY 1/2 MILE OR LESS
                                                   8 = SMOKE OR HAZE
[NO. OF DAYS WITH]      [WEATHER - DAYS WITH]      9 = BLOWING SNOW
                                                   X = TORNADO
MAX 32 OR BELOW:   0    0.01 INCH OR MORE:   6
MAX 90 OR ABOVE:   0    0.10 INCH OR MORE:   5
MIN 32 OR BELOW:  11    0.50 INCH OR MORE:   2
MIN  0 OR BELOW:   0    1.00 INCH OR MORE:   1

[HDD (BASE 65) ]
TOTAL THIS MO.   469    CLEAR  (SCALE 0-3)  17
DPTR FM NORMAL   148    PTCLDY (SCALE 4-7)   9
TOTAL FM JUL 1   544    CLOUDY (SCALE 8-10)  4
DPTR FM NORMAL    96

[CDD (BASE 65) ]
TOTAL THIS MO.     7
DPTR FM NORMAL    -6    [PRESSURE DATA]
TOTAL FM JAN 1  2139    HIGHEST SLP M ON M
DPTR FM NORMAL   148    LOWEST  SLP 29.58 ON 17

[REMARKS]
#FINAL-11-14#




U.S. Dept. of Commerce
NOAA National Weather Service
1325 East West Highway
Silver Spring, MD 20910
E-mail: w-nws.webmaster@noaa.gov
Page last modified: May 16, 2007
NATIONAL WEATHER SERVICE: for Safety, for Work, for Fun - FOR LIFE