062
CXUS56 KHNX 291146
CF6FAT
PRELIMINARY LOCAL CLIMATOLOGICAL DATA (WS FORM: F-6)

                                          STATION:   FRESNO CA
                                          MONTH:     JANUARY
                                          YEAR:      2015
                                          LATITUDE:   36 46 N
                                          LONGITUDE: 119 43 W

  TEMPERATURE IN F:       :PCPN:    SNOW:  WIND      :SUNSHINE: SKY     :PK WND
================================================================================
1   2   3   4   5  6A  6B    7    8   9   10  11  12  13   14  15   16   17  18
                                     12Z  AVG MX 2MIN
DY MAX MIN AVG DEP HDD CDD  WTR  SNW DPTH SPD SPD DIR MIN PSBL S-S WX    SPD DR
================================================================================

 1  53  29  41  -4  24   0 0.00  0.0    0  1.3  8  80   M    M   0 18      9 220
 2  54  28  41  -4  24   0 0.00  0.0    0  2.1  7 330   M    M   2 18     11 270
 3  54  29  42  -3  23   0 0.00  0.0    0  1.2  6 300   M    M   2 8       8 140
 4  55  31  43  -3  22   0 0.00  0.0    0  2.0 13 150   M    M   4 18     15 150
 5  60  33  47   1  18   0 0.00  0.0    0  1.5  8 310   M    M   3 18      9 360
 6  65  36  51   5  14   0 0.00  0.0    0  2.5  8 320   M    M   2 18     14 360
 7  67  38  53   7  12   0 0.00  0.0    0  1.3  7  80   M    M   1 18      8  80
 8  65  40  53   7  12   0 0.00  0.0    0  2.0  7 320   M    M   7 18     14 280
 9  65  47  56  10   9   0 0.00  0.0    0  3.2  9 160   M    M  10 18     11  80
10  65  47  56  10   9   0 0.00  0.0    0  1.1  6  10   M    M   9 18      9 130
11  64  47  56  10   9   0 0.00  0.0    0  1.5  6 110   M    M   7 18     10  50
12  56  44  50   4  15   0 0.00  0.0    0  2.1  7 170   M    M  10 128     8 170
13  59  44  52   6  13   0 0.00  0.0    0  1.2  9 200   M    M   7 128    12 230
14  61  40  51   5  14   0 0.00  0.0    0  2.8 10 320   M    M   4 128    13  80
15  57  40  49   3  16   0 0.00  0.0    0  4.2 15 130   M    M   9 128    18 140
16  52  42  47   1  18   0 0.00  0.0    0  3.4 12 290   M    M   6 18     15 280
17  50  39  45  -1  20   0 0.00  0.0    0  2.9  9 130   M    M   8 128    11 140
18  50  43  47   0  18   0 0.00  0.0    0  2.3  9 280   M    M  10 128    10 130
19  48  45  47   0  18   0 0.00  0.0    0  2.3  8 260   M    M  10 18     10 150
20  49  46  48   1  17   0    T    M    0  3.2  6  20   M    M  10 1       M  M
21  49  46  48   1  17   0    T  0.0    0  2.9  8 150   M    M  10 18     16  70
22  54  41  48   1  17   0 0.00  0.0    0  4.1 10 320   M    M   8 18     15  10
23  47  38  43  -4  22   0 0.00  0.0    0  2.1  8  90   M    M   9 12     11 160
24  53  41  47   0  18   0 0.00  0.0    0  3.3  9 160   M    M   8 128    13 150
25  55  39  47  -1  18   0 0.00  0.0    0  2.0  8 200   M    M   6 128    10 150
26  62  36  49   1  16   0 0.00  0.0    0  3.0  9 120   M    M   8 128    11 320
27  63  48  56   8   9   0 0.21  0.0    0  2.3  8  70   M    M   7 18     11  40
28  59  44  52   4  13   0 0.00  0.0    0  1.4  6 250   M    M   7 128     9 240
================================================================================
SM 1591 1121       455   0  0.21     0.0  65.2          M      184
================================================================================
AV 56.8 40.0                               2.3 FASTST   M    M   7    MAX(MPH)
                                 MISC ---->  # 15 130               # 18  140
================================================================================
NOTES:
# LAST OF SEVERAL OCCURRENCES

COLUMN 17 PEAK WIND IN M.P.H.

PRELIMINARY LOCAL CLIMATOLOGICAL DATA (WS FORM: F-6) , PAGE 2

                                          STATION:  FRESNO CA
                                          MONTH:    JANUARY
                                          YEAR:     2015
                                          LATITUDE:   36 46 N
                                          LONGITUDE: 119 43 W

[TEMPERATURE DATA]      [PRECIPITATION DATA]       SYMBOLS USED IN COLUMN 16

AVERAGE MONTHLY: 48.4   TOTAL FOR MONTH:   0.21    1 = FOG OR MIST
DPTR FM NORMAL:   2.0   DPTR FM NORMAL:   -1.76    2 = FOG REDUCING VISIBILITY
HIGHEST:    67 ON  7    GRTST 24HR  0.21 ON 27-27      TO 1/4 MILE OR LESS
LOWEST:     28 ON  2                               3 = THUNDER
                        SNOW, ICE PELLETS, HAIL    4 = ICE PELLETS
                        TOTAL MONTH:   0.0 INCH    5 = HAIL
                        GRTST 24HR     0.0         6 = FREEZING RAIN OR DRIZZLE
                        GRTST DEPTH:   0           7 = DUSTSTORM OR SANDSTORM:
                                                       VSBY 1/2 MILE OR LESS
                                                   8 = SMOKE OR HAZE
[NO. OF DAYS WITH]      [WEATHER - DAYS WITH]      9 = BLOWING SNOW
                                                   X = TORNADO
MAX 32 OR BELOW:   0    0.01 INCH OR MORE:   1
MAX 90 OR ABOVE:   0    0.10 INCH OR MORE:   1
MIN 32 OR BELOW:   4    0.50 INCH OR MORE:   0
MIN  0 OR BELOW:   0    1.00 INCH OR MORE:   0

[HDD (BASE 65) ]
TOTAL THIS MO.   455    CLEAR  (SCALE 0-3)   5
DPTR FM NORMAL   -66    PTCLDY (SCALE 4-7)  12
TOTAL FM JUL 1  1077    CLOUDY (SCALE 8-10) 11
DPTR FM NORMAL  -407

[CDD (BASE 65) ]
TOTAL THIS MO.     0
DPTR FM NORMAL     0    [PRESSURE DATA]
TOTAL FM JAN 1     0    HIGHEST SLP M ON M
DPTR FM NORMAL     0    LOWEST  SLP 29.94 ON 10

[REMARKS]




U.S. Dept. of Commerce
NOAA National Weather Service
1325 East West Highway
Silver Spring, MD 20910
E-mail: w-nws.webmaster@noaa.gov
Page last modified: May 16, 2007
NATIONAL WEATHER SERVICE: for Safety, for Work, for Fun - FOR LIFE