302
CXUS56 KHNX 291146
CF6FAT
PRELIMINARY LOCAL CLIMATOLOGICAL DATA (WS FORM: F-6)

                                          STATION:   FRESNO CA
                                          MONTH:     JULY
                                          YEAR:      2014
                                          LATITUDE:   36 46 N
                                          LONGITUDE: 119 43 W

  TEMPERATURE IN F:       :PCPN:    SNOW:  WIND      :SUNSHINE: SKY     :PK WND
================================================================================
1   2   3   4   5  6A  6B    7    8   9   10  11  12  13   14  15   16   17  18
                                     12Z  AVG MX 2MIN
DY MAX MIN AVG DEP HDD CDD  WTR  SNW DPTH SPD SPD DIR MIN PSBL S-S WX    SPD DR
================================================================================

 1 108  75  92  11   0  27 0.00  0.0    0  7.7 17 310   M    M   1 8      22 320
 2 104  72  88   7   0  23 0.00  0.0    0  7.1 16 310   M    M   1        20 310
 3 104  70  87   5   0  22 0.00  0.0    0  7.3 14 300   M    M   0 8      18 310
 4 107  72  90   8   0  25 0.00  0.0    0  7.5 17 310   M    M   1        21 300
 5 105  73  89   7   0  24 0.00  0.0    0  8.3 17 300   M    M   1        20 310
 6 103  74  89   7   0  24 0.00  0.0    0  6.3 15 110   M    M   4        18 110
 7  99  76  88   6   0  23 0.00  0.0    0  4.6 12 320   M    M   8        14 300
 8 108  71  90   8   0  25 0.00  0.0    0  4.9 15 310   M    M   3        20 310
 9 104  73  89   6   0  24 0.00  0.0    0  6.9 15 300   M    M   1        21 360
10  99  71  85   2   0  20 0.00  0.0    0  8.0 15 300   M    M   2 8      19 300
11  95  67  81  -2   0  16 0.00  0.0    0  8.5 18 300   M    M   1        22 310
12  98  66  82  -1   0  17 0.00  0.0    0  9.3 21 310   M    M   2        24 310
13 103  71  87   4   0  22 0.00  0.0    0  5.9 15 300   M    M   5        22 290
14 102  77  90   7   0  25 0.00  0.0    0  5.3 14 260   M    M   6        17 260
15 102  81  92   9   0  27 0.00  0.0    0  7.0 18 310   M    M   8        23 290
16  97  73  85   2   0  20 0.00  0.0    0 11.3 20 310   M    M   3        24 320
17  94  69  82  -2   0  17 0.00  0.0    0  9.0 16 300   M    M   4        19 310
18  95  68  82  -2   0  17 0.00  0.0    0  9.7 16 310   M    M   5        21 310
19  95  69  82  -2   0  17 0.01  0.0    0  5.8 15 300   M    M   7        17 320
20 100  73  87   3   0  22 0.00  0.0    0  9.1 22 300   M    M   5        28 320
21  96  69  83  -1   0  18 0.00  0.0    0  7.2 15 310   M    M   3        19 300
22  97  70  84   0   0  19 0.00  0.0    0  9.2 23 310   M    M   5        28 300
23  93  67  80  -4   0  15 0.00  0.0    0 10.8 21 300   M    M   1        26 310
24  98  68  83  -1   0  18 0.00  0.0    0  7.5 15 300   M    M   2        21 270
25 103  71  87   3   0  22 0.00  0.0    0  5.4 13 290   M    M   7        17 290
26 107  74  91   7   0  26 0.00  0.0    0  7.4 15 290   M    M   6        19 290
27 108  77  93   9   0  28 0.00  0.0    0  8.0 16 300   M    M   6        22 310
28  98  79  89   5   0  24 0.00  0.0    0  4.9 12 270   M    M   9        14 310
================================================================================
SM 2822 2016         0 607  0.01     0.0 209.9          M      107
================================================================================
AV100.8 72.0                               7.5 FASTST   M    M   4    MAX(MPH)
                                 MISC ---->  # 23 310               # 28  320
================================================================================
NOTES:
# LAST OF SEVERAL OCCURRENCES

COLUMN 17 PEAK WIND IN M.P.H.

PRELIMINARY LOCAL CLIMATOLOGICAL DATA (WS FORM: F-6) , PAGE 2

                                          STATION:  FRESNO CA
                                          MONTH:    JULY
                                          YEAR:     2014
                                          LATITUDE:   36 46 N
                                          LONGITUDE: 119 43 W

[TEMPERATURE DATA]      [PRECIPITATION DATA]       SYMBOLS USED IN COLUMN 16

AVERAGE MONTHLY: 86.4   TOTAL FOR MONTH:   0.01    1 = FOG OR MIST
DPTR FM NORMAL:   3.3   DPTR FM NORMAL:    0.00    2 = FOG REDUCING VISIBILITY
HIGHEST:   108 ON 27, 8 GRTST 24HR  0.01 ON 19-19      TO 1/4 MILE OR LESS
LOWEST:     66 ON 12                               3 = THUNDER
                        SNOW, ICE PELLETS, HAIL    4 = ICE PELLETS
                        TOTAL MONTH:   0.0 INCH    5 = HAIL
                        GRTST 24HR     0.0         6 = FREEZING RAIN OR DRIZZLE
                        GRTST DEPTH:   0           7 = DUSTSTORM OR SANDSTORM:
                                                       VSBY 1/2 MILE OR LESS
                                                   8 = SMOKE OR HAZE
[NO. OF DAYS WITH]      [WEATHER - DAYS WITH]      9 = BLOWING SNOW
                                                   X = TORNADO
MAX 32 OR BELOW:   0    0.01 INCH OR MORE:   1
MAX 90 OR ABOVE:  28    0.10 INCH OR MORE:   0
MIN 32 OR BELOW:   0    0.50 INCH OR MORE:   0
MIN  0 OR BELOW:   0    1.00 INCH OR MORE:   0

[HDD (BASE 65) ]
TOTAL THIS MO.     0    CLEAR  (SCALE 0-3)  12
DPTR FM NORMAL     0    PTCLDY (SCALE 4-7)  15
TOTAL FM JUL 1     0    CLOUDY (SCALE 8-10)  1
DPTR FM NORMAL     0

[CDD (BASE 65) ]
TOTAL THIS MO.   607
DPTR FM NORMAL   102    [PRESSURE DATA]
TOTAL FM JAN 1  1535    HIGHEST SLP M ON M
DPTR FM NORMAL   420    LOWEST  SLP 29.66 ON  1

[REMARKS]




U.S. Dept. of Commerce
NOAA National Weather Service
1325 East West Highway
Silver Spring, MD 20910
E-mail: w-nws.webmaster@noaa.gov
Page last modified: May 16, 2007
NATIONAL WEATHER SERVICE: for Safety, for Work, for Fun - FOR LIFE