494
CXUS56 KHNX 271146
CF6FAT
PRELIMINARY LOCAL CLIMATOLOGICAL DATA (WS FORM: F-6)

                                          STATION:   FRESNO CA
                                          MONTH:     AUGUST
                                          YEAR:      2014
                                          LATITUDE:   36 46 N
                                          LONGITUDE: 119 43 W

  TEMPERATURE IN F:       :PCPN:    SNOW:  WIND      :SUNSHINE: SKY     :PK WND
================================================================================
1   2   3   4   5  6A  6B    7    8   9   10  11  12  13   14  15   16   17  18
                                     12Z  AVG MX 2MIN
DY MAX MIN AVG DEP HDD CDD  WTR  SNW DPTH SPD SPD DIR MIN PSBL S-S WX    SPD DR
================================================================================

 1 109  76  93  10   0  28 0.00  0.0    0  8.6 18 310   M    M   4        24 310
 2 107  75  91   8   0  26 0.00  0.0    0  7.7 13 280   M    M   7 8       M  M
 3  88  78  83   0   0  18 0.00  0.0    0  5.3 14 140   M    M  10        16 140
 4  86  74  80  -3   0  15    T  0.0    0  6.8 15 300   M    M   7        18 300
 5  97  68  83   0   0  18 0.00  0.0    0 10.6 26 310   M    M   1 78     33 300
 6  96  66  81  -2   0  16 0.00  0.0    0  7.3 18 290   M    M   4 18     22 300
 7  99  73  86   3   0  21 0.00  0.0    0  6.5 15 310   M    M   2 8      20 280
 8 104  74  89   6   0  24 0.00  0.0    0  6.5 15 310   M    M   3        19 310
 9 103  73  88   5   0  23 0.00  0.0    0  7.1 17 300   M    M   2        20 300
10 100  68  84   2   0  19 0.00  0.0    0  6.1 15 310   M    M   2        17 310
11 104  70  87   5   0  22 0.00  0.0    0  5.8 14 310   M    M   5        17 300
12 103  72  88   6   0  23 0.00  0.0    0  7.3 18 310   M    M   5        22 300
13  96  68  82   0   0  17 0.00  0.0    0  8.0 16 310   M    M   2        20 300
14  98  68  83   1   0  18 0.00  0.0    0  6.0 14 300   M    M   4        17 310
15 100  71  86   4   0  21 0.00  0.0    0  5.8 13 320   M    M   1        16 310
16 103  70  87   5   0  22 0.00  0.0    0  5.5 13 300   M    M   0        16 140
17 102  70  86   4   0  21 0.00  0.0    0  8.0 15 300   M    M   0        19 300
18 101  70  86   4   0  21 0.00  0.0    0  6.1 13 300   M    M   4        18 270
19  94  67  81   0   0  16 0.00  0.0    0  7.8 16 300   M    M   5 8      22 320
20  94  66  80  -1   0  15 0.00  0.0    0  6.9 14 310   M    M   2        19 350
21  98  68  83   2   0  18 0.00  0.0    0  6.2 15 310   M    M   1        19 310
22 101  71  86   5   0  21 0.00  0.0    0  6.9 22 310   M    M   1        27 320
23  95  69  82   1   0  17 0.00  0.0    0  5.7 12 310   M    M   1        18 230
24  96  68  82   1   0  17 0.00  0.0    0  6.2 14 320   M    M   1        17 320
25  91  66  79  -1   0  14 0.00  0.0    0  7.8 15 310   M    M   4        24 310
26  93  65  79  -1   0  14 0.00  0.0    0  3.8 15 310   M    M   1         M  M
================================================================================
SM 2558 1824         0 505    T      0.0 176.3          M       79
================================================================================
AV 98.4 70.2                               6.8 FASTST   M    M   3    MAX(MPH)
                                 MISC ---->  # 26 310               # 33  300
================================================================================
NOTES:
# LAST OF SEVERAL OCCURRENCES

COLUMN 17 PEAK WIND IN M.P.H.

PRELIMINARY LOCAL CLIMATOLOGICAL DATA (WS FORM: F-6) , PAGE 2

                                          STATION:  FRESNO CA
                                          MONTH:    AUGUST
                                          YEAR:     2014
                                          LATITUDE:   36 46 N
                                          LONGITUDE: 119 43 W

[TEMPERATURE DATA]      [PRECIPITATION DATA]       SYMBOLS USED IN COLUMN 16

AVERAGE MONTHLY: 84.3   TOTAL FOR MONTH:      T    1 = FOG OR MIST
DPTR FM NORMAL:   2.3   DPTR FM NORMAL:   -0.01    2 = FOG REDUCING VISIBILITY
HIGHEST:   109 ON  1    GRTST 24HR    T  ON  4- 4      TO 1/4 MILE OR LESS
LOWEST:     65 ON 26                               3 = THUNDER
                        SNOW, ICE PELLETS, HAIL    4 = ICE PELLETS
                        TOTAL MONTH:   0.0 INCH    5 = HAIL
                        GRTST 24HR     0.0         6 = FREEZING RAIN OR DRIZZLE
                        GRTST DEPTH:   0           7 = DUSTSTORM OR SANDSTORM:
                                                       VSBY 1/2 MILE OR LESS
                                                   8 = SMOKE OR HAZE
[NO. OF DAYS WITH]      [WEATHER - DAYS WITH]      9 = BLOWING SNOW
                                                   X = TORNADO
MAX 32 OR BELOW:   0    0.01 INCH OR MORE:   0
MAX 90 OR ABOVE:  24    0.10 INCH OR MORE:   0
MIN 32 OR BELOW:   0    0.50 INCH OR MORE:   0
MIN  0 OR BELOW:   0    1.00 INCH OR MORE:   0

[HDD (BASE 65) ]
TOTAL THIS MO.     0    CLEAR  (SCALE 0-3)  15
DPTR FM NORMAL     0    PTCLDY (SCALE 4-7)  10
TOTAL FM JUL 1     0    CLOUDY (SCALE 8-10)  1
DPTR FM NORMAL     0

[CDD (BASE 65) ]
TOTAL THIS MO.   505
DPTR FM NORMAL    65    [PRESSURE DATA]
TOTAL FM JAN 1  2120    HIGHEST SLP M ON M
DPTR FM NORMAL   512    LOWEST  SLP 29.69 ON 18

[REMARKS]




U.S. Dept. of Commerce
NOAA National Weather Service
1325 East West Highway
Silver Spring, MD 20910
E-mail: w-nws.webmaster@noaa.gov
Page last modified: May 16, 2007
NATIONAL WEATHER SERVICE: for Safety, for Work, for Fun - FOR LIFE