368
CXUS56 KHNX 291146
CF6FAT
PRELIMINARY LOCAL CLIMATOLOGICAL DATA (WS FORM: F-6)

                                          STATION:   FRESNO CA
                                          MONTH:     SEPTEMBER
                                          YEAR:      2014
                                          LATITUDE:   36 46 N
                                          LONGITUDE: 119 43 W

  TEMPERATURE IN F:       :PCPN:    SNOW:  WIND      :SUNSHINE: SKY     :PK WND
================================================================================
1   2   3   4   5  6A  6B    7    8   9   10  11  12  13   14  15   16   17  18
                                     12Z  AVG MX 2MIN
DY MAX MIN AVG DEP HDD CDD  WTR  SNW DPTH SPD SPD DIR MIN PSBL S-S WX    SPD DR
================================================================================

 1  99  69  84   5   0  19 0.00  0.0    0  4.1 12 280   M    M   0        14 280
 2 104  71  88   9   0  23 0.00  0.0    0  7.1 17 310   M    M   0        20 310
 3  97  69  83   4   0  18 0.00  0.0    0  5.8 13 300   M    M   0        25 330
 4  98  68  83   4   0  18 0.00  0.0    0  5.9 12 320   M    M   1        15 320
 5  99  67  83   4   0  18 0.00  0.0    0  5.2 13 310   M    M   1        16 320
 6 101  70  86   8   0  21 0.00  0.0    0  5.2 13 300   M    M   1        16 300
 7 102  66  84   6   0  19 0.00  0.0    0  6.3 15 300   M    M   3        23 350
 8  94  71  83   5   0  18    T  0.0    0  6.8 13 310   M    M   6 8      19 320
 9  94  62  78   0   0  13 0.00  0.0    0  5.4 14 300   M    M   0        21 280
10  98  65  82   4   0  17 0.00  0.0    0  4.3 12 310   M    M   0        14 300
11 102  69  86   8   0  21 0.00  0.0    0  4.5 13 310   M    M   0 8      16 320
12 103  70  87  10   0  22 0.00  0.0    0  4.9 13 300   M    M   1 8      15 300
13 103  71  87  10   0  22 0.00  0.0    0  4.1 17 140   M    M   6 8      21 130
14 105  74  90  13   0  25 0.00  0.0    0  7.0 13 310   M    M   4 8      17 310
15 104  73  89  12   0  24 0.00  0.0    0  7.0 16 320   M    M   1 8      26  20
16  98  67  83   7   0  18 0.00  0.0    0  6.0 15 310   M    M   1        19 300
17 101  69  85   9   0  20 0.00  0.0    0  5.7 22 340   M    M   2        25 340
18  90  67  79   3   0  14 0.00  0.0    0  8.2 20 300   M    M   2 8      24 300
19  89  68  79   3   0  14 0.00  0.0    0  7.8 18 300   M    M   4 8      22 300
20  93  67  80   5   0  15 0.00  0.0    0  7.1 18 310   M    M   4 8      24 300
21  91  66  79   4   0  14 0.00  0.0    0  7.5 16 300   M    M   3        21 310
22  92  64  78   3   0  13 0.00  0.0    0  5.6 13 310   M    M   0        18 320
23  95  67  81   7   0  16 0.00  0.0    0  4.6 12 310   M    M   0         M  M
24  94  65  80   6   0  15 0.00  0.0    0  5.9 16 310   M    M   0 8      20 310
25  83  65  74   0   0   9 0.00  0.0    0 11.4 22 300   M    M   3        28 300
26  80  64  72  -2   0   7 0.00  0.0    0 11.5 18 310   M    M   7        24 290
27  79  59  69  -4   0   4 0.00  0.0    0  7.2 16  50   M    M   5        22 280
28  78  62  70  -3   0   5 0.18  0.0    0  4.6 15  50   M    M   8        20  40
================================================================================
SM 2666 1885         0 462  0.18     0.0 176.7          M       63
================================================================================
AV 95.2 67.3                               6.3 FASTST   M    M   2    MAX(MPH)
                                 MISC ---->  # 22 340               # 28  300
================================================================================
NOTES:
# LAST OF SEVERAL OCCURRENCES

COLUMN 17 PEAK WIND IN M.P.H.

PRELIMINARY LOCAL CLIMATOLOGICAL DATA (WS FORM: F-6) , PAGE 2

                                          STATION:  FRESNO CA
                                          MONTH:    SEPTEMBER
                                          YEAR:     2014
                                          LATITUDE:   36 46 N
                                          LONGITUDE: 119 43 W

[TEMPERATURE DATA]      [PRECIPITATION DATA]       SYMBOLS USED IN COLUMN 16

AVERAGE MONTHLY: 81.3   TOTAL FOR MONTH:   0.18    1 = FOG OR MIST
DPTR FM NORMAL:   4.8   DPTR FM NORMAL:    0.03    2 = FOG REDUCING VISIBILITY
HIGHEST:   105 ON 14    GRTST 24HR  0.18 ON 28-28      TO 1/4 MILE OR LESS
LOWEST:     59 ON 27                               3 = THUNDER
                        SNOW, ICE PELLETS, HAIL    4 = ICE PELLETS
                        TOTAL MONTH:   0.0 INCH    5 = HAIL
                        GRTST 24HR     0.0         6 = FREEZING RAIN OR DRIZZLE
                        GRTST DEPTH:   0           7 = DUSTSTORM OR SANDSTORM:
                                                       VSBY 1/2 MILE OR LESS
                                                   8 = SMOKE OR HAZE
[NO. OF DAYS WITH]      [WEATHER - DAYS WITH]      9 = BLOWING SNOW
                                                   X = TORNADO
MAX 32 OR BELOW:   0    0.01 INCH OR MORE:   1
MAX 90 OR ABOVE:  23    0.10 INCH OR MORE:   1
MIN 32 OR BELOW:   0    0.50 INCH OR MORE:   0
MIN  0 OR BELOW:   0    1.00 INCH OR MORE:   0

[HDD (BASE 65) ]
TOTAL THIS MO.     0    CLEAR  (SCALE 0-3)  19
DPTR FM NORMAL     0    PTCLDY (SCALE 4-7)   9
TOTAL FM JUL 1     0    CLOUDY (SCALE 8-10)  0
DPTR FM NORMAL     0

[CDD (BASE 65) ]
TOTAL THIS MO.   462
DPTR FM NORMAL   139    [PRESSURE DATA]
TOTAL FM JAN 1  2683    HIGHEST SLP M ON M
DPTR FM NORMAL   676    LOWEST  SLP 29.61 ON  3

[REMARKS]




U.S. Dept. of Commerce
NOAA National Weather Service
1325 East West Highway
Silver Spring, MD 20910
E-mail: w-nws.webmaster@noaa.gov
Page last modified: May 16, 2007
NATIONAL WEATHER SERVICE: for Safety, for Work, for Fun - FOR LIFE