711
CXUS56 KHNX 271146
CF6FAT
PRELIMINARY LOCAL CLIMATOLOGICAL DATA (WS FORM: F-6)

                                          STATION:   FRESNO CA
                                          MONTH:     NOVEMBER
                                          YEAR:      2014
                                          LATITUDE:   36 46 N
                                          LONGITUDE: 119 43 W

  TEMPERATURE IN F:       :PCPN:    SNOW:  WIND      :SUNSHINE: SKY     :PK WND
================================================================================
1   2   3   4   5  6A  6B    7    8   9   10  11  12  13   14  15   16   17  18
                                     12Z  AVG MX 2MIN
DY MAX MIN AVG DEP HDD CDD  WTR  SNW DPTH SPD SPD DIR MIN PSBL S-S WX    SPD DR
================================================================================

 1  61  52  57  -3   8   0 0.32  0.0    0  4.3 16 110   M    M   8 18     24  60
 2  63  47  55  -5  10   0 0.00  0.0    0  1.8 12 320   M    M   3 12     15 260
 3  66  47  57  -2   8   0 0.00  0.0    0  3.0  9 150   M    M   2 18     12 190
 4  69  47  58  -1   7   0 0.00  0.0    0  2.0  9 300   M    M   2 18     13 290
 5  73  49  61   3   4   0 0.00  0.0    0  1.5  8 150   M    M   0 18     10 140
 6  82  51  67   9   0   2 0.00  0.0    0  3.3  9 300   M    M   5 18     19 140
 7  75  50  63   6   2   0 0.00  0.0    0  1.6  7 110   M    M   5 128     9 120
 8  77  52  65   8   0   0 0.00  0.0    0  0.7  6 310   M    M   6 18      7 360
 9  77  53  65   8   0   0 0.00  0.0    0  1.5  9 320   M    M   5 18     11 310
10  77  53  65   9   0   0 0.00  0.0    0  1.3  7 280   M    M   3 18     10 290
11  66  51  59   3   6   0 0.00  0.0    0  3.4  9 310   M    M  10 128    11 310
12  69  53  61   6   4   0 0.00  0.0    0  4.8 13 290   M    M   8        14 300
13  66  55  61   6   4   0 0.07  0.0    0  5.5 12  80   M    M   9 18     14  80
14  69  53  61   6   4   0 0.00  0.0    0  5.0 13 320   M    M   6 128    15 300
15  68  48  58   4   7   0 0.00  0.0    0  5.5 14 310   M    M   3 18     23 280
16  62  49  56   2   9   0 0.00  0.0    0  3.7  9 130   M    M   7 128    10 320
17  65  43  54   0  11   0 0.00  0.0    0  2.0 10 240   M    M   2 18     12 240
18  68  42  55   2  10   0 0.00  0.0    0  2.1  9  40   M    M   7 18      9  40
19  68  49  59   6   6   0    T  0.0    0  3.3  9 150   M    M   9        14  50
20  60  44  52   0  13   0    T  0.0    0  4.0 12 270   M    M   6 1      15  30
21  56  47  52   0  13   0 0.00  0.0    0  4.4 12 310   M    M   8 128    14 310
22  62  46  54   2  11   0    T  0.0    0  5.8 14 310   M    M   9 18     17 330
23  59  47  53   2  12   0 0.00  0.0    0  5.5 17 310   M    M   8 18     20 300
24  62  44  53   2  12   0 0.00  0.0    0  1.0  8 280   M    M   4 18     10 270
25  65  40  53   2  12   0 0.00  0.0    0  1.3  6  60   M    M   1 18     10 360
26  69  41  55   5  10   0 0.00  0.0    0  1.0  6 120   M    M   0 18     10 160
================================================================================
SM 1754 1253       183   2  0.39     0.0  79.3          M      136
================================================================================
AV 67.5 48.2                               3.1 FASTST   M    M   5    MAX(MPH)
                                 MISC ---->  # 17 310               # 24   60
================================================================================
NOTES:
# LAST OF SEVERAL OCCURRENCES

COLUMN 17 PEAK WIND IN M.P.H.

PRELIMINARY LOCAL CLIMATOLOGICAL DATA (WS FORM: F-6) , PAGE 2

                                          STATION:  FRESNO CA
                                          MONTH:    NOVEMBER
                                          YEAR:     2014
                                          LATITUDE:   36 46 N
                                          LONGITUDE: 119 43 W

[TEMPERATURE DATA]      [PRECIPITATION DATA]       SYMBOLS USED IN COLUMN 16

AVERAGE MONTHLY: 57.8   TOTAL FOR MONTH:   0.39    1 = FOG OR MIST
DPTR FM NORMAL:   2.9   DPTR FM NORMAL:   -0.53    2 = FOG REDUCING VISIBILITY
HIGHEST:    82 ON  6    GRTST 24HR  0.82 ON 31- 1      TO 1/4 MILE OR LESS
LOWEST:     40 ON 25                               3 = THUNDER
                        SNOW, ICE PELLETS, HAIL    4 = ICE PELLETS
                        TOTAL MONTH:   0.0 INCH    5 = HAIL
                        GRTST 24HR     0.0         6 = FREEZING RAIN OR DRIZZLE
                        GRTST DEPTH:   0           7 = DUSTSTORM OR SANDSTORM:
                                                       VSBY 1/2 MILE OR LESS
                                                   8 = SMOKE OR HAZE
[NO. OF DAYS WITH]      [WEATHER - DAYS WITH]      9 = BLOWING SNOW
                                                   X = TORNADO
MAX 32 OR BELOW:   0    0.01 INCH OR MORE:   2
MAX 90 OR ABOVE:   0    0.10 INCH OR MORE:   1
MIN 32 OR BELOW:   0    0.50 INCH OR MORE:   0
MIN  0 OR BELOW:   0    1.00 INCH OR MORE:   0

[HDD (BASE 65) ]
TOTAL THIS MO.   183    CLEAR  (SCALE 0-3)   7
DPTR FM NORMAL   -81    PTCLDY (SCALE 4-7)  14
TOTAL FM JUL 1   188    CLOUDY (SCALE 8-10)  5
DPTR FM NORMAL  -139

[CDD (BASE 65) ]
TOTAL THIS MO.     2
DPTR FM NORMAL     2    [PRESSURE DATA]
TOTAL FM JAN 1  2932    HIGHEST SLP M ON M
DPTR FM NORMAL   810    LOWEST  SLP 29.76 ON 10

[REMARKS]




U.S. Dept. of Commerce
NOAA National Weather Service
1325 East West Highway
Silver Spring, MD 20910
E-mail: w-nws.webmaster@noaa.gov
Page last modified: May 16, 2007
NATIONAL WEATHER SERVICE: for Safety, for Work, for Fun - FOR LIFE