871
CXUS53 KFGF 260915
CF6FAR
PRELIMINARY LOCAL CLIMATOLOGICAL DATA (WS FORM: F-6)

                                          STATION:   FARGO HECTOR INTL AP ND
                                          MONTH:     NOVEMBER
                                          YEAR:      2014
                                          LATITUDE:   46 54 N
                                          LONGITUDE:  96 48 W

  TEMPERATURE IN F:       :PCPN:    SNOW:  WIND      :SUNSHINE: SKY     :PK WND
================================================================================
1   2   3   4   5  6A  6B    7    8   9   10  11  12  13   14  15   16   17  18
                                     12Z  AVG MX 2MIN
DY MAX MIN AVG DEP HDD CDD  WTR  SNW DPTH SPD SPD DIR MIN PSBL S-S WX    SPD DR
================================================================================

 1  50  30  40   2  25   0 0.00  0.0    0 22.6 35 150   M    M   0        43 160
 2  57  39  48  11  17   0 0.00  0.0    0 16.3 25 150   M    M   0        34 160
 3  52  38  45   9  20   0    T  0.0    0 10.9 23 290   M    M   6        27 290
 4  44  27  36   0  29   0 0.00  0.0    0 11.1 26 300   M    M   7        33 290
 5  38  30  34  -1  31   0 0.44  0.2    0  8.5 16  10   M    M  10 1      21  40
 6  44  29  37   2  28   0 0.00  0.0    0  7.4 18 150   M    M   3        22 150
 7  52  36  44  10  21   0 0.04  0.0    0 20.9 37 320   M    M   9        46 320
 8  42  33  38   5  27   0    T  0.0    0 13.6 24 310   M    M   7        30 300
 9  37  24  31  -2  34   0 0.05  0.1    T  8.7 17 340   M    M   2 1      21 330
10  24  20  22 -10  43   0    T    T    0 17.1 28 360   M    M   9        34 360
11  23  15  19 -13  46   0    T    T    0 15.8 25 340   M    M   8        30 330
12  26  11  19 -12  46   0 0.02  0.6    T 17.1 29 330   M    M   9 18     34 330
13  21   6  14 -16  51   0 0.01  0.3    1 12.9 23 320   M    M   3 1      27 320
14  22   3  13 -17  52   0 0.00  0.0    1  5.6 10 250   M    M   2         M  M
15  22   5  14 -15  51   0    T    T    1  6.2 16 290   M    M   5 8      20 280
16  23   7  15 -13  50   0    T  0.2    T 16.6 31 320   M    M   5 8      38 320
17  16  10  13 -15  52   0    T    T    T 19.1 30 330   M    M   9        38 330
18  24  11  18  -9  47   0    T  0.1    T 13.4 29 320   M    M   9        34 320
19  28   7  18  -9  47   0    T    T    T 18.4 29 290   M    M   7 8      35 290
20  22   2  12 -14  53   0 0.00  0.0    1  6.8 15 180   M    M   0        19 170
21  34  11  23  -2  42   0 0.00  0.0    T 16.1 25 180   M    M   0        32 190
22  46  21  34   9  31   0 0.00  0.0    T 10.7 24 160   M    M   2 18     31 160
23  45  18  32   8  33   0 0.01  0.1    0 13.4 26 320   M    M  10 1      35 330
24  20   5  13 -11  52   0 0.02  0.8    1 18.9 30 330   M    M   6 18     36 330
25  27   8  18  -5  47   0 0.03  0.3    1  7.3 22  10   M    M  10 1      28  10
================================================================================
SM  839  446       975   0  0.62     2.7 335.4          M      138
================================================================================
AV 33.6 17.8                              13.4 FASTST   M    M   6    MAX(MPH)
                                 MISC ---->  # 37 320               # 46  320
================================================================================
NOTES:
# LAST OF SEVERAL OCCURRENCES

COLUMN 17 PEAK WIND IN M.P.H.

PRELIMINARY LOCAL CLIMATOLOGICAL DATA (WS FORM: F-6) , PAGE 2

                                          STATION:  FARGO HECTOR INTL AP ND
                                          MONTH:    NOVEMBER
                                          YEAR:     2014
                                          LATITUDE:   46 54 N
                                          LONGITUDE:  96 48 W

[TEMPERATURE DATA]      [PRECIPITATION DATA]       SYMBOLS USED IN COLUMN 16

AVERAGE MONTHLY: 25.7   TOTAL FOR MONTH:   0.62    1 = FOG OR MIST
DPTR FM NORMAL:  -4.6   DPTR FM NORMAL:   -0.24    2 = FOG REDUCING VISIBILITY
HIGHEST:    57 ON  2    GRTST 24HR  0.44 ON  5- 5      TO 1/4 MILE OR LESS
LOWEST:      2 ON 20                               3 = THUNDER
                        SNOW, ICE PELLETS, HAIL    4 = ICE PELLETS
                        TOTAL MONTH:   2.7 INCHES  5 = HAIL
                        GRTST 24HR   0.8 ON   M    6 = FREEZING RAIN OR DRIZZLE
                        GRTST DEPTH:   1 ON 25,24  7 = DUSTSTORM OR SANDSTORM:
                                                       VSBY 1/2 MILE OR LESS
                                                   8 = SMOKE OR HAZE
[NO. OF DAYS WITH]      [WEATHER - DAYS WITH]      9 = BLOWING SNOW
                                                   X = TORNADO
MAX 32 OR BELOW:  13    0.01 INCH OR MORE:   8
MAX 90 OR ABOVE:   0    0.10 INCH OR MORE:   1
MIN 32 OR BELOW:  21    0.50 INCH OR MORE:   0
MIN  0 OR BELOW:   0    1.00 INCH OR MORE:   0

[HDD (BASE 65) ]
TOTAL THIS MO.   975    CLEAR  (SCALE 0-3)   8
DPTR FM NORMAL   108    PTCLDY (SCALE 4-7)   9
TOTAL FM JUL 1  1674    CLOUDY (SCALE 8-10)  8
DPTR FM NORMAL   -69

[CDD (BASE 65) ]
TOTAL THIS MO.     0
DPTR FM NORMAL     0    [PRESSURE DATA]
TOTAL FM JAN 1   544    HIGHEST SLP M ON M
DPTR FM NORMAL    -7    LOWEST  SLP 29.38 ON 23

[REMARKS]




U.S. Dept. of Commerce
NOAA National Weather Service
1325 East West Highway
Silver Spring, MD 20910
E-mail: w-nws.webmaster@noaa.gov
Page last modified: May 16, 2007
NATIONAL WEATHER SERVICE: for Safety, for Work, for Fun - FOR LIFE