896
CXUS53 KFGF 290915
CF6FAR
PRELIMINARY LOCAL CLIMATOLOGICAL DATA (WS FORM: F-6)

                                          STATION:   FARGO HECTOR INTL AP ND
                                          MONTH:     SEPTEMBER
                                          YEAR:      2014
                                          LATITUDE:   46 54 N
                                          LONGITUDE:  96 48 W

  TEMPERATURE IN F:       :PCPN:    SNOW:  WIND      :SUNSHINE: SKY     :PK WND
================================================================================
1   2   3   4   5  6A  6B    7    8   9   10  11  12  13   14  15   16   17  18
                                     12Z  AVG MX 2MIN
DY MAX MIN AVG DEP HDD CDD  WTR  SNW DPTH SPD SPD DIR MIN PSBL S-S WX    SPD DR
================================================================================

 1  78  51  65   0   0   0 0.00  0.0    0  6.4 23 360   M    M   1        28  10
 2  80  51  66   1   0   1 0.00  0.0    0 10.3 23 200   M    M   1        29 230
 3  79  55  67   3   0   2 0.00  0.0    0  8.7 18 130   M    M   4        22 110
 4  77  53  65   1   0   0 1.99  0.0    0 12.8 35  40   M    M   5 123    43  40
 5  71  48  60  -4   5   0 0.00  0.0    0 10.0 20 320   M    M   1        24 320
 6  80  47  64   1   1   0 0.00  0.0    0  7.6 18 220   M    M   1        22 250
 7  82  50  66   3   0   1 0.00  0.0    0 11.5 24 190   M    M   0        30 150
 8  82  58  70   8   0   5 0.00  0.0    0 14.4 23 210   M    M   0        28 210
 9  58  48  53  -9  12   0 0.18  0.0    0 15.8 25  10   M    M  10 1      33  20
10  56  46  51 -11  14   0    T  0.0    0 16.8 25 360   M    M   9 1      33  10
11  57  40  49 -12  16   0    T  0.0    0  9.8 17 350   M    M   8        22 350
12  57  40  49 -12  16   0 0.00  0.0    0  5.5 14 310   M    M   7        17 310
13  66  39  53  -7  12   0 0.00  0.0    0 14.0 30 180   M    M   1        43 240
14  60  41  51  -9  14   0 0.00  0.0    0  8.9 17 330   M    M   6        22 320
15  66  40  53  -6  12   0 0.00  0.0    0  6.7 16 280   M    M   3        23 260
16  72  43  58  -1   7   0 0.00  0.0    0  8.3 14 210   M    M   0        17 220
17  74  43  59   1   6   0 0.00  0.0    0  6.5 13 360   M    M   0 18     17 350
18  76  42  59   1   6   0 0.00  0.0    0 11.5 23 170   M    M   2 1      28 170
19  80  61  71  13   0   6    T  0.0    0 14.7 23 170   M    M   3        30 160
20  71  50  61   4   4   0 0.07  0.0    0 10.1 36 290   M    M   2 1      45 290
21  68  49  59   2   6   0 0.00  0.0    0  7.6 16 340   M    M   3        28 330
22  77  47  62   6   3   0 0.00  0.0    0  9.3 16 180   M    M   0        22 170
23  77  56  67  11   0   2 0.02  0.0    0 13.6 25 190   M    M   3 1      37 190
24  68  59  64   9   1   0 0.04  0.0    0 11.5 16 160   M    M   9 1      22 150
25  85  57  71  16   0   6 0.00  0.0    0  9.0 15 150   M    M   1 1      19 150
26  85  63  74  20   0   9 0.00  0.0    0 14.4 23 150   M    M   0        30 150
27  87  64  76  22   0  11 0.00  0.0    0 13.7 21 180   M    M   0        28 160
28  69  52  61   7   4   0 0.10  0.0    0 14.6 24 360   M    M   6 1      30  10
================================================================================
SM 2038 1393       139  43  2.40     0.0 304.0          M       86
================================================================================
AV 72.8 49.8                              10.9 FASTST   M    M   3    MAX(MPH)
                                 MISC ---->  # 36 290               # 45  290
================================================================================
NOTES:
# LAST OF SEVERAL OCCURRENCES

COLUMN 17 PEAK WIND IN M.P.H.

PRELIMINARY LOCAL CLIMATOLOGICAL DATA (WS FORM: F-6) , PAGE 2

                                          STATION:  FARGO HECTOR INTL AP ND
                                          MONTH:    SEPTEMBER
                                          YEAR:     2014
                                          LATITUDE:   46 54 N
                                          LONGITUDE:  96 48 W

[TEMPERATURE DATA]      [PRECIPITATION DATA]       SYMBOLS USED IN COLUMN 16

AVERAGE MONTHLY: 61.3   TOTAL FOR MONTH:   2.40    1 = FOG OR MIST
DPTR FM NORMAL:   1.8   DPTR FM NORMAL:   -0.01    2 = FOG REDUCING VISIBILITY
HIGHEST:    87 ON 27    GRTST 24HR  1.99 ON  4- 4      TO 1/4 MILE OR LESS
LOWEST:     39 ON 13                               3 = THUNDER
                        SNOW, ICE PELLETS, HAIL    4 = ICE PELLETS
                        TOTAL MONTH:   0.0 INCH    5 = HAIL
                        GRTST 24HR     0.0         6 = FREEZING RAIN OR DRIZZLE
                        GRTST DEPTH:   0           7 = DUSTSTORM OR SANDSTORM:
                                                       VSBY 1/2 MILE OR LESS
                                                   8 = SMOKE OR HAZE
[NO. OF DAYS WITH]      [WEATHER - DAYS WITH]      9 = BLOWING SNOW
                                                   X = TORNADO
MAX 32 OR BELOW:   0    0.01 INCH OR MORE:   6
MAX 90 OR ABOVE:   0    0.10 INCH OR MORE:   3
MIN 32 OR BELOW:   0    0.50 INCH OR MORE:   1
MIN  0 OR BELOW:   0    1.00 INCH OR MORE:   1

[HDD (BASE 65) ]
TOTAL THIS MO.   139    CLEAR  (SCALE 0-3)  19
DPTR FM NORMAL   -56    PTCLDY (SCALE 4-7)   6
TOTAL FM JUL 1   171    CLOUDY (SCALE 8-10)  3
DPTR FM NORMAL   -74

[CDD (BASE 65) ]
TOTAL THIS MO.    43
DPTR FM NORMAL     0    [PRESSURE DATA]
TOTAL FM JAN 1   544    HIGHEST SLP M ON M
DPTR FM NORMAL    -4    LOWEST  SLP 29.46 ON  4

[REMARKS]




U.S. Dept. of Commerce
NOAA National Weather Service
1325 East West Highway
Silver Spring, MD 20910
E-mail: w-nws.webmaster@noaa.gov
Page last modified: May 16, 2007
NATIONAL WEATHER SERVICE: for Safety, for Work, for Fun - FOR LIFE