109
CXUS53 KFGF 310915
CF6FAR
PRELIMINARY LOCAL CLIMATOLOGICAL DATA (WS FORM: F-6)

                                          STATION:   FARGO HECTOR INTL AP ND
                                          MONTH:     JANUARY
                                          YEAR:      2015
                                          LATITUDE:   46 54 N
                                          LONGITUDE:  96 48 W

  TEMPERATURE IN F:       :PCPN:    SNOW:  WIND      :SUNSHINE: SKY     :PK WND
================================================================================
1   2   3   4   5  6A  6B    7    8   9   10  11  12  13   14  15   16   17  18
                                     12Z  AVG MX 2MIN
DY MAX MIN AVG DEP HDD CDD  WTR  SNW DPTH SPD SPD DIR MIN PSBL S-S WX    SPD DR
================================================================================

 1  28   4  16   6  49   0    T    T    0 11.7 26 360   M    M   9        30 360
 2  39   5  22  12  43   0 0.00  0.0    0 11.1 23 160   M    M   9        31 160
 3  27 -11   8  -2  57   0 0.04  0.5    0 24.2 37 350   M    M   7 18     44 340
 4  -4 -13  -8 -18  73   0    T    T    1 12.1 22 330   M    M   2 8      25 330
 5   1 -13  -6 -15  71   0 0.00  0.0    1  8.2 14 190   M    M   3        17 190
 6   7  -6   1  -8  64   0    T    T    1 15.7 26 330   M    M   2 8      32 330
 7   6 -13  -3 -12  68   0 0.00  0.0    1 12.2 18 320   M    M   0        23 320
 8  12  -1   6  -3  59   0 0.08  0.9    1 20.7 37 340   M    M  10 18     44 350
 9   8  -4   2  -7  63   0 0.00  0.0    2 13.4 24 310   M    M   1        30 310
10   9  -8   1  -8  64   0 0.00  0.0    2  8.2 16 350   M    M   0        19 340
11  11  -5   3  -6  62   0 0.02  0.3    2  6.5 15 330   M    M   4 8      17 340
12  -2 -17  -9 -18  74   0 0.00  0.0    2  6.6 18 350   M    M   0        23 350
13  14  -9   3  -6  62   0    T    T    2 13.5 23 170   M    M   3        28 170
14  26   2  14   5  51   0 0.08  0.7    2  9.2 20 200   M    M   7 18     24 180
15  35  18  27  18  38   0 0.00  0.0    2  8.8 16 290   M    M   6        20 300
16  29  18  24  15  41   0 0.00  0.0    2 13.3 23 160   M    M  10 1      30 160
17  39  28  34  25  31   0 0.14  0.4    2 15.3 24 320   M    M   7 16     32 300
18  34  16  25  16  40   0 0.00  0.0    2  6.9 15 300   M    M   1        20 290
19  38  24  31  22  34   0 0.00  0.0    2  7.8 18 170   M    M   7 18     23 150
20  33  28  31  22  34   0    T    T    2  7.0 14  40   M    M  10 1      18  30
21  28  10  19  10  46   0    T    T    2 10.6 21 340   M    M   9 1      23 350
22  36   9  23  14  42   0 0.00  0.0    2 15.5 25 190   M    M   5 1      32 190
23  46  28  37  28  28   0 0.02  0.0    2  9.3 16 200   M    M   3        21 200
24  35  24  30  21  35   0 0.02  0.2    T  8.3 18 360   M    M   6 1      23  10
25  29  19  24  15  41   0    T    T    T  9.8 23 190   M    M   7        27 190
26  44  25  35  26  30   0    T    T    T 12.1 26 180   M    M   3        33 180
27  35  27  31  21  34   0 0.00  0.0    T 13.1 25 160   M    M  10 12     32 170
28  36  29  33  23  32   0    T  0.0    T 17.2 30 340   M    M  10 18     37 340
29  29   7  18   8  47   0    T    T    T 18.0 31 340   M    M   7        37 330
30  34   7  21  11  44   0 0.00  0.0    T 11.8 24 170   M    M   4        30 170
================================================================================
SM  742  228      1457   0  0.40     3.0 358.1          M      162
================================================================================
AV 24.7  7.6                              11.9 FASTST   M    M   5    MAX(MPH)
                                 MISC ---->  # 37 350               # 44  340
================================================================================
NOTES:
# LAST OF SEVERAL OCCURRENCES

COLUMN 17 PEAK WIND IN M.P.H.

PRELIMINARY LOCAL CLIMATOLOGICAL DATA (WS FORM: F-6) , PAGE 2

                                          STATION:  FARGO HECTOR INTL AP ND
                                          MONTH:    JANUARY
                                          YEAR:     2015
                                          LATITUDE:   46 54 N
                                          LONGITUDE:  96 48 W

[TEMPERATURE DATA]      [PRECIPITATION DATA]       SYMBOLS USED IN COLUMN 16

AVERAGE MONTHLY: 16.2   TOTAL FOR MONTH:   0.40    1 = FOG OR MIST
DPTR FM NORMAL:   6.9   DPTR FM NORMAL:   -0.28    2 = FOG REDUCING VISIBILITY
HIGHEST:    46 ON 23    GRTST 24HR  0.14 ON 17-17      TO 1/4 MILE OR LESS
LOWEST:    -17 ON 12                               3 = THUNDER
                        SNOW, ICE PELLETS, HAIL    4 = ICE PELLETS
                        TOTAL MONTH:   3.0 INCHES  5 = HAIL
                        GRTST 24HR   0.9 ON   M    6 = FREEZING RAIN OR DRIZZLE
                        GRTST DEPTH:   2 ON 23,22  7 = DUSTSTORM OR SANDSTORM:
                                                       VSBY 1/2 MILE OR LESS
                                                   8 = SMOKE OR HAZE
[NO. OF DAYS WITH]      [WEATHER - DAYS WITH]      9 = BLOWING SNOW
                                                   X = TORNADO
MAX 32 OR BELOW:  17    0.01 INCH OR MORE:   7
MAX 90 OR ABOVE:   0    0.10 INCH OR MORE:   1
MIN 32 OR BELOW:  30    0.50 INCH OR MORE:   0
MIN  0 OR BELOW:  11    1.00 INCH OR MORE:   0

[HDD (BASE 65) ]
TOTAL THIS MO.  1457    CLEAR  (SCALE 0-3)  10
DPTR FM NORMAL  -215    PTCLDY (SCALE 4-7)  12
TOTAL FM JUL 1  4766    CLOUDY (SCALE 8-10)  8
DPTR FM NORMAL  -446

[CDD (BASE 65) ]
TOTAL THIS MO.     0
DPTR FM NORMAL     0    [PRESSURE DATA]
TOTAL FM JAN 1     0    HIGHEST SLP M ON M
DPTR FM NORMAL     0    LOWEST  SLP 29.45 ON 17

[REMARKS]




U.S. Dept. of Commerce
NOAA National Weather Service
1325 East West Highway
Silver Spring, MD 20910
E-mail: w-nws.webmaster@noaa.gov
Page last modified: May 16, 2007
NATIONAL WEATHER SERVICE: for Safety, for Work, for Fun - FOR LIFE