802
CXUS53 KFGF 230915
CF6FAR
PRELIMINARY LOCAL CLIMATOLOGICAL DATA (WS FORM: F-6)

                                          STATION:   FARGO HECTOR INTL AP ND
                                          MONTH:     APRIL
                                          YEAR:      2014
                                          LATITUDE:   46 54 N
                                          LONGITUDE:  96 48 W

  TEMPERATURE IN F:       :PCPN:    SNOW:  WIND      :SUNSHINE: SKY     :PK WND
================================================================================
1   2   3   4   5  6A  6B    7    8   9   10  11  12  13   14  15   16   17  18
                                     12Z  AVG MX 2MIN
DY MAX MIN AVG DEP HDD CDD  WTR  SNW DPTH SPD SPD DIR MIN PSBL S-S WX    SPD DR
================================================================================

 1  26  12  19 -17  46   0 0.02  0.2    3 22.1 29 310   M    M   2 1      29 310
 2  33   9  21 -16  44   0    T    T    2  6.1 13  10   M    M   2 1      17  10
 3  38  31  35  -3  30   0 0.05  0.3    T  8.3 15 340   M    M  10 1      19 360
 4  35  26  31  -7  34   0    T    T    T 13.6 26 340   M    M  10 1      31 340
 5  58  28  43   4  22   0 0.00  0.0    T 12.0 22 330   M    M   2        26 150
 6  60  28  44   5  21   0 0.05  0.0    0  5.4 20 190   M    M   2 18     23 190
 7  54  33  44   4  21   0 0.03  0.0    0  9.6 21 300   M    M   5 1      24 300
 8  55  30  43   3  22   0 0.00  0.0    0  9.2 21 170   M    M   3 1      28 160
 9  79  37  58  17   7   0    T  0.0    0 15.1 37 320   M    M   1        45 300
10  59  36  48   7  17   0 0.00  0.0    0 15.8 30 300   M    M   2        39 300
11  62  34  48   6  17   0 0.00  0.0    0  8.6 21  30   M    M   5        24  40
12  59  38  49   7  16   0 0.23  0.0    0 12.7 28 340   M    M   7 1      33 340
13  38  25  32 -11  33   0    T    T    0 22.3 37 340   M    M   7 8      42 350
14  32  16  24 -20  41   0    T    T    0 13.9 28 340   M    M   5        32 330
15  34  12  23 -21  42   0 0.00  0.0    0  6.4 22 120   M    M   4        29 130
16  38  28  33 -12  32   0 0.10  1.5    1 14.4 22 120   M    M   8 18     27 120
17  45  20  33 -12  32   0 0.00  0.0    0  6.9 12 330   M    M   1        17 280
18  53  32  43  -3  22   0    T  0.0    0 18.6 39 140   M    M   7        54 140
19  69  39  54   8  11   0    T  0.0    0 16.6 43 150   M    M   1        62 140
20  76  30  53   6  12   0 0.00  0.0    0  7.6 25 270   M    M   0 1      32 280
21  58  36  47   0  18   0 0.00  0.0    0 12.6 31 330   M    M   2        37 330
22  64  29  47  -1  18   0 0.00  0.0    0  6.4 17 130   M    M   0 1      22 130
================================================================================
SM 1125  609       558   0  0.48     2.0 264.2          M       86
================================================================================
AV 51.1 27.7                              12.0 FASTST   M    M   4    MAX(MPH)
                                 MISC ---->  # 43 150               # 62  140
================================================================================
NOTES:
# LAST OF SEVERAL OCCURRENCES

COLUMN 17 PEAK WIND IN M.P.H.

PRELIMINARY LOCAL CLIMATOLOGICAL DATA (WS FORM: F-6) , PAGE 2

                                          STATION:  FARGO HECTOR INTL AP ND
                                          MONTH:    APRIL
                                          YEAR:     2014
                                          LATITUDE:   46 54 N
                                          LONGITUDE:  96 48 W

[TEMPERATURE DATA]      [PRECIPITATION DATA]       SYMBOLS USED IN COLUMN 16

AVERAGE MONTHLY: 39.4   TOTAL FOR MONTH:   0.48    1 = FOG OR MIST
DPTR FM NORMAL:  -2.8   DPTR FM NORMAL:   -0.41    2 = FOG REDUCING VISIBILITY
HIGHEST:    79 ON  9    GRTST 24HR  0.23 ON 12-12      TO 1/4 MILE OR LESS
LOWEST:      9 ON  2                               3 = THUNDER
                        SNOW, ICE PELLETS, HAIL    4 = ICE PELLETS
                        TOTAL MONTH:   2.0 INCHES  5 = HAIL
                        GRTST 24HR   1.5 ON 16-16  6 = FREEZING RAIN OR DRIZZLE
                        GRTST DEPTH:   3 ON  1     7 = DUSTSTORM OR SANDSTORM:
                                                       VSBY 1/2 MILE OR LESS
                                                   8 = SMOKE OR HAZE
[NO. OF DAYS WITH]      [WEATHER - DAYS WITH]      9 = BLOWING SNOW
                                                   X = TORNADO
MAX 32 OR BELOW:   2    0.01 INCH OR MORE:   6
MAX 90 OR ABOVE:   0    0.10 INCH OR MORE:   2
MIN 32 OR BELOW:  15    0.50 INCH OR MORE:   0
MIN  0 OR BELOW:   0    1.00 INCH OR MORE:   0

[HDD (BASE 65) ]
TOTAL THIS MO.   558    CLEAR  (SCALE 0-3)  12
DPTR FM NORMAL    55    PTCLDY (SCALE 4-7)   8
TOTAL FM JUL 1  9151    CLOUDY (SCALE 8-10)  2
DPTR FM NORMAL   818

[CDD (BASE 65) ]
TOTAL THIS MO.     0
DPTR FM NORMAL     0    [PRESSURE DATA]
TOTAL FM JAN 1     0    HIGHEST SLP M ON M
DPTR FM NORMAL     0    LOWEST  SLP 29.39 ON  9

[REMARKS]




U.S. Dept. of Commerce
NOAA National Weather Service
1325 East West Highway
Silver Spring, MD 20910
E-mail: w-nws.webmaster@noaa.gov
Page last modified: May 16, 2007
NATIONAL WEATHER SERVICE: for Safety, for Work, for Fun - FOR LIFE