778
CXAK56 PAFG 311253
CF6FAI
PRELIMINARY LOCAL CLIMATOLOGICAL DATA (WS FORM: F-6)

                                          STATION:   FAIRBANKS AK
                                          MONTH:     JULY
                                          YEAR:      2014
                                          LATITUDE:   64 49 N
                                          LONGITUDE: 147 52 W

  TEMPERATURE IN F:       :PCPN:    SNOW:  WIND      :SUNSHINE: SKY     :PK WND
================================================================================
1   2   3   4   5  6A  6B    7    8   9   10  11  12  13   14  15   16   17  18
                                     12Z  AVG MX 2MIN
DY MAX MIN AVG DEP HDD CDD  WTR  SNW DPTH SPD SPD DIR MIN PSBL S-S WX    SPD DR
================================================================================

 1  59  55  57  -7   8   0 1.92  0.0    0  5.5 10 210   M    M  10 1      17 210
 2  65  54  60  -4   5   0 1.44  0.0    0  3.8  9 190   M    M  10 1      14 220
 3  73  52  63  -1   2   0 0.00  0.0    0  1.8 12 360   M    M   7        18 350
 4  79  50  65   1   0   0 0.00  0.0    0  2.4  9 320   M    M   5        10  10
 5  84  56  70   6   0   5 0.00  0.0    0  4.3  9  50   M    M   3        11  90
 6  87  65  76  12   0  11    T  0.0    0  4.8 16  70   M    M   6        18  70
 7  71  58  65   1   0   0 1.13  0.0    0  3.0 10 270   M    M   8 13     12 240
 8  76  54  65   1   0   0 0.00  0.0    0  4.6 15 280   M    M   7        19 240
 9  77  54  66   2   0   1 0.00  0.0    0  3.7 15 260   M    M   8        18 260
10  76  58  67   3   0   2    T  0.0    0  5.8 15 130   M    M   8        20 150
11  71  58  65   2   0   0 0.01  0.0    0  2.5  9 150   M    M   9        11 140
12  76  54  65   2   0   0 0.08  0.0    0  5.5 17 300   M    M   7        22 250
13  71  57  64   1   1   0    T  0.0    0  7.9 24 270   M    M   7        29 270
14  66  52  59  -4   6   0 0.30  0.0    0 11.0 28 250   M    M   9 1      38 250
15  58  53  56  -7   9   0 0.49  0.0    0  8.2 16 260   M    M  10 1      23 270
16  69  55  62  -1   3   0 0.01  0.0    0  5.7 18 250   M    M   9        26 240
17  73  57  65   2   0   0    T  0.0    0  4.1 15 250   M    M   7        21 190
18  69  53  61  -1   4   0    T  0.0    0  5.5 21 310   M    M   8        27 310
19  62  50  56  -6   9   0 0.03  0.0    0  7.2 20 270   M    M   8 1      25 280
20  62  48  55  -7  10   0    T  0.0    0  5.3 17 290   M    M   8        21 290
21  60  42  51 -11  14   0 0.01  0.0    0  1.8  7  30   M    M   9         8 220
22  70  53  62   0   3   0    T  0.0    0  2.3 13 340   M    M   8        14 340
23  63  55  59  -3   6   0 0.03  0.0    0  2.5 14 280   M    M   9 1      18 280
24  56  51  54  -8  11   0 0.23  0.0    0  4.0 10 250   M    M  10 1      12 260
25  61  48  55  -6  10   0 0.10  0.0    0  5.3 14 330   M    M   8 1      17 340
26  63  39  51 -10  14   0 0.00  0.0    0  4.3 14 310   M    M   7        17 250
27  64  45  55  -6  10   0 0.00  0.0    0  2.8  8  10   M    M   7        10 330
28  68  50  59  -2   6   0 0.00  0.0    0  4.0 12 310   M    M   8        15 300
29  74  53  64   3   1   0 0.00  0.0    0  8.3 15  20   M    M   6        22  20
30  75  47  61   1   4   0 0.00  0.0    0  3.6 10 250   M    M   5        15 240
================================================================================
SM 2078 1576       136  19  5.78     0.0 141.5          M      231
================================================================================
AV 69.3 52.5                               4.7 FASTST   M    M   8    MAX(MPH)
                                 MISC ---->  # 28 250               # 38  250
================================================================================
NOTES:
# LAST OF SEVERAL OCCURRENCES

COLUMN 17 PEAK WIND IN M.P.H.

PRELIMINARY LOCAL CLIMATOLOGICAL DATA (WS FORM: F-6) , PAGE 2

                                          STATION:  FAIRBANKS AK
                                          MONTH:    JULY
                                          YEAR:     2014
                                          LATITUDE:   64 49 N
                                          LONGITUDE: 147 52 W

[TEMPERATURE DATA]      [PRECIPITATION DATA]       SYMBOLS USED IN COLUMN 16

AVERAGE MONTHLY: 60.9   TOTAL FOR MONTH:   5.78    1 = FOG OR MIST
DPTR FM NORMAL:  -1.8   DPTR FM NORMAL:    3.69    2 = FOG REDUCING VISIBILITY
HIGHEST:    87 ON  6    GRTST 24HR  2.83 ON  1- 2      TO 1/4 MILE OR LESS
LOWEST:     39 ON 26                               3 = THUNDER
                        SNOW, ICE PELLETS, HAIL    4 = ICE PELLETS
                        TOTAL MONTH:   0.0 INCH    5 = HAIL
                        GRTST 24HR     0.0         6 = FREEZING RAIN OR DRIZZLE
                        GRTST DEPTH:   0           7 = DUSTSTORM OR SANDSTORM:
                                                       VSBY 1/2 MILE OR LESS
                                                   8 = SMOKE OR HAZE
[NO. OF DAYS WITH]      [WEATHER - DAYS WITH]      9 = BLOWING SNOW
                                                   X = TORNADO
MAX 32 OR BELOW:   0    0.01 INCH OR MORE:  13
MAX 90 OR ABOVE:   0    0.10 INCH OR MORE:   7
MIN 32 OR BELOW:   0    0.50 INCH OR MORE:   3
MIN  0 OR BELOW:   0    1.00 INCH OR MORE:   3

[HDD (BASE 65) ]
TOTAL THIS MO.   136    CLEAR  (SCALE 0-3)   1
DPTR FM NORMAL    31    PTCLDY (SCALE 4-7)  17
TOTAL FM JUL 1   136    CLOUDY (SCALE 8-10) 12
DPTR FM NORMAL    31

[CDD (BASE 65) ]
TOTAL THIS MO.    19
DPTR FM NORMAL   -10    [PRESSURE DATA]
TOTAL FM JAN 1    20    HIGHEST SLP M ON M
DPTR FM NORMAL   -33    LOWEST  SLP 29.51 ON 11

[REMARKS]




U.S. Dept. of Commerce
NOAA National Weather Service
1325 East West Highway
Silver Spring, MD 20910
E-mail: w-nws.webmaster@noaa.gov
Page last modified: May 16, 2007
NATIONAL WEATHER SERVICE: for Safety, for Work, for Fun - FOR LIFE