054
CXAK56 PAFG 311527
CF6FAI
PRELIMINARY LOCAL CLIMATOLOGICAL DATA (WS FORM: F-6)

                                          STATION:   FAIRBANKS AK
                                          MONTH:     JANUARY
                                          YEAR:      2015
                                          LATITUDE:   64 49 N
                                          LONGITUDE: 147 52 W

  TEMPERATURE IN F:       :PCPN:    SNOW:  WIND      :SUNSHINE: SKY     :PK WND
================================================================================
1   2   3   4   5  6A  6B    7    8   9   10  11  12  13   14  15   16   17  18
                                     12Z  AVG MX 2MIN
DY MAX MIN AVG DEP HDD CDD  WTR  SNW DPTH SPD SPD DIR MIN PSBL S-S WX    SPD DR
================================================================================

 1  29  -2  14  21  51   0 0.00  0.0   10  7.1 15 350   M    M   7 12     18 360
 2   1 -15  -7   0  72   0 0.00  0.0   10  3.9 12  50   M    M   1        14  60
 3 -11 -20 -15  -8  80   0 0.00  0.0   10  1.1  6  30   M    M   1         8 120
 4 -17 -26 -21 -14  86   0 0.00  0.0   10  0.0  5 180   M    M   1 1       5 170
 5 -22 -30 -26 -18  91   0 0.00  0.0   10  0.3  5  20   M    M   1 1       5  40
 6 -21 -30 -25 -17  90   0 0.00  0.0   10  0.2  6  20   M    M   0         7  20
 7 -13 -26 -19 -11  84   0 0.00  0.0   10  1.8  8  40   M    M   1        10  60
 8  17 -17   0   8  65   0    T    T   10  1.6  7  60   M    M   5 6       8  40
 9  22  10  16  24  49   0    T    T   10  0.3  5  50   M    M   8         5 250
10  23  15  19  27  46   0    T    T   10  0.7  6  50   M    M   9         8 210
11  25  20  23  31  42   0    T    T   10  0.4  5  50   M    M  10 18      5 210
12  25   5  15  23  50   0    T    T   10  2.5 10  30   M    M   7 1      11  70
13  28   5  17  26  48   0    T    T   10  6.3 10  30   M    M   7        12  30
14  25   3  14  23  51   0 0.00  0.0   10  2.7  9  20   M    M   5        11  30
15  31  15  23  32  42   0 0.00  0.0   10  2.3 10  40   M    M   9        11  40
16  25   6  16  25  49   0 0.00  0.0   10  2.8  8 190   M    M   8        12 220
17  16  -4   6  15  59   0 0.00  0.0   10  0.7  7 210   M    M   5        12 250
18   7  -7   0   9  65   0    T    T   10  0.0  3  70   M    M   5 18      4  80
19  11  -7   2  11  63   0    T  0.6   10  1.3  6  40   M    M   9 1       7  10
20   0 -15  -7   1  72   0    T  0.1   10  0.1  6 210   M    M   6 1       7 200
21   4  -7  -1   7  66   0    T  0.5   11  0.5  6  40   M    M   9 1       6  40
22   5  -3   1   9  64   0 0.02  0.6   11  2.7  8 190   M    M  10 1      11 190
23  -3  -9  -6   2  71   0 0.09  1.9   12  2.2  7 190   M    M  10 1      10 210
24  -8 -25 -16  -8  81   0 0.03  0.6   13  1.8  7 200   M    M   8 1       9 200
25 -17 -38 -27 -19  92   0 0.01  0.3   13  0.9  6  30   M    M   8 1       6  40
26 -29 -43 -36 -28 101   0    T    T   13  0.6  6  30   M    M   3 1       6  30
27 -28 -43 -35 -27 100   0 0.00  0.0   13  0.6  6 200   M    M   3 1       6 200
28 -25 -40 -32 -25  97   0 0.00  0.0   13  0.6  6  50   M    M   2 1       6  50
29 -28 -41 -34 -27  99   0    T    T   13  0.1  3  30   M    M   2 1       4 240
30 -19 -40 -29 -22  94   0 0.00  0.0   12  0.3  6  10   M    M   5 1       6 360
================================================================================
SM   53 -409      2120   0  0.15     4.6  46.4          M      165
================================================================================
AV  1.8-13.6                               1.5 FASTST   M    M   6    MAX(MPH)
                                 MISC ---->  # 15 350               # 18  360
================================================================================
NOTES:
# LAST OF SEVERAL OCCURRENCES

COLUMN 17 PEAK WIND IN M.P.H.

PRELIMINARY LOCAL CLIMATOLOGICAL DATA (WS FORM: F-6) , PAGE 2

                                          STATION:  FAIRBANKS AK
                                          MONTH:    JANUARY
                                          YEAR:     2015
                                          LATITUDE:   64 49 N
                                          LONGITUDE: 147 52 W

[TEMPERATURE DATA]      [PRECIPITATION DATA]       SYMBOLS USED IN COLUMN 16

AVERAGE MONTHLY: -5.9   TOTAL FOR MONTH:   0.15    1 = FOG OR MIST
DPTR FM NORMAL:   2.1   DPTR FM NORMAL:   -0.41    2 = FOG REDUCING VISIBILITY
HIGHEST:    31 ON 15    GRTST 24HR  0.09 ON 23-23      TO 1/4 MILE OR LESS
LOWEST:    -43 ON 27,26                            3 = THUNDER
                        SNOW, ICE PELLETS, HAIL    4 = ICE PELLETS
                        TOTAL MONTH:   4.6 INCHES  5 = HAIL
                        GRTST 24HR   1.9 ON   M    6 = FREEZING RAIN OR DRIZZLE
                        GRTST DEPTH:  13 ON 29,28  7 = DUSTSTORM OR SANDSTORM:
                                                       VSBY 1/2 MILE OR LESS
                                                   8 = SMOKE OR HAZE
[NO. OF DAYS WITH]      [WEATHER - DAYS WITH]      9 = BLOWING SNOW
                                                   X = TORNADO
MAX 32 OR BELOW:  30    0.01 INCH OR MORE:   4
MAX 90 OR ABOVE:   0    0.10 INCH OR MORE:   0
MIN 32 OR BELOW:  30    0.50 INCH OR MORE:   0
MIN  0 OR BELOW:  22    1.00 INCH OR MORE:   0

[HDD (BASE 65) ]
TOTAL THIS MO.  2120    CLEAR  (SCALE 0-3)  10
DPTR FM NORMAL   -70    PTCLDY (SCALE 4-7)  10
TOTAL FM JUL 1  7595    CLOUDY (SCALE 8-10) 10
DPTR FM NORMAL  -867

[CDD (BASE 65) ]
TOTAL THIS MO.     0
DPTR FM NORMAL     0    [PRESSURE DATA]
TOTAL FM JAN 1     0    HIGHEST SLP M ON M
DPTR FM NORMAL     0    LOWEST  SLP 28.79 ON 15

[REMARKS]




U.S. Dept. of Commerce
NOAA National Weather Service
1325 East West Highway
Silver Spring, MD 20910
E-mail: w-nws.webmaster@noaa.gov
Page last modified: May 16, 2007
NATIONAL WEATHER SERVICE: for Safety, for Work, for Fun - FOR LIFE