258
CXUS53 KIND 220730
CF6EYE
PRELIMINARY LOCAL CLIMATOLOGICAL DATA (WS FORM: F-6)

                                          STATION:   INDIANAPOLIS EAGLE CREEK IN
                                          MONTH:     SEPTEMBER
                                          YEAR:      2014
                                          LATITUDE:   39 49 N
                                          LONGITUDE:  86 18 W

  TEMPERATURE IN F:       :PCPN:    SNOW:  WIND      :SUNSHINE: SKY     :PK WND
================================================================================
1   2   3   4   5  6A  6B    7    8   9   10  11  12  13   14  15   16   17  18
                                     12Z  AVG MX 2MIN
DY MAX MIN AVG DEP HDD CDD  WTR  SNW DPTH SPD SPD DIR MIN PSBL S-S WX    SPD DR
================================================================================

 1  82  71  77   5   0  12 0.02    M    M  8.2 20 210   M    M   5 1      27 210
 2  79  66  73   1   0   8 0.50    M    M  5.0 15 280   M    M   6 13     19 280
 3  84  66  75   3   0  10 0.00    M    M  3.5  9 220   M    M   1        12 190
 4  88  65  77   5   0  12 0.00    M    M  3.8 13 200   M    M   0 18     18 210
 5  90  70  80   9   0  15 0.08    M    M  7.3 23 330   M    M   1 13     30 340
 6  73  59  66  -5   0   1 0.02    M    M  7.7 15 330   M    M   5 1      23 350
 7  76  55  66  -5   0   1 0.00    M    M  3.6 12  10   M    M   0        14 100
 8  79  54  67  -3   0   2 0.00    M    M  2.1  9 120   M    M   0        13 140
 9  81  56  69  -1   0   4 0.00    M    M  3.6 12 190   M    M   1 1      18 180
10  81  68  75   5   0  10 2.21    M    M  9.2 23 200   M    M   7 138    33 200
11  72  56  64  -5   1   0 0.00    M    M 10.2 18 310   M    M  10 1      23 300
12  62  53  58 -11   7   0 0.00    M    M  7.3 13  10   M    M  10 1      18 360
13  63  47  55 -13  10   0 0.00    M    M  8.2 17 330   M    M   6 1      24 330
14  69  45  57 -11   8   0 0.00    M    M  2.3  8 270   M    M   0        12 280
15  67  49  58 -10   7   0 0.47    M    M  3.6 22 160   M    M   5 13     31 140
16  67  51  59  -8   6   0 0.00    M    M  4.3 13 360   M    M   6 1      19 340
17  67  46  57 -10   8   0 0.00    M    M  2.2  8 190   M    M   3 12     13 170
18  73  51  62  -4   3   0 0.00    M    M  4.1 12  60   M    M   0        17  50
19  73  50  62  -4   3   0 0.00    M    M  4.4 16 130   M    M   0        21 120
20  80  53  67   2   0   2 0.08    M    M  5.7 16 220   M    M   2 138    23 200
21  72  56  64  -1   1   0 0.04    M    M 12.5 28 290   M    M   6 3      37 280
================================================================================
SM 1578 1187        54  77  3.42    M    118.8          M       74
================================================================================
AV 75.1 56.5                               5.7 FASTST   M    M   4    MAX(MPH)
                                 MISC ---->  # 28 290               # 37  280
================================================================================
NOTES:
# LAST OF SEVERAL OCCURRENCES

COLUMN 17 PEAK WIND IN M.P.H.

PRELIMINARY LOCAL CLIMATOLOGICAL DATA (WS FORM: F-6) , PAGE 2

                                          STATION:  INDIANAPOLIS EAGLE CREEK IN
                                          MONTH:    SEPTEMBER
                                          YEAR:     2014
                                          LATITUDE:   39 49 N
                                          LONGITUDE:  86 18 W

[TEMPERATURE DATA]      [PRECIPITATION DATA]       SYMBOLS USED IN COLUMN 16

AVERAGE MONTHLY: 65.8   TOTAL FOR MONTH:   3.42    1 = FOG OR MIST
DPTR FM NORMAL:  -3.2   DPTR FM NORMAL:    1.86    2 = FOG REDUCING VISIBILITY
HIGHEST:    90 ON  5    GRTST 24HR  2.21 ON 10-10      TO 1/4 MILE OR LESS
LOWEST:     45 ON 14                               3 = THUNDER
                        SNOW, ICE PELLETS, HAIL    4 = ICE PELLETS
                        TOTAL MONTH:    M          5 = HAIL
                        GRTST 24HR    M  ON   M    6 = FREEZING RAIN OR DRIZZLE
                        GRTST DEPTH:  M  ON   M    7 = DUSTSTORM OR SANDSTORM:
                                                       VSBY 1/2 MILE OR LESS
                                                   8 = SMOKE OR HAZE
[NO. OF DAYS WITH]      [WEATHER - DAYS WITH]      9 = BLOWING SNOW
                                                   X = TORNADO
MAX 32 OR BELOW:   0    0.01 INCH OR MORE:   8
MAX 90 OR ABOVE:   1    0.10 INCH OR MORE:   3
MIN 32 OR BELOW:   0    0.50 INCH OR MORE:   2
MIN  0 OR BELOW:   0    1.00 INCH OR MORE:   1

[HDD (BASE 65) ]
TOTAL THIS MO.    54    CLEAR  (SCALE 0-3)  11
DPTR FM NORMAL    35    PTCLDY (SCALE 4-7)   8
TOTAL FM JUL 1    62    CLOUDY (SCALE 8-10)  2
DPTR FM NORMAL    40

[CDD (BASE 65) ]
TOTAL THIS MO.    77
DPTR FM NORMAL   -29    [PRESSURE DATA]
TOTAL FM JAN 1   870    HIGHEST SLP M ON M
DPTR FM NORMAL  -156    LOWEST  SLP 29.64 ON 10

[REMARKS]




U.S. Dept. of Commerce
NOAA National Weather Service
1325 East West Highway
Silver Spring, MD 20910
E-mail: w-nws.webmaster@noaa.gov
Page last modified: May 16, 2007
NATIONAL WEATHER SERVICE: for Safety, for Work, for Fun - FOR LIFE