377
CXUS53 KIND 190730
CF6EYE
PRELIMINARY LOCAL CLIMATOLOGICAL DATA (WS FORM: F-6)

                                          STATION:   INDIANAPOLIS EAGLE CREEK IN
                                          MONTH:     APRIL
                                          YEAR:      2014
                                          LATITUDE:   39 49 N
                                          LONGITUDE:  86 18 W

  TEMPERATURE IN F:       :PCPN:    SNOW:  WIND      :SUNSHINE: SKY     :PK WND
================================================================================
1   2   3   4   5  6A  6B    7    8   9   10  11  12  13   14  15   16   17  18
                                     12Z  AVG MX 2MIN
DY MAX MIN AVG DEP HDD CDD  WTR  SNW DPTH SPD SPD DIR MIN PSBL S-S WX    SPD DR
================================================================================

 1  62  47  55   7  10   0 0.03    M    M 11.2 23 280   M    M   3        32 280
 2  54  41  48  -1  17   0 0.28    M    M  5.7 13  60   M    M   9 13     17  50
 3  66  50  58   9   7   0 2.03    M    M  8.2 24 310   M    M  10 13     29 310
 4  57  37  47  -3  18   0 0.27    M    M 15.3 30 270   M    M  10 1      43 270
 5  50  35  43  -7  22   0 0.00    M    M  6.4 21 300   M    M   5        27 300
 6  56  31  44  -6  21   0 0.00    M    M  4.2 14  70   M    M   0        18  80
 7  48  42  45  -5  20   0 0.88    M    M 10.0 26 340   M    M   8 1      36 330
 8  57  36  47  -4  18   0 0.01    M    M  6.6 16 340   M    M   6 128    20 340
 9  60  38  49  -2  16   0 0.00    M    M  5.8 15 250   M    M   2 8      20 270
10  74  45  60   8   5   0 0.26    M    M 10.4 29 210   M    M   3        42 210
11  66  46  56   4   9   0 0.29    M    M  4.4 14 270   M    M   2 13     18 280
12  78  40  59   7   6   0 0.00    M    M  8.3 23 200   M    M   1        33 170
13  75  64  70  18   0   5 0.00    M    M 11.2 22 220   M    M   3        32 200
14  72  32  52  -1  13   0 0.48    M    M 12.5 24 200   M    M  10 1      35 210
15  38  29  34 -19  31   0    T    M    M 11.3 25 310   M    M   8 18     38 310
16  50  28  39 -14  26   0 0.00    M    M  8.9 18 130   M    M   0        27 130
17  64  35  50  -4  15   0 0.00    M    M  6.1 18 210   M    M   0        27 190
18  69  42  56   2   9   0 0.00    M    M  5.0 14  10   M    M   1        19 290
================================================================================
SM 1096  718       263   5  4.53    M    151.5          M       81
================================================================================
AV 60.9 39.9                               8.4 FASTST   M    M   5    MAX(MPH)
                                 MISC ---->  # 30 270               # 43  270
================================================================================
NOTES:
# LAST OF SEVERAL OCCURRENCES

COLUMN 17 PEAK WIND IN M.P.H.

PRELIMINARY LOCAL CLIMATOLOGICAL DATA (WS FORM: F-6) , PAGE 2

                                          STATION:  INDIANAPOLIS EAGLE CREEK IN
                                          MONTH:    APRIL
                                          YEAR:     2014
                                          LATITUDE:   39 49 N
                                          LONGITUDE:  86 18 W

[TEMPERATURE DATA]      [PRECIPITATION DATA]       SYMBOLS USED IN COLUMN 16

AVERAGE MONTHLY: 50.4   TOTAL FOR MONTH:   4.53    1 = FOG OR MIST
DPTR FM NORMAL:  -0.9   DPTR FM NORMAL:    2.44    2 = FOG REDUCING VISIBILITY
HIGHEST:    78 ON 12    GRTST 24HR  2.25 ON  3- 4      TO 1/4 MILE OR LESS
LOWEST:     28 ON 16                               3 = THUNDER
                        SNOW, ICE PELLETS, HAIL    4 = ICE PELLETS
                        TOTAL MONTH:    M          5 = HAIL
                        GRTST 24HR    M  ON   M    6 = FREEZING RAIN OR DRIZZLE
                        GRTST DEPTH:  M  ON   M    7 = DUSTSTORM OR SANDSTORM:
                                                       VSBY 1/2 MILE OR LESS
                                                   8 = SMOKE OR HAZE
[NO. OF DAYS WITH]      [WEATHER - DAYS WITH]      9 = BLOWING SNOW
                                                   X = TORNADO
MAX 32 OR BELOW:   0    0.01 INCH OR MORE:   9
MAX 90 OR ABOVE:   0    0.10 INCH OR MORE:   7
MIN 32 OR BELOW:   4    0.50 INCH OR MORE:   2
MIN  0 OR BELOW:   0    1.00 INCH OR MORE:   1

[HDD (BASE 65) ]
TOTAL THIS MO.   263    CLEAR  (SCALE 0-3)   9
DPTR FM NORMAL     8    PTCLDY (SCALE 4-7)   4
TOTAL FM JUL 1  5986    CLOUDY (SCALE 8-10)  5
DPTR FM NORMAL   906

[CDD (BASE 65) ]
TOTAL THIS MO.     5
DPTR FM NORMAL    -3    [PRESSURE DATA]
TOTAL FM JAN 1     5    HIGHEST SLP M ON M
DPTR FM NORMAL    -4    LOWEST  SLP 29.44 ON  7

[REMARKS]




U.S. Dept. of Commerce
NOAA National Weather Service
1325 East West Highway
Silver Spring, MD 20910
E-mail: w-nws.webmaster@noaa.gov
Page last modified: May 16, 2007
NATIONAL WEATHER SERVICE: for Safety, for Work, for Fun - FOR LIFE