102
CXUS53 KIND 290730
CF6EYE
PRELIMINARY LOCAL CLIMATOLOGICAL DATA (WS FORM: F-6)

                                          STATION:   INDIANAPOLIS EAGLE CREEK IN
                                          MONTH:     JANUARY
                                          YEAR:      2015
                                          LATITUDE:   39 49 N
                                          LONGITUDE:  86 18 W

  TEMPERATURE IN F:       :PCPN:    SNOW:  WIND      :SUNSHINE: SKY     :PK WND
================================================================================
1   2   3   4   5  6A  6B    7    8   9   10  11  12  13   14  15   16   17  18
                                     12Z  AVG MX 2MIN
DY MAX MIN AVG DEP HDD CDD  WTR  SNW DPTH SPD SPD DIR MIN PSBL S-S WX    SPD DR
================================================================================

 1  34  20  27  -1  38   0 0.00    M    M  7.9 15 240   M    M   0        23 240
 2  39  26  33   5  32   0 0.00    M    M  4.6 10 140   M    M   5 1      13 150
 3  51  34  43  15  22   0 0.81    M    M  5.3 15 310   M    M  10 1      19 320
 4  45  13  29   1  36   0 0.01    M    M 15.1 28 290   M    M  10 1      34 280
 5  15   5  10 -18  55   0 0.10    M    M  9.2 22 290   M    M   3 18     27 290
 6  18   9  14 -14  51   0 0.08    M    M  7.0 15 270   M    M   6 18     20 270
 7  12  -5   4 -24  61   0    T    M    M 16.7 28 300   M    M   3 8      35 310
 8  21  -7   7 -21  58   0    T    M    M 11.0 21 230   M    M   4        33 250
 9  22   3  13 -15  52   0    T    M    M 15.5 30 280   M    M   5 8      41 300
10  25  -3  11 -17  54   0 0.00    M    M  6.9 15 200   M    M   2        21 220
11  35  24  30   2  35   0 0.38    M    M  5.0 12 210   M    M  10 16     16 210
12  32  18  25  -3  40   0 0.18    M    M  8.4 20  10   M    M  10 1      26  10
13  22   8  15 -13  50   0    T    M    M  7.6 15  60   M    M   2 8      18  50
14  20   3  12 -16  53   0    T    M    M  3.1  9 340   M    M   6 18     11 330
15  35  12  24  -4  41   0 0.00    M    M  4.5 12 230   M    M   1 1      17 220
16  41  24  33   5  32   0 0.00    M    M  2.9  9 240   M    M   0 1      14 240
17  52  28  40  12  25   0    T    M    M 10.7 24 210   M    M   2        35 210
18  43  26  35   7  30   0 0.01    M    M  8.4 22 280   M    M   7        29 280
19  47  22  35   7  30   0 0.00    M    M  1.4  8  20   M    M   2 12     10  10
20  50  32  41  13  24   0 0.00    M    M  5.1 15 270   M    M   7 1      21 270
21  43  32  38  10  27   0 0.01    M    M  9.2 23 290   M    M   9 1      31 280
22  33  30  32   4  33   0    T    M    M  4.5 12 340   M    M  10 1      16 340
23  36  26  31   3  34   0 0.00    M    M  3.0 13 340   M    M   7        15 320
24  41  24  33   5  32   0 0.00    M    M  6.4 14 280   M    M   4        19 280
25  37  22  30   2  35   0 0.05    M    M  7.4 18  20   M    M   8 1      29  20
26  28  18  23  -5  42   0    T    M    M  5.7 20  20   M    M   8        26  20
27  31  18  25  -3  40   0 0.01    M    M  3.6 10 340   M    M   7 1      12 340
28  36  15  26  -2  39   0 0.00    M    M  6.9 16 140   M    M   0 18     24 120
================================================================================
SM  944  477      1101   0  1.64    M    203.0          M      148
================================================================================
AV 33.7 17.0                               7.2 FASTST   M    M   5    MAX(MPH)
                                 MISC ---->  # 30 280               # 41  300
================================================================================
NOTES:
# LAST OF SEVERAL OCCURRENCES

COLUMN 17 PEAK WIND IN M.P.H.

PRELIMINARY LOCAL CLIMATOLOGICAL DATA (WS FORM: F-6) , PAGE 2

                                          STATION:  INDIANAPOLIS EAGLE CREEK IN
                                          MONTH:    JANUARY
                                          YEAR:     2015
                                          LATITUDE:   39 49 N
                                          LONGITUDE:  86 18 W

[TEMPERATURE DATA]      [PRECIPITATION DATA]       SYMBOLS USED IN COLUMN 16

AVERAGE MONTHLY: 25.4   TOTAL FOR MONTH:   1.64    1 = FOG OR MIST
DPTR FM NORMAL:  -2.6   DPTR FM NORMAL:   -0.47    2 = FOG REDUCING VISIBILITY
HIGHEST:    52 ON 17    GRTST 24HR  0.81 ON  3- 3      TO 1/4 MILE OR LESS
LOWEST:     -7 ON  8                               3 = THUNDER
                        SNOW, ICE PELLETS, HAIL    4 = ICE PELLETS
                        TOTAL MONTH:    M          5 = HAIL
                        GRTST 24HR    M  ON   M    6 = FREEZING RAIN OR DRIZZLE
                        GRTST DEPTH:  M  ON   M    7 = DUSTSTORM OR SANDSTORM:
                                                       VSBY 1/2 MILE OR LESS
                                                   8 = SMOKE OR HAZE
[NO. OF DAYS WITH]      [WEATHER - DAYS WITH]      9 = BLOWING SNOW
                                                   X = TORNADO
MAX 32 OR BELOW:  11    0.01 INCH OR MORE:  10
MAX 90 OR ABOVE:   0    0.10 INCH OR MORE:   4
MIN 32 OR BELOW:  27    0.50 INCH OR MORE:   1
MIN  0 OR BELOW:   3    1.00 INCH OR MORE:   0

[HDD (BASE 65) ]
TOTAL THIS MO.  1101    CLEAR  (SCALE 0-3)   9
DPTR FM NORMAL    65    PTCLDY (SCALE 4-7)  13
TOTAL FM JUL 1  3307    CLOUDY (SCALE 8-10)  6
DPTR FM NORMAL   215

[CDD (BASE 65) ]
TOTAL THIS MO.     0
DPTR FM NORMAL     0    [PRESSURE DATA]
TOTAL FM JAN 1     0    HIGHEST SLP M ON M
DPTR FM NORMAL     0    LOWEST  SLP 29.62 ON 25

[REMARKS]




U.S. Dept. of Commerce
NOAA National Weather Service
1325 East West Highway
Silver Spring, MD 20910
E-mail: w-nws.webmaster@noaa.gov
Page last modified: May 16, 2007
NATIONAL WEATHER SERVICE: for Safety, for Work, for Fun - FOR LIFE