541
CXUS53 KIND 010730
CF6EYE
PRELIMINARY LOCAL CLIMATOLOGICAL DATA (WS FORM: F-6)

                                          STATION:   INDIANAPOLIS EAGLE CREEK IN
                                          MONTH:     JULY
                                          YEAR:      2014
                                          LATITUDE:   39 49 N
                                          LONGITUDE:  86 18 W

  TEMPERATURE IN F:       :PCPN:    SNOW:  WIND      :SUNSHINE: SKY     :PK WND
================================================================================
1   2   3   4   5  6A  6B    7    8   9   10  11  12  13   14  15   16   17  18
                                     12Z  AVG MX 2MIN
DY MAX MIN AVG DEP HDD CDD  WTR  SNW DPTH SPD SPD DIR MIN PSBL S-S WX    SPD DR
================================================================================

 1  85  66  76   1   0  11 0.07    M    M  7.9 28 300   M    M   4 13     39 310
 2  78  63  71  -4   0   6 0.00    M    M  9.3 18 290   M    M   3        23 280
 3  72  60  66 -10   0   1 0.03    M    M  8.1 15 340   M    M   6 1      25 340
 4  78  53  66 -10   0   1 0.00    M    M  4.4 14  10   M    M   1        18  10
 5  79  55  67  -9   0   2 0.00    M    M  3.4 12 200   M    M   0 18     17 150
 6  82  63  73  -3   0   8 0.04    M    M  7.2 17 220   M    M   5        25 200
 7  79  70  75  -1   0  10    T    M    M  7.6 16 230   M    M   3 3      23 220
 8  81  69  75  -1   0  10 0.40    M    M 10.0 23 270   M    M   5 13     36 270
 9  80  64  72  -4   0   7 0.00    M    M  7.8 17 300   M    M   2        22 300
10  79  62  71  -5   0   6 0.00    M    M  5.6 13 340   M    M   0        19  40
11  82  58  70  -6   0   5 0.00    M    M  2.5 10 210   M    M   1        15 200
12  79  67  73  -3   0   8 0.07    M    M  5.5 16 200   M    M   3 18     22 200
13  83  72  78   2   0  13    T    M    M  7.7 21 290   M    M   3        28 290
14  84  66  75  -1   0  10 0.59    M    M  5.8 32 300   M    M   3 13     44 290
15  70  56  63 -12   2   0 0.00    M    M 10.6 20 300   M    M   4        24 300
16  72  54  63 -12   2   0 0.00    M    M  5.7 13 340   M    M   2        16 310
17  76  53  65 -10   0   0 0.00    M    M  2.8 10 350   M    M   0        13 360
18  77  55  66  -9   0   1 0.00    M    M  4.7 14 110   M    M   2        20 110
19  76  56  66  -9   0   1 0.00    M    M  2.8 10  60   M    M   6 1      15  70
20  81  59  70  -5   0   5 0.00    M    M  2.2  8 270   M    M   2 1      11 340
21  85  60  73  -2   0   8 0.00    M    M  2.0  8 270   M    M   3 1      11 240
22  87  65  76   1   0  11 0.00    M    M  4.1 13 210   M    M   1 128    19 210
23  76  61  69  -6   0   4 1.09    M    M  6.6 23 360   M    M   7 1238   27 360
24  76  57  67  -8   0   2 0.00    M    M  5.7 15  10   M    M   4        18  10
25  75  55  65 -10   0   0    T    M    M  3.1 12 160   M    M   2 12     16 160
26  82  66  74  -1   0   9 0.32    M    M  5.7 21 290   M    M   8 138    30 300
27  83  67  75   0   0  10 0.03    M    M  9.7 28 290   M    M   5 13     34 320
28  72  56  64 -11   1   0 0.00    M    M 12.3 22 340   M    M   5        26 310
29  75  55  65 -10   0   0 0.37    M    M  4.7 28 360   M    M   4 13     34 360
30  78  58  68  -7   0   3 0.08    M    M  4.4 21 320   M    M   4 13     27 320
31  80  60  70  -5   0   5 0.00    M    M  3.1 12 300   M    M   1        17 270
================================================================================
SM 2442 1881         5 157  3.09    M    183.0          M       99
================================================================================
AV 78.8 60.7                               5.9 FASTST   M    M   3    MAX(MPH)
                                 MISC ---->  # 32 300               # 44  290
================================================================================
NOTES:
# LAST OF SEVERAL OCCURRENCES

COLUMN 17 PEAK WIND IN M.P.H.

PRELIMINARY LOCAL CLIMATOLOGICAL DATA (WS FORM: F-6) , PAGE 2

                                          STATION:  INDIANAPOLIS EAGLE CREEK IN
                                          MONTH:    JULY
                                          YEAR:     2014
                                          LATITUDE:   39 49 N
                                          LONGITUDE:  86 18 W

[TEMPERATURE DATA]      [PRECIPITATION DATA]       SYMBOLS USED IN COLUMN 16

AVERAGE MONTHLY: 69.7   TOTAL FOR MONTH:   3.09    1 = FOG OR MIST
DPTR FM NORMAL:  -5.5   DPTR FM NORMAL:   -1.17    2 = FOG REDUCING VISIBILITY
HIGHEST:    87 ON 22    GRTST 24HR  1.09 ON 23-23      TO 1/4 MILE OR LESS
LOWEST:     53 ON 17, 4                            3 = THUNDER
                        SNOW, ICE PELLETS, HAIL    4 = ICE PELLETS
                        TOTAL MONTH:    M          5 = HAIL
                        GRTST 24HR    M  ON   M    6 = FREEZING RAIN OR DRIZZLE
                        GRTST DEPTH:  M  ON   M    7 = DUSTSTORM OR SANDSTORM:
                                                       VSBY 1/2 MILE OR LESS
                                                   8 = SMOKE OR HAZE
[NO. OF DAYS WITH]      [WEATHER - DAYS WITH]      9 = BLOWING SNOW
                                                   X = TORNADO
MAX 32 OR BELOW:   0    0.01 INCH OR MORE:  11
MAX 90 OR ABOVE:   0    0.10 INCH OR MORE:   5
MIN 32 OR BELOW:   0    0.50 INCH OR MORE:   2
MIN  0 OR BELOW:   0    1.00 INCH OR MORE:   1

[HDD (BASE 65) ]
TOTAL THIS MO.     5    CLEAR  (SCALE 0-3)  15
DPTR FM NORMAL     4    PTCLDY (SCALE 4-7)  15
TOTAL FM JUL 1     5    CLOUDY (SCALE 8-10)  1
DPTR FM NORMAL     4

[CDD (BASE 65) ]
TOTAL THIS MO.   157
DPTR FM NORMAL  -161    [PRESSURE DATA]
TOTAL FM JAN 1   516    HIGHEST SLP 30.30 ON  5
DPTR FM NORMAL  -120    LOWEST  SLP 29.68 ON  8

[REMARKS]
#FINAL-07-14#




U.S. Dept. of Commerce
NOAA National Weather Service
1325 East West Highway
Silver Spring, MD 20910
E-mail: w-nws.webmaster@noaa.gov
Page last modified: May 16, 2007
NATIONAL WEATHER SERVICE: for Safety, for Work, for Fun - FOR LIFE