739
CXUS53 KIND 010730
CF6EYE
PRELIMINARY LOCAL CLIMATOLOGICAL DATA (WS FORM: F-6)

                                          STATION:   INDIANAPOLIS EAGLE CREEK IN
                                          MONTH:     NOVEMBER
                                          YEAR:      2014
                                          LATITUDE:   39 49 N
                                          LONGITUDE:  86 18 W

  TEMPERATURE IN F:       :PCPN:    SNOW:  WIND      :SUNSHINE: SKY     :PK WND
================================================================================
1   2   3   4   5  6A  6B    7    8   9   10  11  12  13   14  15   16   17  18
                                     12Z  AVG MX 2MIN
DY MAX MIN AVG DEP HDD CDD  WTR  SNW DPTH SPD SPD DIR MIN PSBL S-S WX    SPD DR
================================================================================

 1  43  30  37 -13  28   0 0.00    M    M 11.2 25 350   M    M   2        34 350
 2  51  24  38 -11  27   0 0.00    M    M  3.4 10 200   M    M   1        13 210
 3  66  43  55   6  10   0 0.00    M    M  9.2 20 210   M    M   3        28 200
 4  57  46  52   3  13   0 0.29    M    M  9.1 18 210   M    M   7 1      27 220
 5  57  39  48   0  17   0 0.00    M    M  2.3  8 180   M    M   1 12     11 180
 6  48  39  44  -4  21   0 0.10    M    M 13.5 26 310   M    M   9 1      34 300
 7  46  35  41  -7  24   0 0.00    M    M  5.6 16 310   M    M   5        22 320
 8  47  37  42  -5  23   0    T    M    M  8.7 18 310   M    M   6 18     24 280
 9  50  30  40  -7  25   0 0.00    M    M  5.2 15 210   M    M   1        19 220
10  63  40  52   6  13   0 0.00    M    M  7.5 18 180   M    M   0        26 180
11  60  34  47   1  18   0 0.09    M    M 11.5 23 300   M    M   6 18     30 300
12  35  27  31 -15  34   0 0.00    M    M 10.9 21 320   M    M  10        30 300
13  27  22  25 -20  40   0    T    M    M 11.4 18 310   M    M   8 1      24 280
14  31  18  25 -20  40   0 0.00    M    M  7.4 14 290   M    M   2        18 280
15  33  15  24 -20  41   0    T    M    M  2.2 13 160   M    M   2 1      18 160
16  35  29  32 -12  33   0 0.17    M    M  3.1  9 290   M    M  10 1      11 310
17  29  15  22 -22  43   0    T    M    M 12.7 23 290   M    M   6 1      30 290
18  19  10  15 -28  50   0    T    M    M 11.2 21 280   M    M   5 18     31 260
19  37  14  26 -17  39   0 0.00    M    M 13.0 29 280   M    M   8        38 270
20  29  18  24 -18  41   0 0.00    M    M  9.6 21 290   M    M   4        28 280
21  33  12  23 -19  42   0 0.00    M    M  6.5 13 120   M    M   0        16 170
22  57  31  44   3  21   0 0.01    M    M  8.4 21 210   M    M  10        28 210
23  55  46  51  10  14   0 1.77    M    M  7.7 15 210   M    M   7 1      24 170
24  58  36  47   7  18   0 0.27    M    M 13.2 26 230   M    M  10 138    41 270
25  36  26  31  -9  34   0    T    M    M  9.0 18 270   M    M  10        32 280
26  34  25  30  -9  35   0 0.00    M    M  4.1 10  10   M    M   7        14 100
27  31  24  28 -11  37   0    T    M    M 10.9 21 300   M    M  10 18     25 300
28  34  19  27 -11  38   0 0.00    M    M  7.3 16 160   M    M   4        24 150
29  57  31  44   6  21   0 0.00    M    M 10.5 22 210   M    M   5        29 200
30  64  39  52  15  13   0 0.03    M    M 12.7 22 320   M    M  10 1      33 210
================================================================================
SM 1322  854       853   0  2.73    M    259.0          M      169
================================================================================
AV 44.1 28.5                               8.6 FASTST   M    M   6    MAX(MPH)
                                 MISC ---->  # 29 280               # 41  270
================================================================================
NOTES:
# LAST OF SEVERAL OCCURRENCES

COLUMN 17 PEAK WIND IN M.P.H.

PRELIMINARY LOCAL CLIMATOLOGICAL DATA (WS FORM: F-6) , PAGE 2

                                          STATION:  INDIANAPOLIS EAGLE CREEK IN
                                          MONTH:    NOVEMBER
                                          YEAR:     2014
                                          LATITUDE:   39 49 N
                                          LONGITUDE:  86 18 W

[TEMPERATURE DATA]      [PRECIPITATION DATA]       SYMBOLS USED IN COLUMN 16

AVERAGE MONTHLY: 36.3   TOTAL FOR MONTH:   2.73    1 = FOG OR MIST
DPTR FM NORMAL:  -7.7   DPTR FM NORMAL:   -0.97    2 = FOG REDUCING VISIBILITY
HIGHEST:    66 ON  3    GRTST 24HR  1.99 ON 23-24      TO 1/4 MILE OR LESS
LOWEST:     10 ON 18                               3 = THUNDER
                        SNOW, ICE PELLETS, HAIL    4 = ICE PELLETS
                        TOTAL MONTH:    M          5 = HAIL
                        GRTST 24HR    M  ON   M    6 = FREEZING RAIN OR DRIZZLE
                        GRTST DEPTH:  M  ON   M    7 = DUSTSTORM OR SANDSTORM:
                                                       VSBY 1/2 MILE OR LESS
                                                   8 = SMOKE OR HAZE
[NO. OF DAYS WITH]      [WEATHER - DAYS WITH]      9 = BLOWING SNOW
                                                   X = TORNADO
MAX 32 OR BELOW:   6    0.01 INCH OR MORE:   8
MAX 90 OR ABOVE:   0    0.10 INCH OR MORE:   5
MIN 32 OR BELOW:  19    0.50 INCH OR MORE:   1
MIN  0 OR BELOW:   0    1.00 INCH OR MORE:   1

[HDD (BASE 65) ]
TOTAL THIS MO.   853    CLEAR  (SCALE 0-3)   9
DPTR FM NORMAL   221    PTCLDY (SCALE 4-7)  13
TOTAL FM JUL 1  1239    CLOUDY (SCALE 8-10)  8
DPTR FM NORMAL   215

[CDD (BASE 65) ]
TOTAL THIS MO.     0
DPTR FM NORMAL     0    [PRESSURE DATA]
TOTAL FM JAN 1   893    HIGHEST SLP 30.53 ON 21
DPTR FM NORMAL  -165    LOWEST  SLP 29.15 ON 24

[REMARKS]
#FINAL-11-14#




U.S. Dept. of Commerce
NOAA National Weather Service
1325 East West Highway
Silver Spring, MD 20910
E-mail: w-nws.webmaster@noaa.gov
Page last modified: May 16, 2007
NATIONAL WEATHER SERVICE: for Safety, for Work, for Fun - FOR LIFE