733
CXUS51 KOKX 270701
CF6EWR
PRELIMINARY LOCAL CLIMATOLOGICAL DATA (WS FORM: F-6)

                                          STATION:   NEWARK NJ
                                          MONTH:     JANUARY
                                          YEAR:      2015
                                          LATITUDE:   40 42 N
                                          LONGITUDE:  74 10 W

  TEMPERATURE IN F:       :PCPN:    SNOW:  WIND      :SUNSHINE: SKY     :PK WND
================================================================================
1   2   3   4   5  6A  6B    7    8   9   10  11  12  13   14  15   16   17  18
                                     12Z  AVG MX 2MIN
DY MAX MIN AVG DEP HDD CDD  WTR  SNW DPTH SPD SPD DIR MIN PSBL S-S WX    SPD DR
================================================================================

 1  39  20  30  -2  35   0 0.00  0.0    0 12.5 25 240   M    M   2        31 240
 2  44  31  38   6  27   0 0.00  0.0    0 10.6 25 270   M    M   5        29 300
 3  39  26  33   1  32   0 0.79  0.6    0  7.0 13  20   M    M   9 14     20  90
 4  56  39  48  16  17   0 0.27  0.0    0 10.3 35 270   M    M  10 12     44 270
 5  48  20  34   2  31   0 0.00  0.0    0 19.2 37 270   M    M   4        47 260
 6  21  13  17 -15  48   0 0.05  1.0    0  6.5 16 300   M    M   8 1      23 290
 7  25   8  17 -15  48   0    T  0.1    1 16.9 32 280   M    M   5        45 310
 8  21   6  14 -18  51   0 0.00  0.0    1 13.2 25 300   M    M   4        38 310
 9  33  17  25  -7  40   0 0.04  0.7    T 14.3 32 260   M    M   7 1      39 270
10  23  14  19 -13  46   0 0.00  0.0    1 13.0 21 270   M    M   1        35 290
11  38  15  27  -4  38   0 0.00  0.0    T  7.3 20 200   M    M   8        23 230
12  40  33  37   6  28   0 0.33    T    0  5.8 14 350   M    M  10 14     20 360
13  37  14  26  -5  39   0 0.00  0.0    0 15.6 23  10   M    M   7        30 340
14  32  14  23  -8  42   0 0.00  0.0    0 11.7 16  10   M    M   8         M  M
15  36  25  31   0  34   0 0.00  0.0    0  8.9 17 280   M    M   6        22 260
16  44  19  32   1  33   0 0.00  0.0    0 15.8 32 330   M    M   3        43 320
17  30  15  23  -8  42   0 0.00  0.0    0  7.7 20 310   M    M   3        25 310
18  40  23  32   1  33   0 1.84  0.0    0  5.6 14 260   M    M   9 136    17 250
19  43  34  39   8  26   0    T    T    0 14.0 24 280   M    M   7        32 280
20  42  31  37   6  28   0 0.00  0.0    0  9.2 17 270   M    M   7        23 290
21  34  22  28  -3  37   0    T    T    0  5.5 15 360   M    M   7        16 360
22  40  30  35   4  30   0    T    T    0  7.6 16 320   M    M   7        23 280
23  40  25  33   1  32   0    T    T    0  7.2 16 230   M    M   5 1      21 270
24  38  32  35   3  30   0 0.63  5.1    5  9.1 20 300   M    M   9 1246   24 300
25  42  29  36   4  29   0 0.00  0.0    3 12.8 24 300   M    M   8        31 290
26  29  21  25  -7  40   0 0.17  3.0    2 16.2 25  10   M    M  10 12     32  30
================================================================================
SM  954  576       916   0  4.12    10.5 283.5          M      169
================================================================================
AV 36.7 22.2                              10.9 FASTST   M    M   7    MAX(MPH)
                                 MISC ---->  # 37 270               # 47  260
================================================================================
NOTES:
# LAST OF SEVERAL OCCURRENCES

COLUMN 17 PEAK WIND IN M.P.H.

PRELIMINARY LOCAL CLIMATOLOGICAL DATA (WS FORM: F-6) , PAGE 2

                                          STATION:  NEWARK NJ
                                          MONTH:    JANUARY
                                          YEAR:     2015
                                          LATITUDE:   40 42 N
                                          LONGITUDE:  74 10 W

[TEMPERATURE DATA]      [PRECIPITATION DATA]       SYMBOLS USED IN COLUMN 16

AVERAGE MONTHLY: 29.4   TOTAL FOR MONTH:   4.12    1 = FOG OR MIST
DPTR FM NORMAL:  -2.1   DPTR FM NORMAL:    1.12    2 = FOG REDUCING VISIBILITY
HIGHEST:    56 ON  4    GRTST 24HR  1.84 ON 18-18      TO 1/4 MILE OR LESS
LOWEST:      6 ON  8                               3 = THUNDER
                        SNOW, ICE PELLETS, HAIL    4 = ICE PELLETS
                        TOTAL MONTH:  10.5 INCHES  5 = HAIL
                        GRTST 24HR   5.1 ON   M    6 = FREEZING RAIN OR DRIZZLE
                        GRTST DEPTH:   5 ON 24     7 = DUSTSTORM OR SANDSTORM:
                                                       VSBY 1/2 MILE OR LESS
                                                   8 = SMOKE OR HAZE
[NO. OF DAYS WITH]      [WEATHER - DAYS WITH]      9 = BLOWING SNOW
                                                   X = TORNADO
MAX 32 OR BELOW:   7    0.01 INCH OR MORE:   8
MAX 90 OR ABOVE:   0    0.10 INCH OR MORE:   6
MIN 32 OR BELOW:  23    0.50 INCH OR MORE:   3
MIN  0 OR BELOW:   0    1.00 INCH OR MORE:   1

[HDD (BASE 65) ]
TOTAL THIS MO.   916    CLEAR  (SCALE 0-3)   3
DPTR FM NORMAL    45    PTCLDY (SCALE 4-7)  17
TOTAL FM JUL 1  2513    CLOUDY (SCALE 8-10)  6
DPTR FM NORMAL  -108

[CDD (BASE 65) ]
TOTAL THIS MO.     0
DPTR FM NORMAL     0    [PRESSURE DATA]
TOTAL FM JAN 1     0    HIGHEST SLP M ON M
DPTR FM NORMAL     0    LOWEST  SLP 29.28 ON 24

[REMARKS]




U.S. Dept. of Commerce
NOAA National Weather Service
1325 East West Highway
Silver Spring, MD 20910
E-mail: w-nws.webmaster@noaa.gov
Page last modified: May 16, 2007
NATIONAL WEATHER SERVICE: for Safety, for Work, for Fun - FOR LIFE