401
CXUS51 KOKX 270701
CF6EWR
PRELIMINARY LOCAL CLIMATOLOGICAL DATA (WS FORM: F-6)

                                          STATION:   NEWARK NJ
                                          MONTH:     NOVEMBER
                                          YEAR:      2014
                                          LATITUDE:   40 42 N
                                          LONGITUDE:  74 10 W

  TEMPERATURE IN F:       :PCPN:    SNOW:  WIND      :SUNSHINE: SKY     :PK WND
================================================================================
1   2   3   4   5  6A  6B    7    8   9   10  11  12  13   14  15   16   17  18
                                     12Z  AVG MX 2MIN
DY MAX MIN AVG DEP HDD CDD  WTR  SNW DPTH SPD SPD DIR MIN PSBL S-S WX    SPD DR
================================================================================

 1  48  42  45  -7  20   0 0.51  0.0    0 18.5 28 360   M    M   8 1      39 360
 2  50  40  45  -6  20   0 0.00  0.0    0 21.8 32 330   M    M   7        41 330
 3  62  37  50  -1  15   0 0.00  0.0    0 10.7 26 300   M    M   4 8      35 310
 4  71  49  60   9   5   0 0.00  0.0    0  8.4 17 230   M    M   8        22 250
 5  64  51  58   8   7   0 0.00  0.0    0  9.5 23 260   M    M  10        29 270
 6  53  48  51   1  14   0 0.43  0.0    0  4.7 12  30   M    M  10 1      17 300
 7  54  38  46  -4  19   0    T  0.0    0 13.4 26 300   M    M   6        35 320
 8  49  32  41  -8  24   0 0.00  0.0    0  9.4 17 210   M    M   6        28 290
 9  57  44  51   2  14   0 0.00  0.0    0  6.4 18 240   M    M   7        24 240
10  61  37  49   0  16   0 0.00  0.0    0  3.7 12 150   M    M   4        16 150
11  65  42  54   6  11   0 0.00  0.0    0  3.9 12 140   M    M   7 18     17 140
12  66  45  56   8   9   0    T  0.0    0  7.0 22 340   M    M   7 128    26 330
13  48  35  42  -6  23   0 0.19    T    0  7.9 15 350   M    M   6 1      21 320
14  44  34  39  -8  26   0 0.03    T    0 11.2 22 320   M    M   5        33 300
15  44  29  37 -10  28   0 0.00  0.0    0  7.3 17 310   M    M   3        22 340
16  44  29  37 -10  28   0 0.02  0.0    0  5.2 13 200   M    M   9        15 180
17  49  39  44  -2  21   0 1.48  0.0    0  5.8 20 290   M    M  10 1      23 290
18  44  23  34 -12  31   0 0.00  0.0    0 20.6 31 280   M    M   3        39 280
19  33  21  27 -19  38   0 0.00  0.0    0 12.7 24 260   M    M   3        32 260
20  47  30  39  -6  26   0 0.00  0.0    0 12.7 26 260   M    M   5        33 250
21  38  24  31 -14  34   0 0.00  0.0    0 10.8 24 300   M    M   1        31 280
22  45  23  34 -11  31   0 0.00  0.0    0 10.2 21 240   M    M   4        28 250
23  56  41  49   5  16   0 0.00  0.0    0  5.6 15 230   M    M   9        20 250
24  74  50  62  18   3   0 0.36  0.0    0 15.3 28 210   M    M   6 1      39 170
25  67  46  57  13   8   0 0.00  0.0    0 10.4 20 270   M    M   9        25 270
26  49  32  41  -2  24   0 1.10  1.4    0 12.9 25 340   M    M  10 14     33 340
================================================================================
SM 1382  961       511   0  4.12     1.4 266.0          M      167
================================================================================
AV 53.2 37.0                              10.2 FASTST   M    M   6    MAX(MPH)
                                 MISC ---->  # 32 330               # 41  330
================================================================================
NOTES:
# LAST OF SEVERAL OCCURRENCES

COLUMN 17 PEAK WIND IN M.P.H.

PRELIMINARY LOCAL CLIMATOLOGICAL DATA (WS FORM: F-6) , PAGE 2

                                          STATION:  NEWARK NJ
                                          MONTH:    NOVEMBER
                                          YEAR:     2014
                                          LATITUDE:   40 42 N
                                          LONGITUDE:  74 10 W

[TEMPERATURE DATA]      [PRECIPITATION DATA]       SYMBOLS USED IN COLUMN 16

AVERAGE MONTHLY: 45.1   TOTAL FOR MONTH:   4.12    1 = FOG OR MIST
DPTR FM NORMAL:  -2.4   DPTR FM NORMAL:    1.00    2 = FOG REDUCING VISIBILITY
HIGHEST:    74 ON 24    GRTST 24HR  1.50 ON 16-17      TO 1/4 MILE OR LESS
LOWEST:     21 ON 19                               3 = THUNDER
                        SNOW, ICE PELLETS, HAIL    4 = ICE PELLETS
                        TOTAL MONTH:   1.4 INCHES  5 = HAIL
                        GRTST 24HR   1.4 ON   M    6 = FREEZING RAIN OR DRIZZLE
                        GRTST DEPTH:   0           7 = DUSTSTORM OR SANDSTORM:
                                                       VSBY 1/2 MILE OR LESS
                                                   8 = SMOKE OR HAZE
[NO. OF DAYS WITH]      [WEATHER - DAYS WITH]      9 = BLOWING SNOW
                                                   X = TORNADO
MAX 32 OR BELOW:   0    0.01 INCH OR MORE:   8
MAX 90 OR ABOVE:   0    0.10 INCH OR MORE:   6
MIN 32 OR BELOW:   9    0.50 INCH OR MORE:   3
MIN  0 OR BELOW:   0    1.00 INCH OR MORE:   2

[HDD (BASE 65) ]
TOTAL THIS MO.   511    CLEAR  (SCALE 0-3)   3
DPTR FM NORMAL    55    PTCLDY (SCALE 4-7)  15
TOTAL FM JUL 1   719    CLOUDY (SCALE 8-10)  8
DPTR FM NORMAL   -58

[CDD (BASE 65) ]
TOTAL THIS MO.     0
DPTR FM NORMAL     0    [PRESSURE DATA]
TOTAL FM JAN 1  1175    HIGHEST SLP M ON M
DPTR FM NORMAL   -16    LOWEST  SLP 29.50 ON 17

[REMARKS]




U.S. Dept. of Commerce
NOAA National Weather Service
1325 East West Highway
Silver Spring, MD 20910
E-mail: w-nws.webmaster@noaa.gov
Page last modified: May 16, 2007
NATIONAL WEATHER SERVICE: for Safety, for Work, for Fun - FOR LIFE