662
CXUS52 KMHX 290806
CF6EWN
PRELIMINARY LOCAL CLIMATOLOGICAL DATA (WS FORM: F-6)

                                          STATION:   NEW BERN NC
                                          MONTH:     JANUARY
                                          YEAR:      2015
                                          LATITUDE:   35  4 N
                                          LONGITUDE:  77  3 W

  TEMPERATURE IN F:       :PCPN:    SNOW:  WIND      :SUNSHINE: SKY     :PK WND
================================================================================
1   2   3   4   5  6A  6B    7    8   9   10  11  12  13   14  15   16   17  18
                                     12Z  AVG MX 2MIN
DY MAX MIN AVG DEP HDD CDD  WTR  SNW DPTH SPD SPD DIR MIN PSBL S-S WX    SPD DR
================================================================================

 1  55  27  41  -3  24   0 0.00  0.0    0  4.0 12 260   M    M   0        17 250
 2  61  45  53   9  12   0 0.00  0.0    0  3.6  9 240   M    M   6        13 230
 3  69  49  59  15   6   0 0.07  0.0    0  3.8 12 200   M    M   7 18     17 200
 4  75  69  72  28   0   7 1.29  0.0    0 12.1 22 230   M    M   6 18     33 240
 5  69  34  52   8  13   0 0.00  0.0    0  7.6 20 310   M    M   1        27 310
 6  62  29  46   2  19   0 0.00  0.0    0  4.6 20 260   M    M   0 1      28 230
 7  45  26  36  -8  29   0 0.00  0.0    0  9.9 24 350   M    M   1        32 350
 8  30  17  24 -20  41   0 0.00  0.0    0  8.0 23 350   M    M   0        32 350
 9  56  19  38  -6  27   0    T    M    0  6.8 18 270   M    M   3        27 260
10  44  22  33 -11  32   0 0.00  0.0    0  6.2 16 360   M    M   0        22  20
11  56  17  37  -7  28   0 0.00  0.0    0  2.3  9  70   M    M   1 18     13  70
12  67  45  56  12   9   0 0.68    M    0  3.2 13 250   M    M  10 1      19 240
13  60  37  49   5  16   0 0.17    M    0 14.8 24  30   M    M  10 18     30  40
14  40  35  38  -6  27   0 0.11    M    0 10.2 17 360   M    M  10 18     23 360
15  47  36  42  -2  23   0    T    M    0  4.6 10 320   M    M  10 18     14 310
16  56  37  47   3  18   0 0.02    M    0  5.3 14 330   M    M   4 18     18 290
17  53  34  44   0  21   0 0.00  0.0    0  6.2 14  60   M    M   0        16 150
18  65  38  52   8  13   0 0.48    M    0  7.3 30 170   M    M   4 13     40 160
19  63  39  51   7  14   0 0.00  0.0    0  6.6 20 280   M    M   0        24 280
20  68  46  57  13   8   0 0.00  0.0    0  7.5 15 210   M    M   0        21 200
21  70  38  54  10  11   0 0.00  0.0    0  5.1 15 350   M    M   0        20 350
22  62  33  48   4  17   0 0.00  0.0    0  3.1 13  60   M    M   0 128    16  60
23  65  37  51   7  14   0 0.43    M    0  7.3 18 170   M    M   8 1      24 160
24  68  41  55  11  10   0 1.18    M    0 10.3 21 290   M    M   8 1      30 180
25  57  33  45   0  20   0 0.00  0.0    0  3.6 13 170   M    M   0        17 170
26  55  35  45   0  20   0 0.03  0.0    0  3.0 16 320   M    M   5 1      22 320
27  48  29  39  -6  26   0 0.00  0.0    0 10.2 20 350   M    M   9        25 340
28  46  26  36  -9  29   0 0.00  0.0    0  6.9 18  10   M    M   1 1      23  10
================================================================================
SM 1612  973       527   7  4.46     0.0 184.1          M      104
================================================================================
AV 57.6 34.8                               6.6 FASTST   M    M   4    MAX(MPH)
                                 MISC ---->  # 30 170               # 40  160
================================================================================
NOTES:
# LAST OF SEVERAL OCCURRENCES

COLUMN 17 PEAK WIND IN M.P.H.

PRELIMINARY LOCAL CLIMATOLOGICAL DATA (WS FORM: F-6) , PAGE 2

                                          STATION:  NEW BERN NC
                                          MONTH:    JANUARY
                                          YEAR:     2015
                                          LATITUDE:   35  4 N
                                          LONGITUDE:  77  3 W

[TEMPERATURE DATA]      [PRECIPITATION DATA]       SYMBOLS USED IN COLUMN 16

AVERAGE MONTHLY: 46.2   TOTAL FOR MONTH:   4.46    1 = FOG OR MIST
DPTR FM NORMAL:   2.0   DPTR FM NORMAL:    0.84    2 = FOG REDUCING VISIBILITY
HIGHEST:    75 ON  4    GRTST 24HR  1.61 ON 23-24      TO 1/4 MILE OR LESS
LOWEST:     17 ON 11, 8                            3 = THUNDER
                        SNOW, ICE PELLETS, HAIL    4 = ICE PELLETS
                        TOTAL MONTH:   0.0 INCH    5 = HAIL
                        GRTST 24HR     0.0         6 = FREEZING RAIN OR DRIZZLE
                        GRTST DEPTH:   0           7 = DUSTSTORM OR SANDSTORM:
                                                       VSBY 1/2 MILE OR LESS
                                                   8 = SMOKE OR HAZE
[NO. OF DAYS WITH]      [WEATHER - DAYS WITH]      9 = BLOWING SNOW
                                                   X = TORNADO
MAX 32 OR BELOW:   1    0.01 INCH OR MORE:  10
MAX 90 OR ABOVE:   0    0.10 INCH OR MORE:   7
MIN 32 OR BELOW:   9    0.50 INCH OR MORE:   3
MIN  0 OR BELOW:   0    1.00 INCH OR MORE:   2

[HDD (BASE 65) ]
TOTAL THIS MO.   527    CLEAR  (SCALE 0-3)  14
DPTR FM NORMAL   -57    PTCLDY (SCALE 4-7)   9
TOTAL FM JUL 1  1444    CLOUDY (SCALE 8-10)  5
DPTR FM NORMAL  -134

[CDD (BASE 65) ]
TOTAL THIS MO.     7
DPTR FM NORMAL     7    [PRESSURE DATA]
TOTAL FM JAN 1     7    HIGHEST SLP M ON M
DPTR FM NORMAL     7    LOWEST  SLP 29.40 ON 24

[REMARKS]




U.S. Dept. of Commerce
NOAA National Weather Service
1325 East West Highway
Silver Spring, MD 20910
E-mail: w-nws.webmaster@noaa.gov
Page last modified: May 16, 2007
NATIONAL WEATHER SERVICE: for Safety, for Work, for Fun - FOR LIFE