888
CXUS52 KMHX 031900
CF6EWN
PRELIMINARY LOCAL CLIMATOLOGICAL DATA (WS FORM: F-6)

                                          STATION:   NEW BERN NC
                                          MONTH:     NOVEMBER
                                          YEAR:      2014
                                          LATITUDE:   35  4 N
                                          LONGITUDE:  77  3 W

  TEMPERATURE IN F:       :PCPN:    SNOW:  WIND      :SUNSHINE: SKY     :PK WND
================================================================================
1   2   3   4   5  6A  6B    7    8   9   10  11  12  13   14  15   16   17  18
                                     12Z  AVG MX 2MIN
DY MAX MIN AVG DEP HDD CDD  WTR  SNW DPTH SPD SPD DIR MIN PSBL S-S WX    SPD DR
================================================================================

 1  59  43  51  -8  14   0 0.01  0.0    0 11.7 29 350   M    M   6 1      38 330
 2  54  39  47 -12  18   0 0.00  0.0    0 12.4 24 340   M    M   3        34 320
 3  66  34  50  -9  15   0 0.00  0.0    0  4.2 10 290   M    M   0        14 290
 4  71  40  56  -2   9   0 0.00  0.0    0  6.3 12 250   M    M   0        16 280
 5  75  51  63   5   2   0 0.00  0.0    0  4.1 14 250   M    M   0 1      19 280
 6  78  57  68  10   0   3    T  0.0    0  9.7 25 330   M    M   3        34 350
 7  66  44  55  -3  10   0 0.00  0.0    0  8.3 20 320   M    M   1        25 310
 8  64  39  52  -5  13   0 0.00  0.0    0  1.9  8  10   M    M   0        11 360
 9  65  41  53  -4  12   0 0.00  0.0    0  1.1  7  50   M    M   0 12     10  50
10  68  40  54  -3  11   0 0.00  0.0    0  4.7 12  50   M    M   1 128    15  40
11  73  56  65   9   0   0 0.07  0.0    0  6.3 12 360   M    M   8 1      16  30
12  79  57  68  12   0   3 0.00  0.0    0  5.0 12 310   M    M   5 1      16 310
13  68  47  58   2   7   0 0.16  0.0    0  7.0 16 350   M    M   9 1      20  10
14  47  34  41 -15  24   0 0.01  0.0    0 11.1 20  10   M    M   6        27  20
15  50  31  41 -14  24   0 0.00  0.0    0  6.3 13  30   M    M   0        19 360
16  54  34  44 -11  21   0 0.32  0.0    0  5.5 14  60   M    M   8 1      18  60
17  76  50  63   8   2   0 0.12  0.0    0  9.8 23 210   M    M   8 12     35 200
18  62  28  45  -9  20   0 0.00  0.0    0  9.5 20 320   M    M   1        27 330
19  47  22  35 -19  30   0 0.00  0.0    0  3.1  9 230   M    M   0        20  10
20  62  33  48  -6  17   0 0.00  0.0    0  7.7 16 250   M    M   0        24 230
21  53  33  43 -11  22   0 0.00  0.0    0  8.4 17  10   M    M   0        22 340
22  59  27  43 -10  22   0 0.00  0.0    0  1.2 10  70   M    M   0        13  60
23  71  39  55   2  10   0 0.36  0.0    0  5.2 22 150   M    M   5 13     35 140
24  74  69  72  19   0   7 0.79  0.0    0  8.7 23 160   M    M  10 13     33 160
25  70  61  66  14   0   1 0.38  0.0    0  4.0 13 240   M    M   9 1      22 250
26  67  44  56   4   9   0 1.57  0.0    0  9.9 23 320   M    M  10 1      31 330
27  57  37  47  -5  18   0    T  0.0    0  6.8 20 320   M    M   4        25 300
28  48  30  39 -13  26   0 0.00  0.0    0  5.6 17 360   M    M   0        22  10
29  57  29  43  -8  22   0 0.00  0.0    0  2.0 10 180   M    M   0        15 170
30  71  35  53   2  12   0 0.00  0.0    0  5.4 16 220   M    M   0 1      25 210
================================================================================
SM 1911 1224       390  14  3.79     0.0 192.9          M       97
================================================================================
AV 63.7 40.8                               6.4 FASTST   M    M   3    MAX(MPH)
                                 MISC ---->  # 29 350               # 38  330
================================================================================
NOTES:
# LAST OF SEVERAL OCCURRENCES

COLUMN 17 PEAK WIND IN M.P.H.

PRELIMINARY LOCAL CLIMATOLOGICAL DATA (WS FORM: F-6) , PAGE 2

                                          STATION:  NEW BERN NC
                                          MONTH:    NOVEMBER
                                          YEAR:     2014
                                          LATITUDE:   35  4 N
                                          LONGITUDE:  77  3 W

[TEMPERATURE DATA]      [PRECIPITATION DATA]       SYMBOLS USED IN COLUMN 16

AVERAGE MONTHLY: 52.2   TOTAL FOR MONTH:   3.79    1 = FOG OR MIST
DPTR FM NORMAL:  -3.0   DPTR FM NORMAL:    0.39    2 = FOG REDUCING VISIBILITY
HIGHEST:    79 ON 12    GRTST 24HR  1.81 ON 25-26      TO 1/4 MILE OR LESS
LOWEST:     22 ON 19                               3 = THUNDER
                        SNOW, ICE PELLETS, HAIL    4 = ICE PELLETS
                        TOTAL MONTH:   0.0 INCH    5 = HAIL
                        GRTST 24HR     0.0         6 = FREEZING RAIN OR DRIZZLE
                        GRTST DEPTH:   0           7 = DUSTSTORM OR SANDSTORM:
                                                       VSBY 1/2 MILE OR LESS
                                                   8 = SMOKE OR HAZE
[NO. OF DAYS WITH]      [WEATHER - DAYS WITH]      9 = BLOWING SNOW
                                                   X = TORNADO
MAX 32 OR BELOW:   0    0.01 INCH OR MORE:  10
MAX 90 OR ABOVE:   0    0.10 INCH OR MORE:   7
MIN 32 OR BELOW:   6    0.50 INCH OR MORE:   2
MIN  0 OR BELOW:   0    1.00 INCH OR MORE:   1

[HDD (BASE 65) ]
TOTAL THIS MO.   390    CLEAR  (SCALE 0-3)  17
DPTR FM NORMAL    80    PTCLDY (SCALE 4-7)   8
TOTAL FM JUL 1   445    CLOUDY (SCALE 8-10)  5
DPTR FM NORMAL    18

[CDD (BASE 65) ]
TOTAL THIS MO.    14
DPTR FM NORMAL    -1    [PRESSURE DATA]
TOTAL FM JAN 1  2193    HIGHEST SLP 30.60 ON 22
DPTR FM NORMAL   293    LOWEST  SLP 29.59 ON  1

[REMARKS]
REMOVING MISSING SNOWFALL.
#FINAL-11-14#




U.S. Dept. of Commerce
NOAA National Weather Service
1325 East West Highway
Silver Spring, MD 20910
E-mail: w-nws.webmaster@noaa.gov
Page last modified: May 16, 2007
NATIONAL WEATHER SERVICE: for Safety, for Work, for Fun - FOR LIFE