464
CXUS52 KMHX 310700
CF6EWN
PRELIMINARY LOCAL CLIMATOLOGICAL DATA (WS FORM: F-6)

                                          STATION:   NEW BERN NC
                                          MONTH:     JULY
                                          YEAR:      2014
                                          LATITUDE:   35  4 N
                                          LONGITUDE:  77  3 W

  TEMPERATURE IN F:       :PCPN:    SNOW:  WIND      :SUNSHINE: SKY     :PK WND
================================================================================
1   2   3   4   5  6A  6B    7    8   9   10  11  12  13   14  15   16   17  18
                                     12Z  AVG MX 2MIN
DY MAX MIN AVG DEP HDD CDD  WTR  SNW DPTH SPD SPD DIR MIN PSBL S-S WX    SPD DR
================================================================================

 1  92  68  80   0   0  15 0.00  0.0    0  4.0 12 160   M    M   1         M  M
 2  94  75  85   5   0  20 0.00  0.0    0  7.1 20 210   M    M   4        28 170
 3  90  76  83   3   0  18 0.78  0.0    0 13.2 29 320   M    M   4 138    46 330
 4  90  76  83   3   0  18 0.04  0.0    0  9.4 28 310   M    M   4 1      40 330
 5  85  66  76  -4   0  11 0.00  0.0    0  5.6 14  40   M    M   0        28  30
 6  85  61  73  -7   0   8 0.00  0.0    0  1.7 10 140   M    M   0        29 120
 7  92  69  81   1   0  16 0.00  0.0    0  6.7 17 180   M    M   1         M  M
 8  95  76  86   6   0  21 0.00  0.0    0 10.3 18 180   M    M   1        27 180
 9  95  78  87   6   0  22 0.01  0.0    0  8.9 18 170   M    M   1        24 170
10  92  73  83   2   0  18 0.90  0.0    0  6.3 18 350   M    M   3 138    25 210
11  86  73  80  -1   0  15    T  0.0    0  1.2  9  30   M    M   5 1      15 250
12  90  72  81   0   0  16 0.00  0.0    0  3.0 10 170   M    M   3 128    16 170
13  92  69  81   0   0  16 0.00  0.0    0  4.3 15 170   M    M   3 12     21 170
14  93  74  84   3   0  19 0.00  0.0    0  7.3 18 170   M    M   1        23 170
15  91  74  83   2   0  18 0.57  0.0    0  8.0 21 190   M    M   2 138    31 180
16  80  72  76  -5   0  11 0.13  0.0    0  3.9 12 220   M    M   7 1      14 220
17  87  69  78  -3   0  13 0.00  0.0    0  5.3 13  50   M    M   1        16 100
18  87  70  79  -2   0  14 0.00  0.0    0  8.7 17  40   M    M   2        28  30
19  83  71  77  -4   0  12    T  0.0    0  6.4 15  50   M    M   7 8      18  50
20  87  70  79  -2   0  14 0.55  0.0    0  2.0 13 210   M    M   4 138    23  60
21  84  73  79  -2   0  14 0.14  0.0    0  2.4  8 140   M    M   3 13     18 240
22  87  75  81   0   0  16 0.18  0.0    0  4.1 16 170   M    M   7 1      22 170
23  92  75  84   3   0  19 0.06  0.0    0  4.8 16 170   M    M   3 1      22 150
24  92  70  81   0   0  16 2.55  0.0    0  6.7 26 350   M    M   3 123    33 360
25  84  69  77  -4   0  12 0.01  0.0    0  4.3 10 350   M    M   8 1      17  10
26  90  72  81   0   0  16 0.00  0.0    0  3.0 12 150   M    M   3 1      26 100
27  91  76  84   3   0  19 0.00  0.0    0  6.0 17 320   M    M   1 18     23 310
28  92  71  82   2   0  17 0.60  0.0    0  5.5 25 330   M    M   0 1      31 320
29  86  69  78  -2   0  13 0.00  0.0    0  5.8 13  20   M    M   3 1      16  30
30  86  69  78  -2   0  13 0.09  0.0    0  4.9 12 140   M    M   0        18 130
================================================================================
SM 2670 2151         0 470  6.61     0.0 170.8          M       85
================================================================================
AV 89.0 71.7                               5.7 FASTST   M    M   3    MAX(MPH)
                                 MISC ---->  # 29 320               # 46  330
================================================================================
NOTES:
# LAST OF SEVERAL OCCURRENCES

COLUMN 17 PEAK WIND IN M.P.H.

PRELIMINARY LOCAL CLIMATOLOGICAL DATA (WS FORM: F-6) , PAGE 2

                                          STATION:  NEW BERN NC
                                          MONTH:    JULY
                                          YEAR:     2014
                                          LATITUDE:   35  4 N
                                          LONGITUDE:  77  3 W

[TEMPERATURE DATA]      [PRECIPITATION DATA]       SYMBOLS USED IN COLUMN 16

AVERAGE MONTHLY: 80.3   TOTAL FOR MONTH:   6.61    1 = FOG OR MIST
DPTR FM NORMAL:  -0.3   DPTR FM NORMAL:    0.66    2 = FOG REDUCING VISIBILITY
HIGHEST:    95 ON  9, 8 GRTST 24HR  2.56 ON 24-25      TO 1/4 MILE OR LESS
LOWEST:     61 ON  6                               3 = THUNDER
                        SNOW, ICE PELLETS, HAIL    4 = ICE PELLETS
                        TOTAL MONTH:   0.0 INCH    5 = HAIL
                        GRTST 24HR     0.0         6 = FREEZING RAIN OR DRIZZLE
                        GRTST DEPTH:   0           7 = DUSTSTORM OR SANDSTORM:
                                                       VSBY 1/2 MILE OR LESS
                                                   8 = SMOKE OR HAZE
[NO. OF DAYS WITH]      [WEATHER - DAYS WITH]      9 = BLOWING SNOW
                                                   X = TORNADO
MAX 32 OR BELOW:   0    0.01 INCH OR MORE:  14
MAX 90 OR ABOVE:  17    0.10 INCH OR MORE:   9
MIN 32 OR BELOW:   0    0.50 INCH OR MORE:   6
MIN  0 OR BELOW:   0    1.00 INCH OR MORE:   1

[HDD (BASE 65) ]
TOTAL THIS MO.     0    CLEAR  (SCALE 0-3)  17
DPTR FM NORMAL     0    PTCLDY (SCALE 4-7)  13
TOTAL FM JUL 1     0    CLOUDY (SCALE 8-10)  0
DPTR FM NORMAL     0

[CDD (BASE 65) ]
TOTAL THIS MO.   470
DPTR FM NORMAL    -1    [PRESSURE DATA]
TOTAL FM JAN 1  1252    HIGHEST SLP M ON M
DPTR FM NORMAL   173    LOWEST  SLP 29.25 ON  4

[REMARKS]




U.S. Dept. of Commerce
NOAA National Weather Service
1325 East West Highway
Silver Spring, MD 20910
E-mail: w-nws.webmaster@noaa.gov
Page last modified: May 16, 2007
NATIONAL WEATHER SERVICE: for Safety, for Work, for Fun - FOR LIFE