617
CXUS56 KSLC 301237
CF6EVW
PRELIMINARY LOCAL CLIMATOLOGICAL DATA (WS FORM: F-6)

                                          STATION:   EVANSTON WY
                                          MONTH:     SEPTEMBER
                                          YEAR:      2014
                                          LATITUDE:   41 16 N
                                          LONGITUDE: 111  2 W

  TEMPERATURE IN F:       :PCPN:    SNOW:  WIND      :SUNSHINE: SKY     :PK WND
================================================================================
1   2   3   4   5  6A  6B    7    8   9   10  11  12  13   14  15   16   17  18
                                     12Z  AVG MX 2MIN
DY MAX MIN AVG DEP HDD CDD  WTR  SNW DPTH SPD SPD DIR MIN PSBL S-S WX    SPD DR
================================================================================

 1  69  41  55  -5  10   0 0.00  0.0    0 11.2 26 250   M    M   0        34 260
 2  79  44  62   2   3   0 0.00  0.0    0 11.0 29 250   M    M   1        37 240
 3  79  53  66   6   0   1 0.00  0.0    0 15.2 30 260   M    M   1        42 250
 4  72  45  59   0   6   0 0.00  0.0    0  7.3 21  10   M    M   1        26  10
 5  76  44  60   1   5   0    T    M    0  9.6 21 270   M    M   4        29 270
 6  78  46  62   3   3   0 0.04    M    0  9.1 22 190   M    M   2 13     27 200
 7  78  52  65   7   0   0 0.10  0.0    0 11.2 24 250   M    M   3 3      31 250
 8  77  50  64   6   1   0 0.24  0.0    0  9.8 25 230   M    M   4 13     33 230
 9  66  45  56  -2   9   0 0.46    M    0  8.0 26  10   M    M   6 123    32  10
10  65  41  53  -4  12   0    T    M    0 14.7 32 260   M    M   1        39 250
11  65  32  49  -8  16   0 0.00  0.0    0 15.2 35 260   M    M   0        42 260
12  65  27  46 -11  19   0 0.00  0.0    0 10.6 22  80   M    M   0        28  70
13  75  42  59   3   6   0 0.00  0.0    0 10.5 25 240   M    M   0        31 240
14  78  49  64   8   1   0 0.00  0.0    0 10.4 22 240   M    M   1        28 230
15  79  49  64   8   1   0    T    M    0  9.9 23 270   M    M   3        29 260
16  82  51  67  12   0   2    T  0.0    0  8.9 23 230   M    M   2        28 220
17  80  55  68  13   0   3    T  0.0    0  8.0 25 220   M    M   1 3      33 230
18  82  52  67  13   0   2 0.03  0.0    0 12.7 28 350   M    M   2 3      36 360
19  76  51  64  10   1   0 0.01  0.0    0  6.3 15 250   M    M   3 3      22 340
20  78  46  62   8   3   0 0.00  0.0    0  5.4 14  10   M    M   0        18 360
21  58  47  53   0  12   0 0.27    M    0  8.5 16  60   M    M   5 1      20  60
22  67  45  56   3   9   0 0.02    M    0  8.3 25 270   M    M   6 12     31 240
23  73  51  62   9   3   0 0.00  0.0    0  8.8 18 280   M    M   3        25 270
24  80  48  64  12   1   0 0.00  0.0    0  6.5 18 230   M    M   0        23 250
25  82  51  67  15   0   2 0.00  0.0    0 10.7 26 230   M    M   0        35 220
26  79  56  68  16   0   3 0.00  0.0    0 10.4 25 200   M    M   2        33 190
27  62  45  54   3  11   0 1.55    M    0  8.5 26 200   M    M  10 13     35 190
28  54  43  49  -2  16   0 0.74    M    0  5.9 17 210   M    M   8 13     21 210
29  54  38  46  -4  19   0 0.03    M    0  8.8 21 260   M    M   7        26 270
================================================================================
SM 2108 1339       167  13  3.49     0.0 281.4          M       76
================================================================================
AV 72.7 46.2                               9.7 FASTST   M    M   3    MAX(MPH)
                                 MISC ---->  # 35 260               # 42  250
================================================================================
NOTES:
# LAST OF SEVERAL OCCURRENCES

COLUMN 17 PEAK WIND IN M.P.H.

PRELIMINARY LOCAL CLIMATOLOGICAL DATA (WS FORM: F-6) , PAGE 2

                                          STATION:  EVANSTON WY
                                          MONTH:    SEPTEMBER
                                          YEAR:     2014
                                          LATITUDE:   41 16 N
                                          LONGITUDE: 111  2 W

[TEMPERATURE DATA]      [PRECIPITATION DATA]       SYMBOLS USED IN COLUMN 16

AVERAGE MONTHLY: 59.4   TOTAL FOR MONTH:   3.49    1 = FOG OR MIST
DPTR FM NORMAL:   3.9   DPTR FM NORMAL:    2.22    2 = FOG REDUCING VISIBILITY
HIGHEST:    82 ON 25,18 GRTST 24HR  1.94 ON 27-28      TO 1/4 MILE OR LESS
LOWEST:     27 ON 12                               3 = THUNDER
                        SNOW, ICE PELLETS, HAIL    4 = ICE PELLETS
                        TOTAL MONTH:   0.0 INCH    5 = HAIL
                        GRTST 24HR     0.0         6 = FREEZING RAIN OR DRIZZLE
                        GRTST DEPTH:   0           7 = DUSTSTORM OR SANDSTORM:
                                                       VSBY 1/2 MILE OR LESS
                                                   8 = SMOKE OR HAZE
[NO. OF DAYS WITH]      [WEATHER - DAYS WITH]      9 = BLOWING SNOW
                                                   X = TORNADO
MAX 32 OR BELOW:   0    0.01 INCH OR MORE:  11
MAX 90 OR ABOVE:   0    0.10 INCH OR MORE:   6
MIN 32 OR BELOW:   2    0.50 INCH OR MORE:   2
MIN  0 OR BELOW:   0    1.00 INCH OR MORE:   1

[HDD (BASE 65) ]
TOTAL THIS MO.   167    CLEAR  (SCALE 0-3)  20
DPTR FM NORMAL  -113    PTCLDY (SCALE 4-7)   8
TOTAL FM JUL 1   287    CLOUDY (SCALE 8-10)  1
DPTR FM NORMAL   -96

[CDD (BASE 65) ]
TOTAL THIS MO.    13
DPTR FM NORMAL    13    [PRESSURE DATA]
TOTAL FM JAN 1   219    HIGHEST SLP M ON M
DPTR FM NORMAL    62    LOWEST  SLP 29.66 ON  3

[REMARKS]




U.S. Dept. of Commerce
NOAA National Weather Service
1325 East West Highway
Silver Spring, MD 20910
E-mail: w-nws.webmaster@noaa.gov
Page last modified: May 16, 2007
NATIONAL WEATHER SERVICE: for Safety, for Work, for Fun - FOR LIFE