759
CXUS56 KSLC 221235
CF6EVW
PRELIMINARY LOCAL CLIMATOLOGICAL DATA (WS FORM: F-6)

                                          STATION:   EVANSTON WY
                                          MONTH:     APRIL
                                          YEAR:      2014
                                          LATITUDE:   41 16 N
                                          LONGITUDE: 111  2 W

  TEMPERATURE IN F:       :PCPN:    SNOW:  WIND      :SUNSHINE: SKY     :PK WND
================================================================================
1   2   3   4   5  6A  6B    7    8   9   10  11  12  13   14  15   16   17  18
                                     12Z  AVG MX 2MIN
DY MAX MIN AVG DEP HDD CDD  WTR  SNW DPTH SPD SPD DIR MIN PSBL S-S WX    SPD DR
================================================================================

 1  37  21  29  -6  36   0 0.13    M    0 10.5 23 230   M    M   8 12     27 230
 2  35  21  28  -8  37   0    T    M    0  5.8 18 310   M    M   4 12     23 320
 3  40  20  30  -6  35   0 0.00    M    0  6.9 18 240   M    M   4        23 250
 4  45  23  34  -2  31   0    T999.9    0  8.4 23 250   M    M   4 8      30 230
 5  42  26  34  -2  31   0 0.04    M    0  5.1 18 280   M    M   7 12     21 280
 6  43  24  34  -3  31   0    T    M    0 14.7 30 270   M    M   4        37 250
 7  52  27  40   3  25   0 0.00  0.0    0 10.4 21 280   M    M   0        25 280
 8  60  32  46   9  19   0 0.00  0.0    0 10.1 17 260   M    M   0        25 280
 9  63  38  51  14  14   0 0.00  0.0    0 13.3 29 260   M    M   0        36 260
10  58  34  46   8  19   0 0.00  0.0    0 13.9 33 250   M    M   0        40 250
11  65  35  50  12  15   0 0.00  0.0    0 13.8 28 260   M    M   0        38 280
12  62  37  50  12  15   0 0.00  0.0    0 12.6 28 240   M    M   2 1      36 250
13  37  22  30  -8  35   0 0.01    M    0 13.3 28 330   M    M   9 12     33 340
14  48  14  31  -8  34   0    T    M    0  9.5 20 260   M    M   1        25 250
15  57  29  43   4  22   0 0.00  0.0    0 17.7 44 260   M    M   2        53 250
16  50  28  39   0  26   0 0.00  0.0    0  9.9 20 260   M    M   1        26 250
17  60  28  44   4  21   0 0.00  0.0    0  9.9 23 250   M    M   0        35 230
18  63  42  53  13  12   0 0.00  0.0    0 16.3 35 240   M    M   3        43 240
19  63  35  49   9  16   0 0.00  0.0    0  9.2 23 250   M    M   3        29 260
20  63  40  52  12  13   0 0.00  0.0    0  9.9 22 250   M    M   1        37 240
21  66  33  50   9  15   0 0.00  0.0    0  8.4 17 240   M    M   0        30 230
================================================================================
SM 1109  609       502   0  0.18   999.9 229.6          M       53
================================================================================
AV 52.8 29.0                              10.9 FASTST   M    M   3    MAX(MPH)
                                 MISC ---->  # 44 260               # 53  250
================================================================================
NOTES:
# LAST OF SEVERAL OCCURRENCES

COLUMN 17 PEAK WIND IN M.P.H.

PRELIMINARY LOCAL CLIMATOLOGICAL DATA (WS FORM: F-6) , PAGE 2

                                          STATION:  EVANSTON WY
                                          MONTH:    APRIL
                                          YEAR:     2014
                                          LATITUDE:   41 16 N
                                          LONGITUDE: 111  2 W

[TEMPERATURE DATA]      [PRECIPITATION DATA]       SYMBOLS USED IN COLUMN 16

AVERAGE MONTHLY: 40.9   TOTAL FOR MONTH:   0.18    1 = FOG OR MIST
DPTR FM NORMAL:   3.0   DPTR FM NORMAL:   -0.56    2 = FOG REDUCING VISIBILITY
HIGHEST:    66 ON 21    GRTST 24HR  0.13 ON  1- 1      TO 1/4 MILE OR LESS
LOWEST:     14 ON 14                               3 = THUNDER
                        SNOW, ICE PELLETS, HAIL    4 = ICE PELLETS
                        TOTAL MONTH: 999.9 INCHES  5 = HAIL
                        GRTST 24HR 999.9 ON   M    6 = FREEZING RAIN OR DRIZZLE
                        GRTST DEPTH:   0           7 = DUSTSTORM OR SANDSTORM:
                                                       VSBY 1/2 MILE OR LESS
                                                   8 = SMOKE OR HAZE
[NO. OF DAYS WITH]      [WEATHER - DAYS WITH]      9 = BLOWING SNOW
                                                   X = TORNADO
MAX 32 OR BELOW:   0    0.01 INCH OR MORE:   3
MAX 90 OR ABOVE:   0    0.10 INCH OR MORE:   1
MIN 32 OR BELOW:  13    0.50 INCH OR MORE:   0
MIN  0 OR BELOW:   0    1.00 INCH OR MORE:   0

[HDD (BASE 65) ]
TOTAL THIS MO.   502    CLEAR  (SCALE 0-3)  13
DPTR FM NORMAL   -64    PTCLDY (SCALE 4-7)   7
TOTAL FM JUL 1  7104    CLOUDY (SCALE 8-10)  1
DPTR FM NORMAL  -530

[CDD (BASE 65) ]
TOTAL THIS MO.     0
DPTR FM NORMAL     0    [PRESSURE DATA]
TOTAL FM JAN 1     0    HIGHEST SLP M ON M
DPTR FM NORMAL     0    LOWEST  SLP 29.58 ON 12

[REMARKS]




U.S. Dept. of Commerce
NOAA National Weather Service
1325 East West Highway
Silver Spring, MD 20910
E-mail: w-nws.webmaster@noaa.gov
Page last modified: May 16, 2007
NATIONAL WEATHER SERVICE: for Safety, for Work, for Fun - FOR LIFE