887
CXUS56 KSLC 011230
CF6EVW
PRELIMINARY LOCAL CLIMATOLOGICAL DATA (WS FORM: F-6)

                                          STATION:   EVANSTON WY
                                          MONTH:     NOVEMBER
                                          YEAR:      2014
                                          LATITUDE:   41 16 N
                                          LONGITUDE: 111  2 W

  TEMPERATURE IN F:       :PCPN:    SNOW:  WIND      :SUNSHINE: SKY     :PK WND
================================================================================
1   2   3   4   5  6A  6B    7    8   9   10  11  12  13   14  15   16   17  18
                                     12Z  AVG MX 2MIN
DY MAX MIN AVG DEP HDD CDD  WTR  SNW DPTH SPD SPD DIR MIN PSBL S-S WX    SPD DR
================================================================================

 1  63  35  49  12  16   0 0.01    M    0 15.5 39 200   M    M   5        52 200
 2  41  31  36   0  29   0 0.01    M    0  9.2 16 240   M    M  10 1      20 240
 3  40  23  32  -4  33   0    T    M    0  7.8 18 270   M    M   5 1      28 280
 4  48  19  34  -2  31   0 0.00  0.0    0 10.1 22 250   M    M   3        30 240
 5  52  31  42   7  23   0 0.00  0.0    0  6.9 15 230   M    M   4        19 240
 6  63  29  46  12  19   0 0.00  0.0    0  9.7 24 230   M    M   0        31 230
 7  59  35  47  13  18   0 0.00  0.0    0 11.3 24 270   M    M   0        33 270
 8  57  26  42   8  23   0 0.00  0.0    0  9.0 21 250   M    M   0        25 260
 9  60  32  46  13  19   0 0.00  0.0    0 18.6 35 260   M    M   0        42 260
10  47  19  33   1  32   0 0.01    M    0 14.1 36 280   M    M   7        46 280
11  36   5  21 -11  44   0    T    M    0 14.6 25 250   M    M   6        34 250
12  10  -1   5 -26  60   0    T    M    0 15.8 24  70   M    M   6        30  70
13  29  -3  13 -18  52   0 0.07    M    M  9.6 20 220   M    M   8 1      24 220
14  39  27  33   3  32   0 0.02    M    0 17.2 29 240   M    M   7 12     35 220
15  32  12  22  -8  43   0 0.13    M    0  9.2 28 290   M    M   6 12     36 290
16  19  -2   9 -20  56   0    T    M    0  8.1 15 240   M    M   2 18     17 240
17  26   4  15 -14  50   0 0.00  0.0    0  9.1 18 260   M    M   0        20 250
18  34  10  22  -6  43   0 0.00  0.0    0 13.5 21 230   M    M   0        25 230
19  41  19  30   2  35   0 0.00  0.0    0  8.8 16 230   M    M   1        20 240
20  42  27  35   8  30   0 0.00  0.0    0  7.2 13 240   M    M   6        15 240
21  45  22  34   7  31   0 0.00  0.0    0  7.1 16 260   M    M   0        19 260
22  39  26  33   7  32   0 0.09    M    0 16.3 32 240   M    M   6 12     40 230
23  29  20  25  -1  40   0    T    M    0 12.5 25 230   M    M   8 1      29 230
24  30  14  22  -4  43   0    T    M    0 14.5 26 240   M    M   5 1      32 240
25  38  16  27   2  38   0    T 10.0    0 24.1 37 240   M    M   6 1      44 240
26  45  32  39  14  26   0 0.00  0.0    0 18.4 39 260   M    M   1        46 250
27  52  31  42  18  23   0 0.00  0.0    0 14.1 23 230   M    M   0        26 230
28  53  36  45  21  20   0 0.00  0.0    0 14.8 23 230   M    M   0        30 220
29  46  36  41  17  24   0    T    M    0 19.8 40 260   M    M   8 1      52 230
30  36  25  31   8  34   0 0.25    M    0  8.7 28 240   M    M  10 12     35 250
================================================================================
SM 1251  636       999   0  0.59    10.0 375.6          M      120
================================================================================
AV 41.7 21.2                              12.5 FASTST   M    M   4    MAX(MPH)
                                 MISC ---->  # 40 260               # 52  200
================================================================================
NOTES:
# LAST OF SEVERAL OCCURRENCES

COLUMN 17 PEAK WIND IN M.P.H.

PRELIMINARY LOCAL CLIMATOLOGICAL DATA (WS FORM: F-6) , PAGE 2

                                          STATION:  EVANSTON WY
                                          MONTH:    NOVEMBER
                                          YEAR:     2014
                                          LATITUDE:   41 16 N
                                          LONGITUDE: 111  2 W

[TEMPERATURE DATA]      [PRECIPITATION DATA]       SYMBOLS USED IN COLUMN 16

AVERAGE MONTHLY: 31.5   TOTAL FOR MONTH:   0.59    1 = FOG OR MIST
DPTR FM NORMAL:   1.7   DPTR FM NORMAL:   -0.45    2 = FOG REDUCING VISIBILITY
HIGHEST:    63 ON  6, 1 GRTST 24HR  0.25 ON 30-30      TO 1/4 MILE OR LESS
LOWEST:     -3 ON 13                               3 = THUNDER
                        SNOW, ICE PELLETS, HAIL    4 = ICE PELLETS
                        TOTAL MONTH:  10.0 INCHES  5 = HAIL
                        GRTST 24HR  10.0 ON   M    6 = FREEZING RAIN OR DRIZZLE
                        GRTST DEPTH:   0           7 = DUSTSTORM OR SANDSTORM:
                                                       VSBY 1/2 MILE OR LESS
                                                   8 = SMOKE OR HAZE
[NO. OF DAYS WITH]      [WEATHER - DAYS WITH]      9 = BLOWING SNOW
                                                   X = TORNADO
MAX 32 OR BELOW:   7    0.01 INCH OR MORE:   8
MAX 90 OR ABOVE:   0    0.10 INCH OR MORE:   2
MIN 32 OR BELOW:  26    0.50 INCH OR MORE:   0
MIN  0 OR BELOW:   3    1.00 INCH OR MORE:   0

[HDD (BASE 65) ]
TOTAL THIS MO.   999    CLEAR  (SCALE 0-3)  13
DPTR FM NORMAL   -57    PTCLDY (SCALE 4-7)  14
TOTAL FM JUL 1  1796    CLOUDY (SCALE 8-10)  3
DPTR FM NORMAL  -313

[CDD (BASE 65) ]
TOTAL THIS MO.     0
DPTR FM NORMAL     0    [PRESSURE DATA]
TOTAL FM JAN 1   219    HIGHEST SLP 30.64 ON 16
DPTR FM NORMAL    57    LOWEST  SLP 29.41 ON 10

[REMARKS]
#FINAL-11-14#




U.S. Dept. of Commerce
NOAA National Weather Service
1325 East West Highway
Silver Spring, MD 20910
E-mail: w-nws.webmaster@noaa.gov
Page last modified: May 16, 2007
NATIONAL WEATHER SERVICE: for Safety, for Work, for Fun - FOR LIFE