308
CXUS56 KSLC 281247
CF6EVW
PRELIMINARY LOCAL CLIMATOLOGICAL DATA (WS FORM: F-6)

                                          STATION:   EVANSTON WY
                                          MONTH:     JANUARY
                                          YEAR:      2015
                                          LATITUDE:   41 16 N
                                          LONGITUDE: 111  2 W

  TEMPERATURE IN F:       :PCPN:    SNOW:  WIND      :SUNSHINE: SKY     :PK WND
================================================================================
1   2   3   4   5  6A  6B    7    8   9   10  11  12  13   14  15   16   17  18
                                     12Z  AVG MX 2MIN
DY MAX MIN AVG DEP HDD CDD  WTR  SNW DPTH SPD SPD DIR MIN PSBL S-S WX    SPD DR
================================================================================

 1  22  -4   9 -12  56   0 0.00  0.0    0  7.8 13 360   M    M   2        15  40
 2  28   7  18  -3  47   0 0.00  0.0    0  7.6 16 240   M    M   2        20 240
 3  26  14  20  -1  45   0    T    M    0 13.4 25 240   M    M   9        31 240
 4  34  16  25   4  40   0 0.00  0.0    0 15.5 25 240   M    M   7        31 240
 5  39  28  34  13  31   0 0.00  0.0    0 18.9 33 240   M    M   8        40 240
 6  47  29  38  17  27   0 0.00  0.0    0  9.2 16 240   M    M   2        19 240
 7  48  29  39  18  26   0 0.00  0.0    0  3.8 12 210   M    M   0        12 200
 8  49  28  39  18  26   0 0.00  0.0    0  8.1 14 270   M    M   0        16 230
 9  33  23  28   7  37   0 0.00  0.0    0  6.4 17  90   M    M   9 12     21  80
10  40  21  31   9  34   0 0.01    M    0  5.0 14 240   M    M   7 12     16 240
11  38  31  35  13  30   0 0.06    M    0  8.4 16 260   M    M  10 12     20 280
12  33  29  31   9  34   0 0.37    M    0  6.1 15  80   M    M  10 12     18  80
13  29  13  21  -1  44   0 0.15    M    0  6.0 17 350   M    M  10 128    20 350
14  23  14  19  -3  46   0 0.00  0.0    0  5.9 13 210   M    M  10 12     16 210
15  28   5  17  -5  48   0    T    M    0  5.4 13 220   M    M   4 128    14 220
16  36  22  29   7  36   0    T    M    0 12.3 22 240   M    M   7 1      28 240
17  33  17  25   3  40   0 0.00  0.0    0 11.1 25 260   M    M   1        29 260
18  45  27  36  14  29   0    T    M    0 13.6 25 250   M    M   2        31 250
19  40  25  33  11  32   0 0.01    M    0  9.5 18 270   M    M   7 1      23 200
20  32  16  24   2  41   0 0.00  0.0    0  6.1 16 260   M    M   0        19 260
21  25   7  16  -6  49   0 0.00  0.0    0  4.0 10 350   M    M   1 18     13 350
22  33   7  20  -2  45   0 0.00  0.0    0 10.0 18 240   M    M   0        22 240
23  30  16  23   1  42   0    T    M    0  7.6 15 240   M    M   5 1      18 240
24  37  15  26   4  39   0 0.00  0.0    0 11.0 24 250   M    M   3 1      29 240
25  46  26  36  14  29   0 0.00  0.0    0  8.1 14 220   M    M   1        17 220
26  50  24  37  15  28   0 0.00  0.0    0  3.2 12  80   M    M   0 1      12  80
27  48  31  40  18  25   0    T    M    0 10.1 22 240   M    M   3        28 230
================================================================================
SM  972  516      1006   0  0.60     0.0 234.1          M      120
================================================================================
AV 36.0 19.1                               8.7 FASTST   M    M   4    MAX(MPH)
                                 MISC ---->  # 33 240               # 40  240
================================================================================
NOTES:
# LAST OF SEVERAL OCCURRENCES

COLUMN 17 PEAK WIND IN M.P.H.

PRELIMINARY LOCAL CLIMATOLOGICAL DATA (WS FORM: F-6) , PAGE 2

                                          STATION:  EVANSTON WY
                                          MONTH:    JANUARY
                                          YEAR:     2015
                                          LATITUDE:   41 16 N
                                          LONGITUDE: 111  2 W

[TEMPERATURE DATA]      [PRECIPITATION DATA]       SYMBOLS USED IN COLUMN 16

AVERAGE MONTHLY: 27.6   TOTAL FOR MONTH:   0.60    1 = FOG OR MIST
DPTR FM NORMAL:   5.9   DPTR FM NORMAL:    0.13    2 = FOG REDUCING VISIBILITY
HIGHEST:    50 ON 26    GRTST 24HR  0.51 ON 12-13      TO 1/4 MILE OR LESS
LOWEST:     -4 ON  1                               3 = THUNDER
                        SNOW, ICE PELLETS, HAIL    4 = ICE PELLETS
                        TOTAL MONTH:   0.0 INCH    5 = HAIL
                        GRTST 24HR     0.0         6 = FREEZING RAIN OR DRIZZLE
                        GRTST DEPTH:   0           7 = DUSTSTORM OR SANDSTORM:
                                                       VSBY 1/2 MILE OR LESS
                                                   8 = SMOKE OR HAZE
[NO. OF DAYS WITH]      [WEATHER - DAYS WITH]      9 = BLOWING SNOW
                                                   X = TORNADO
MAX 32 OR BELOW:   9    0.01 INCH OR MORE:   5
MAX 90 OR ABOVE:   0    0.10 INCH OR MORE:   2
MIN 32 OR BELOW:  27    0.50 INCH OR MORE:   0
MIN  0 OR BELOW:   1    1.00 INCH OR MORE:   0

[HDD (BASE 65) ]
TOTAL THIS MO.  1006    CLEAR  (SCALE 0-3)  13
DPTR FM NORMAL  -165    PTCLDY (SCALE 4-7)   7
TOTAL FM JUL 1  3957    CLOUDY (SCALE 8-10)  7
DPTR FM NORMAL  -693

[CDD (BASE 65) ]
TOTAL THIS MO.     0
DPTR FM NORMAL     0    [PRESSURE DATA]
TOTAL FM JAN 1     0    HIGHEST SLP M ON M
DPTR FM NORMAL     0    LOWEST  SLP 29.96 ON 11

[REMARKS]




U.S. Dept. of Commerce
NOAA National Weather Service
1325 East West Highway
Silver Spring, MD 20910
E-mail: w-nws.webmaster@noaa.gov
Page last modified: May 16, 2007
NATIONAL WEATHER SERVICE: for Safety, for Work, for Fun - FOR LIFE