438
CXUS53 KPAH 292302
CF6EVV
PRELIMINARY LOCAL CLIMATOLOGICAL DATA (WS FORM: F-6)

                                          STATION:   EVANSVILLE IN
                                          MONTH:     JANUARY
                                          YEAR:      2015
                                          LATITUDE:   38  2 N
                                          LONGITUDE:  87 32 W

  TEMPERATURE IN F:       :PCPN:    SNOW:  WIND      :SUNSHINE: SKY     :PK WND
================================================================================
1   2   3   4   5  6A  6B    7    8   9   10  11  12  13   14  15   16   17  18
                                     12Z  AVG MX 2MIN
DY MAX MIN AVG DEP HDD CDD  WTR  SNW DPTH SPD SPD DIR MIN PSBL S-S WX    SPD DR
================================================================================

 1  42  22  32  -1  33   0 0.00  0.0    0  9.2 18 250   M    M   3        23 220
 2  39  35  37   4  28   0 0.11  0.0    0  4.3 12 220   M    M  10 18     14 220
 3  62  39  51  18  14   0 1.97  0.0    0  6.7 21 190   M    M  10 13     30 180
 4  52  21  37   4  28   0 0.07    T    0 11.8 21 270   M    M   9 18     31 290
 5  27  17  22 -10  43   0 0.00  0.0    0  5.9 13 290   M    M   1 8      20 290
 6  36  24  30  -2  35   0 0.00  0.0    0  8.4 15 330   M    M   6        21 350
 7  25   5  15 -17  50   0    T  0.1    0 11.6 26 350   M    M   6 8      35 360
 8  26   3  15 -17  50   0    T    T    0 11.2 25 240   M    M   4        31 230
 9  28  13  21 -11  44   0 0.00  0.0    0 10.7 21 320   M    M   2        32 320
10  29   7  18 -14  47   0 0.00  0.0    0  3.9 13 180   M    M   0        17 210
11  40  26  33   1  32   0 0.21  0.0    0  4.7 18 200   M    M  10 18     22 210
12  37  27  32   0  33   0 0.16  0.0    0  9.3 20 360   M    M  10 1      25 360
13  29  23  26  -6  39   0 0.00  0.0    0  8.8 16  30   M    M  10        22  30
14  31  21  26  -6  39   0 0.00  0.0    0  2.9  8 230   M    M  10        11 250
15  39  28  34   2  31   0 0.00  0.0    0  6.8 14 200   M    M   5 1      16 190
16  47  25  36   4  29   0 0.00  0.0    0  3.1  9 230   M    M   0 18     11 220
17  55  29  42  10  23   0 0.04  0.0    0  9.3 26 250   M    M   2 18     34 250
18  52  29  41   9  24   0 0.00  0.0    0  8.5 21 260   M    M   0 1      27 260
19  57  27  42  10  23   0 0.00  0.0    0  1.8  7 120   M    M   0         9 130
20  56  28  42  10  23   0 0.00  0.0    0  3.9 14 290   M    M   3 18     18 270
21  54  28  41   9  24   0 0.00  0.0    0  7.9 21 260   M    M   1 1      27 270
22  42  26  34   2  31   0 0.00  0.0    0  3.7 10  40   M    M   5 8      14  30
23  39  29  34   2  31   0 0.00  0.0    0  6.6 12  60   M    M   5        15 340
24  49  24  37   5  28   0 0.00  0.0    0  7.2 16 250   M    M   1 18     19 260
25  44  33  39   6  26   0 0.38    T    0  8.2 22 350   M    M   7 1      30 360
26  33  30  32  -1  33   0 0.01  0.1    0  6.7 20 350   M    M  10 1      28 350
27  36  32  34   1  31   0    T  0.0    0  4.3 10  20   M    M  10 18     19  80
28  44  28  36   3  29   0 0.00  0.0    0  7.5 14 140   M    M   2        20 160
================================================================================
SM 1150  679       901   0  2.95     0.2 194.9          M      142
================================================================================
AV 41.1 24.2                               7.0 FASTST   M    M   5    MAX(MPH)
                                 MISC ---->  # 26 350               # 35  360
================================================================================
NOTES:
# LAST OF SEVERAL OCCURRENCES

COLUMN 17 PEAK WIND IN M.P.H.

PRELIMINARY LOCAL CLIMATOLOGICAL DATA (WS FORM: F-6) , PAGE 2

                                          STATION:  EVANSVILLE IN
                                          MONTH:    JANUARY
                                          YEAR:     2015
                                          LATITUDE:   38  2 N
                                          LONGITUDE:  87 32 W

[TEMPERATURE DATA]      [PRECIPITATION DATA]       SYMBOLS USED IN COLUMN 16

AVERAGE MONTHLY: 32.7   TOTAL FOR MONTH:   2.95    1 = FOG OR MIST
DPTR FM NORMAL:   0.4   DPTR FM NORMAL:    0.18    2 = FOG REDUCING VISIBILITY
HIGHEST:    62 ON  3    GRTST 24HR  2.00 ON  2- 3      TO 1/4 MILE OR LESS
LOWEST:      3 ON  8                               3 = THUNDER
                        SNOW, ICE PELLETS, HAIL    4 = ICE PELLETS
                        TOTAL MONTH:   0.2 INCH    5 = HAIL
                        GRTST 24HR   0.1 ON   M    6 = FREEZING RAIN OR DRIZZLE
                        GRTST DEPTH:   0           7 = DUSTSTORM OR SANDSTORM:
                                                       VSBY 1/2 MILE OR LESS
                                                   8 = SMOKE OR HAZE
[NO. OF DAYS WITH]      [WEATHER - DAYS WITH]      9 = BLOWING SNOW
                                                   X = TORNADO
MAX 32 OR BELOW:   7    0.01 INCH OR MORE:   8
MAX 90 OR ABOVE:   0    0.10 INCH OR MORE:   5
MIN 32 OR BELOW:  25    0.50 INCH OR MORE:   1
MIN  0 OR BELOW:   0    1.00 INCH OR MORE:   1

[HDD (BASE 65) ]
TOTAL THIS MO.   901    CLEAR  (SCALE 0-3)  12
DPTR FM NORMAL   -13    PTCLDY (SCALE 4-7)   7
TOTAL FM JUL 1  2685    CLOUDY (SCALE 8-10)  9
DPTR FM NORMAL    -1

[CDD (BASE 65) ]
TOTAL THIS MO.     0
DPTR FM NORMAL     0    [PRESSURE DATA]
TOTAL FM JAN 1     0    HIGHEST SLP M ON M
DPTR FM NORMAL     0    LOWEST  SLP 29.60 ON 25

[REMARKS]




U.S. Dept. of Commerce
NOAA National Weather Service
1325 East West Highway
Silver Spring, MD 20910
E-mail: w-nws.webmaster@noaa.gov
Page last modified: May 16, 2007
NATIONAL WEATHER SERVICE: for Safety, for Work, for Fun - FOR LIFE