371
CXUS56 KPQR 261330
CF6EUG
PRELIMINARY LOCAL CLIMATOLOGICAL DATA (WS FORM: F-6)

                                          STATION:   EUGENE OR
                                          MONTH:     JANUARY
                                          YEAR:      2015
                                          LATITUDE:   44  7 N
                                          LONGITUDE: 123 13 W

  TEMPERATURE IN F:       :PCPN:    SNOW:  WIND      :SUNSHINE: SKY     :PK WND
================================================================================
1   2   3   4   5  6A  6B    7    8   9   10  11  12  13   14  15   16   17  18
                                     12Z  AVG MX 2MIN
DY MAX MIN AVG DEP HDD CDD  WTR  SNW DPTH SPD SPD DIR MIN PSBL S-S WX    SPD DR
================================================================================

 1  38  21  30  -9  35   0 0.00  0.0    0  4.3 13  10   M    M   1        15  20
 2  46  22  34  -6  31   0 0.00  0.0    0  3.3 12 340   M    M   3        12 340
 3  49  29  39  -1  26   0 0.00  0.0    0  4.4 10 220   M    M   7        11 140
 4  51  37  44   4  21   0 0.03    M    0  9.1 15 190   M    M  10 1      19 190
 5  55  40  48   8  17   0 0.00  0.0    0  7.0 15 140   M    M  10 1      19 180
 6  53  34  44   4  21   0 0.00    M    0  2.1  7  20   M    M   7 12      8  10
 7  42  38  40   0  25   0 0.00  0.0    0  0.9  6  30   M    M  10 12      8  30
 8  41  37  39  -1  26   0 0.00  0.0    0  1.7  7  10   M    M  10 12      9  20
 9  45  34  40   0  25   0 0.00  0.0    0  1.8  7 220   M    M   9 128     8 220
10  47  35  41   1  24   0 0.01    M    0  1.0  7 240   M    M  10 128     8 240
11  50  44  47   7  18   0 0.07    M    0  2.0  7 140   M    M  10 1       8 130
12  55  47  51  11  14   0 0.21  0.0    0  6.1 13 150   M    M   9 1      16 140
13  47  33  40   0  25   0 0.00  0.0    0  5.4 14  30   M    M   9 12     16  30
14  44  29  37  -4  28   0 0.00  0.0    0  2.3  7  40   M    M   8 128     9  20
15  50  32  41   0  24   0 0.51  0.0    0  3.8 13 180   M    M  10 12     18 190
16  57  42  50   9  15   0 0.07    M    0  4.9 12 160   M    M   8 1      14 170
17  59  43  51  10  14   0 1.33    M    0 10.9 22 190   M    M   9 1      30 190
18  58  42  50   9  15   0 0.13    M    0 10.8 26 260   M    M   6 1      38 250
19  56  37  47   6  18   0 0.00  0.0    0  5.4 12 360   M    M   6 1      12 340
20  44  35  40  -1  25   0 0.00  0.0    0  5.9 12  10   M    M  10 12      M  M
21  40  36  38  -3  27   0 0.00  0.0    0  2.8  8  10   M    M   9 1      10 320
22  55  38  47   6  18   0 0.01    M    0  2.3  9 290   M    M   8 18     11 290
23  55  43  49   8  16   0 0.01    M    0  4.2 12 130   M    M   9        22 170
24  68  39  54  13  11   0 0.00  0.0    0  4.5 10 220   M    M   5 12     11 240
25  48  40  44   3  21   0 0.00  0.0    0  2.0  7 220   M    M  10 12      9 330
================================================================================
SM 1253  907       540   0  2.38     0.0 108.9          M      203
================================================================================
AV 50.1 36.3                               4.4 FASTST   M    M   8    MAX(MPH)
                                 MISC ---->  # 26 260               # 38  250
================================================================================
NOTES:
# LAST OF SEVERAL OCCURRENCES

COLUMN 17 PEAK WIND IN M.P.H.

PRELIMINARY LOCAL CLIMATOLOGICAL DATA (WS FORM: F-6) , PAGE 2

                                          STATION:  EUGENE OR
                                          MONTH:    JANUARY
                                          YEAR:     2015
                                          LATITUDE:   44  7 N
                                          LONGITUDE: 123 13 W

[TEMPERATURE DATA]      [PRECIPITATION DATA]       SYMBOLS USED IN COLUMN 16

AVERAGE MONTHLY: 43.2   TOTAL FOR MONTH:   2.38    1 = FOG OR MIST
DPTR FM NORMAL:   2.8   DPTR FM NORMAL:   -3.32    2 = FOG REDUCING VISIBILITY
HIGHEST:    68 ON 24    GRTST 24HR  1.35 ON 17-18      TO 1/4 MILE OR LESS
LOWEST:     21 ON  1                               3 = THUNDER
                        SNOW, ICE PELLETS, HAIL    4 = ICE PELLETS
                        TOTAL MONTH:   0.0 INCH    5 = HAIL
                        GRTST 24HR     0.0         6 = FREEZING RAIN OR DRIZZLE
                        GRTST DEPTH:   0           7 = DUSTSTORM OR SANDSTORM:
                                                       VSBY 1/2 MILE OR LESS
                                                   8 = SMOKE OR HAZE
[NO. OF DAYS WITH]      [WEATHER - DAYS WITH]      9 = BLOWING SNOW
                                                   X = TORNADO
MAX 32 OR BELOW:   0    0.01 INCH OR MORE:  10
MAX 90 OR ABOVE:   0    0.10 INCH OR MORE:   4
MIN 32 OR BELOW:   5    0.50 INCH OR MORE:   2
MIN  0 OR BELOW:   0    1.00 INCH OR MORE:   1

[HDD (BASE 65) ]
TOTAL THIS MO.   540    CLEAR  (SCALE 0-3)   2
DPTR FM NORMAL   -73    PTCLDY (SCALE 4-7)   6
TOTAL FM JUL 1  1985    CLOUDY (SCALE 8-10) 17
DPTR FM NORMAL  -585

[CDD (BASE 65) ]
TOTAL THIS MO.     0
DPTR FM NORMAL     0    [PRESSURE DATA]
TOTAL FM JAN 1     0    HIGHEST SLP M ON M
DPTR FM NORMAL     0    LOWEST  SLP 29.73 ON 17

[REMARKS]




U.S. Dept. of Commerce
NOAA National Weather Service
1325 East West Highway
Silver Spring, MD 20910
E-mail: w-nws.webmaster@noaa.gov
Page last modified: May 16, 2007
NATIONAL WEATHER SERVICE: for Safety, for Work, for Fun - FOR LIFE