055
CXUS56 KPQR 291230
CF6EUG
PRELIMINARY LOCAL CLIMATOLOGICAL DATA (WS FORM: F-6)

                                          STATION:   EUGENE OR
                                          MONTH:     AUGUST
                                          YEAR:      2014
                                          LATITUDE:   44  7 N
                                          LONGITUDE: 123 13 W

  TEMPERATURE IN F:       :PCPN:    SNOW:  WIND      :SUNSHINE: SKY     :PK WND
================================================================================
1   2   3   4   5  6A  6B    7    8   9   10  11  12  13   14  15   16   17  18
                                     12Z  AVG MX 2MIN
DY MAX MIN AVG DEP HDD CDD  WTR  SNW DPTH SPD SPD DIR MIN PSBL S-S WX    SPD DR
================================================================================

 1  93  58  76   8   0  11 0.01  0.0    0  6.5 15  30   M    M   3 13     24  10
 2  92  59  76   8   0  11 0.00  0.0    0  6.3 16  10   M    M   3        18  10
 3  90  52  71   3   0   6 0.00  0.0    0  5.1 13 360   M    M   5 1      18 330
 4  91  61  76   8   0  11 0.00  0.0    0  8.2 16 230   M    M   6        23  10
 5  87  54  71   3   0   6 0.00  0.0    0  5.8 13  30   M    M   6        18  20
 6  89  54  72   4   0   7 0.00  0.0    0  6.6 16 360   M    M   1        21 350
 7  89  55  72   4   0   7 0.00  0.0    0  7.5 17  10   M    M   1        28 290
 8  84  52  68   0   0   3 0.00  0.0    0  8.3 18  30   M    M   3        26 340
 9  88  52  70   2   0   5 0.00  0.0    0 12.2 21 360   M    M   2        34  20
10  94  58  76   8   0  11    T  0.0    0  7.4 31  20   M    M   3 3      46  60
11 101  60  81  13   0  16    T  0.0    0  6.0 21 210   M    M   6        25 220
12  81  60  71   3   0   6 0.01  0.0    0  9.3 20 260   M    M   7 38     24 250
13  78  55  67   0   0   2 0.16  0.0    0  3.0 15  30   M    M   8        16  30
14  80  62  71   4   0   6 0.00  0.0    0  5.6 16 260   M    M   8        21 270
15  81  59  70   3   0   5 0.00  0.0    0  5.2 14 240   M    M   6        16 240
16  89  55  72   5   0   7 0.00  0.0    0  5.0 14 350   M    M   4        17  10
17  92  57  75   8   0  10 0.00  0.0    0  7.3 22  10   M    M   1        29  10
18  92  55  74   7   0   9 0.00  0.0    0  7.6 17 360   M    M   1 8      22  10
19  91  57  74   7   0   9 0.00  0.0    0  6.2 18 320   M    M   3        22 320
20  82  56  69   2   0   4 0.01  0.0    0  4.9 14  30   M    M   5 18     17  40
21  86  45  66   0   0   1 0.00  0.0    0  3.5 15 280   M    M   3 1      19 300
22  84  53  69   3   0   4 0.00  0.0    0  6.2 17 350   M    M   5        21  30
23  90  50  70   4   0   5 0.00  0.0    0  8.1 22  20   M    M   2        28  30
24  88  52  70   4   0   5 0.00  0.0    0  5.6 18 360   M    M   2        23 360
25  92  53  73   7   0   8 0.00  0.0    0  8.8 22 360   M    M   1 8      26  10
26  96  56  76  10   0  11 0.00  0.0    0  4.4 14 330   M    M   0 8      18  20
27  95  55  75   9   0  10 0.00  0.0    0  3.8 16 360   M    M   1 8      18 360
28  90  55  73   7   0   8 0.00  0.0    0  3.3 16 350   M    M   2        19 360
================================================================================
SM 2485 1550         0 204  0.19     0.0 177.7          M       98
================================================================================
AV 88.8 55.4                               6.3 FASTST   M    M   4    MAX(MPH)
                                 MISC ---->  # 31  20               # 46   60
================================================================================
NOTES:
# LAST OF SEVERAL OCCURRENCES

COLUMN 17 PEAK WIND IN M.P.H.

PRELIMINARY LOCAL CLIMATOLOGICAL DATA (WS FORM: F-6) , PAGE 2

                                          STATION:  EUGENE OR
                                          MONTH:    AUGUST
                                          YEAR:     2014
                                          LATITUDE:   44  7 N
                                          LONGITUDE: 123 13 W

[TEMPERATURE DATA]      [PRECIPITATION DATA]       SYMBOLS USED IN COLUMN 16

AVERAGE MONTHLY: 72.1   TOTAL FOR MONTH:   0.19    1 = FOG OR MIST
DPTR FM NORMAL:   4.9   DPTR FM NORMAL:   -0.33    2 = FOG REDUCING VISIBILITY
HIGHEST:   101 ON 11    GRTST 24HR  0.16 ON 13-13      TO 1/4 MILE OR LESS
LOWEST:     45 ON 21                               3 = THUNDER
                        SNOW, ICE PELLETS, HAIL    4 = ICE PELLETS
                        TOTAL MONTH:   0.0 INCH    5 = HAIL
                        GRTST 24HR     0.0         6 = FREEZING RAIN OR DRIZZLE
                        GRTST DEPTH:   0           7 = DUSTSTORM OR SANDSTORM:
                                                       VSBY 1/2 MILE OR LESS
                                                   8 = SMOKE OR HAZE
[NO. OF DAYS WITH]      [WEATHER - DAYS WITH]      9 = BLOWING SNOW
                                                   X = TORNADO
MAX 32 OR BELOW:   0    0.01 INCH OR MORE:   4
MAX 90 OR ABOVE:  14    0.10 INCH OR MORE:   1
MIN 32 OR BELOW:   0    0.50 INCH OR MORE:   0
MIN  0 OR BELOW:   0    1.00 INCH OR MORE:   0

[HDD (BASE 65) ]
TOTAL THIS MO.     0    CLEAR  (SCALE 0-3)  16
DPTR FM NORMAL   -28    PTCLDY (SCALE 4-7)  11
TOTAL FM JUL 1     6    CLOUDY (SCALE 8-10)  1
DPTR FM NORMAL   -58

[CDD (BASE 65) ]
TOTAL THIS MO.   204
DPTR FM NORMAL   118    [PRESSURE DATA]
TOTAL FM JAN 1   406    HIGHEST SLP M ON M
DPTR FM NORMAL   203    LOWEST  SLP 29.77 ON M

[REMARKS]




U.S. Dept. of Commerce
NOAA National Weather Service
1325 East West Highway
Silver Spring, MD 20910
E-mail: w-nws.webmaster@noaa.gov
Page last modified: May 16, 2007
NATIONAL WEATHER SERVICE: for Safety, for Work, for Fun - FOR LIFE