179
CXUS56 KPQR 301230
CF6EUG
PRELIMINARY LOCAL CLIMATOLOGICAL DATA (WS FORM: F-6)

                                          STATION:   EUGENE OR
                                          MONTH:     SEPTEMBER
                                          YEAR:      2014
                                          LATITUDE:   44  7 N
                                          LONGITUDE: 123 13 W

  TEMPERATURE IN F:       :PCPN:    SNOW:  WIND      :SUNSHINE: SKY     :PK WND
================================================================================
1   2   3   4   5  6A  6B    7    8   9   10  11  12  13   14  15   16   17  18
                                     12Z  AVG MX 2MIN
DY MAX MIN AVG DEP HDD CDD  WTR  SNW DPTH SPD SPD DIR MIN PSBL S-S WX    SPD DR
================================================================================

 1  85  47  66   1   0   1 0.00  0.0    0  5.7 14  30   M    M   1        20  10
 2  82  53  68   3   0   3 0.00  0.0    0  8.0 21 320   M    M   4        25 310
 3  76  43  60  -5   5   0 0.00  0.0    0  7.0 20  30   M    M   2 1      23  30
 4  87  48  68   3   0   3 0.00  0.0    0 12.5 25  10   M    M   1 1      32  10
 5  98  50  74  10   0   9 0.00  0.0    0 10.9 26 340   M    M   1        32 350
 6  93  48  71   7   0   6 0.00  0.0    0  5.7 18 240   M    M   5        22 230
 7  85  47  66   2   0   1 0.00  0.0    0  5.3 13 230   M    M   7 8      15 230
 8  85  46  66   2   0   1 0.00  0.0    0  4.3 15  20   M    M   3 1      20  50
 9  78  52  65   1   0   0 0.00  0.0    0  6.4 16  20   M    M   4 8      20 360
10  82  46  64   0   1   0 0.00  0.0    0  7.9 20  20   M    M   1 18     26  10
11  86  49  68   5   0   3 0.00  0.0    0 15.2 29 350   M    M   1        40 340
12  87  45  66   3   0   1 0.00  0.0    0  5.3 14  20   M    M   1        21  30
13  90  43  67   4   0   2 0.00  0.0    0  3.9  9  20   M    M   1        13  30
14  92  45  69   6   0   4 0.00  0.0    0  3.3  9  20   M    M   1        12  10
15  91  49  70   8   0   5 0.00  0.0    0  5.2 21 240   M    M   4 8      26 250
16  82  55  69   7   0   4 0.00  0.0    0  4.6 12  20   M    M   7        15  30
17  71  57  64   2   1   0    T  0.0    0  4.3 18 230   M    M   8 8      23 220
18  77  53  65   3   0   0 0.01  0.0    0  2.3  9  90   M    M   6 8      12 200
19  85  50  68   7   0   3 0.00  0.0    0  6.6 20  10   M    M   1 1      25 360
20  90  54  72  11   0   7 0.00  0.0    0  7.6 14 220   M    M   1        19  40
21  84  57  71  10   0   6 0.00  0.0    0  9.2 18 250   M    M   3        23 260
22  72  55  64   4   1   0 0.06  0.0    0  5.0  9 260   M    M   9        12 250
23  71  54  63   3   2   0 0.34  0.0    0  4.0 12 260   M    M   9 128    14 250
24  65  58  62   2   3   0 0.73  0.0    0  5.4 15 150   M    M  10 1      17 150
25  72  53  63   3   2   0 0.05  0.0    0  7.2 18 190   M    M   6        22 210
26  74  51  63   4   2   0 0.00  0.0    0  5.8 14 330   M    M   5        16 340
27  71  52  62   3   3   0    T  0.0    0  6.2 14 350   M    M   7 1      18  50
28  77  47  62   4   3   0 0.00  0.0    0  3.5 10  30   M    M   4 12     14 360
29  71  51  61   3   4   0 0.03  0.0    0  7.4 14 250   M    M   7 1      18 250
================================================================================
SM 2359 1458        27  59  1.22     0.0 185.7          M      120
================================================================================
AV 81.3 50.3                               6.4 FASTST   M    M   4    MAX(MPH)
                                 MISC ---->  # 29 350               # 40  340
================================================================================
NOTES:
# LAST OF SEVERAL OCCURRENCES

COLUMN 17 PEAK WIND IN M.P.H.

PRELIMINARY LOCAL CLIMATOLOGICAL DATA (WS FORM: F-6) , PAGE 2

                                          STATION:  EUGENE OR
                                          MONTH:    SEPTEMBER
                                          YEAR:     2014
                                          LATITUDE:   44  7 N
                                          LONGITUDE: 123 13 W

[TEMPERATURE DATA]      [PRECIPITATION DATA]       SYMBOLS USED IN COLUMN 16

AVERAGE MONTHLY: 65.8   TOTAL FOR MONTH:   1.22    1 = FOG OR MIST
DPTR FM NORMAL:   3.7   DPTR FM NORMAL:   -0.01    2 = FOG REDUCING VISIBILITY
HIGHEST:    98 ON  5    GRTST 24HR  1.06 ON 23-24      TO 1/4 MILE OR LESS
LOWEST:     43 ON 13, 3                            3 = THUNDER
                        SNOW, ICE PELLETS, HAIL    4 = ICE PELLETS
                        TOTAL MONTH:   0.0 INCH    5 = HAIL
                        GRTST 24HR     0.0         6 = FREEZING RAIN OR DRIZZLE
                        GRTST DEPTH:   0           7 = DUSTSTORM OR SANDSTORM:
                                                       VSBY 1/2 MILE OR LESS
                                                   8 = SMOKE OR HAZE
[NO. OF DAYS WITH]      [WEATHER - DAYS WITH]      9 = BLOWING SNOW
                                                   X = TORNADO
MAX 32 OR BELOW:   0    0.01 INCH OR MORE:   6
MAX 90 OR ABOVE:   6    0.10 INCH OR MORE:   2
MIN 32 OR BELOW:   0    0.50 INCH OR MORE:   1
MIN  0 OR BELOW:   0    1.00 INCH OR MORE:   0

[HDD (BASE 65) ]
TOTAL THIS MO.    27    CLEAR  (SCALE 0-3)  12
DPTR FM NORMAL   -86    PTCLDY (SCALE 4-7)  14
TOTAL FM JUL 1    34    CLOUDY (SCALE 8-10)  3
DPTR FM NORMAL  -146

[CDD (BASE 65) ]
TOTAL THIS MO.    59
DPTR FM NORMAL    29    [PRESSURE DATA]
TOTAL FM JAN 1   467    HIGHEST SLP M ON M
DPTR FM NORMAL   229    LOWEST  SLP 29.68 ON 17

[REMARKS]




U.S. Dept. of Commerce
NOAA National Weather Service
1325 East West Highway
Silver Spring, MD 20910
E-mail: w-nws.webmaster@noaa.gov
Page last modified: May 16, 2007
NATIONAL WEATHER SERVICE: for Safety, for Work, for Fun - FOR LIFE