485
CXUS53 KDMX 260920
CF6EST
PRELIMINARY LOCAL CLIMATOLOGICAL DATA (WS FORM: F-6)

                                          STATION:   ESTHERVILLE IA
                                          MONTH:     AUGUST
                                          YEAR:      2014
                                          LATITUDE:   43 24 N
                                          LONGITUDE:  94 45 W

  TEMPERATURE IN F:       :PCPN:    SNOW:  WIND      :SUNSHINE: SKY     :PK WND
================================================================================
1   2   3   4   5  6A  6B    7    8   9   10  11  12  13   14  15   16   17  18
                                     12Z  AVG MX 2MIN
DY MAX MIN AVG DEP HDD CDD  WTR  SNW DPTH SPD SPD DIR MIN PSBL S-S WX    SPD DR
================================================================================

 1  81  56  69  -2   0   4 0.00  0.0    0  3.4  8 350   M    M   0 1      11 310
 2  81  56  69  -2   0   4 0.00  0.0    0  4.2  9  30   M    M   2 1       M  M
 3  83  57  70  -1   0   5 0.00  0.0    0  3.2  8 170   M    M   1 12     11 160
 4  81  62  72   1   0   7 0.13  0.0    0  5.2 15  50   M    M   2 138    20 350
 5  75  57  66  -4   0   1 0.00  0.0    0  4.8 13  40   M    M   1        17  40
 6  69  60  65  -5   0   0    T  0.0    0  5.9 14 150   M    M   9 12     17 150
 7  75  59  67  -3   0   2 0.00  0.0    0  8.6 17 110   M    M   8 12     23 100
 8  77  62  70   0   0   5 0.00  0.0    0  7.7 15 130   M    M   7 1      19 140
 9  77  61  69  -1   0   4 0.00  0.0    0  7.7 17 150   M    M   3 1      22 130
10  76  62  69  -1   0   4    T  0.0    0  6.4 13 180   M    M   6 138    16 180
11  75  55  65  -5   0   0 0.00  0.0    0 13.2 26 340   M    M   1        33 340
12  75  51  63  -7   2   0 0.00  0.0    0  9.3 18 330   M    M   0        24 350
13  81  52  67  -3   0   2 0.00  0.0    0  4.0  8 290   M    M   0        12 290
14  76  55  66  -4   0   1 0.00  0.0    0  6.0 14 170   M    M   0 1      17 160
15  75  63  69   0   0   4    T  0.0    0  8.5 21 170   M    M   6 1      26 170
16  79  65  72   3   0   7 0.00  0.0    0  3.5 12 180   M    M   7 12     14 190
17  83  62  73   4   0   8 0.00  0.0    0  6.9 17 190   M    M   4 123    22 200
18  84  64  74   5   0   9    T  0.0    0  7.1 21 250   M    M   2 1238   33 260
19  81  61  71   2   0   6 0.00  0.0    0  5.3 13 300   M    M   2 1      17 270
20  77  58  68  -1   0   3    T  0.0    0  6.5 15 150   M    M   1 1      19 140
21  86  68  77   9   0  12    M  0.0    0  9.0 31 320   M    M   2 13     63 310
22  84  64  74   6   0   9 0.00  0.0    0  6.2 13  20   M    M   4 12     16  20
23  81  67  74   6   0   9 0.79  0.0    0 10.0 21 140   M    M   5 13     25 140
24  85  64  75   7   0  10 0.01  0.0    0 10.5 22 160   M    M   3 13     27 150
25  77  61  69   1   0   4 0.00  0.0    0  5.8 16 330   M    M   2        21 330
================================================================================
SM 1974 1502         2 120  0.93     0.0 168.9          M       78
================================================================================
AV 79.0 60.1                               6.8 FASTST   M    M   3    MAX(MPH)
                                 MISC ---->  # 31 320               # 63  310
================================================================================
NOTES:
# LAST OF SEVERAL OCCURRENCES

COLUMN 17 PEAK WIND IN M.P.H.

PRELIMINARY LOCAL CLIMATOLOGICAL DATA (WS FORM: F-6) , PAGE 2

                                          STATION:  ESTHERVILLE IA
                                          MONTH:    AUGUST
                                          YEAR:     2014
                                          LATITUDE:   43 24 N
                                          LONGITUDE:  94 45 W

[TEMPERATURE DATA]      [PRECIPITATION DATA]       SYMBOLS USED IN COLUMN 16

AVERAGE MONTHLY: 69.5   TOTAL FOR MONTH:   0.93    1 = FOG OR MIST
DPTR FM NORMAL:   0.0   DPTR FM NORMAL:   -2.26    2 = FOG REDUCING VISIBILITY
HIGHEST:    86 ON 21    GRTST 24HR  0.79 ON 23-23      TO 1/4 MILE OR LESS
LOWEST:     51 ON 12                               3 = THUNDER
                        SNOW, ICE PELLETS, HAIL    4 = ICE PELLETS
                        TOTAL MONTH:   0.0 INCH    5 = HAIL
                        GRTST 24HR     0.0         6 = FREEZING RAIN OR DRIZZLE
                        GRTST DEPTH:   0           7 = DUSTSTORM OR SANDSTORM:
                                                       VSBY 1/2 MILE OR LESS
                                                   8 = SMOKE OR HAZE
[NO. OF DAYS WITH]      [WEATHER - DAYS WITH]      9 = BLOWING SNOW
                                                   X = TORNADO
MAX 32 OR BELOW:   0    0.01 INCH OR MORE:   3
MAX 90 OR ABOVE:   0    0.10 INCH OR MORE:   2
MIN 32 OR BELOW:   0    0.50 INCH OR MORE:   1
MIN  0 OR BELOW:   0    1.00 INCH OR MORE:   0

[HDD (BASE 65) ]
TOTAL THIS MO.     2    CLEAR  (SCALE 0-3)  15
DPTR FM NORMAL   -12    PTCLDY (SCALE 4-7)   9
TOTAL FM JUL 1    29    CLOUDY (SCALE 8-10)  1
DPTR FM NORMAL     6

[CDD (BASE 65) ]
TOTAL THIS MO.   120
DPTR FM NORMAL    -8    [PRESSURE DATA]
TOTAL FM JAN 1   396    HIGHEST SLP M ON M
DPTR FM NORMAL  -124    LOWEST  SLP 29.70 ON 19

[REMARKS]




U.S. Dept. of Commerce
NOAA National Weather Service
1325 East West Highway
Silver Spring, MD 20910
E-mail: w-nws.webmaster@noaa.gov
Page last modified: May 16, 2007
NATIONAL WEATHER SERVICE: for Safety, for Work, for Fun - FOR LIFE