215
CXUS53 KDMX 010920
CF6EST
PRELIMINARY LOCAL CLIMATOLOGICAL DATA (WS FORM: F-6)

                                          STATION:   ESTHERVILLE IA
                                          MONTH:     SEPTEMBER
                                          YEAR:      2014
                                          LATITUDE:   43 24 N
                                          LONGITUDE:  94 45 W

  TEMPERATURE IN F:       :PCPN:    SNOW:  WIND      :SUNSHINE: SKY     :PK WND
================================================================================
1   2   3   4   5  6A  6B    7    8   9   10  11  12  13   14  15   16   17  18
                                     12Z  AVG MX 2MIN
DY MAX MIN AVG DEP HDD CDD  WTR  SNW DPTH SPD SPD DIR MIN PSBL S-S WX    SPD DR
================================================================================

 1  77  56  67   1   0   2 0.00  0.0    0  5.9 21  10   M    M   4 13     27  10
 2  75  55  65  -1   0   0 0.00  0.0    0  7.7 15 220   M    M   2        19 230
 3  80  55  68   2   0   3 0.00  0.0    0 13.7 28 180   M    M   3 3      35 180
 4  83  61  72   7   0   7 0.00  0.0    0 11.1 20 220   M    M   3 1      28 210
 5  62  46  54 -11  11   0 0.00  0.0    0  9.9 17 350   M    M   2        22 330
 6  74  44  59  -5   6   0 0.00  0.0    0  7.7 13 290   M    M   0 8      17 280
 7  73  49  61  -3   4   0 0.00  0.0    0  9.6 17 190   M    M   0 1      22 210
 8  74  53  64   0   1   0 0.14  0.0    0 13.6 37 180   M    M   2 13     50 190
 9  72  59  66   3   0   1 0.00  0.0    0  8.0 17 150   M    M   7 12     20 140
10  64  48  56  -7   9   0 0.03  0.0    0 15.7 29 350   M    M  10 1      38 360
11  55  44  50 -13  15   0 0.02  0.0    0  9.0 16  30   M    M   9        20  30
12  54  35  45 -17  20   0 0.19  0.0    0  5.7 20  10   M    M   8 1      24 360
13  60  31  46 -16  19   0 0.00  0.0    0  8.9 23 180   M    M   3        29 180
14  66  40  53  -9  12   0 0.00  0.0    0  6.9 13  20   M    M   3 1      15  10
15  62  39  51 -10  14   0 0.37  0.0    0  7.6 18 340   M    M   6 1      23 340
16  66  36  51 -10  14   0 0.00  0.0    0  7.6 16 210   M    M   1        23 190
17  75  46  61   1   4   0 0.00  0.0    0  3.5  9 180   M    M   4        12 180
18  73  45  59  -1   6   0 0.00  0.0    0  9.7 18 170   M    M   1 12     26 170
19  84  56  70  11   0   5 0.19  0.0    0 17.3 31 200   M    M   3 138    42 210
20  80  54  67   8   0   2 0.01  0.0    0 10.8 32 340   M    M   2        47 310
21  66  44  55  -4  10   0 0.00  0.0    0 11.2 22 360   M    M   2        28 360
22  71  39  55  -3  10   0 0.00  0.0    0  6.8 14 190   M    M   0 1      19 220
23  69  44  57  -1   8   0 0.24  0.0    0 10.7 22 170   M    M   5 1      28 180
24  72  56  64   7   1   0 0.01  0.0    0 14.6 24 180   M    M   9 1      30 170
25  78  53  66   9   0   1 0.00  0.0    0  7.1 14 170   M    M   2 1      18 130
26  81  51  66  10   0   1 0.00  0.0    0  9.9 18 160   M    M   0 1      25 140
27  80  57  69  13   0   4 0.00  0.0    0 10.7 23 150   M    M   1 1      29 160
28  80  50  65   9   0   0 0.00  0.0    0  6.1 14 180   M    M   3 12     18 190
29  63  48  56   1   9   0 0.00  0.0    0  8.2 14  50   M    M   6 12     19  50
30  64  47  56   1   9   0 0.18    M    0 12.1 23 130   M    M   7 12     28 130
================================================================================
SM 2133 1441       182  26  1.38     0.0 287.3          M      108
================================================================================
AV 71.1 48.0                               9.6 FASTST   M    M   4    MAX(MPH)
                                 MISC ---->  # 37 180               # 50  190
================================================================================
NOTES:
# LAST OF SEVERAL OCCURRENCES

COLUMN 17 PEAK WIND IN M.P.H.

PRELIMINARY LOCAL CLIMATOLOGICAL DATA (WS FORM: F-6) , PAGE 2

                                          STATION:  ESTHERVILLE IA
                                          MONTH:    SEPTEMBER
                                          YEAR:     2014
                                          LATITUDE:   43 24 N
                                          LONGITUDE:  94 45 W

[TEMPERATURE DATA]      [PRECIPITATION DATA]       SYMBOLS USED IN COLUMN 16

AVERAGE MONTHLY: 59.6   TOTAL FOR MONTH:   1.38    1 = FOG OR MIST
DPTR FM NORMAL:  -1.1   DPTR FM NORMAL:   -1.90    2 = FOG REDUCING VISIBILITY
HIGHEST:    84 ON 19    GRTST 24HR  0.37 ON 15-15      TO 1/4 MILE OR LESS
LOWEST:     31 ON 13                               3 = THUNDER
                        SNOW, ICE PELLETS, HAIL    4 = ICE PELLETS
                        TOTAL MONTH:   0.0 INCH    5 = HAIL
                        GRTST 24HR     0.0         6 = FREEZING RAIN OR DRIZZLE
                        GRTST DEPTH:   0           7 = DUSTSTORM OR SANDSTORM:
                                                       VSBY 1/2 MILE OR LESS
                                                   8 = SMOKE OR HAZE
[NO. OF DAYS WITH]      [WEATHER - DAYS WITH]      9 = BLOWING SNOW
                                                   X = TORNADO
MAX 32 OR BELOW:   0    0.01 INCH OR MORE:  10
MAX 90 OR ABOVE:   0    0.10 INCH OR MORE:   6
MIN 32 OR BELOW:   1    0.50 INCH OR MORE:   0
MIN  0 OR BELOW:   0    1.00 INCH OR MORE:   0

[HDD (BASE 65) ]
TOTAL THIS MO.   182    CLEAR  (SCALE 0-3)  19
DPTR FM NORMAL     6    PTCLDY (SCALE 4-7)   8
TOTAL FM JUL 1   214    CLOUDY (SCALE 8-10)  3
DPTR FM NORMAL     6

[CDD (BASE 65) ]
TOTAL THIS MO.    26
DPTR FM NORMAL   -21    [PRESSURE DATA]
TOTAL FM JAN 1   435    HIGHEST SLP 30.47 ON 12
DPTR FM NORMAL  -152    LOWEST  SLP 29.61 ON 10

[REMARKS]
#FINAL-09-14#




U.S. Dept. of Commerce
NOAA National Weather Service
1325 East West Highway
Silver Spring, MD 20910
E-mail: w-nws.webmaster@noaa.gov
Page last modified: May 16, 2007
NATIONAL WEATHER SERVICE: for Safety, for Work, for Fun - FOR LIFE