585
CXUS53 KDMX 011006
CF6EST
PRELIMINARY LOCAL CLIMATOLOGICAL DATA (WS FORM: F-6)

                                          STATION:   ESTHERVILLE IA
                                          MONTH:     NOVEMBER
                                          YEAR:      2014
                                          LATITUDE:   43 24 N
                                          LONGITUDE:  94 45 W

  TEMPERATURE IN F:       :PCPN:    SNOW:  WIND      :SUNSHINE: SKY     :PK WND
================================================================================
1   2   3   4   5  6A  6B    7    8   9   10  11  12  13   14  15   16   17  18
                                     12Z  AVG MX 2MIN
DY MAX MIN AVG DEP HDD CDD  WTR  SNW DPTH SPD SPD DIR MIN PSBL S-S WX    SPD DR
================================================================================

 1  46  15  31 -10  34   0 0.00  0.0    0 17.1 29 170   M    M   0        36 170
 2  59  34  47   7  18   0 0.00  0.0    0 20.7 32 170   M    M   0        39 190
 3  57  41  49   9  16   0 0.12  0.0    0 12.3 23 320   M    M   7 13     28 320
 4  56  29  43   4  22   0 0.00  0.0    0 13.8 30 280   M    M   2        37 270
 5  56  30  43   5  22   0    T  0.0    0 15.3 38 300   M    M   7        44 310
 6  45  24  35  -3  30   0 0.00  0.0    0 14.7 33 340   M    M   4 1      40 330
 7  54  24  39   2  26   0 0.00  0.0    0 18.6 40 330   M    M   4        47 340
 8  44  32  38   1  27   0 0.00  0.0    0 18.0 40 330   M    M   7        49 330
 9  44  32  38   2  27   0 0.00  0.0    0 10.6 18 330   M    M   6        22 210
10  38  21  30  -6  35   0    T    M    0 22.7 35 340   M    M  10 1      48 340
11  25  16  21 -14  44   0    T    M    M 22.1 33 340   M    M  10 1      41 340
12  22  10  16 -19  49   0    T    M    M 16.4 20 290   M    M   6        30 300
13  22   7  15 -19  50   0    T    M    M 15.4 25 320   M    M   7 1      31 320
14  26   1  14 -20  51   0 0.00  0.0    M  4.9 10 300   M    M   1        13 290
15  22   8  15 -18  50   0 0.06    M    M  8.0 15 190   M    M   9 12     18 180
16  21  -6   8 -24  57   0    T    M    M 15.3 26 240   M    M   4 18     31 230
17  11   3   7 -25  58   0    T    M    M 20.5 29 310   M    M   3 18     35 310
18  21   7  14 -17  51   0    T    M    M 12.5 18 230   M    M   9 18     22 290
19  25  14  20 -11  45   0    T    M    M 19.0 31 320   M    M   8 128    39 320
20  19  -2   9 -21  56   0 0.00  0.0    M  8.9 15 310   M    M   0        18 280
21  34  -1  17 -13  48   0 0.00  0.0    M 18.3 28 170   M    M   1 1      34 180
22  50  33  42  13  23   0 0.00  0.0    M 15.5 26 190   M    M   9 12     31 180
23  51  28  40  12  25   0 0.00  0.0    M 16.5 31 320   M    M   9 1      37 330
24  28  16  22  -6  43   0    T    M    M 26.8 36 310   M    M   9        46 320
25  34   8  21  -6  44   0    T    M    M 11.4 20 320   M    M   2        25 320
26  27   4  16 -11  49   0    M    M    M 16.2 28 330   M    M   9 1      31 330
27   9 -13  -2 -28  67   0 0.00  0.0    M 11.0 23 150   M    M   3        27 150
28  26   9  18  -8  47   0 0.00  0.0    M 11.6 22 160   M    M   3 1      27 150
29  48  15  32   7  33   0 0.00  0.0    M 11.9 29 340   M    M   2 1      36 350
30  21   5  13 -12  52   0    T    M    M 19.9 32 330   M    M   1        39 340
================================================================================
SM 1041  444      1199   0  0.18     0.0 465.9          M      152
================================================================================
AV 34.7 14.8                              15.5 FASTST   M    M   5    MAX(MPH)
                                 MISC ---->  # 40 330               # 49  330
================================================================================
NOTES:
# LAST OF SEVERAL OCCURRENCES

COLUMN 17 PEAK WIND IN M.P.H.

PRELIMINARY LOCAL CLIMATOLOGICAL DATA (WS FORM: F-6) , PAGE 2

                                          STATION:  ESTHERVILLE IA
                                          MONTH:    NOVEMBER
                                          YEAR:     2014
                                          LATITUDE:   43 24 N
                                          LONGITUDE:  94 45 W

[TEMPERATURE DATA]      [PRECIPITATION DATA]       SYMBOLS USED IN COLUMN 16

AVERAGE MONTHLY: 24.8   TOTAL FOR MONTH:   0.18    1 = FOG OR MIST
DPTR FM NORMAL:  -8.0   DPTR FM NORMAL:   -1.49    2 = FOG REDUCING VISIBILITY
HIGHEST:    59 ON  2    GRTST 24HR  0.12 ON  3- 3      TO 1/4 MILE OR LESS
LOWEST:    -13 ON 27                               3 = THUNDER
                        SNOW, ICE PELLETS, HAIL    4 = ICE PELLETS
                        TOTAL MONTH:   0.0 INCH    5 = HAIL
                        GRTST 24HR     0.0         6 = FREEZING RAIN OR DRIZZLE
                        GRTST DEPTH:   0           7 = DUSTSTORM OR SANDSTORM:
                                                       VSBY 1/2 MILE OR LESS
                                                   8 = SMOKE OR HAZE
[NO. OF DAYS WITH]      [WEATHER - DAYS WITH]      9 = BLOWING SNOW
                                                   X = TORNADO
MAX 32 OR BELOW:  15    0.01 INCH OR MORE:   2
MAX 90 OR ABOVE:   0    0.10 INCH OR MORE:   1
MIN 32 OR BELOW:  27    0.50 INCH OR MORE:   0
MIN  0 OR BELOW:   4    1.00 INCH OR MORE:   0

[HDD (BASE 65) ]
TOTAL THIS MO.  1199    CLEAR  (SCALE 0-3)  11
DPTR FM NORMAL   229    PTCLDY (SCALE 4-7)  11
TOTAL FM JUL 1  1918    CLOUDY (SCALE 8-10)  8
DPTR FM NORMAL   199

[CDD (BASE 65) ]
TOTAL THIS MO.     0
DPTR FM NORMAL     0    [PRESSURE DATA]
TOTAL FM JAN 1   435    HIGHEST SLP 30.62 ON 30
DPTR FM NORMAL  -158    LOWEST  SLP 29.43 ON 24

[REMARKS]
#FINAL-11-14#




U.S. Dept. of Commerce
NOAA National Weather Service
1325 East West Highway
Silver Spring, MD 20910
E-mail: w-nws.webmaster@noaa.gov
Page last modified: May 16, 2007
NATIONAL WEATHER SERVICE: for Safety, for Work, for Fun - FOR LIFE