694
CXUS53 KDMX 310920
CF6EST
PRELIMINARY LOCAL CLIMATOLOGICAL DATA (WS FORM: F-6)

                                          STATION:   ESTHERVILLE IA
                                          MONTH:     JANUARY
                                          YEAR:      2015
                                          LATITUDE:   43 24 N
                                          LONGITUDE:  94 45 W

  TEMPERATURE IN F:       :PCPN:    SNOW:  WIND      :SUNSHINE: SKY     :PK WND
================================================================================
1   2   3   4   5  6A  6B    7    8   9   10  11  12  13   14  15   16   17  18
                                     12Z  AVG MX 2MIN
DY MAX MIN AVG DEP HDD CDD  WTR  SNW DPTH SPD SPD DIR MIN PSBL S-S WX    SPD DR
================================================================================

 1  30   8  19   3  46   0 0.00  0.0    M 13.8 24 290   M    M   4        29 280
 2  29  13  21   5  44   0 0.00  0.0    M  9.1 16 170   M    M   6        20 170
 3  33   1  17   1  48   0    T    M    M 17.6 35 340   M    M   5 18     42 330
 4   1  -7  -3 -19  68   0    T    M    M 20.6 35 330   M    M   3 18     41 340
 5   6 -15  -4 -20  69   0 0.02    M    M 10.3 18 140   M    M   4 12     22 130
 6   7 -17  -5 -21  70   0 0.00  0.0    M 17.4 32 330   M    M   4 18     40 330
 7  -1  -9  -5 -20  70   0 0.00  0.0    M 18.5 30 330   M    M   4 18     37 330
 8  22  -6   8  -7  57   0 0.04    M    M 25.7 43 320   M    M   7 1289   51 320
 9   5  -4   1 -14  64   0    T    M    M 18.9 31 310   M    M   5 18     37 320
10  24  -7   9  -6  56   0 0.00  0.0    M 11.4 24 240   M    M   1        28 180
11  17   3  10  -5  55   0 0.00  0.0    M 10.0 18 350   M    M   3        22 340
12  10 -12  -1 -16  66   0 0.00  0.0    M 10.8 22 350   M    M   0        26 360
13  18 -15   2 -13  63   0 0.00  0.0    M 10.6 20 180   M    M   4        22 180
14  24  17  21   6  44   0 0.00  0.0    M  9.1 16 240   M    M   6 18     19 240
15  35  18  27  12  38   0 0.00  0.0    M 11.6 24 310   M    M   1        26 310
16  37  19  28  13  37   0 0.00  0.0    M  6.2 13 200   M    M   0 1      16 200
17  38  25  32  17  33   0 0.00  0.0    M 15.7 28 290   M    M   4 1      33 300
18  41  27  34  18  31   0 0.00  0.0    M  8.3 18 300   M    M   0        25 300
19  41  26  34  18  31   0 0.01    M    M 11.3 22 180   M    M   3 6      27 170
20  38  31  35  19  30   0 0.01    M    M  8.9 17 270   M    M  10 1      22 270
21  31  23  27  11  38   0    T    M    M 12.5 20 330   M    M  10 1      23 330
22  30  17  24   8  41   0 0.00  0.0    M 11.5 20 190   M    M   6        26 200
23  36  25  31  15  34   0 0.00  0.0    M 12.6 21 210   M    M   2        26 210
24  38  26  32  16  33   0 0.03    M    M 10.1 18 260   M    M   3 1      22 260
25  32  27  30  14  35   0 0.02    M    M 11.5 23  20   M    M  10 1      30  20
26  46  29  38  22  27   0 0.00  0.0    M 14.5 30 240   M    M   6        38 250
27  38  26  32  16  33   0 0.00  0.0    M 10.2 21 150   M    M   5 12     27 160
28  33  29  31  15  34   0 0.00  0.0    M 17.1 28 160   M    M  10 1      33 160
29  33  16  25   9  40   0    T    M    M 25.3 37 340   M    M   8 1      47 330
30  31  11  21   4  44   0 0.00  0.0    M 10.8 21 180   M    M   0        25 190
================================================================================
SM  803  325      1379   0  0.13     0.0 401.9          M      134
================================================================================
AV 26.8 10.8                              13.4 FASTST   M    M   4    MAX(MPH)
                                 MISC ---->  # 43 320               # 51  320
================================================================================
NOTES:
# LAST OF SEVERAL OCCURRENCES

COLUMN 17 PEAK WIND IN M.P.H.

PRELIMINARY LOCAL CLIMATOLOGICAL DATA (WS FORM: F-6) , PAGE 2

                                          STATION:  ESTHERVILLE IA
                                          MONTH:    JANUARY
                                          YEAR:     2015
                                          LATITUDE:   43 24 N
                                          LONGITUDE:  94 45 W

[TEMPERATURE DATA]      [PRECIPITATION DATA]       SYMBOLS USED IN COLUMN 16

AVERAGE MONTHLY: 18.8   TOTAL FOR MONTH:   0.13    1 = FOG OR MIST
DPTR FM NORMAL:   3.1   DPTR FM NORMAL:   -0.34    2 = FOG REDUCING VISIBILITY
HIGHEST:    46 ON 26    GRTST 24HR  0.05 ON 24-25      TO 1/4 MILE OR LESS
LOWEST:    -17 ON  6                               3 = THUNDER
                        SNOW, ICE PELLETS, HAIL    4 = ICE PELLETS
                        TOTAL MONTH:   0.0 INCH    5 = HAIL
                        GRTST 24HR     0.0         6 = FREEZING RAIN OR DRIZZLE
                        GRTST DEPTH:  M  ON   M    7 = DUSTSTORM OR SANDSTORM:
                                                       VSBY 1/2 MILE OR LESS
                                                   8 = SMOKE OR HAZE
[NO. OF DAYS WITH]      [WEATHER - DAYS WITH]      9 = BLOWING SNOW
                                                   X = TORNADO
MAX 32 OR BELOW:  17    0.01 INCH OR MORE:   6
MAX 90 OR ABOVE:   0    0.10 INCH OR MORE:   0
MIN 32 OR BELOW:  30    0.50 INCH OR MORE:   0
MIN  0 OR BELOW:   9    1.00 INCH OR MORE:   0

[HDD (BASE 65) ]
TOTAL THIS MO.  1379    CLEAR  (SCALE 0-3)  11
DPTR FM NORMAL  -103    PTCLDY (SCALE 4-7)  15
TOTAL FM JUL 1  4546    CLOUDY (SCALE 8-10)  4
DPTR FM NORMAL   -79

[CDD (BASE 65) ]
TOTAL THIS MO.     0
DPTR FM NORMAL     0    [PRESSURE DATA]
TOTAL FM JAN 1     0    HIGHEST SLP M ON M
DPTR FM NORMAL     0    LOWEST  SLP 29.55 ON 25

[REMARKS]




U.S. Dept. of Commerce
NOAA National Weather Service
1325 East West Highway
Silver Spring, MD 20910
E-mail: w-nws.webmaster@noaa.gov
Page last modified: May 16, 2007
NATIONAL WEATHER SERVICE: for Safety, for Work, for Fun - FOR LIFE