744
CXUS54 KEWX 300910
CF6ERV
PRELIMINARY LOCAL CLIMATOLOGICAL DATA (WS FORM: F-6)

                                          STATION:   KERRVILLE
                                          MONTH:     AUGUST
                                          YEAR:      2014
                                          LATITUDE:   29 58 N
                                          LONGITUDE:  99  5 W

  TEMPERATURE IN F:       :PCPN:    SNOW:  WIND      :SUNSHINE: SKY     :PK WND
================================================================================
1   2   3   4   5  6A  6B    7    8   9   10  11  12  13   14  15   16   17  18
                                     12Z  AVG MX 2MIN
DY MAX MIN AVG DEP HDD CDD  WTR  SNW DPTH SPD SPD DIR MIN PSBL S-S WX    SPD DR
================================================================================

 1  93  72  83   M   0  18 0.00    M    M  5.3 14  40   M    M   4        17  40
 2  92  70  81   M   0  16 0.00    M    M  4.4 10  30   M    M   1        18  10
 3  92  63  78   M   0  13 0.00    M    M  4.6 12  20   M    M   1        17  10
 4  96  65  81   M   0  16 0.00    M    M  3.9 13  10   M    M   1        20  10
 5  97  69  83   M   0  18 0.00    M    M  2.4  9 110   M    M   0        16 110
 6  99  72  86   M   0  21 0.00    M    M  5.0 13 140   M    M   0        17 170
 7  99  74  87   M   0  22 0.00    M    M  8.5 14 160   M    M   1        21 160
 8  99  72  86   M   0  21 0.00    M    M  8.4 14 140   M    M   1        18 170
 9  97  70  84   M   0  19 0.00    M    M  8.6 18 150   M    M   1        22 210
10  99  74  87   M   0  22 0.00    M    M  6.0 10 200   M    M   1        18 140
11  99  74  87   M   0  22 0.00    M    M  4.9 21 360   M    M   0 3      31 360
12  96  72  84   M   0  19 0.06    M    M  4.0 15 200   M    M   1 3      21 200
13  97  62  80   M   0  15 0.00    M    M  3.5 12  50   M    M   1        17  50
14  97  61  79   M   0  14 0.00    M    M  3.5 10  60   M    M   0        21  60
15  97  66  82   M   0  17 0.00    M    M  5.3 12 170   M    M   1        16 170
16  99  74  87   M   0  22 0.00    M    M  6.9 13 150   M    M   1        18 200
17  97  76  87   M   0  22 0.00    M    M  8.1 15 180   M    M   4        20 180
18  98  67  83   M   0  18 0.63    M    M 10.1 20 300   M    M   7 3      29  10
19  84  69  77   M   0  12 0.99    M    M  5.4 16 140   M    M   5 3      20 140
20  94  73  84   M   0  19 0.00    M    M 12.4 20 140   M    M   3        25 140
21  97  76  87   M   0  22 0.00    M    M 13.1 21 170   M    M   2        27 170
22  97  74  86   M   0  21 0.00    M    M 11.9 17 150   M    M   2        23 160
23  94  72  83   M   0  18 0.00    M    M  7.5 14 160   M    M   2        18 180
24  96  73  85   M   0  20 0.00    M    M  6.6 13 150   M    M   2        16 150
25  97  72  85   M   0  20 0.00    M    M  3.8  8 190   M    M   1         M  M
26  97  69  83   M   0  18 0.00    M    M  3.4  9 100   M    M   0         M  M
27  94  72  83   M   0  18 0.00    M    M  3.1  9 110   M    M   2        20 110
28  94  66  80   M   0  15 0.00    M    M  4.7 13 140   M    M   2        20 100
29  94  72  83   M   0  18 0.00    M    M  6.5 14 120   M    M   4        21 120
================================================================================
SM 2781 2041         0 536  1.68    M    181.8          M       51
================================================================================
AV 95.9 70.4                               6.3 FASTST   M    M   2    MAX(MPH)
                                 MISC ---->    21   M                 31    M
================================================================================
NOTES:
# LAST OF SEVERAL OCCURRENCES

COLUMN 17 PEAK WIND IN M.P.H.

PRELIMINARY LOCAL CLIMATOLOGICAL DATA (WS FORM: F-6) , PAGE 2

                                          STATION:  KERRVILLE
                                          MONTH:    AUGUST
                                          YEAR:     2014
                                          LATITUDE:   29 58 N
                                          LONGITUDE:  99  5 W

[TEMPERATURE DATA]      [PRECIPITATION DATA]       SYMBOLS USED IN COLUMN 16

AVERAGE MONTHLY: 83.1   TOTAL FOR MONTH:   1.68    1 = FOG OR MIST
DPTR FM NORMAL:     M   DPTR FM NORMAL:       M    2 = FOG REDUCING VISIBILITY
HIGHEST:    99 ON 16,11 GRTST 24HR  0.99 ON 19-19      TO 1/4 MILE OR LESS
LOWEST:     61 ON 14                               3 = THUNDER
                        SNOW, ICE PELLETS, HAIL    4 = ICE PELLETS
                        TOTAL MONTH:    M          5 = HAIL
                        GRTST 24HR    M  ON   M    6 = FREEZING RAIN OR DRIZZLE
                        GRTST DEPTH:  M  ON   M    7 = DUSTSTORM OR SANDSTORM:
                                                       VSBY 1/2 MILE OR LESS
                                                   8 = SMOKE OR HAZE
[NO. OF DAYS WITH]      [WEATHER - DAYS WITH]      9 = BLOWING SNOW
                                                   X = TORNADO
MAX 32 OR BELOW:   0    0.01 INCH OR MORE:   3
MAX 90 OR ABOVE:  28    0.10 INCH OR MORE:   2
MIN 32 OR BELOW:   0    0.50 INCH OR MORE:   2
MIN  0 OR BELOW:   0    1.00 INCH OR MORE:   0

[HDD (BASE 65) ]
TOTAL THIS MO.     0    CLEAR  (SCALE 0-3)  24
DPTR FM NORMAL     M    PTCLDY (SCALE 4-7)   5
TOTAL FM JUL 1     0    CLOUDY (SCALE 8-10)  0
DPTR FM NORMAL     M

[CDD (BASE 65) ]
TOTAL THIS MO.   536
DPTR FM NORMAL     M    [PRESSURE DATA]
TOTAL FM JAN 1  1946    HIGHEST SLP M ON M
DPTR FM NORMAL     M    LOWEST  SLP M ON M

[REMARKS]




U.S. Dept. of Commerce
NOAA National Weather Service
1325 East West Highway
Silver Spring, MD 20910
E-mail: w-nws.webmaster@noaa.gov
Page last modified: May 16, 2007
NATIONAL WEATHER SERVICE: for Safety, for Work, for Fun - FOR LIFE