645
CXUS54 KEWX 300910
CF6ERV
PRELIMINARY LOCAL CLIMATOLOGICAL DATA (WS FORM: F-6)

                                          STATION:   KERRVILLE
                                          MONTH:     JULY
                                          YEAR:      2014
                                          LATITUDE:   29 58 N
                                          LONGITUDE:  99  5 W

  TEMPERATURE IN F:       :PCPN:    SNOW:  WIND      :SUNSHINE: SKY     :PK WND
================================================================================
1   2   3   4   5  6A  6B    7    8   9   10  11  12  13   14  15   16   17  18
                                     12Z  AVG MX 2MIN
DY MAX MIN AVG DEP HDD CDD  WTR  SNW DPTH SPD SPD DIR MIN PSBL S-S WX    SPD DR
================================================================================

 1  93  72  83   M   0  18 0.00    M    M 13.6 18 170   M    M   2        27 160
 2  94  69  82   M   0  17 0.00    M    M  5.6 10 120   M    M   2         M  M
 3  92  69  81   M   0  16 0.00    M    M  4.4 14  70   M    M   1        22  70
 4  92  65  79   M   0  14 0.00    M    M  5.1 17 120   M    M   2        25 120
 5  92  69  81   M   0  16 0.00    M    M  6.4 12 130   M    M   4 1      16 150
 6  93  72  83   M   0  18 0.00    M    M  8.2 14 140   M    M   3        16 160
 7  94  72  83   M   0  18 0.00    M    M  9.1 17 210   M    M   0        24 190
 8  94  72  83   M   0  18 0.00    M    M  9.7 16 150   M    M   3        21 160
 9  93  72  83   M   0  18 0.00    M    M  7.2 14 200   M    M   2        18 170
10  92  67  80   M   0  15 0.00    M    M  9.2 22 150   M    M   4        28 150
11  92  71  82   M   0  17 0.00    M    M 11.6 22 160   M    M   4        28 160
12  94  69  82   M   0  17 0.00    M    M  7.5 14 170   M    M   1 1      23 170
13  96  69  83   M   0  18 0.00    M    M  5.8 12 150   M    M   0        20 170
14  98  72  85   M   0  20 0.00    M    M  5.1 14 160   M    M   0        18 160
15  92  72  82   M   0  17 0.02    M    M  4.4 21 130   M    M   2 3      25 130
16  93  71  82   M   0  17 0.00    M    M  6.3 16 150   M    M   2        20 150
17  92  73  83   M   0  18 0.05    M    M  7.0 13 150   M    M   6 3      21 140
18  76  72  74   M   0   9 0.00    M    M  4.1  9  40   M    M   9 3       M  M
19  88  72  80   M   0  15 0.00    M    M  4.5  9 190   M    M   5         M  M
20  97  73  85   M   0  20 0.00    M    M  6.6 12 140   M    M   4 1      20 170
21  97  73  85   M   0  20 0.00    M    M  6.8 13 110   M    M   3        17 110
22  97  72  85   M   0  20 0.00    M    M  4.8 10 130   M    M   1         M  M
23  99  69  84   M   0  19 0.00    M    M  3.3 10  60   M    M   2        16  60
24  94  73  84   M   0  19 0.16    M    M  2.0 12 340   M    M   2 3       M  M
25  97  72  85   M   0  20 0.00    M    M  4.8 12 140   M    M   2 1      16 140
26  97  72  85   M   0  20 0.00    M    M  9.7 16 150   M    M   1        23 150
27  97  72  85   M   0  20 0.00    M    M  9.2 13 150   M    M   2        18 170
28  97  72  85   M   0  20 0.00    M    M  5.3 10 150   M    M   2        10 200
29  98  69  84   M   0  19 0.00    M    M  5.7 13  90   M    M   1        17 150
================================================================================
SM 2720 2057         0 513  0.23    M    193.0          M       72
================================================================================
AV 93.8 70.9                               6.7 FASTST   M    M   2    MAX(MPH)
                                 MISC ---->    22   M                 28    M
================================================================================
NOTES:
# LAST OF SEVERAL OCCURRENCES

COLUMN 17 PEAK WIND IN M.P.H.

PRELIMINARY LOCAL CLIMATOLOGICAL DATA (WS FORM: F-6) , PAGE 2

                                          STATION:  KERRVILLE
                                          MONTH:    JULY
                                          YEAR:     2014
                                          LATITUDE:   29 58 N
                                          LONGITUDE:  99  5 W

[TEMPERATURE DATA]      [PRECIPITATION DATA]       SYMBOLS USED IN COLUMN 16

AVERAGE MONTHLY: 82.4   TOTAL FOR MONTH:   0.23    1 = FOG OR MIST
DPTR FM NORMAL:     M   DPTR FM NORMAL:       M    2 = FOG REDUCING VISIBILITY
HIGHEST:    99 ON 23    GRTST 24HR  0.16 ON 24-24      TO 1/4 MILE OR LESS
LOWEST:     65 ON  4                               3 = THUNDER
                        SNOW, ICE PELLETS, HAIL    4 = ICE PELLETS
                        TOTAL MONTH:    M          5 = HAIL
                        GRTST 24HR    M  ON   M    6 = FREEZING RAIN OR DRIZZLE
                        GRTST DEPTH:  M  ON   M    7 = DUSTSTORM OR SANDSTORM:
                                                       VSBY 1/2 MILE OR LESS
                                                   8 = SMOKE OR HAZE
[NO. OF DAYS WITH]      [WEATHER - DAYS WITH]      9 = BLOWING SNOW
                                                   X = TORNADO
MAX 32 OR BELOW:   0    0.01 INCH OR MORE:   3
MAX 90 OR ABOVE:  27    0.10 INCH OR MORE:   1
MIN 32 OR BELOW:   0    0.50 INCH OR MORE:   0
MIN  0 OR BELOW:   0    1.00 INCH OR MORE:   0

[HDD (BASE 65) ]
TOTAL THIS MO.     0    CLEAR  (SCALE 0-3)  22
DPTR FM NORMAL     M    PTCLDY (SCALE 4-7)   6
TOTAL FM JUL 1     0    CLOUDY (SCALE 8-10)  1
DPTR FM NORMAL     M

[CDD (BASE 65) ]
TOTAL THIS MO.   513
DPTR FM NORMAL     M    [PRESSURE DATA]
TOTAL FM JAN 1  1369    HIGHEST SLP M ON M
DPTR FM NORMAL     M    LOWEST  SLP M ON M

[REMARKS]




U.S. Dept. of Commerce
NOAA National Weather Service
1325 East West Highway
Silver Spring, MD 20910
E-mail: w-nws.webmaster@noaa.gov
Page last modified: May 16, 2007
NATIONAL WEATHER SERVICE: for Safety, for Work, for Fun - FOR LIFE