921
CXUS51 KCLE 011004
CF6ERI
PRELIMINARY LOCAL CLIMATOLOGICAL DATA (WS FORM: F-6)

                                          STATION:   ERIE PA
                                          MONTH:     AUGUST
                                          YEAR:      2014
                                          LATITUDE:   42  4 N
                                          LONGITUDE:  80 11 W

  TEMPERATURE IN F:       :PCPN:    SNOW:  WIND      :SUNSHINE: SKY     :PK WND
================================================================================
1   2   3   4   5  6A  6B    7    8   9   10  11  12  13   14  15   16   17  18
                                     12Z  AVG MX 2MIN
DY MAX MIN AVG DEP HDD CDD  WTR  SNW DPTH SPD SPD DIR MIN PSBL S-S WX    SPD DR
================================================================================

 1  81  65  73   1   0   8 0.09  0.0    0  5.8 20 320   M    M   1 3      28 260
 2  79  64  72   0   0   7 0.86  0.0    0  6.8 20 330   M    M   3 13     28 260
 3  76  63  70  -2   0   5    T  0.0    0  3.3 10 330   M    M   5 1      13 340
 4  82  61  72   0   0   7 0.00  0.0    0  5.7 12 270   M    M   0 1      15 270
 5  79  63  71   0   0   6 0.03  0.0    0  3.7 22 350   M    M   3 1      32 360
 6  74  61  68  -3   0   3 0.00  0.0    0  4.9 10  10   M    M   3        15  10
 7  74  58  66  -5   0   1 0.00  0.0    0  3.9 10 300   M    M   0        14 310
 8  76  58  67  -4   0   2 0.00  0.0    0  4.1 12  20   M    M   0        15 360
 9  79  59  69  -2   0   4 0.00  0.0    0  6.7 20  30   M    M   0        25  50
10  82  64  73   2   0   8 0.00  0.0    0  8.8 18  40   M    M   1        23  30
11  81  68  75   4   0  10 0.04  0.0    0 15.6 28 150   M    M   3        41 170
12  80  66  73   2   0   8 0.84  0.0    0 10.0 22 170   M    M   6 13     29 290
13  71  55  63  -8   2   0 0.01  0.0    0  9.8 18 310   M    M   6        26 310
14  67  54  61 -10   4   0 0.00  0.0    0  9.1 17 290   M    M   7        25 290
15  69  51  60 -11   5   0 0.00  0.0    0  8.5 17 280   M    M   2        24 290
16  75  56  66  -5   0   1 0.11  0.0    0  8.9 17 260   M    M   3        25 260
17  74  58  66  -5   0   1    T  0.0    0  5.6 13  10   M    M   3        16  20
18  74  56  65  -6   0   0 0.00  0.0    0  5.9 16  40   M    M   0        21  40
19  83  56  70   0   0   5 0.28  0.0    0  3.9 21 270   M    M   1 1      28 270
20  82  66  74   4   0   9 0.42  0.0    0  9.2 18 250   M    M   5 1      25 250
21  81  67  74   4   0   9 0.00  0.0    0  4.4 10 310   M    M   4        14 300
22  80  66  73   3   0   8    T  0.0    0  4.1 10  20   M    M   6 18     13  10
23  75  64  70   0   0   5 0.00  0.0    0  9.7 17  30   M    M   8 18     21  40
24  79  64  72   2   0   7 0.00  0.0    0  6.1 13  30   M    M   3        18 160
25  83  63  73   3   0   8 0.00  0.0    0  9.6 20 150   M    M   1        23 150
26  88  67  78   8   0  13 0.00  0.0    0 10.0 16 220   M    M   2 8      23 170
27  76  65  71   2   0   6 0.00  0.0    0  7.5 14 340   M    M   5 18     20 330
28  70  56  63  -6   2   0 0.00  0.0    0  6.2 14  10   M    M   1        17 320
29  78  54  66  -3   0   1 0.00  0.0    0  6.4 15 160   M    M   0        18 160
30  91  66  79  10   0  14 0.00  0.0    0 13.6 21 200   M    M   2        26 190
31  81  71  76   7   0  11 0.64  0.0    0  8.1 18 190   M    M   6 18     26 220
================================================================================
SM 2420 1905        13 167  3.32     0.0 225.9          M       90
================================================================================
AV 78.1 61.5                               7.3 FASTST   M    M   3    MAX(MPH)
                                 MISC ---->  # 28 150               # 41  170
================================================================================
NOTES:
# LAST OF SEVERAL OCCURRENCES

COLUMN 17 PEAK WIND IN M.P.H.

PRELIMINARY LOCAL CLIMATOLOGICAL DATA (WS FORM: F-6) , PAGE 2

                                          STATION:  ERIE PA
                                          MONTH:    AUGUST
                                          YEAR:     2014
                                          LATITUDE:   42  4 N
                                          LONGITUDE:  80 11 W

[TEMPERATURE DATA]      [PRECIPITATION DATA]       SYMBOLS USED IN COLUMN 16

AVERAGE MONTHLY: 69.8   TOTAL FOR MONTH:   3.32    1 = FOG OR MIST
DPTR FM NORMAL:  -0.7   DPTR FM NORMAL:   -0.15    2 = FOG REDUCING VISIBILITY
HIGHEST:    91 ON 30    GRTST 24HR  0.95 ON  1- 2      TO 1/4 MILE OR LESS
LOWEST:     51 ON 15                               3 = THUNDER
                        SNOW, ICE PELLETS, HAIL    4 = ICE PELLETS
                        TOTAL MONTH:   0.0 INCH    5 = HAIL
                        GRTST 24HR     0.0         6 = FREEZING RAIN OR DRIZZLE
                        GRTST DEPTH:   0           7 = DUSTSTORM OR SANDSTORM:
                                                       VSBY 1/2 MILE OR LESS
                                                   8 = SMOKE OR HAZE
[NO. OF DAYS WITH]      [WEATHER - DAYS WITH]      9 = BLOWING SNOW
                                                   X = TORNADO
MAX 32 OR BELOW:   0    0.01 INCH OR MORE:  10
MAX 90 OR ABOVE:   1    0.10 INCH OR MORE:   6
MIN 32 OR BELOW:   0    0.50 INCH OR MORE:   3
MIN  0 OR BELOW:   0    1.00 INCH OR MORE:   0

[HDD (BASE 65) ]
TOTAL THIS MO.    13    CLEAR  (SCALE 0-3)  18
DPTR FM NORMAL     2    PTCLDY (SCALE 4-7)  12
TOTAL FM JUL 1    18    CLOUDY (SCALE 8-10)  1
DPTR FM NORMAL     0

[CDD (BASE 65) ]
TOTAL THIS MO.   167
DPTR FM NORMAL   -16    [PRESSURE DATA]
TOTAL FM JAN 1   516    HIGHEST SLP M ON M
DPTR FM NORMAL   -42    LOWEST  SLP 29.69 ON 12

[REMARKS]
#FINAL-08-14#




U.S. Dept. of Commerce
NOAA National Weather Service
1325 East West Highway
Silver Spring, MD 20910
E-mail: w-nws.webmaster@noaa.gov
Page last modified: May 16, 2007
NATIONAL WEATHER SERVICE: for Safety, for Work, for Fun - FOR LIFE