576
CXUS51 KCLE 241004
CF6ERI
PRELIMINARY LOCAL CLIMATOLOGICAL DATA (WS FORM: F-6)

                                          STATION:   ERIE PA
                                          MONTH:     NOVEMBER
                                          YEAR:      2014
                                          LATITUDE:   42  4 N
                                          LONGITUDE:  80 11 W

  TEMPERATURE IN F:       :PCPN:    SNOW:  WIND      :SUNSHINE: SKY     :PK WND
================================================================================
1   2   3   4   5  6A  6B    7    8   9   10  11  12  13   14  15   16   17  18
                                     12Z  AVG MX 2MIN
DY MAX MIN AVG DEP HDD CDD  WTR  SNW DPTH SPD SPD DIR MIN PSBL S-S WX    SPD DR
================================================================================

 1  44  37  41  -7  24   0 0.10    T    0 15.4 24  30   M    M  10 18     32  20
 2  44  36  40  -8  25   0    T    T    0 10.0 21  10   M    M   7        28  10
 3  57  36  47  -1  18   0    T  0.0    0 12.1 21 200   M    M   1        26 200
 4  67  54  61  14   4   0 0.21  0.0    0 15.8 22 210   M    M   7 1      37 220
 5  53  42  48   1  17   0 0.00  0.0    0 10.4 22 250   M    M   2        29 280
 6  51  41  46  -1  19   0 0.01  0.0    0  8.1 16 150   M    M   7        21 160
 7  47  37  42  -4  23   0 0.04  0.0    0 12.2 22 330   M    M  10 1      31 320
 8  46  36  41  -5  24   0 0.08  0.0    0 13.3 24 180   M    M  10 1      30 270
 9  49  40  45  -1  20   0    T  0.0    0 12.3 22 210   M    M  10        26 210
10  63  46  55  10  10   0 0.00  0.0    0 11.0 23 170   M    M   5        34 160
11  69  49  59  14   6   0 0.04  0.0    0 16.7 28 200   M    M   4 1      35 250
12  49  36  43  -2  22   0 0.06  0.0    0 13.8 23 260   M    M   9 18     33 290
13  36  30  33 -11  32   0 1.29 12.6    1  8.2 17 280   M    M  10 12     24 290
14  36  30  33 -11  32   0 0.05  0.7    9 12.5 21 300   M    M  10 8      29 310
15  37  24  31 -13  34   0 0.23  2.3    8  8.0 15 220   M    M   6 18     19 220
16  36  28  32 -11  33   0 0.01  0.1    6  8.6 17 210   M    M   8 18     20 220
17  36  20  28 -15  37   0 0.34  1.8    5 11.3 31 220   M    M  10 18     41 210
18  20  14  17 -25  48   0 0.03  0.7    5 24.6 32 220   M    M  10 8      44 210
19  34  12  23 -19  42   0 0.03  0.5    0 19.2 29 220   M    M   6 8      38 200
20  31  22  27 -15  38   0 0.29  5.4    6 18.7 28 270   M    M  10 128    42 310
21  26  18  22 -19  43   0    T    T    7 10.7 21 290   M    M   8 8      32 270
22  49  19  34  -7  31   0 0.21    T    6 18.2 29 200   M    M   7 16     39 190
23  57  45  51  11  14   0 0.09  0.0    0 15.6 29 150   M    M   6 1      40 140
================================================================================
SM 1037  752       596   0  3.11    24.1 306.7          M      173
================================================================================
AV 45.1 32.7                              13.3 FASTST   M    M   8    MAX(MPH)
                                 MISC ---->  # 32 220               # 44  210
================================================================================
NOTES:
# LAST OF SEVERAL OCCURRENCES

COLUMN 17 PEAK WIND IN M.P.H.

PRELIMINARY LOCAL CLIMATOLOGICAL DATA (WS FORM: F-6) , PAGE 2

                                          STATION:  ERIE PA
                                          MONTH:    NOVEMBER
                                          YEAR:     2014
                                          LATITUDE:   42  4 N
                                          LONGITUDE:  80 11 W

[TEMPERATURE DATA]      [PRECIPITATION DATA]       SYMBOLS USED IN COLUMN 16

AVERAGE MONTHLY: 38.9   TOTAL FOR MONTH:   3.11    1 = FOG OR MIST
DPTR FM NORMAL:  -5.6   DPTR FM NORMAL:    0.09    2 = FOG REDUCING VISIBILITY
HIGHEST:    69 ON 11    GRTST 24HR  1.61 ON 12-13      TO 1/4 MILE OR LESS
LOWEST:     12 ON 19                               3 = THUNDER
                        SNOW, ICE PELLETS, HAIL    4 = ICE PELLETS
                        TOTAL MONTH:  24.1 INCHES  5 = HAIL
                        GRTST 24HR  12.6 ON   M    6 = FREEZING RAIN OR DRIZZLE
                        GRTST DEPTH:   9 ON 14     7 = DUSTSTORM OR SANDSTORM:
                                                       VSBY 1/2 MILE OR LESS
                                                   8 = SMOKE OR HAZE
[NO. OF DAYS WITH]      [WEATHER - DAYS WITH]      9 = BLOWING SNOW
                                                   X = TORNADO
MAX 32 OR BELOW:   3    0.01 INCH OR MORE:  17
MAX 90 OR ABOVE:   0    0.10 INCH OR MORE:   7
MIN 32 OR BELOW:  10    0.50 INCH OR MORE:   1
MIN  0 OR BELOW:   0    1.00 INCH OR MORE:   1

[HDD (BASE 65) ]
TOTAL THIS MO.   596    CLEAR  (SCALE 0-3)   2
DPTR FM NORMAL   126    PTCLDY (SCALE 4-7)   9
TOTAL FM JUL 1  1043    CLOUDY (SCALE 8-10) 12
DPTR FM NORMAL    70

[CDD (BASE 65) ]
TOTAL THIS MO.     0
DPTR FM NORMAL     0    [PRESSURE DATA]
TOTAL FM JAN 1   603    HIGHEST SLP M ON M
DPTR FM NORMAL   -35    LOWEST  SLP 29.41 ON 23

[REMARKS]




U.S. Dept. of Commerce
NOAA National Weather Service
1325 East West Highway
Silver Spring, MD 20910
E-mail: w-nws.webmaster@noaa.gov
Page last modified: May 16, 2007
NATIONAL WEATHER SERVICE: for Safety, for Work, for Fun - FOR LIFE