222
CXUS51 KCLE 281004
CF6ERI
PRELIMINARY LOCAL CLIMATOLOGICAL DATA (WS FORM: F-6)

                                          STATION:   ERIE PA
                                          MONTH:     JULY
                                          YEAR:      2014
                                          LATITUDE:   42  4 N
                                          LONGITUDE:  80 11 W

  TEMPERATURE IN F:       :PCPN:    SNOW:  WIND      :SUNSHINE: SKY     :PK WND
================================================================================
1   2   3   4   5  6A  6B    7    8   9   10  11  12  13   14  15   16   17  18
                                     12Z  AVG MX 2MIN
DY MAX MIN AVG DEP HDD CDD  WTR  SNW DPTH SPD SPD DIR MIN PSBL S-S WX    SPD DR
================================================================================

 1  84  73  79   8   0  14 0.01  0.0    0 12.6 22 180   M    M   3 3      37 190
 2  82  71  77   6   0  12 0.06  0.0    0  5.9 15 230   M    M   5 3      20 230
 3  73  64  69  -2   0   4 0.01  0.0    0  8.2 17 260   M    M   9        24 260
 4  71  59  65  -6   0   0 0.00  0.0    0  9.0 15 300   M    M   3        23 280
 5  76  52  64  -7   1   0 0.00  0.0    0  6.3 14 290   M    M   0        17 290
 6  80  60  70  -1   0   5 0.00  0.0    0 11.6 21 200   M    M   1        26 210
 7  83  68  76   4   0  11 0.25  0.0    0 12.7 22 190   M    M   7 13     33 210
 8  78  65  72   0   0   7 1.64  0.0    0 11.5 17 250   M    M   2 138    41 280
 9  73  59  66  -6   0   1 0.00  0.0    0  6.0 13 300   M    M   5        16 300
10  74  57  66  -6   0   1 0.00  0.0    0  5.8 17  20   M    M   2        21  20
11  78  57  68  -4   0   3 0.00  0.0    0  3.3 10  10   M    M   1        14 350
12  83  63  73   1   0   8 0.00  0.0    0  5.7 12 180   M    M   1        16 180
13  81  70  76   4   0  11 0.08  0.0    0 12.0 26 260   M    M   3 8      36 250
14  81  66  74   2   0   9 0.00  0.0    0  6.4 13 260   M    M   2        18 250
15  75  64  70  -2   0   5 0.06  0.0    0 10.9 21 270   M    M   5 1      30 270
16  68  59  64  -8   1   0    T  0.0    0  9.1 20 280   M    M   8        26 270
17  72  53  63  -9   2   0    T  0.0    0  6.5 15 270   M    M   3        21 290
18  77  56  67  -5   0   2 0.00  0.0    0  6.0 12  50   M    M   0        14  40
19  69  64  67  -5   0   2 0.38  0.0    0  9.1 18 150   M    M   9 18     23 150
20  77  65  71  -1   0   6 0.00  0.0    0  6.1 16 160   M    M   6 18     22 160
21  79  65  72   0   0   7 0.00  0.0    0  2.3  8 350   M    M   0         M  M
22  86  66  76   4   0  11 0.00  0.0    0  4.4  9 200   M    M   0        13 270
23  78  64  71  -1   0   6 0.06  0.0    0  9.2 16  10   M    M   8 18     21  20
24  72  56  64  -8   1   0 0.00  0.0    0  8.4 20  30   M    M   4 8      23  50
25  75  54  65  -7   0   0 0.00  0.0    0  5.7 13 290   M    M   0        17 290
26  82  63  73   1   0   8    T  0.0    0  8.1 17 200   M    M   4        23 200
27  83  64  74   2   0   9 0.46  0.0    0  8.6 24 200   M    M   5 138    32 160
================================================================================
SM 2090 1677         5 142  3.01     0.0 211.4          M       96
================================================================================
AV 77.4 62.1                               7.8 FASTST   M    M   4    MAX(MPH)
                                 MISC ---->  # 26 260                 41    M
================================================================================
NOTES:
# LAST OF SEVERAL OCCURRENCES

COLUMN 17 PEAK WIND IN M.P.H.

PRELIMINARY LOCAL CLIMATOLOGICAL DATA (WS FORM: F-6) , PAGE 2

                                          STATION:  ERIE PA
                                          MONTH:    JULY
                                          YEAR:     2014
                                          LATITUDE:   42  4 N
                                          LONGITUDE:  80 11 W

[TEMPERATURE DATA]      [PRECIPITATION DATA]       SYMBOLS USED IN COLUMN 16

AVERAGE MONTHLY: 69.8   TOTAL FOR MONTH:   3.01    1 = FOG OR MIST
DPTR FM NORMAL:  -2.0   DPTR FM NORMAL:   -0.05    2 = FOG REDUCING VISIBILITY
HIGHEST:    86 ON 22    GRTST 24HR  1.64 ON  8- 8      TO 1/4 MILE OR LESS
LOWEST:     52 ON  5                               3 = THUNDER
                        SNOW, ICE PELLETS, HAIL    4 = ICE PELLETS
                        TOTAL MONTH:   0.0 INCH    5 = HAIL
                        GRTST 24HR     0.0         6 = FREEZING RAIN OR DRIZZLE
                        GRTST DEPTH:   0           7 = DUSTSTORM OR SANDSTORM:
                                                       VSBY 1/2 MILE OR LESS
                                                   8 = SMOKE OR HAZE
[NO. OF DAYS WITH]      [WEATHER - DAYS WITH]      9 = BLOWING SNOW
                                                   X = TORNADO
MAX 32 OR BELOW:   0    0.01 INCH OR MORE:  10
MAX 90 OR ABOVE:   0    0.10 INCH OR MORE:   4
MIN 32 OR BELOW:   0    0.50 INCH OR MORE:   1
MIN  0 OR BELOW:   0    1.00 INCH OR MORE:   1

[HDD (BASE 65) ]
TOTAL THIS MO.     5    CLEAR  (SCALE 0-3)  15
DPTR FM NORMAL     3    PTCLDY (SCALE 4-7)  10
TOTAL FM JUL 1     5    CLOUDY (SCALE 8-10)  2
DPTR FM NORMAL     3

[CDD (BASE 65) ]
TOTAL THIS MO.   142
DPTR FM NORMAL   -45    [PRESSURE DATA]
TOTAL FM JAN 1   346    HIGHEST SLP M ON M
DPTR FM NORMAL    -3    LOWEST  SLP 29.61 ON 27

[REMARKS]




U.S. Dept. of Commerce
NOAA National Weather Service
1325 East West Highway
Silver Spring, MD 20910
E-mail: w-nws.webmaster@noaa.gov
Page last modified: May 16, 2007
NATIONAL WEATHER SERVICE: for Safety, for Work, for Fun - FOR LIFE