435
CXUS51 KCLE 211004
CF6ERI
PRELIMINARY LOCAL CLIMATOLOGICAL DATA (WS FORM: F-6)

                                          STATION:   ERIE PA
                                          MONTH:     APRIL
                                          YEAR:      2014
                                          LATITUDE:   42  4 N
                                          LONGITUDE:  80 11 W

  TEMPERATURE IN F:       :PCPN:    SNOW:  WIND      :SUNSHINE: SKY     :PK WND
================================================================================
1   2   3   4   5  6A  6B    7    8   9   10  11  12  13   14  15   16   17  18
                                     12Z  AVG MX 2MIN
DY MAX MIN AVG DEP HDD CDD  WTR  SNW DPTH SPD SPD DIR MIN PSBL S-S WX    SPD DR
================================================================================

 1  73  39  56  14   9   0 0.00  0.0    0 15.7 26 200   M    M   1        36 190
 2  45  34  40  -2  25   0 0.00  0.0    0  5.6 15 270   M    M   1        20 280
 3  40  31  36  -6  29   0 0.10  0.0    0 10.8 18  50   M    M   6 1      23  50
 4  58  35  47   4  18   0 0.35  0.0    0 15.8 32 250   M    M  10 13     53 240
 5  40  30  35  -8  30   0 0.00  0.0    0 12.8 30 260   M    M   6        44 260
 6  48  29  39  -5  26   0 0.00  0.0    0  4.8 12  40   M    M   0        14  40
 7  54  34  44   0  21   0 0.68  0.0    0  8.3 22 140   M    M   6 1      30 140
 8  49  35  42  -2  23   0 0.18    T    0  9.1 21 260   M    M   5 18     30 270
 9  46  32  39  -6  26   0    T  0.0    0  7.0 18 280   M    M   2 18     21 290
10  71  41  56  11   9   0 0.32  0.0    0 18.5 39 200   M    M   4 1      48 200
11  55  41  48   2  17   0 0.02  0.0    0  4.1 14 260   M    M   5 12     20 260
12  70  47  59  13   6   0 0.00  0.0    0  9.1 20 180   M    M   2        26 170
13  80  45  63  17   2   0    T  0.0    0 11.0 29 210   M    M   4 8      37 210
14  74  40  57  10   8   0 0.35  0.0    0 14.2 31 210   M    M   5 1      45 210
15  41  27  34 -13  31   0 0.45  1.2    T 11.6 20 280   M    M   7 126    26 280
16  37  21  29 -18  36   0 0.00  0.0    1  6.7 15  40   M    M   0        18  40
17  64  29  47  -1  18   0 0.00  0.0    0 13.6 25 160   M    M   0        36 150
18  61  44  53   5  12   0 0.00  0.0    0 10.6 23 150   M    M   1 8      30 170
19  49  35  42  -6  23   0 0.00  0.0    0 10.0 20  30   M    M   0        26  30
20  68  36  52   3  13   0 0.00  0.0    0  7.3 18 150   M    M   0        23 150
================================================================================
SM 1123  705       382   0  2.45     1.2 206.6          M       65
================================================================================
AV 56.2 35.2                              10.3 FASTST   M    M   3    MAX(MPH)
                                 MISC ---->  # 39 200               # 53  240
================================================================================
NOTES:
# LAST OF SEVERAL OCCURRENCES

COLUMN 17 PEAK WIND IN M.P.H.

PRELIMINARY LOCAL CLIMATOLOGICAL DATA (WS FORM: F-6) , PAGE 2

                                          STATION:  ERIE PA
                                          MONTH:    APRIL
                                          YEAR:     2014
                                          LATITUDE:   42  4 N
                                          LONGITUDE:  80 11 W

[TEMPERATURE DATA]      [PRECIPITATION DATA]       SYMBOLS USED IN COLUMN 16

AVERAGE MONTHLY: 45.7   TOTAL FOR MONTH:   2.45    1 = FOG OR MIST
DPTR FM NORMAL:   0.4   DPTR FM NORMAL:    0.16    2 = FOG REDUCING VISIBILITY
HIGHEST:    80 ON 13    GRTST 24HR  0.86 ON  7- 8      TO 1/4 MILE OR LESS
LOWEST:     21 ON 16                               3 = THUNDER
                        SNOW, ICE PELLETS, HAIL    4 = ICE PELLETS
                        TOTAL MONTH:   1.2 INCHES  5 = HAIL
                        GRTST 24HR   1.2 ON   M    6 = FREEZING RAIN OR DRIZZLE
                        GRTST DEPTH:   1 ON 16     7 = DUSTSTORM OR SANDSTORM:
                                                       VSBY 1/2 MILE OR LESS
                                                   8 = SMOKE OR HAZE
[NO. OF DAYS WITH]      [WEATHER - DAYS WITH]      9 = BLOWING SNOW
                                                   X = TORNADO
MAX 32 OR BELOW:   0    0.01 INCH OR MORE:   8
MAX 90 OR ABOVE:   0    0.10 INCH OR MORE:   7
MIN 32 OR BELOW:   7    0.50 INCH OR MORE:   1
MIN  0 OR BELOW:   0    1.00 INCH OR MORE:   0

[HDD (BASE 65) ]
TOTAL THIS MO.   382    CLEAR  (SCALE 0-3)  10
DPTR FM NORMAL   -15    PTCLDY (SCALE 4-7)   9
TOTAL FM JUL 1  6342    CLOUDY (SCALE 8-10)  1
DPTR FM NORMAL   669

[CDD (BASE 65) ]
TOTAL THIS MO.     0
DPTR FM NORMAL     0    [PRESSURE DATA]
TOTAL FM JAN 1     0    HIGHEST SLP M ON M
DPTR FM NORMAL    -1    LOWEST  SLP 29.33 ON  8

[REMARKS]




U.S. Dept. of Commerce
NOAA National Weather Service
1325 East West Highway
Silver Spring, MD 20910
E-mail: w-nws.webmaster@noaa.gov
Page last modified: May 16, 2007
NATIONAL WEATHER SERVICE: for Safety, for Work, for Fun - FOR LIFE