555
CXUS51 KCLE 011004
CF6ERI
PRELIMINARY LOCAL CLIMATOLOGICAL DATA (WS FORM: F-6)

                                          STATION:   ERIE PA
                                          MONTH:     JANUARY
                                          YEAR:      2015
                                          LATITUDE:   42  4 N
                                          LONGITUDE:  80 11 W

  TEMPERATURE IN F:       :PCPN:    SNOW:  WIND      :SUNSHINE: SKY     :PK WND
================================================================================
1   2   3   4   5  6A  6B    7    8   9   10  11  12  13   14  15   16   17  18
                                     12Z  AVG MX 2MIN
DY MAX MIN AVG DEP HDD CDD  WTR  SNW DPTH SPD SPD DIR MIN PSBL S-S WX    SPD DR
================================================================================

 1  34  19  27  -1  38   0 0.02  0.3    1 18.0 28 220   M    M   7        38 220
 2  32  24  28   0  37   0 0.14  1.6    2  8.9 18 230   M    M   8 18     24 230
 3  55  23  39  11  26   0 0.71  0.0    1 14.1 30 160   M    M   7 168    38 150
 4  59  27  43  15  22   0 0.59  0.7    0 16.7 28 260   M    M  10 18     45 260
 5  27  11  19  -9  46   0 0.06  2.8    1 19.0 30 270   M    M  10 128    43 270
 6  17  11  14 -14  51   0 0.30  5.9    2 14.2 22 200   M    M  10 128    31 200
 7  18   9  14 -14  51   0 0.05  2.4    5 17.3 31 290   M    M   9 128    42 290
 8  14   5  10 -18  55   0 0.04  0.9    3 18.4 32 200   M    M   5 18     41 180
 9  21   7  14 -14  51   0 0.29  6.3    5 19.9 29 210   M    M  10 128    41 200
10  17   2  10 -17  55   0 0.06  1.5    7 16.2 22 200   M    M   5 189    28 190
11  36  17  27   0  38   0 0.06  0.6    6 12.2 21 210   M    M  10 18     30 200
12  33  21  27   0  38   0 0.43  4.1    7  9.1 20  30   M    M  10 128    26  30
13  21  -1  10 -17  55   0    T  0.6    8  8.7 18  50   M    M   5 8      24  40
14  23   0  12 -15  53   0 0.00  0.0    8  7.4 17 160   M    M   2 1      21 150
15  30   6  18  -9  47   0    T    T    7 12.4 24 200   M    M   7 1      33 220
16  32   5  19  -8  46   0 0.01  0.2    6 10.2 24 250   M    M   8 18     35 250
17  47   3  25  -2  40   0 0.00  0.0    6 16.1 29 200   M    M   1        40 190
18  46  32  39  12  26   0 0.13  0.2    4 14.1 23 250   M    M  10 18     33 280
19  32  27  30   3  35   0 0.02  0.2    3  6.9 13 270   M    M  10 18     19 250
20  27  17  22  -5  43   0 0.00  0.0    2  5.3 12  50   M    M   8        14  40
21  30  14  22  -5  43   0 0.15  2.3    2  4.1 13  50   M    M   7 18     15  50
22  28  20  24  -3  41   0 0.02  0.4    4  7.3 15 260   M    M   8 18     19 240
23  32  20  26  -1  39   0 0.00  0.0    4  6.7 15 200   M    M   6 18     18 210
24  33  22  28   1  37   0 0.03  0.0    4  9.6 21 260   M    M   9 168    30 260
25  33  17  25  -2  40   0 0.03  0.6    4 13.4 23  60   M    M   8 18     29  60
26  22  17  20  -7  45   0 0.05  0.7    4 12.2 20  40   M    M  10 8      24  60
27  21  13  17 -10  48   0 0.09  1.8    5  8.2 18  20   M    M  10 18     23  30
28  24   1  13 -14  52   0 0.00  0.0    5  4.9 12 180   M    M   0 18     16 170
29  36  22  29   2  36   0 0.43  2.5    4 15.1 29 150   M    M   9 1268   39 150
30  31  14  23  -4  42   0 0.03  0.6    5 11.9 23 290   M    M  10 18     33 300
31  28   8  18  -9  47   0    T  0.2    5  8.7 14 190   M    M   8        19 180
================================================================================
SM  939  433      1323   0  3.74    37.4 367.2          M      237
================================================================================
AV 30.3 14.0                              11.8 FASTST   M    M   8    MAX(MPH)
                                 MISC ---->  # 32 200               # 45  260
================================================================================
NOTES:
# LAST OF SEVERAL OCCURRENCES

COLUMN 17 PEAK WIND IN M.P.H.

PRELIMINARY LOCAL CLIMATOLOGICAL DATA (WS FORM: F-6) , PAGE 2

                                          STATION:  ERIE PA
                                          MONTH:    JANUARY
                                          YEAR:     2015
                                          LATITUDE:   42  4 N
                                          LONGITUDE:  80 11 W

[TEMPERATURE DATA]      [PRECIPITATION DATA]       SYMBOLS USED IN COLUMN 16

AVERAGE MONTHLY: 22.1   TOTAL FOR MONTH:   3.74    1 = FOG OR MIST
DPTR FM NORMAL:  -5.1   DPTR FM NORMAL:    0.79    2 = FOG REDUCING VISIBILITY
HIGHEST:    59 ON  4    GRTST 24HR  1.21 ON  3- 4      TO 1/4 MILE OR LESS
LOWEST:     -1 ON 13                               3 = THUNDER
                        SNOW, ICE PELLETS, HAIL    4 = ICE PELLETS
                        TOTAL MONTH:  37.4 INCHES  5 = HAIL
                        GRTST 24HR   6.3 ON   M    6 = FREEZING RAIN OR DRIZZLE
                        GRTST DEPTH:   8 ON 14,13  7 = DUSTSTORM OR SANDSTORM:
                                                       VSBY 1/2 MILE OR LESS
                                                   8 = SMOKE OR HAZE
[NO. OF DAYS WITH]      [WEATHER - DAYS WITH]      9 = BLOWING SNOW
                                                   X = TORNADO
MAX 32 OR BELOW:  21    0.01 INCH OR MORE:  23
MAX 90 OR ABOVE:   0    0.10 INCH OR MORE:   9
MIN 32 OR BELOW:  31    0.50 INCH OR MORE:   2
MIN  0 OR BELOW:   2    1.00 INCH OR MORE:   0

[HDD (BASE 65) ]
TOTAL THIS MO.  1323    CLEAR  (SCALE 0-3)   3
DPTR FM NORMAL   153    PTCLDY (SCALE 4-7)  12
TOTAL FM JUL 1  3430    CLOUDY (SCALE 8-10) 16
DPTR FM NORMAL    92

[CDD (BASE 65) ]
TOTAL THIS MO.     0
DPTR FM NORMAL     0    [PRESSURE DATA]
TOTAL FM JAN 1     0    HIGHEST SLP M ON M
DPTR FM NORMAL     0    LOWEST  SLP 29.56 ON 24

[REMARKS]
#FINAL-01-15#




U.S. Dept. of Commerce
NOAA National Weather Service
1325 East West Highway
Silver Spring, MD 20910
E-mail: w-nws.webmaster@noaa.gov
Page last modified: May 16, 2007
NATIONAL WEATHER SERVICE: for Safety, for Work, for Fun - FOR LIFE