984
CXUS56 KOTX 010900
CF6EPH
PRELIMINARY LOCAL CLIMATOLOGICAL DATA (WS FORM: F-6)

                                          STATION:   EPHRATA WA AIRPORT
                                          MONTH:     AUGUST
                                          YEAR:      2014
                                          LATITUDE:   47 18 N
                                          LONGITUDE: 119 31 W

  TEMPERATURE IN F:       :PCPN:    SNOW:  WIND      :SUNSHINE: SKY     :PK WND
================================================================================
1   2   3   4   5  6A  6B    7    8   9   10  11  12  13   14  15   16   17  18
                                     12Z  AVG MX 2MIN
DY MAX MIN AVG DEP HDD CDD  WTR  SNW DPTH SPD SPD DIR MIN PSBL S-S WX    SPD DR
================================================================================

 1 102  67  85   9   0  20 0.00    M    M  7.9 16  10   M    M   0        19  70
 2 100  71  86  10   0  21    T    M    M  8.7 26  30   M    M   0 8      39  40
 3  99  67  83   7   0  18 0.00    M    M  6.4 15 310   M    M   0        19 200
 4 102  76  89  13   0  24 0.00    M    M  8.1 23 320   M    M   0        28 320
 5 100  68  84   9   0  19 0.00    M    M 11.2 26 310   M    M   0        34 300
 6  94  72  83   8   0  18 0.00    M    M 10.8 28 320   M    M   0        34 320
 7  92  62  77   2   0  12 0.00    M    M 10.9 25 310   M    M   0        29 300
 8  89  65  77   2   0  12 0.00    M    M  9.1 24 310   M    M   0        32 310
 9  90  61  76   1   0  11 0.00    M    M  6.0 18 300   M    M   0        22 310
10  99  57  78   4   0  13 0.00    M    M  5.7 13 240   M    M   0 8      15 350
11 102  69  86  12   0  21    T    M    M  5.3 26  90   M    M   1 8      32  90
12 100  68  84  10   0  19 0.04    M    M  9.8 36 210   M    M   4 8      42 200
13  88  61  75   1   0  10    T    M    M  5.7 16 230   M    M   2 13     20 230
14  77  63  70  -4   0   5 0.11    M    M  7.9 24 300   M    M   4 13     31 300
15  80  61  71  -2   0   6 0.68    M    M  6.2 22 190   M    M   6 1      26 190
16  85  60  73   0   0   8 0.00    M    M  4.7 14 300   M    M   0 18     17 310
17  90  64  77   4   0  12 0.00    M    M  5.4 16 310   M    M   0        19 310
18  94  69  82   9   0  17 0.00    M    M  6.5 18 300   M    M   0        22 310
19  95  68  82  10   0  17 0.00    M    M 11.6 25 320   M    M   1        32 300
20  87  63  75   3   0  10 0.00    M    M 10.0 21 210   M    M   1        26 300
21  82  59  71  -1   0   6 0.00    M    M  9.4 31 350   M    M   1        36 350
22  82  61  72   0   0   7    T    M    M 15.0 25 360   M    M   2        31 360
23  84  60  72   1   0   7 0.00    M    M  6.9 15 350   M    M   1        19 340
24  81  58  70  -1   0   5 0.00    M    M 10.6 24  30   M    M   2        29  30
25  86  60  73   2   0   8 0.00    M    M  7.0 14 210   M    M   1        20 270
26  89  57  73   3   0   8 0.00    M    M  4.8 14 210   M    M   0        19 210
27  93  60  77   7   0  12 0.00    M    M  8.9 25 310   M    M   0        29 310
28  91  65  78   8   0  13 0.00    M    M 11.8 23 310   M    M   0        29 310
29  86  56  71   1   0   6 0.00    M    M 10.0 25 300   M    M   0        38 300
30  78  55  67  -2   0   2    T    M    M  9.6 23 300   M    M   4        29 310
31  78  58  68  -1   0   3 0.00    M    M 11.5 24 310   M    M   5        29 320
================================================================================
SM 2795 1961         0 370  0.83    M    263.4          M       35
================================================================================
AV 90.2 63.3                               8.5 FASTST   M    M   1    MAX(MPH)
                                 MISC ---->  # 36 210               # 42  200
================================================================================
NOTES:
# LAST OF SEVERAL OCCURRENCES

COLUMN 17 PEAK WIND IN M.P.H.

PRELIMINARY LOCAL CLIMATOLOGICAL DATA (WS FORM: F-6) , PAGE 2

                                          STATION:  EPHRATA WA AIRPORT
                                          MONTH:    AUGUST
                                          YEAR:     2014
                                          LATITUDE:   47 18 N
                                          LONGITUDE: 119 31 W

[TEMPERATURE DATA]      [PRECIPITATION DATA]       SYMBOLS USED IN COLUMN 16

AVERAGE MONTHLY: 76.7   TOTAL FOR MONTH:   0.83    1 = FOG OR MIST
DPTR FM NORMAL:   3.8   DPTR FM NORMAL:    0.64    2 = FOG REDUCING VISIBILITY
HIGHEST:   102 ON 11, 4 GRTST 24HR  0.73 ON 14-15      TO 1/4 MILE OR LESS
LOWEST:     55 ON 30                               3 = THUNDER
                        SNOW, ICE PELLETS, HAIL    4 = ICE PELLETS
                        TOTAL MONTH:    M          5 = HAIL
                        GRTST 24HR    M  ON   M    6 = FREEZING RAIN OR DRIZZLE
                        GRTST DEPTH:  M  ON   M    7 = DUSTSTORM OR SANDSTORM:
                                                       VSBY 1/2 MILE OR LESS
                                                   8 = SMOKE OR HAZE
[NO. OF DAYS WITH]      [WEATHER - DAYS WITH]      9 = BLOWING SNOW
                                                   X = TORNADO
MAX 32 OR BELOW:   0    0.01 INCH OR MORE:   3
MAX 90 OR ABOVE:  16    0.10 INCH OR MORE:   2
MIN 32 OR BELOW:   0    0.50 INCH OR MORE:   1
MIN  0 OR BELOW:   0    1.00 INCH OR MORE:   0

[HDD (BASE 65) ]
TOTAL THIS MO.     0    CLEAR  (SCALE 0-3)  26
DPTR FM NORMAL    -9    PTCLDY (SCALE 4-7)   5
TOTAL FM JUL 1     1    CLOUDY (SCALE 8-10)  0
DPTR FM NORMAL   -16

[CDD (BASE 65) ]
TOTAL THIS MO.   370
DPTR FM NORMAL   116    [PRESSURE DATA]
TOTAL FM JAN 1  1033    HIGHEST SLP M ON M
DPTR FM NORMAL   339    LOWEST  SLP  0.00 ON M

[REMARKS]
#FINAL-08-14#




U.S. Dept. of Commerce
NOAA National Weather Service
1325 East West Highway
Silver Spring, MD 20910
E-mail: w-nws.webmaster@noaa.gov
Page last modified: May 16, 2007
NATIONAL WEATHER SERVICE: for Safety, for Work, for Fun - FOR LIFE