985
CXUS56 KOTX 011500
CF6EPH
PRELIMINARY LOCAL CLIMATOLOGICAL DATA (WS FORM: F-6)

                                          STATION:   EPHRATA WA AIRPORT
                                          MONTH:     JANUARY
                                          YEAR:      2015
                                          LATITUDE:   47 18 N
                                          LONGITUDE: 119 31 W

  TEMPERATURE IN F:       :PCPN:    SNOW:  WIND      :SUNSHINE: SKY     :PK WND
================================================================================
1   2   3   4   5  6A  6B    7    8   9   10  11  12  13   14  15   16   17  18
                                     12Z  AVG MX 2MIN
DY MAX MIN AVG DEP HDD CDD  WTR  SNW DPTH SPD SPD DIR MIN PSBL S-S WX    SPD DR
================================================================================

 1  26  12  19  -7  46   0 0.00    M    M  3.3  9 140   M    M   1        13 150
 2  26  16  21  -6  44   0 0.00    M    M  3.0 14 320   M    M   4        17 310
 3  29  10  20  -7  45   0    T    M    M  4.1 12  10   M    M   5 1      14  10
 4  30  25  28   1  37   0 0.01    M    M  4.0  9  20   M    M  10 18     11  20
 5  39  26  33   6  32   0 0.00    M    M  6.2 13 310   M    M   5 1      15  10
 6  42  33  38  11  27   0 0.00    M    M  7.5 15 300   M    M   1        17 310
 7  44  27  36   9  29   0 0.00    M    M  6.3 12  10   M    M   1        13  10
 8  36  27  32   5  33   0 0.00    M    M  7.9 14 310   M    M   9 1      15 310
 9  35  24  30   2  35   0 0.00    M    M  4.2 12 320   M    M   5        13 320
10  35  31  33   5  32   0 0.00    M    M  1.8  8 330   M    M  10 1       9 330
11  39  32  36   8  29   0 0.00    M    M  4.7 12  40   M    M   9        13  40
12  42  25  34   6  31   0 0.00    M    M  1.8  8 160   M    M   4        10 120
13  35  31  33   5  32   0    T    M    M  3.7  8  40   M    M  10 1       9  30
14  36  32  34   6  31   0    T    M    M  6.0  9 350   M    M  10 1      11 340
15  34  32  33   4  32   0 0.15    M    M  3.1  8 330   M    M  10 12      9  10
16  33  17  25  -4  40   0 0.05    M    M  6.4 13 360   M    M  10 128    15  20
17  35  23  29   0  36   0 0.49    M    M  8.8 15 310   M    M   9 1      18 310
18  50  29  40  11  25   0 0.01    M    M  8.6 23 200   M    M   4 12     28 190
19  52  25  39  10  26   0 0.00    M    M  5.4 16 310   M    M   0        20 310
20  41  27  34   4  31   0 0.00    M    M  6.3  9  50   M    M   2 1       M  M
21  33  25  29  -1  36   0 0.00    M    M  6.4 12  20   M    M  10 1      15  30
22  35  32  34   4  31   0    T    M    M  3.7  7  90   M    M  10 1       8 330
23  35  32  34   4  31   0    T    M    M  4.3  9 160   M    M  10 12     11 170
24  41  32  37   7  28   0 0.00    M    M  6.6 15  10   M    M  10 12     17  10
25  41  33  37   7  28   0 0.00    M    M  7.9 14 320   M    M  10 12     17 330
26  50  33  42  12  23   0 0.00    M    M  4.9 13 350   M    M   3 12     15 350
27  41  32  37   6  28   0 0.00    M    M  3.8  9 220   M    M  10 12     11 220
28  38  32  35   4  30   0 0.00    M    M  5.7 13 350   M    M  10 1      15  20
29  40  36  38   7  27   0 0.00    M    M  4.4 10 350   M    M  10        13 360
30  38  35  37   6  28   0    T    M    M  3.0 12 190   M    M  10 1      13 200
31  37  34  36   5  29   0 0.00    M    M  1.8  8 140   M    M  10 1       9 140
================================================================================
SM 1168  860       992   0  0.71    M    155.6          M      222
================================================================================
AV 37.7 27.7                               5.0 FASTST   M    M   7    MAX(MPH)
                                 MISC ---->  # 23 200               # 28  190
================================================================================
NOTES:
# LAST OF SEVERAL OCCURRENCES

COLUMN 17 PEAK WIND IN M.P.H.

PRELIMINARY LOCAL CLIMATOLOGICAL DATA (WS FORM: F-6) , PAGE 2

                                          STATION:  EPHRATA WA AIRPORT
                                          MONTH:    JANUARY
                                          YEAR:     2015
                                          LATITUDE:   47 18 N
                                          LONGITUDE: 119 31 W

[TEMPERATURE DATA]      [PRECIPITATION DATA]       SYMBOLS USED IN COLUMN 16

AVERAGE MONTHLY: 32.7   TOTAL FOR MONTH:   0.71    1 = FOG OR MIST
DPTR FM NORMAL:   3.9   DPTR FM NORMAL:   -0.20    2 = FOG REDUCING VISIBILITY
HIGHEST:    52 ON 19    GRTST 24HR  0.50 ON 17-18      TO 1/4 MILE OR LESS
LOWEST:     10 ON  3                               3 = THUNDER
                        SNOW, ICE PELLETS, HAIL    4 = ICE PELLETS
                        TOTAL MONTH:    M          5 = HAIL
                        GRTST 24HR    M  ON   M    6 = FREEZING RAIN OR DRIZZLE
                        GRTST DEPTH:  M  ON   M    7 = DUSTSTORM OR SANDSTORM:
                                                       VSBY 1/2 MILE OR LESS
                                                   8 = SMOKE OR HAZE
[NO. OF DAYS WITH]      [WEATHER - DAYS WITH]      9 = BLOWING SNOW
                                                   X = TORNADO
MAX 32 OR BELOW:   4    0.01 INCH OR MORE:   5
MAX 90 OR ABOVE:   0    0.10 INCH OR MORE:   2
MIN 32 OR BELOW:  25    0.50 INCH OR MORE:   0
MIN  0 OR BELOW:   0    1.00 INCH OR MORE:   0

[HDD (BASE 65) ]
TOTAL THIS MO.   992    CLEAR  (SCALE 0-3)   6
DPTR FM NORMAL  -130    PTCLDY (SCALE 4-7)   6
TOTAL FM JUL 1  3067    CLOUDY (SCALE 8-10) 19
DPTR FM NORMAL  -641

[CDD (BASE 65) ]
TOTAL THIS MO.     0
DPTR FM NORMAL     0    [PRESSURE DATA]
TOTAL FM JAN 1     0    HIGHEST SLP 30.61 ON 13
DPTR FM NORMAL     0    LOWEST  SLP 29.77 ON 18

[REMARKS]
#FINAL-01-15#




U.S. Dept. of Commerce
NOAA National Weather Service
1325 East West Highway
Silver Spring, MD 20910
E-mail: w-nws.webmaster@noaa.gov
Page last modified: May 16, 2007
NATIONAL WEATHER SERVICE: for Safety, for Work, for Fun - FOR LIFE