818
CXUS56 KOTX 290900
CF6EPH
PRELIMINARY LOCAL CLIMATOLOGICAL DATA (WS FORM: F-6)

                                          STATION:   EPHRATA WA AIRPORT
                                          MONTH:     JULY
                                          YEAR:      2014
                                          LATITUDE:   47 18 N
                                          LONGITUDE: 119 31 W

  TEMPERATURE IN F:       :PCPN:    SNOW:  WIND      :SUNSHINE: SKY     :PK WND
================================================================================
1   2   3   4   5  6A  6B    7    8   9   10  11  12  13   14  15   16   17  18
                                     12Z  AVG MX 2MIN
DY MAX MIN AVG DEP HDD CDD  WTR  SNW DPTH SPD SPD DIR MIN PSBL S-S WX    SPD DR
================================================================================

 1  97  61  79   8   0  14 0.00    M    M  8.3 16  40   M    M   0        21  40
 2  95  69  82  11   0  17    T    M    M  7.1 21 250   M    M   0        26 260
 3  90  67  79   8   0  14 0.00    M    M  9.8 21 200   M    M   0        28 180
 4  86  55  71  -1   0   6 0.00    M    M  7.7 17 300   M    M   0        20 310
 5  92  61  77   5   0  12 0.00    M    M  9.5 21 320   M    M   0        26 310
 6  95  70  83  11   0  18 0.00    M    M 12.1 24 310   M    M   1        30 320
 7  94  70  82  10   0  17 0.00    M    M  8.8 20 330   M    M   0        23 330
 8  99  67  83  10   0  18 0.00    M    M  8.2 23 300   M    M   1        28 300
 9  99  73  86  13   0  21 0.00    M    M 12.5 28 310   M    M   1 8      34 300
10  96  70  83  10   0  18 0.00    M    M 10.9 25 310   M    M   0 8      31 320
11  99  73  86  12   0  21 0.00    M    M  8.5 20 340   M    M   0        23 340
12 101  68  85  11   0  20 0.00    M    M  6.3 14 220   M    M   0        18 190
13 103  69  86  12   0  21 0.00    M    M  7.9 18 180   M    M   0        23 160
14 103  71  87  13   0  22    T    M    M 11.4 31 270   M    M   0 38     38 280
15 100  69  85  11   0  20 0.00    M    M  6.6 15 190   M    M   0        22 180
16 106  69  88  13   0  23 0.00    M    M  9.1 24 300   M    M   1 8      30 310
17  98  68  83   8   0  18 0.00    M    M 13.2 28 290   M    M   6 8      36 280
18  98  72  85  10   0  20 0.00    M    M 14.1 30 310   M    M   4 8      38 320
19  95  69  82   7   0  17 0.00    M    M 15.0 31 230   M    M   1        39 220
20  85  63  74  -1   0   9 0.00    M    M 12.8 25 300   M    M   0        30 300
21  82  54  68  -8   0   3 0.00    M    M  6.1 15 170   M    M   0        20 160
22  81  66  74  -2   0   9    T    M    M  6.0 17 300   M    M   6        21 300
23  83  53  68  -8   0   3    T    M    M 10.9 38 240   M    M   2 38     48 240
24  79  48  64 -12   1   0 0.00    M    M 13.5 23 200   M    M   3        32 220
25  83  50  67  -9   0   2 0.00    M    M  5.1 17 310   M    M   0        20 310
26  90  55  73  -3   0   8 0.00    M    M  5.8 16 210   M    M   0        22 210
27  97  62  80   4   0  15 0.00    M    M  6.4 13 260   M    M   0        17 230
28 103  72  88  12   0  23 0.00    M    M  8.1 16 290   M    M   0        20 200
================================================================================
SM 2629 1814         1 409    T     M    261.7          M       26
================================================================================
AV 93.9 64.8                               9.3 FASTST   M    M   1    MAX(MPH)
                                 MISC ---->  # 38 240               # 48  240
================================================================================
NOTES:
# LAST OF SEVERAL OCCURRENCES

COLUMN 17 PEAK WIND IN M.P.H.

PRELIMINARY LOCAL CLIMATOLOGICAL DATA (WS FORM: F-6) , PAGE 2

                                          STATION:  EPHRATA WA AIRPORT
                                          MONTH:    JULY
                                          YEAR:     2014
                                          LATITUDE:   47 18 N
                                          LONGITUDE: 119 31 W

[TEMPERATURE DATA]      [PRECIPITATION DATA]       SYMBOLS USED IN COLUMN 16

AVERAGE MONTHLY: 79.3   TOTAL FOR MONTH:      T    1 = FOG OR MIST
DPTR FM NORMAL:   5.3   DPTR FM NORMAL:   -0.36    2 = FOG REDUCING VISIBILITY
HIGHEST:   106 ON 16    GRTST 24HR    T  ON 23-23      TO 1/4 MILE OR LESS
LOWEST:     48 ON 24                               3 = THUNDER
                        SNOW, ICE PELLETS, HAIL    4 = ICE PELLETS
                        TOTAL MONTH:    M          5 = HAIL
                        GRTST 24HR    M  ON   M    6 = FREEZING RAIN OR DRIZZLE
                        GRTST DEPTH:  M  ON   M    7 = DUSTSTORM OR SANDSTORM:
                                                       VSBY 1/2 MILE OR LESS
                                                   8 = SMOKE OR HAZE
[NO. OF DAYS WITH]      [WEATHER - DAYS WITH]      9 = BLOWING SNOW
                                                   X = TORNADO
MAX 32 OR BELOW:   0    0.01 INCH OR MORE:   0
MAX 90 OR ABOVE:  21    0.10 INCH OR MORE:   0
MIN 32 OR BELOW:   0    0.50 INCH OR MORE:   0
MIN  0 OR BELOW:   0    1.00 INCH OR MORE:   0

[HDD (BASE 65) ]
TOTAL THIS MO.     1    CLEAR  (SCALE 0-3)  25
DPTR FM NORMAL    -3    PTCLDY (SCALE 4-7)   3
TOTAL FM JUL 1     1    CLOUDY (SCALE 8-10)  0
DPTR FM NORMAL    -3

[CDD (BASE 65) ]
TOTAL THIS MO.   409
DPTR FM NORMAL   148    [PRESSURE DATA]
TOTAL FM JAN 1   599    HIGHEST SLP  0.00 ON  9
DPTR FM NORMAL   191    LOWEST  SLP  0.00 ON M

[REMARKS]




U.S. Dept. of Commerce
NOAA National Weather Service
1325 East West Highway
Silver Spring, MD 20910
E-mail: w-nws.webmaster@noaa.gov
Page last modified: May 16, 2007
NATIONAL WEATHER SERVICE: for Safety, for Work, for Fun - FOR LIFE