858
CXUS53 KMKX 280655
CF6ENW
PRELIMINARY LOCAL CLIMATOLOGICAL DATA (WS FORM: F-6)

                                          STATION:   KENOSHA WI
                                          MONTH:     NOVEMBER
                                          YEAR:      2014
                                          LATITUDE:   42 35 N
                                          LONGITUDE:  87 56 W

  TEMPERATURE IN F:       :PCPN:    SNOW:  WIND      :SUNSHINE: SKY     :PK WND
================================================================================
1   2   3   4   5  6A  6B    7    8   9   10  11  12  13   14  15   16   17  18
                                     12Z  AVG MX 2MIN
DY MAX MIN AVG DEP HDD CDD  WTR  SNW DPTH SPD SPD DIR MIN PSBL S-S WX    SPD DR
================================================================================

 1  43  24  34 -11  31   0 0.00  0.0    0  6.2 15 350   M    M   7        21 360
 2  52  22  37  -8  28   0 0.00  0.0    0  9.2 18 200   M    M   2 1      24 210
 3  62  42  52   8  13   0    T    M    0 12.5 21 230   M    M   2        32 230
 4  60  42  51   7  14   0 0.03    M    0 15.6 25 270   M    M   6 1      34 260
 5  56  34  45   2  20   0 0.01    M    0  8.7 25 220   M    M   3        35 210
 6  52  37  45   2  20   0 0.01  0.0    0 15.0 29 330   M    M  10 1      39 340
 7  45  27  36  -6  29   0 0.00  0.0    0  8.2 16 200   M    M   3        21 200
 8  47  33  40  -2  25   0 0.03  0.0    0 11.0 24 310   M    M   7        31 310
 9  52  33  43   1  22   0 0.01    M    0  9.7 29 210   M    M   6        39 200
10  59  41  50   9  15   0 0.00  0.0    0 11.4 18 150   M    M   3 1      25 180
11  58  29  44   3  21   0 0.15    M    0 12.3 24 310   M    M   9 18     34 310
12  31  21  26 -14  39   0 0.00  0.0    0 12.2 21 280   M    M   7        26 280
13  30  20  25 -15  40   0    T    M    M 11.6 21 290   M    M  10        26 300
14  29  15  22 -17  43   0    T    M    M  6.9 14 280   M    M   5        19 300
15  31  13  22 -17  43   0 0.04    M    M  5.6 15 250   M    M   4 18     20 240
16  31  16  24 -14  41   0 0.01    M    0  9.2 20 270   M    M   9 18     25 270
17  17   7  12 -26  53   0    T    M    0 15.7 25 260   M    M   2 18     33 250
18  19   9  14 -23  51   0    T    M    0 17.5 25 250   M    M   6        32 260
19  29  16  23 -14  42   0    T    M    0 15.0 30 270   M    M   8        37 290
20  25   9  17 -19  48   0 0.00  0.0    0 14.3 24 270   M    M   0        32 290
21  34   5  20 -16  45   0 0.00  0.0    0  8.9 18 200   M    M   1        25 210
22  50  33  42   7  23   0 0.10    M    0 11.0 23 210   M    M   9 1      31 210
23  52  46  49  14  16   0 0.72    M    0  9.5 18 190   M    M  10 18     23 200
24  47  23  35   1  30   0 0.19    M    0 18.0 35 250   M    M  10 128    41 250
25  25  13  19 -15  46   0    T    M    0 10.4 22 260   M    M   8 18     26 260
26  29   9  19 -14  46   0 0.00  0.0    0  4.9 15 330   M    M   8 18     19 330
27  24   8  16 -17  49   0    T    M    M  8.6 18 300   M    M   7 18     24 300
================================================================================
SM 1089  627       893   0  1.30     0.0 299.1          M      162
================================================================================
AV 40.3 23.2                              11.1 FASTST   M    M   6    MAX(MPH)
                                 MISC ---->  # 35 250               # 41  250
================================================================================
NOTES:
# LAST OF SEVERAL OCCURRENCES

COLUMN 17 PEAK WIND IN M.P.H.

PRELIMINARY LOCAL CLIMATOLOGICAL DATA (WS FORM: F-6) , PAGE 2

                                          STATION:  KENOSHA WI
                                          MONTH:    NOVEMBER
                                          YEAR:     2014
                                          LATITUDE:   42 35 N
                                          LONGITUDE:  87 56 W

[TEMPERATURE DATA]      [PRECIPITATION DATA]       SYMBOLS USED IN COLUMN 16

AVERAGE MONTHLY: 31.8   TOTAL FOR MONTH:   1.30    1 = FOG OR MIST
DPTR FM NORMAL:  -7.3   DPTR FM NORMAL:   -1.19    2 = FOG REDUCING VISIBILITY
HIGHEST:    62 ON  3    GRTST 24HR  0.84 ON 23-24      TO 1/4 MILE OR LESS
LOWEST:      5 ON 21                               3 = THUNDER
                        SNOW, ICE PELLETS, HAIL    4 = ICE PELLETS
                        TOTAL MONTH:   0.0 INCH    5 = HAIL
                        GRTST 24HR     0.0         6 = FREEZING RAIN OR DRIZZLE
                        GRTST DEPTH:   0           7 = DUSTSTORM OR SANDSTORM:
                                                       VSBY 1/2 MILE OR LESS
                                                   8 = SMOKE OR HAZE
[NO. OF DAYS WITH]      [WEATHER - DAYS WITH]      9 = BLOWING SNOW
                                                   X = TORNADO
MAX 32 OR BELOW:  12    0.01 INCH OR MORE:  11
MAX 90 OR ABOVE:   0    0.10 INCH OR MORE:   4
MIN 32 OR BELOW:  18    0.50 INCH OR MORE:   1
MIN  0 OR BELOW:   0    1.00 INCH OR MORE:   0

[HDD (BASE 65) ]
TOTAL THIS MO.   893    CLEAR  (SCALE 0-3)   5
DPTR FM NORMAL   195    PTCLDY (SCALE 4-7)  15
TOTAL FM JUL 1  1567    CLOUDY (SCALE 8-10)  7
DPTR FM NORMAL   242

[CDD (BASE 65) ]
TOTAL THIS MO.     0
DPTR FM NORMAL     0    [PRESSURE DATA]
TOTAL FM JAN 1   442    HIGHEST SLP M ON M
DPTR FM NORMAL  -103    LOWEST  SLP 29.08 ON 24

[REMARKS]




U.S. Dept. of Commerce
NOAA National Weather Service
1325 East West Highway
Silver Spring, MD 20910
E-mail: w-nws.webmaster@noaa.gov
Page last modified: May 16, 2007
NATIONAL WEATHER SERVICE: for Safety, for Work, for Fun - FOR LIFE