910
CXUS53 KMKX 200659
CF6ENW
PRELIMINARY LOCAL CLIMATOLOGICAL DATA (WS FORM: F-6)

                                          STATION:   KENOSHA WI
                                          MONTH:     SEPTEMBER
                                          YEAR:      2014
                                          LATITUDE:   42 35 N
                                          LONGITUDE:  87 56 W

  TEMPERATURE IN F:       :PCPN:    SNOW:  WIND      :SUNSHINE: SKY     :PK WND
================================================================================
1   2   3   4   5  6A  6B    7    8   9   10  11  12  13   14  15   16   17  18
                                     12Z  AVG MX 2MIN
DY MAX MIN AVG DEP HDD CDD  WTR  SNW DPTH SPD SPD DIR MIN PSBL S-S WX    SPD DR
================================================================================

 1  82  65  74   7   0   9 0.01  0.0    0 10.4 23 260   M    M   4 1      28 260
 2  80  59  70   3   0   5 0.00  0.0    0  4.7 17 260   M    M   1 12     23 250
 3  81  55  68   2   0   3 0.00  0.0    0  7.0 14 140   M    M   0 1      18 140
 4  82  67  75   9   0  10 0.84  0.0    0 11.0 21 200   M    M   4 13     28 190
 5  84  61  73   7   0   8 0.23  0.0    0  8.6 18 260   M    M   5 138    26 250
 6  73  54  64  -1   1   0 0.00  0.0    0  6.5 14 330   M    M   1        19 320
 7  77  50  64  -1   1   0 0.00  0.0    0  4.4 12 110   M    M   1 1      14 130
 8  74  52  63  -2   2   0 0.00    M    M  6.9 17 130   M    M   1        22 140
 9  79  61  70   6   0   5 0.00    M    M  7.7 15 140   M    M   2        19 130
10  80  52  66   2   0   1 0.65    M    M 14.0 25 270   M    M   8 18     36 290
11  52  47  50 -14  15   0 0.00  0.0    0  8.1 17 330   M    M  10        20 330
12  52  42  47 -16  18   0 0.23  0.0    0  8.1 14 330   M    M  10 1      20 330
13  56  39  48 -15  17   0 0.00  0.0    0  6.1 15 330   M    M   4        21 330
14  64  45  55  -8  10   0 0.00  0.0    0  6.7 17 200   M    M   4        23 210
15  64  42  53  -9  12   0 0.07    M    0  4.5 15  10   M    M   6 12     20  10
16  65  40  53  -9  12   0 0.00  0.0    0  4.5 12 250   M    M   0        14 260
17  70  40  55  -6  10   0 0.00  0.0    0  3.6 12 130   M    M   1 12     15 250
18  64  46  55  -6  10   0 0.00    M    M  5.9 12  40   M    M   7 12     17  70
19  73  46  60  -1   5   0 0.00    M    M 10.6 23 180   M    M   1 12     29 200
================================================================================
SM 1352  963       113  41  2.03     0.0 139.3          M       70
================================================================================
AV 71.2 50.7                               7.3 FASTST   M    M   4    MAX(MPH)
                                 MISC ---->  # 25 270               # 36  290
================================================================================
NOTES:
# LAST OF SEVERAL OCCURRENCES

COLUMN 17 PEAK WIND IN M.P.H.

PRELIMINARY LOCAL CLIMATOLOGICAL DATA (WS FORM: F-6) , PAGE 2

                                          STATION:  KENOSHA WI
                                          MONTH:    SEPTEMBER
                                          YEAR:     2014
                                          LATITUDE:   42 35 N
                                          LONGITUDE:  87 56 W

[TEMPERATURE DATA]      [PRECIPITATION DATA]       SYMBOLS USED IN COLUMN 16

AVERAGE MONTHLY: 60.9   TOTAL FOR MONTH:   2.03    1 = FOG OR MIST
DPTR FM NORMAL:  -3.0   DPTR FM NORMAL:   -0.14    2 = FOG REDUCING VISIBILITY
HIGHEST:    84 ON  5    GRTST 24HR  0.84 ON  4- 4      TO 1/4 MILE OR LESS
LOWEST:     39 ON 13                               3 = THUNDER
                        SNOW, ICE PELLETS, HAIL    4 = ICE PELLETS
                        TOTAL MONTH:   0.0 INCH    5 = HAIL
                        GRTST 24HR     0.0         6 = FREEZING RAIN OR DRIZZLE
                        GRTST DEPTH:   0           7 = DUSTSTORM OR SANDSTORM:
                                                       VSBY 1/2 MILE OR LESS
                                                   8 = SMOKE OR HAZE
[NO. OF DAYS WITH]      [WEATHER - DAYS WITH]      9 = BLOWING SNOW
                                                   X = TORNADO
MAX 32 OR BELOW:   0    0.01 INCH OR MORE:   6
MAX 90 OR ABOVE:   0    0.10 INCH OR MORE:   4
MIN 32 OR BELOW:   0    0.50 INCH OR MORE:   2
MIN  0 OR BELOW:   0    1.00 INCH OR MORE:   0

[HDD (BASE 65) ]
TOTAL THIS MO.   113    CLEAR  (SCALE 0-3)   9
DPTR FM NORMAL    52    PTCLDY (SCALE 4-7)   7
TOTAL FM JUL 1   158    CLOUDY (SCALE 8-10)  3
DPTR FM NORMAL    66

[CDD (BASE 65) ]
TOTAL THIS MO.    41
DPTR FM NORMAL     0    [PRESSURE DATA]
TOTAL FM JAN 1   431    HIGHEST SLP M ON M
DPTR FM NORMAL   -97    LOWEST  SLP 29.46 ON 10

[REMARKS]




U.S. Dept. of Commerce
NOAA National Weather Service
1325 East West Highway
Silver Spring, MD 20910
E-mail: w-nws.webmaster@noaa.gov
Page last modified: May 16, 2007
NATIONAL WEATHER SERVICE: for Safety, for Work, for Fun - FOR LIFE