835
CXUS53 KMKX 230649
CF6ENW
PRELIMINARY LOCAL CLIMATOLOGICAL DATA (WS FORM: F-6)

                                          STATION:   KENOSHA WI
                                          MONTH:     APRIL
                                          YEAR:      2014
                                          LATITUDE:   42 35 N
                                          LONGITUDE:  87 56 W

  TEMPERATURE IN F:       :PCPN:    SNOW:  WIND      :SUNSHINE: SKY     :PK WND
================================================================================
1   2   3   4   5  6A  6B    7    8   9   10  11  12  13   14  15   16   17  18
                                     12Z  AVG MX 2MIN
DY MAX MIN AVG DEP HDD CDD  WTR  SNW DPTH SPD SPD DIR MIN PSBL S-S WX    SPD DR
================================================================================

 1  55  30  43   2  22   0 0.00    M    M 19.0 33 250   M    M   4        42 260
 2  41  26  34  -7  31   0    T    M    M  9.1 17  70   M    M   3        22  70
 3  40  34  37  -4  28   0 0.05    M    M 17.8 25  60   M    M  10 1      32  70
 4  45  33  39  -3  26   0 0.01    M    M 16.5 30 290   M    M  10 12     42 300
 5  51  26  39  -3  26   0 0.00    M    M  7.9 17 140   M    M   2        21 130
 6  55  29  42   0  23   0 0.00    M    M  9.4 17 150   M    M   1        21 210
 7  55  30  43   0  22   0 0.00  0.0    0  5.3 16  70   M    M   3        20  70
 8  60  34  47   4  18   0 0.03    M    0  6.8 17 330   M    M   6 18     22 340
 9  61  28  45   2  20   0 0.00  0.0    0  9.5 21 210   M    M   1 1      29 200
10  66  40  53   9  12   0 0.00    M    M 12.5 24 250   M    M   1        34 210
11  68  33  51   7  14   0 0.00    M    M  6.8 23 250   M    M   1 8      28 290
12  76  39  58  14   7   0 0.45    M    M  6.9 21 220   M    M   4 138    28 210
13  57  40  49   4  16   0 0.76    M    M  8.8 23  10   M    M   7 1238   27  10
14  40  28  34 -11  31   0 0.44    M    M 13.8 23 340   M    M  10 1      35  10
15  35  22  29 -17  36   0 0.00  0.0    M  8.1 17 120   M    M   4        22 340
16  47  24  36 -10  29   0 0.00  0.0    0 13.7 29 150   M    M   1        39 150
17  57  40  49   3  16   0 0.00  0.0    0 11.0 23 240   M    M   4        29 240
18  49  33  41  -6  24   0 0.00  0.0    0  9.4 16 100   M    M   2 1      22  30
19  55  32  44  -3  21   0 0.00  0.0    0 10.4 17  70   M    M   0        20 160
20  77  43  60  13   5   0 0.00  0.0    0 10.4 17 150   M    M   0        23 200
21  72  56  64  16   1   0 0.03    M    M  8.5 18 280   M    M   5 1      22 280
22  58  32  45  -3  20   0 0.00    M    M 11.0 21 330   M    M   1        29 330
================================================================================
SM 1220  732       448   0  1.77     0.0 232.6          M       80
================================================================================
AV 55.5 33.3                              10.6 FASTST   M    M   4    MAX(MPH)
                                 MISC ---->  # 33 250               # 42  260
================================================================================
NOTES:
# LAST OF SEVERAL OCCURRENCES

COLUMN 17 PEAK WIND IN M.P.H.

PRELIMINARY LOCAL CLIMATOLOGICAL DATA (WS FORM: F-6) , PAGE 2

                                          STATION:  KENOSHA WI
                                          MONTH:    APRIL
                                          YEAR:     2014
                                          LATITUDE:   42 35 N
                                          LONGITUDE:  87 56 W

[TEMPERATURE DATA]      [PRECIPITATION DATA]       SYMBOLS USED IN COLUMN 16

AVERAGE MONTHLY: 44.4   TOTAL FOR MONTH:   1.77    1 = FOG OR MIST
DPTR FM NORMAL:   0.0   DPTR FM NORMAL:   -0.76    2 = FOG REDUCING VISIBILITY
HIGHEST:    77 ON 20    GRTST 24HR  0.96 ON 13-14      TO 1/4 MILE OR LESS
LOWEST:     22 ON 15                               3 = THUNDER
                        SNOW, ICE PELLETS, HAIL    4 = ICE PELLETS
                        TOTAL MONTH:   0.0 INCH    5 = HAIL
                        GRTST 24HR     0.0         6 = FREEZING RAIN OR DRIZZLE
                        GRTST DEPTH:   0           7 = DUSTSTORM OR SANDSTORM:
                                                       VSBY 1/2 MILE OR LESS
                                                   8 = SMOKE OR HAZE
[NO. OF DAYS WITH]      [WEATHER - DAYS WITH]      9 = BLOWING SNOW
                                                   X = TORNADO
MAX 32 OR BELOW:   0    0.01 INCH OR MORE:   7
MAX 90 OR ABOVE:   0    0.10 INCH OR MORE:   3
MIN 32 OR BELOW:  11    0.50 INCH OR MORE:   1
MIN  0 OR BELOW:   0    1.00 INCH OR MORE:   0

[HDD (BASE 65) ]
TOTAL THIS MO.   448    CLEAR  (SCALE 0-3)  11
DPTR FM NORMAL    -9    PTCLDY (SCALE 4-7)   8
TOTAL FM JUL 1  7389    CLOUDY (SCALE 8-10)  3
DPTR FM NORMAL   908

[CDD (BASE 65) ]
TOTAL THIS MO.     0
DPTR FM NORMAL     0    [PRESSURE DATA]
TOTAL FM JAN 1     0    HIGHEST SLP M ON M
DPTR FM NORMAL     0    LOWEST  SLP 29.47 ON  4

[REMARKS]




U.S. Dept. of Commerce
NOAA National Weather Service
1325 East West Highway
Silver Spring, MD 20910
E-mail: w-nws.webmaster@noaa.gov
Page last modified: May 16, 2007
NATIONAL WEATHER SERVICE: for Safety, for Work, for Fun - FOR LIFE