783
CXUS53 KMKX 280705
CF6ENW
PRELIMINARY LOCAL CLIMATOLOGICAL DATA (WS FORM: F-6)

                                          STATION:   KENOSHA WI
                                          MONTH:     JULY
                                          YEAR:      2014
                                          LATITUDE:   42 35 N
                                          LONGITUDE:  87 56 W

  TEMPERATURE IN F:       :PCPN:    SNOW:  WIND      :SUNSHINE: SKY     :PK WND
================================================================================
1   2   3   4   5  6A  6B    7    8   9   10  11  12  13   14  15   16   17  18
                                     12Z  AVG MX 2MIN
DY MAX MIN AVG DEP HDD CDD  WTR  SNW DPTH SPD SPD DIR MIN PSBL S-S WX    SPD DR
================================================================================

 1  78  63  71   1   0   6 0.17  0.0    0 12.0 23 280   M    M   5 1      31 290
 2  65  55  60 -10   5   0 0.18  0.0    0  7.9 17 280   M    M   7 1      23 270
 3  73  56  65  -6   0   0    T  0.0    0  5.9 12 100   M    M   6        17  60
 4  73  52  63  -8   2   0 0.00    M    M  5.3 12  80   M    M   1        14 100
 5  77  51  64  -7   1   0 0.00    M    M  7.1 17 240   M    M   3 18     23 220
 6  83  61  72   1   0   7    T    M    M 10.2 22 250   M    M   4 3      29 240
 7  85  70  78   7   0  13 0.00  0.0    0  8.3 16 240   M    M   2 1      22 240
 8  80  61  71   0   0   6 0.11  0.0    0 10.4 23 280   M    M   6 13     29 270
 9  76  55  66  -5   0   1 0.00  0.0    0  5.9 17 300   M    M   3 1      23 270
10  73  51  62  -9   3   0 0.00  0.0    0  6.0 14 110   M    M   1 12     18 130
11  80  54  67  -4   0   2    T  0.0    0  6.4 16 150   M    M   3        19 150
12  79  69  74   3   0   9 1.90  0.0    0  8.0 38  30   M    M   7 13     50  20
13  83  60  72   1   0   7 0.00  0.0    0  7.5 18 280   M    M   2 1      24 290
14  78  53  66  -5   0   1 0.00    M    M  7.2 16 320   M    M   4 1      26 310
15  68  51  60 -11   5   0 0.02    M    M  8.5 22 300   M    M   8 1      29 290
16  70  49  60 -11   5   0 0.00    M    M  4.8 13 320   M    M   4 1      17 330
17  75  48  62  -9   3   0 0.00  0.0    0  4.7 13 100   M    M   1        16 110
18  76  51  64  -7   1   0 0.00  0.0    0  5.5 17 130   M    M   2 1      21 150
19  78  51  65  -6   0   0 0.00  0.0    0  3.4 14 110   M    M   1 12     18 130
20  81  55  68  -3   0   3 0.00  0.0    0  5.4 14 180   M    M   2 18     17 170
21  85  57  71   0   0   6 0.00    M    M  7.2 15 200   M    M   0 18     19 200
22  89  67  78   7   0  13 0.02    M    M 11.5 24  40   M    M   3 13     32  50
23  73  55  64  -7   1   0 0.00  0.0    0 10.3 20  30   M    M   1        27  40
24  72  53  63  -8   2   0 0.00  0.0    0  6.4 13  70   M    M   0        15  80
25  75  51  63  -8   2   0 0.01  0.0    0  8.0 18 210   M    M   4        23 210
26  82  59  71   0   0   6 0.00  0.0    0  3.3 12 260   M    M   4 1      16 160
27  84  61  73   2   0   8 0.19    M    M 10.8 25 260   M    M   5 13     34 330
================================================================================
SM 2091 1519        30  88  2.60     0.0 197.9          M       89
================================================================================
AV 77.4 56.3                               7.3 FASTST   M    M   3    MAX(MPH)
                                 MISC ---->  # 38  30               # 50   20
================================================================================
NOTES:
# LAST OF SEVERAL OCCURRENCES

COLUMN 17 PEAK WIND IN M.P.H.

PRELIMINARY LOCAL CLIMATOLOGICAL DATA (WS FORM: F-6) , PAGE 2

                                          STATION:  KENOSHA WI
                                          MONTH:    JULY
                                          YEAR:     2014
                                          LATITUDE:   42 35 N
                                          LONGITUDE:  87 56 W

[TEMPERATURE DATA]      [PRECIPITATION DATA]       SYMBOLS USED IN COLUMN 16

AVERAGE MONTHLY: 66.9   TOTAL FOR MONTH:   2.60    1 = FOG OR MIST
DPTR FM NORMAL:  -4.1   DPTR FM NORMAL:   -0.48    2 = FOG REDUCING VISIBILITY
HIGHEST:    89 ON 22    GRTST 24HR  1.90 ON 11-12      TO 1/4 MILE OR LESS
LOWEST:     48 ON 17                               3 = THUNDER
                        SNOW, ICE PELLETS, HAIL    4 = ICE PELLETS
                        TOTAL MONTH:   0.0 INCH    5 = HAIL
                        GRTST 24HR     0.0         6 = FREEZING RAIN OR DRIZZLE
                        GRTST DEPTH:   0           7 = DUSTSTORM OR SANDSTORM:
                                                       VSBY 1/2 MILE OR LESS
                                                   8 = SMOKE OR HAZE
[NO. OF DAYS WITH]      [WEATHER - DAYS WITH]      9 = BLOWING SNOW
                                                   X = TORNADO
MAX 32 OR BELOW:   0    0.01 INCH OR MORE:   8
MAX 90 OR ABOVE:   0    0.10 INCH OR MORE:   5
MIN 32 OR BELOW:   0    0.50 INCH OR MORE:   1
MIN  0 OR BELOW:   0    1.00 INCH OR MORE:   1

[HDD (BASE 65) ]
TOTAL THIS MO.    30    CLEAR  (SCALE 0-3)  14
DPTR FM NORMAL    25    PTCLDY (SCALE 4-7)  13
TOTAL FM JUL 1    30    CLOUDY (SCALE 8-10)  0
DPTR FM NORMAL    25

[CDD (BASE 65) ]
TOTAL THIS MO.    88
DPTR FM NORMAL   -91    [PRESSURE DATA]
TOTAL FM JAN 1   224    HIGHEST SLP M ON M
DPTR FM NORMAL   -88    LOWEST  SLP 29.58 ON  7

[REMARKS]




U.S. Dept. of Commerce
NOAA National Weather Service
1325 East West Highway
Silver Spring, MD 20910
E-mail: w-nws.webmaster@noaa.gov
Page last modified: May 16, 2007
NATIONAL WEATHER SERVICE: for Safety, for Work, for Fun - FOR LIFE