971
CXUS53 KMKX 250659
CF6ENW
PRELIMINARY LOCAL CLIMATOLOGICAL DATA (WS FORM: F-6)

                                          STATION:   KENOSHA WI
                                          MONTH:     AUGUST
                                          YEAR:      2014
                                          LATITUDE:   42 35 N
                                          LONGITUDE:  87 56 W

  TEMPERATURE IN F:       :PCPN:    SNOW:  WIND      :SUNSHINE: SKY     :PK WND
================================================================================
1   2   3   4   5  6A  6B    7    8   9   10  11  12  13   14  15   16   17  18
                                     12Z  AVG MX 2MIN
DY MAX MIN AVG DEP HDD CDD  WTR  SNW DPTH SPD SPD DIR MIN PSBL S-S WX    SPD DR
================================================================================

 1  83  56  70  -1   0   5 0.39    M    M  8.2 21 360   M    M   3 3      30 350
 2  81  52  67  -4   0   2 0.00    M    M  3.3 10  90   M    M   0 1       M  M
 3  85  58  72   1   0   7 0.16    M    M  5.8 15  20   M    M   2 138    21  10
 4  81  62  72   2   0   7 0.05  0.0    0  5.3 13  90   M    M   3 13     15  80
 5  79  57  68  -2   0   3 0.00  0.0    0  4.8 12  50   M    M   4 12     16  70
 6  78  55  67  -3   0   2 0.00  0.0    0  3.9 12  70   M    M   0        16  90
 7  78  54  66  -4   0   1 0.00  0.0    0  6.0 13 100   M    M   0 12     17  90
 8  80  57  69  -1   0   4 0.00  0.0    0  8.3 16 130   M    M   0 18     21 130
 9  76  61  69  -1   0   4 0.00  0.0    0  7.4 15  90   M    M   1 1      19 100
10  78  61  70   0   0   5 0.72  0.0    0  7.9 15  70   M    M   4 13     18  70
11  77  63  70   0   0   5 0.81    M    M  5.0 13  90   M    M   6 13     17  90
12  67  57  62  -8   3   0 0.06    M    M  9.4 18 330   M    M   9 1      25 320
13  79  50  65  -5   0   0 0.00    M    M  7.0 15 290   M    M   3        19 280
14  69  49  59 -11   6   0 0.00  0.0    0  6.1 13 100   M    M   1        16  60
15  77  46  62  -8   3   0 0.00  0.0    0  6.1 13 260   M    M   0        16 260
16  83  57  70   0   0   5 0.00  0.0    0  8.3 15 250   M    M   2 1      19 250
17  71  62  67  -3   0   2 0.00  0.0    0  7.7 14  50   M    M   8 1      18  50
18  82  61  72   2   0   7 0.00    M    M  4.5 16  30   M    M   7 18     19 210
19  84  63  74   5   0   9 0.30    M    M  8.8 22 250   M    M   4 138    30 330
20  84  61  73   4   0   8 0.00  0.0    0  6.7 13 260   M    M   3 1      17 270
21  77  64  71   2   0   6 0.19    M    M  5.1 13 170   M    M   4 12     16 170
22  84  69  77   8   0  12    T    M    M  4.8 12 100   M    M   9 12     13  80
23  79  70  75   6   0  10 0.04    M    M  5.9 25  90   M    M  10 128    30  80
24  80  70  75   6   0  10 0.00    M    M  8.2 14 110   M    M   4 1      18 140
================================================================================
SM 1892 1415        12 114  2.72     0.0 154.5          M       87
================================================================================
AV 78.8 59.0                               6.4 FASTST   M    M   4    MAX(MPH)
                                 MISC ---->  # 25  90               # 30  350
================================================================================
NOTES:
# LAST OF SEVERAL OCCURRENCES

COLUMN 17 PEAK WIND IN M.P.H.

PRELIMINARY LOCAL CLIMATOLOGICAL DATA (WS FORM: F-6) , PAGE 2

                                          STATION:  KENOSHA WI
                                          MONTH:    AUGUST
                                          YEAR:     2014
                                          LATITUDE:   42 35 N
                                          LONGITUDE:  87 56 W

[TEMPERATURE DATA]      [PRECIPITATION DATA]       SYMBOLS USED IN COLUMN 16

AVERAGE MONTHLY: 68.9   TOTAL FOR MONTH:   2.72    1 = FOG OR MIST
DPTR FM NORMAL:  -1.0   DPTR FM NORMAL:   -0.22    2 = FOG REDUCING VISIBILITY
HIGHEST:    85 ON  3    GRTST 24HR  1.53 ON 10-11      TO 1/4 MILE OR LESS
LOWEST:     46 ON 15                               3 = THUNDER
                        SNOW, ICE PELLETS, HAIL    4 = ICE PELLETS
                        TOTAL MONTH:   0.0 INCH    5 = HAIL
                        GRTST 24HR     0.0         6 = FREEZING RAIN OR DRIZZLE
                        GRTST DEPTH:   0           7 = DUSTSTORM OR SANDSTORM:
                                                       VSBY 1/2 MILE OR LESS
                                                   8 = SMOKE OR HAZE
[NO. OF DAYS WITH]      [WEATHER - DAYS WITH]      9 = BLOWING SNOW
                                                   X = TORNADO
MAX 32 OR BELOW:   0    0.01 INCH OR MORE:   9
MAX 90 OR ABOVE:   0    0.10 INCH OR MORE:   6
MIN 32 OR BELOW:   0    0.50 INCH OR MORE:   2
MIN  0 OR BELOW:   0    1.00 INCH OR MORE:   0

[HDD (BASE 65) ]
TOTAL THIS MO.    12    CLEAR  (SCALE 0-3)  13
DPTR FM NORMAL    10    PTCLDY (SCALE 4-7)   7
TOTAL FM JUL 1    45    CLOUDY (SCALE 8-10)  4
DPTR FM NORMAL    30

[CDD (BASE 65) ]
TOTAL THIS MO.   114
DPTR FM NORMAL   -13    [PRESSURE DATA]
TOTAL FM JAN 1   343    HIGHEST SLP M ON M
DPTR FM NORMAL  -117    LOWEST  SLP 29.63 ON 19

[REMARKS]




U.S. Dept. of Commerce
NOAA National Weather Service
1325 East West Highway
Silver Spring, MD 20910
E-mail: w-nws.webmaster@noaa.gov
Page last modified: May 16, 2007
NATIONAL WEATHER SERVICE: for Safety, for Work, for Fun - FOR LIFE