822
CXUS53 KMKX 290701
CF6ENW
PRELIMINARY LOCAL CLIMATOLOGICAL DATA (WS FORM: F-6)

                                          STATION:   KENOSHA WI
                                          MONTH:     JANUARY
                                          YEAR:      2015
                                          LATITUDE:   42 35 N
                                          LONGITUDE:  87 56 W

  TEMPERATURE IN F:       :PCPN:    SNOW:  WIND      :SUNSHINE: SKY     :PK WND
================================================================================
1   2   3   4   5  6A  6B    7    8   9   10  11  12  13   14  15   16   17  18
                                     12Z  AVG MX 2MIN
DY MAX MIN AVG DEP HDD CDD  WTR  SNW DPTH SPD SPD DIR MIN PSBL S-S WX    SPD DR
================================================================================

 1  30  14  22   0  43   0 0.00  0.0    0 14.8 25 250   M    M   5        33 250
 2  34  16  25   3  40   0 0.00  0.0    0  4.5 10 170   M    M   0        13 170
 3  34  29  32  10  33   0 0.39    M    M  4.6 13 150   M    M   9 12     17 160
 4  33  -1  16  -6  49   0 0.10    M    M 13.4 24 310   M    M   7 18     33 300
 5   4  -9  -2 -24  67   0 0.05    M    0  9.5 17 240   M    M   3 1      23 310
 6  10  -9   1 -21  64   0    T    M    0 12.6 23 260   M    M   2 18     28 260
 7   5  -6   0 -22  65   0 0.00  0.0    0 14.7 23 310   M    M   0 8      33 320
 8  16  -8   4 -18  61   0 0.01    M    M 16.8 31 310   M    M   6 128    39 310
 9   8  -4   2 -19  63   0    T    M    M 14.4 24 290   M    M   2 89     31 300
10  23  -5   9 -12  56   0 0.00    M    M 12.5 22 240   M    M   4        27 240
11  31  18  25   4  40   0 0.00    M    M  6.9 15 250   M    M   2        18 250
12  24  13  19  -2  46   0    T    M    0 11.3 17 340   M    M   6 8      23 350
13  19   2  11 -10  54   0    T    M    0  6.3 17  70   M    M   8 18     20  60
14  20  -5   8 -13  57   0 0.00  0.0    0  8.4 15 250   M    M   7 18     19 240
15  34  18  26   5  39   0    T    M    0 11.7 22 240   M    M   4 18     26 240
16  31  25  28   7  37   0 0.00  0.0    0  8.6 17 150   M    M   7 18     23 150
17  43  30  37  16  28   0 0.00  0.0    0 15.4 24 240   M    M   3 18     33 230
18  41  29  35  14  30   0 0.00  0.0    0 10.9 21 290   M    M   8        27 290
19  37  25  31  10  34   0    T    M    M  5.8 10 100   M    M   7        12 100
20  35  30  33  12  32   0    T    M    M 11.0 22  40   M    M   9 1      26  40
21  31  28  30   9  35   0    T    M    M  6.3 13 360   M    M  10 1      17  20
22  33  28  31  10  34   0 0.00  0.0    0  8.3 18 240   M    M  10 18     23 240
23  33  27  30   9  35   0 0.00  0.0    0 15.1 22 240   M    M   8        27 240
24  42  29  36  15  29   0 0.00  0.0    0  8.6 16 260   M    M   9 1      20 250
25  34  17  26   5  39   0    T    M    0 15.3 25  40   M    M   7 18     31  50
26  28  14  21   0  44   0 0.03    M    M  4.6 10 170   M    M   9 18     14 210
27  31  19  25   4  40   0 0.00    M    M  5.8 13  50   M    M   6 1      19  50
28  35  18  27   5  38   0    T    M    M  9.3 24 150   M    M   1        33 150
================================================================================
SM  779  382      1232   0  0.58     0.0 287.4          M      159
================================================================================
AV 27.8 13.6                              10.3 FASTST   M    M   6    MAX(MPH)
                                 MISC ---->  # 31 310               # 39  310
================================================================================
NOTES:
# LAST OF SEVERAL OCCURRENCES

COLUMN 17 PEAK WIND IN M.P.H.

PRELIMINARY LOCAL CLIMATOLOGICAL DATA (WS FORM: F-6) , PAGE 2

                                          STATION:  KENOSHA WI
                                          MONTH:    JANUARY
                                          YEAR:     2015
                                          LATITUDE:   42 35 N
                                          LONGITUDE:  87 56 W

[TEMPERATURE DATA]      [PRECIPITATION DATA]       SYMBOLS USED IN COLUMN 16

AVERAGE MONTHLY: 20.7   TOTAL FOR MONTH:   0.58    1 = FOG OR MIST
DPTR FM NORMAL:  -0.6   DPTR FM NORMAL:   -0.44    2 = FOG REDUCING VISIBILITY
HIGHEST:    43 ON 17    GRTST 24HR  0.46 ON  3- 4      TO 1/4 MILE OR LESS
LOWEST:     -9 ON  6, 5                            3 = THUNDER
                        SNOW, ICE PELLETS, HAIL    4 = ICE PELLETS
                        TOTAL MONTH:   0.0 INCH    5 = HAIL
                        GRTST 24HR     0.0         6 = FREEZING RAIN OR DRIZZLE
                        GRTST DEPTH:   0           7 = DUSTSTORM OR SANDSTORM:
                                                       VSBY 1/2 MILE OR LESS
                                                   8 = SMOKE OR HAZE
[NO. OF DAYS WITH]      [WEATHER - DAYS WITH]      9 = BLOWING SNOW
                                                   X = TORNADO
MAX 32 OR BELOW:  15    0.01 INCH OR MORE:   5
MAX 90 OR ABOVE:   0    0.10 INCH OR MORE:   2
MIN 32 OR BELOW:  28    0.50 INCH OR MORE:   0
MIN  0 OR BELOW:   8    1.00 INCH OR MORE:   0

[HDD (BASE 65) ]
TOTAL THIS MO.  1232    CLEAR  (SCALE 0-3)   7
DPTR FM NORMAL     7    PTCLDY (SCALE 4-7)  15
TOTAL FM JUL 1  3948    CLOUDY (SCALE 8-10)  6
DPTR FM NORMAL    84

[CDD (BASE 65) ]
TOTAL THIS MO.     0
DPTR FM NORMAL     0    [PRESSURE DATA]
TOTAL FM JAN 1     0    HIGHEST SLP M ON M
DPTR FM NORMAL     0    LOWEST  SLP 29.52 ON 17

[REMARKS]




U.S. Dept. of Commerce
NOAA National Weather Service
1325 East West Highway
Silver Spring, MD 20910
E-mail: w-nws.webmaster@noaa.gov
Page last modified: May 16, 2007
NATIONAL WEATHER SERVICE: for Safety, for Work, for Fun - FOR LIFE