403
CXUS53 KTOP 020200
CF6EMP
PRELIMINARY LOCAL CLIMATOLOGICAL DATA (WS FORM: F-6)

                                          STATION:   Emporia KS
                                          MONTH:     NOVEMBER
                                          YEAR:      2014
                                          LATITUDE:   38 19 N
                                          LONGITUDE:  96 12 W

  TEMPERATURE IN F:       :PCPN:    SNOW:  WIND      :SUNSHINE: SKY     :PK WND
================================================================================
1   2   3   4   5  6A  6B    7    8   9   10  11  12  13   14  15   16   17  18
                                     12Z  AVG MX 2MIN
DY MAX MIN AVG DEP HDD CDD  WTR  SNW DPTH SPD SPD DIR MIN PSBL S-S WX    SPD DR
================================================================================

 1  53  23  38 -13  27   0 0.00    M    M 12.2 23 150   M    M   4        27 180
 2  62  43  53   2  12   0 0.00    M    M 21.2 33 180   M    M   3        45 190
 3  68  48  58   8   7   0 0.08    M    M 19.6 32 190   M    M   4        40 190
 4  52  40  46  -4  19   0 0.00    M    M  6.6 15 320   M    M   0        19 340
 5  67  35  51   1  14   0 0.00    M    M 10.6 22 210   M    M   0        27 210
 6  57  34  46  -3  19   0 0.00    M    M  9.2 18 350   M    M   0        25 330
 7  68  32  50   1  15   0 0.00    M    M 14.7 31 210   M    M   0        42 200
 8  57  33  45  -3  20   0 0.00    M    M 11.2 23 350   M    M   0        30 340
 9  68  34  51   3  14   0 0.00    M    M 13.9 23 210   M    M   0        28 220
10  73  32  53   6  12   0 0.00    M    M 19.5 33 340   M    M   2        43 330
11  35  20  28 -19  37   0    T    M    M 18.0 31 340   M    M   4        42 350
12  27  17  22 -24  43   0 0.00    M    M 13.4 22 340   M    M   4        28 330
13  31  11  21 -25  44   0 0.00    M    M  9.0 20 330   M    M   1        26 330
14  34  14  24 -21  41   0 0.00    M    M  5.2 13 160   M    M   1        17 190
15  34  23  29 -16  36   0    T    M    M  8.0 18 140   M    M   7        23 150
16  31  15  23 -21  42   0    T    M    M 10.4 21 320   M    M   5 1      26 330
17  27  10  19 -25  46   0 0.00    M    M 11.9 26 330   M    M   1        35 330
18  43   8  26 -18  39   0 0.00    M    M 11.8 26 220   M    M   0        33 220
19  47  20  34  -9  31   0 0.00    M    M  9.2 24 220   M    M   0        31 230
20  44  16  30 -12  35   0 0.00    M    M  7.6 14  80   M    M   0        17  70
21  49  21  35  -7  30   0 0.04    M    M  5.7 13 190   M    M   7 128    16 180
22  61  46  54  12  11   0 0.01    M    M 12.7 24 180   M    M  10 12     32 180
23  56  39  48   7  17   0 0.17    M    M 12.6 28 350   M    M   9 1      35 340
24  46  27  37  -3  28   0 0.00    M    M 13.6 28 290   M    M   0        39 320
25  48  19  34  -6  31   0 0.00    M    M  9.8 20 180   M    M   1        25 170
26  46  24  35  -5  30   0    T    M    M 14.8 28 320   M    M   5        37 320
27  42  17  30  -9  35   0 0.00    M    M  7.5 16 160   M    M   0        33 330
28  65  30  48   9  17   0 0.00    M    M 13.8 23 210   M    M   0        30 210
29  69  39  54  16  11   0 0.00    M    M 14.9 22 190   M    M   0 1      27 190
30  53  20  37  -1  28   0 0.00    M    M 15.1 24 340   M    M   3 18     32  10
================================================================================
SM 1513  790       791   0  0.30    M    363.7          M       71
================================================================================
AV 50.4 26.3                              12.1 FASTST   M    M   2    MAX(MPH)
                                 MISC ---->  # 33 180               # 45  190
================================================================================
NOTES:
# LAST OF SEVERAL OCCURRENCES

COLUMN 17 PEAK WIND IN M.P.H.

PRELIMINARY LOCAL CLIMATOLOGICAL DATA (WS FORM: F-6) , PAGE 2

                                          STATION:  Emporia KS
                                          MONTH:    NOVEMBER
                                          YEAR:     2014
                                          LATITUDE:   38 19 N
                                          LONGITUDE:  96 12 W

[TEMPERATURE DATA]      [PRECIPITATION DATA]       SYMBOLS USED IN COLUMN 16

AVERAGE MONTHLY: 38.4   TOTAL FOR MONTH:   0.30    1 = FOG OR MIST
DPTR FM NORMAL:  -6.2   DPTR FM NORMAL:   -1.86    2 = FOG REDUCING VISIBILITY
HIGHEST:    73 ON 10    GRTST 24HR  0.17 ON 23-23      TO 1/4 MILE OR LESS
LOWEST:      8 ON 18                               3 = THUNDER
                        SNOW, ICE PELLETS, HAIL    4 = ICE PELLETS
                        TOTAL MONTH:    M          5 = HAIL
                        GRTST 24HR    M  ON   M    6 = FREEZING RAIN OR DRIZZLE
                        GRTST DEPTH:  M  ON   M    7 = DUSTSTORM OR SANDSTORM:
                                                       VSBY 1/2 MILE OR LESS
                                                   8 = SMOKE OR HAZE
[NO. OF DAYS WITH]      [WEATHER - DAYS WITH]      9 = BLOWING SNOW
                                                   X = TORNADO
MAX 32 OR BELOW:   4    0.01 INCH OR MORE:   4
MAX 90 OR ABOVE:   0    0.10 INCH OR MORE:   1
MIN 32 OR BELOW:  20    0.50 INCH OR MORE:   0
MIN  0 OR BELOW:   0    1.00 INCH OR MORE:   0

[HDD (BASE 65) ]
TOTAL THIS MO.   791    CLEAR  (SCALE 0-3)  20
DPTR FM NORMAL   178    PTCLDY (SCALE 4-7)   8
TOTAL FM JUL 1  1050    CLOUDY (SCALE 8-10)  2
DPTR FM NORMAL   110

[CDD (BASE 65) ]
TOTAL THIS MO.     0
DPTR FM NORMAL    -1    [PRESSURE DATA]
TOTAL FM JAN 1  1380    HIGHEST SLP 30.67 ON 13
DPTR FM NORMAL   -23    LOWEST  SLP 29.33 ON 10

[REMARKS]
#FINAL-11-14#




U.S. Dept. of Commerce
NOAA National Weather Service
1325 East West Highway
Silver Spring, MD 20910
E-mail: w-nws.webmaster@noaa.gov
Page last modified: May 16, 2007
NATIONAL WEATHER SERVICE: for Safety, for Work, for Fun - FOR LIFE