608
CXUS53 KTOP 290200
CF6EMP
PRELIMINARY LOCAL CLIMATOLOGICAL DATA (WS FORM: F-6)

                                          STATION:   Emporia KS
                                          MONTH:     JULY
                                          YEAR:      2014
                                          LATITUDE:   38 19 N
                                          LONGITUDE:  96 12 W

  TEMPERATURE IN F:       :PCPN:    SNOW:  WIND      :SUNSHINE: SKY     :PK WND
================================================================================
1   2   3   4   5  6A  6B    7    8   9   10  11  12  13   14  15   16   17  18
                                     12Z  AVG MX 2MIN
DY MAX MIN AVG DEP HDD CDD  WTR  SNW DPTH SPD SPD DIR MIN PSBL S-S WX    SPD DR
================================================================================

 1  83  64  74  -3   0   9 0.23    M    M  7.1 15 350   M    M   2 13     21 340
 2  76  53  65 -12   0   0 0.00    M    M  8.7 20 320   M    M   0        26 340
 3  79  49  64 -14   1   0 0.00    M    M  4.6  9 130   M    M   0        13 120
 4  83  54  69  -9   0   4 0.00    M    M 10.1 20 130   M    M   0        24 150
 5  89  69  79   1   0  14 0.00    M    M 16.7 24 180   M    M   1 18     33 200
 6  92  73  83   5   0  18 0.00    M    M 12.5 21 210   M    M   1        28 190
 7  94  69  82   4   0  17    T    M    M 13.7 29  30   M    M   0        41 350
 8  85  66  76  -2   0  11 0.25    M    M  6.3 25 130   M    M   2 13     32 120
 9  88  60  74  -5   0   9    T    M    M  3.5 12 110   M    M   0        16 120
10  84  64  74  -5   0   9 0.02    M    M 11.9 21 160   M    M   0        27 150
11  93  67  80   1   0  15 0.00    M    M 12.9 20 180   M    M   2        25 180
12  93  69  81   2   0  16 0.00    M    M 13.7 24 220   M    M   0        29 210
13  87  65  76  -3   0  11    T    M    M  5.9 14  20   M    M   4 3      19 230
14  85  60  73  -6   0   8 0.17    M    M  6.9 20  10   M    M   2 1      24  20
15  77  52  65 -14   0   0 0.00    M    M  6.4 15  10   M    M   0        21 350
16  76  51  64 -15   1   0 0.00    M    M  4.1 12 180   M    M   5        15 190
17  72  60  66 -13   0   1 0.09    M    M  4.5 12 140   M    M   7 1      16 160
18  78  59  69 -11   0   4 0.00    M    M  6.8 16 130   M    M   5 1      23 160
19  80  56  68 -12   0   3 0.00    M    M  8.5 17 150   M    M   1 1      22 180
20  88  61  75  -5   0  10 0.00    M    M 14.7 24 160   M    M   1        31 170
21  95  68  82   2   0  17 0.00    M    M 13.7 22 190   M    M   1 18     27 180
22 101  73  87   7   0  22 0.00    M    M  8.0 14 230   M    M   0 18     18 230
23  89  68  79  -1   0  14 0.31    M    M  8.2 24 330   M    M   3 13     31 320
24  87  63  75  -5   0  10 0.00    M    M 10.0 20 140   M    M   0        25 140
25  99  73  86   6   0  21 0.00    M    M 18.4 29 180   M    M   0 8      34 180
26 101  79  90  10   0  25 0.00    M    M 13.2 23 200   M    M   0 8      27 200
27  91  68  80   0   0  15 0.00    M    M  8.8 21  10   M    M   1 1      27  20
================================================================================
SM 2345 1713         2 283  1.07    M    259.8          M       38
================================================================================
AV 86.9 63.4                               9.6 FASTST   M    M   1    MAX(MPH)
                                 MISC ---->  # 29  30               # 41  350
================================================================================
NOTES:
# LAST OF SEVERAL OCCURRENCES

COLUMN 17 PEAK WIND IN M.P.H.

PRELIMINARY LOCAL CLIMATOLOGICAL DATA (WS FORM: F-6) , PAGE 2

                                          STATION:  Emporia KS
                                          MONTH:    JULY
                                          YEAR:     2014
                                          LATITUDE:   38 19 N
                                          LONGITUDE:  96 12 W

[TEMPERATURE DATA]      [PRECIPITATION DATA]       SYMBOLS USED IN COLUMN 16

AVERAGE MONTHLY: 75.1   TOTAL FOR MONTH:   1.07    1 = FOG OR MIST
DPTR FM NORMAL:  -3.9   DPTR FM NORMAL:   -2.80    2 = FOG REDUCING VISIBILITY
HIGHEST:   101 ON 26,22 GRTST 24HR  0.31 ON 23-23      TO 1/4 MILE OR LESS
LOWEST:     49 ON  3                               3 = THUNDER
                        SNOW, ICE PELLETS, HAIL    4 = ICE PELLETS
                        TOTAL MONTH:    M          5 = HAIL
                        GRTST 24HR    M  ON   M    6 = FREEZING RAIN OR DRIZZLE
                        GRTST DEPTH:  M  ON   M    7 = DUSTSTORM OR SANDSTORM:
                                                       VSBY 1/2 MILE OR LESS
                                                   8 = SMOKE OR HAZE
[NO. OF DAYS WITH]      [WEATHER - DAYS WITH]      9 = BLOWING SNOW
                                                   X = TORNADO
MAX 32 OR BELOW:   0    0.01 INCH OR MORE:   6
MAX 90 OR ABOVE:   9    0.10 INCH OR MORE:   4
MIN 32 OR BELOW:   0    0.50 INCH OR MORE:   0
MIN  0 OR BELOW:   0    1.00 INCH OR MORE:   0

[HDD (BASE 65) ]
TOTAL THIS MO.     2    CLEAR  (SCALE 0-3)  23
DPTR FM NORMAL     2    PTCLDY (SCALE 4-7)   4
TOTAL FM JUL 1     2    CLOUDY (SCALE 8-10)  0
DPTR FM NORMAL     2

[CDD (BASE 65) ]
TOTAL THIS MO.   283
DPTR FM NORMAL   -94    [PRESSURE DATA]
TOTAL FM JAN 1   731    HIGHEST SLP M ON M
DPTR FM NORMAL   -28    LOWEST  SLP 29.60 ON  7

[REMARKS]




U.S. Dept. of Commerce
NOAA National Weather Service
1325 East West Highway
Silver Spring, MD 20910
E-mail: w-nws.webmaster@noaa.gov
Page last modified: May 16, 2007
NATIONAL WEATHER SERVICE: for Safety, for Work, for Fun - FOR LIFE