886
CXUS56 KLKN 261009
CF6ELY
PRELIMINARY LOCAL CLIMATOLOGICAL DATA (WS FORM: F-6)

                                          STATION:   ELY AIRPORT NV
                                          MONTH:     JANUARY
                                          YEAR:      2015
                                          LATITUDE:   39 16 N
                                          LONGITUDE: 114 51 W

  TEMPERATURE IN F:       :PCPN:    SNOW:  WIND      :SUNSHINE: SKY     :PK WND
================================================================================
1   2   3   4   5  6A  6B    7    8   9   10  11  12  13   14  15   16   17  18
                                     12Z  AVG MX 2MIN
DY MAX MIN AVG DEP HDD CDD  WTR  SNW DPTH SPD SPD DIR MIN PSBL S-S WX    SPD DR
================================================================================

 1  28   2  15 -10  50   0 0.00  0.0    2  8.1 18  10   M    M   0        27 330
 2  34  -1  17  -8  48   0 0.00  0.0    2  8.0 17 170   M    M   0        21 180
 3  42   6  24  -1  41   0 0.00  0.0    2 11.3 17 330   M    M   1        21 330
 4  45  11  28   3  37   0 0.00  0.0    2  8.1 20 170   M    M   4        23 170
 5  55  19  37  12  28   0 0.00  0.0    2  8.9 16 160   M    M   0        20 170
 6  57  24  41  16  24   0 0.00  0.0    T  6.9 13 180   M    M   0        14 170
 7  57  25  41  16  24   0 0.00  0.0    T  7.7 14 180   M    M   0        16 170
 8  57  25  41  16  24   0 0.00  0.0    T  8.1 16 170   M    M   0        19 170
 9  59  22  41  16  24   0 0.00  0.0    0  6.5 13 200   M    M   0        14 170
10  45  30  38  13  27   0 0.00  0.0    0  5.8 14 200   M    M   9        16 200
11  49  26  38  13  27   0    T  0.0    0  5.0 10 170   M    M   7        12 160
12  39  31  35  10  30   0 0.17  0.2    0  6.4 16 260   M    M   9 1      22 260
13  37  24  31   6  34   0 0.06  0.6    1 10.9 25 340   M    M   6 1      32 350
14  39  13  26   1  39   0 0.00  0.0    T  5.0 12 160   M    M   1        13 160
15  52  14  33   8  32   0 0.00  0.0    T  6.9 17 200   M    M   0        20 200
16  51  24  38  13  27   0 0.00  0.0    T  4.3 13 180   M    M   5        15 170
17  53  19  36  11  29   0 0.00  0.0    0  6.5 14 160   M    M   0        16 170
18  58  27  43  18  22   0 0.00  0.0    0  6.0 13 170   M    M   0        14 170
19  53  23  38  13  27   0 0.00  0.0    0  9.2 25 190   M    M   1        30 200
20  35  16  26   1  39   0 0.00  0.0    0  5.6 16 360   M    M   4        19  10
21  39  10  25  -1  40   0 0.00  0.0    0  8.8 21  20   M    M   0        28  10
22  47   6  27   1  38   0 0.00  0.0    0  5.8 16 170   M    M   0        25 160
23  47  11  29   3  36   0 0.00  0.0    0  8.1 23 350   M    M   0        29 350
24  51  13  32   6  33   0 0.00  0.0    0  6.9 20  10   M    M   0        24  10
25  57  19  38  12  27   0 0.00  0.0    0  7.5 20  10   M    M   0        24  20
================================================================================
SM 1186  439       807   0  0.23     0.8 182.3          M       47
================================================================================
AV 47.4 17.6                               7.3 FASTST   M    M   2    MAX(MPH)
                                 MISC ---->  # 25 340               # 32  350
================================================================================
NOTES:
# LAST OF SEVERAL OCCURRENCES

COLUMN 17 PEAK WIND IN M.P.H.

PRELIMINARY LOCAL CLIMATOLOGICAL DATA (WS FORM: F-6) , PAGE 2

                                          STATION:  ELY AIRPORT NV
                                          MONTH:    JANUARY
                                          YEAR:     2015
                                          LATITUDE:   39 16 N
                                          LONGITUDE: 114 51 W

[TEMPERATURE DATA]      [PRECIPITATION DATA]       SYMBOLS USED IN COLUMN 16

AVERAGE MONTHLY: 32.5   TOTAL FOR MONTH:   0.23    1 = FOG OR MIST
DPTR FM NORMAL:   7.3   DPTR FM NORMAL:   -0.34    2 = FOG REDUCING VISIBILITY
HIGHEST:    59 ON  9    GRTST 24HR  0.20 ON 12-13      TO 1/4 MILE OR LESS
LOWEST:     -1 ON  2                               3 = THUNDER
                        SNOW, ICE PELLETS, HAIL    4 = ICE PELLETS
                        TOTAL MONTH:   0.8 INCH    5 = HAIL
                        GRTST 24HR   0.6 ON   M    6 = FREEZING RAIN OR DRIZZLE
                        GRTST DEPTH:   2 ON  5, 4  7 = DUSTSTORM OR SANDSTORM:
                                                       VSBY 1/2 MILE OR LESS
                                                   8 = SMOKE OR HAZE
[NO. OF DAYS WITH]      [WEATHER - DAYS WITH]      9 = BLOWING SNOW
                                                   X = TORNADO
MAX 32 OR BELOW:   1    0.01 INCH OR MORE:   2
MAX 90 OR ABOVE:   0    0.10 INCH OR MORE:   1
MIN 32 OR BELOW:  25    0.50 INCH OR MORE:   0
MIN  0 OR BELOW:   1    1.00 INCH OR MORE:   0

[HDD (BASE 65) ]
TOTAL THIS MO.   807    CLEAR  (SCALE 0-3)  18
DPTR FM NORMAL  -189    PTCLDY (SCALE 4-7)   5
TOTAL FM JUL 1  3324    CLOUDY (SCALE 8-10)  2
DPTR FM NORMAL  -772

[CDD (BASE 65) ]
TOTAL THIS MO.     0
DPTR FM NORMAL     0    [PRESSURE DATA]
TOTAL FM JAN 1     0    HIGHEST SLP M ON M
DPTR FM NORMAL     0    LOWEST  SLP 30.05 ON 10

[REMARKS]




U.S. Dept. of Commerce
NOAA National Weather Service
1325 East West Highway
Silver Spring, MD 20910
E-mail: w-nws.webmaster@noaa.gov
Page last modified: May 16, 2007
NATIONAL WEATHER SERVICE: for Safety, for Work, for Fun - FOR LIFE