559
CXUS56 KLKN 030340
CF6ELY
PRELIMINARY LOCAL CLIMATOLOGICAL DATA (WS FORM: F-6)

                                          STATION:   ELY AIRPORT NV
                                          MONTH:     NOVEMBER
                                          YEAR:      2014
                                          LATITUDE:   39 16 N
                                          LONGITUDE: 114 51 W

  TEMPERATURE IN F:       :PCPN:    SNOW:  WIND      :SUNSHINE: SKY     :PK WND
================================================================================
1   2   3   4   5  6A  6B    7    8   9   10  11  12  13   14  15   16   17  18
                                     12Z  AVG MX 2MIN
DY MAX MIN AVG DEP HDD CDD  WTR  SNW DPTH SPD SPD DIR MIN PSBL S-S WX    SPD DR
================================================================================

 1  52  34  43   3  22   0 0.20    T    0 16.0 40 150   M    M   7 13     50 150
 2  40  25  33  -6  32   0 0.07  0.1    0  9.2 21 320   M    M   9 18     26 320
 3  43  16  30  -9  35   0 0.00  0.0    T  7.6 18 360   M    M   0        23 350
 4  57  15  36  -2  29   0 0.00  0.0    0  6.8 14 180   M    M   2        15 170
 5  59  24  42   4  23   0 0.00  0.0    0  8.4 15 160   M    M   0        16 160
 6  67  24  46   8  19   0 0.00  0.0    0  8.1 15 160   M    M   0        16 220
 7  67  28  48  11  17   0 0.00  0.0    0  9.3 16 170   M    M   0        20 320
 8  68  25  47  10  18   0 0.00  0.0    0  7.7 15 170   M    M   0        18 170
 9  70  30  50  14  15   0 0.00  0.0    0  9.3 16 170   M    M   0        20 170
10  53  18  36   0  29   0 0.00  0.0    0  9.6 25 360   M    M   0        33  10
11  60  17  39   3  26   0 0.00  0.0    0  8.7 18 290   M    M   0        24 330
12  46  12  29  -6  36   0    T    T    0  5.4 17  10   M    M   1        22  20
13  48  15  32  -3  33   0 0.05    T    0  4.7 18  10   M    M   5 1      23  10
14  49  24  37   3  28   0 0.00  0.0    0  7.0 17 320   M    M   4        23 170
15  45  13  29  -5  36   0 0.04  0.6    0  9.7 24 350   M    M   6 1      31 360
16  30   1  16 -17  49   0 0.00  0.0    1  8.6 20  20   M    M   0         M  M
17  45   5  25  -8  40   0 0.00  0.0    T  7.6 14 170   M    M   0        18  20
18  55   9  32   0  33   0 0.00  0.0    T  8.9 18 160   M    M   0        21 160
19  55  19  37   5  28   0 0.00  0.0    0  7.2 16 260   M    M   2        21 250
20  54  23  39   7  26   0 0.00  0.0    0  7.9 16 210   M    M   3        20 170
21  52  15  34   3  31   0 0.00  0.0    0  6.8 15 260   M    M   1        20 270
22  55  27  41  10  24   0 0.08    T    0 12.4 32 310   M    M   6 1      44 290
23  39  14  27  -3  38   0 0.00  0.0    T  8.7 20 320   M    M   1        28 310
24  44   8  26  -4  39   0 0.00  0.0    0  7.9 17 170   M    M   0        20 170
25  54  13  34   4  31   0 0.00  0.0    0  9.0 18 320   M    M   2        23 310
26  62  19  41  12  24   0 0.00  0.0    0  8.7 16 160   M    M   0        19 170
27  62  24  43  14  22   0 0.00  0.0    0  5.2 15 170   M    M   0        17 180
28  63  25  44  16  21   0 0.00  0.0    0 10.2 23 190   M    M   0        29 200
29  56  36  46  18  19   0 0.00  0.0    0 16.3 29 210   M    M   4        37 210
30  51  24  38  10  27   0 0.00  0.0    0  8.6 17 160   M    M   6        22 160
================================================================================
SM 1601  582       850   0  0.44     0.7 261.5          M       59
================================================================================
AV 53.4 19.4                               8.7 FASTST   M    M   2    MAX(MPH)
                                 MISC ---->  # 40 150               # 50  150
================================================================================
NOTES:
# LAST OF SEVERAL OCCURRENCES

COLUMN 17 PEAK WIND IN M.P.H.

PRELIMINARY LOCAL CLIMATOLOGICAL DATA (WS FORM: F-6) , PAGE 2

                                          STATION:  ELY AIRPORT NV
                                          MONTH:    NOVEMBER
                                          YEAR:     2014
                                          LATITUDE:   39 16 N
                                          LONGITUDE: 114 51 W

[TEMPERATURE DATA]      [PRECIPITATION DATA]       SYMBOLS USED IN COLUMN 16

AVERAGE MONTHLY: 36.4   TOTAL FOR MONTH:   0.44    1 = FOG OR MIST
DPTR FM NORMAL:   2.7   DPTR FM NORMAL:   -0.26    2 = FOG REDUCING VISIBILITY
HIGHEST:    70 ON  9    GRTST 24HR  0.20 ON  1- 1      TO 1/4 MILE OR LESS
LOWEST:      1 ON 16                               3 = THUNDER
                        SNOW, ICE PELLETS, HAIL    4 = ICE PELLETS
                        TOTAL MONTH:   0.7 INCH    5 = HAIL
                        GRTST 24HR   0.6 ON   M    6 = FREEZING RAIN OR DRIZZLE
                        GRTST DEPTH:   1 ON 16     7 = DUSTSTORM OR SANDSTORM:
                                                       VSBY 1/2 MILE OR LESS
                                                   8 = SMOKE OR HAZE
[NO. OF DAYS WITH]      [WEATHER - DAYS WITH]      9 = BLOWING SNOW
                                                   X = TORNADO
MAX 32 OR BELOW:   1    0.01 INCH OR MORE:   5
MAX 90 OR ABOVE:   0    0.10 INCH OR MORE:   1
MIN 32 OR BELOW:  28    0.50 INCH OR MORE:   0
MIN  0 OR BELOW:   0    1.00 INCH OR MORE:   0

[HDD (BASE 65) ]
TOTAL THIS MO.   850    CLEAR  (SCALE 0-3)  22
DPTR FM NORMAL   -90    PTCLDY (SCALE 4-7)   7
TOTAL FM JUL 1  1447    CLOUDY (SCALE 8-10)  1
DPTR FM NORMAL  -421

[CDD (BASE 65) ]
TOTAL THIS MO.     0
DPTR FM NORMAL     0    [PRESSURE DATA]
TOTAL FM JAN 1   286    HIGHEST SLP 30.63 ON 24
DPTR FM NORMAL    68    LOWEST  SLP 29.40 ON  1

[REMARKS]
#FINAL-11-14#




U.S. Dept. of Commerce
NOAA National Weather Service
1325 East West Highway
Silver Spring, MD 20910
E-mail: w-nws.webmaster@noaa.gov
Page last modified: May 16, 2007
NATIONAL WEATHER SERVICE: for Safety, for Work, for Fun - FOR LIFE