716
CXUS56 KLKN 011000
CF6ELY
PRELIMINARY LOCAL CLIMATOLOGICAL DATA (WS FORM: F-6)

                                          STATION:   ELY AIRPORT NV
                                          MONTH:     JULY
                                          YEAR:      2014
                                          LATITUDE:   39 16 N
                                          LONGITUDE: 114 51 W

  TEMPERATURE IN F:       :PCPN:    SNOW:  WIND      :SUNSHINE: SKY     :PK WND
================================================================================
1   2   3   4   5  6A  6B    7    8   9   10  11  12  13   14  15   16   17  18
                                     12Z  AVG MX 2MIN
DY MAX MIN AVG DEP HDD CDD  WTR  SNW DPTH SPD SPD DIR MIN PSBL S-S WX    SPD DR
================================================================================

 1  95  43  69   4   0   4 0.00  0.0    0  6.4 28 290   M    M   0        41 290
 2  95  48  72   6   0   7 0.00  0.0    0 12.6 29 140   M    M   0        38 200
 3  93  56  75   9   0  10 0.00  0.0    0 13.3 31  30   M    M   0        43  30
 4  91  54  73   7   0   8 0.00  0.0    0 10.8 26 180   M    M   0        32 240
 5  92  54  73   7   0   8 0.00  0.0    0  8.9 26 150   M    M   0        33 150
 6  93  52  73   6   0   8    T  0.0    0  7.6 24 200   M    M   1        35  40
 7  91  52  72   5   0   7    T  0.0    0  8.5 23 270   M    M   1 3      33  20
 8  89  59  74   7   0   9    T  0.0    0  8.9 28 150   M    M   2 3      39 150
 9  89  53  71   4   0   6    T  0.0    0  9.1 24  30   M    M   3 3      28 350
10  85  56  71   3   0   6    T  0.0    0  8.7 29 290   M    M   2        39 300
11  83  55  69   1   0   4    T  0.0    0  8.3 22 160   M    M   6        26 160
12  91  53  72   4   0   7 0.00  0.0    0  6.6 14 210   M    M   3        19 190
13  96  54  75   7   0  10 0.00  0.0    0  6.4 13  30   M    M   0        20 120
14  97  56  77   9   0  12    T  0.0    0 13.2 32 150   M    M   1        49 130
15  92  56  74   6   0   9    T  0.0    0  9.9 29  30   M    M   1 3      37  10
16  92  52  72   4   0   7 0.00  0.0    0  9.9 22 310   M    M   0        28 340
17  92  51  72   4   0   7 0.00  0.0    0  7.3 20 320   M    M   0        27 320
18  86  53  70   1   0   5 0.07  0.0    0 10.3 25 250   M    M   3 3      35 250
19  89  49  69   0   0   4    T  0.0    0  8.8 22 360   M    M   1        33  10
20  88  60  74   5   0   9 0.09  0.0    0 11.1 28 170   M    M   3        40 190
21  88  54  71   2   0   6 0.00  0.0    0 12.9 24 190   M    M   0        34 170
22  92  47  70   1   0   5 0.00  0.0    0 12.3 26 170   M    M   0        36 160
23  96  49  73   4   0   8 0.00  0.0    0 14.6 26 180   M    M   0        36 200
24  94  52  73   4   0   8 0.00  0.0    0  9.3 29 190   M    M   1        36 190
25  95  45  70   1   0   5 0.00  0.0    0 10.4 29 230   M    M   0        40 200
26  93  49  71   2   0   6 0.00  0.0    0  7.7 26 140   M    M   1        31 160
27  92  55  74   5   0   9    T  0.0    0  7.9 23  20   M    M   3 3      29  80
28  80  60  70   1   0   5 0.05  0.0    0  6.7 25 150   M    M   7 3      32 140
29  83  53  68  -1   0   3 0.22  0.0    0  6.6 41 350   M    M   7 138    54 350
30  84  47  66  -3   0   1 0.00  0.0    0  7.0 18 350   M    M   0        24 360
31  84  51  68  -1   0   3    T  0.0    0  9.7 38 360   M    M   4        49  10
================================================================================
SM 2800 1628         0 206  0.43     0.0 291.7          M       50
================================================================================
AV 90.3 52.5                               9.4 FASTST   M    M   2    MAX(MPH)
                                 MISC ---->  # 41 350               # 54  350
================================================================================
NOTES:
# LAST OF SEVERAL OCCURRENCES

COLUMN 17 PEAK WIND IN M.P.H.

PRELIMINARY LOCAL CLIMATOLOGICAL DATA (WS FORM: F-6) , PAGE 2

                                          STATION:  ELY AIRPORT NV
                                          MONTH:    JULY
                                          YEAR:     2014
                                          LATITUDE:   39 16 N
                                          LONGITUDE: 114 51 W

[TEMPERATURE DATA]      [PRECIPITATION DATA]       SYMBOLS USED IN COLUMN 16

AVERAGE MONTHLY: 71.4   TOTAL FOR MONTH:   0.43    1 = FOG OR MIST
DPTR FM NORMAL:   3.6   DPTR FM NORMAL:   -0.21    2 = FOG REDUCING VISIBILITY
HIGHEST:    97 ON 14    GRTST 24HR  0.22 ON 29-29      TO 1/4 MILE OR LESS
LOWEST:     43 ON  1                               3 = THUNDER
                        SNOW, ICE PELLETS, HAIL    4 = ICE PELLETS
                        TOTAL MONTH:   0.0 INCH    5 = HAIL
                        GRTST 24HR     0.0         6 = FREEZING RAIN OR DRIZZLE
                        GRTST DEPTH:   0           7 = DUSTSTORM OR SANDSTORM:
                                                       VSBY 1/2 MILE OR LESS
                                                   8 = SMOKE OR HAZE
[NO. OF DAYS WITH]      [WEATHER - DAYS WITH]      9 = BLOWING SNOW
                                                   X = TORNADO
MAX 32 OR BELOW:   0    0.01 INCH OR MORE:   4
MAX 90 OR ABOVE:  19    0.10 INCH OR MORE:   1
MIN 32 OR BELOW:   0    0.50 INCH OR MORE:   0
MIN  0 OR BELOW:   0    1.00 INCH OR MORE:   0

[HDD (BASE 65) ]
TOTAL THIS MO.     0    CLEAR  (SCALE 0-3)  25
DPTR FM NORMAL   -23    PTCLDY (SCALE 4-7)   6
TOTAL FM JUL 1     0    CLOUDY (SCALE 8-10)  0
DPTR FM NORMAL   -23

[CDD (BASE 65) ]
TOTAL THIS MO.   206
DPTR FM NORMAL    95    [PRESSURE DATA]
TOTAL FM JAN 1   227    HIGHEST SLP M ON M
DPTR FM NORMAL    92    LOWEST  SLP 29.73 ON  2

[REMARKS]
#FINAL-07-14#
#FINAL-07-14#




U.S. Dept. of Commerce
NOAA National Weather Service
1325 East West Highway
Silver Spring, MD 20910
E-mail: w-nws.webmaster@noaa.gov
Page last modified: May 16, 2007
NATIONAL WEATHER SERVICE: for Safety, for Work, for Fun - FOR LIFE