127
CXUS56 KLKN 241001
CF6ELY
PRELIMINARY LOCAL CLIMATOLOGICAL DATA (WS FORM: F-6)

                                          STATION:   ELY AIRPORT NV
                                          MONTH:     APRIL
                                          YEAR:      2014
                                          LATITUDE:   39 16 N
                                          LONGITUDE: 114 51 W

  TEMPERATURE IN F:       :PCPN:    SNOW:  WIND      :SUNSHINE: SKY     :PK WND
================================================================================
1   2   3   4   5  6A  6B    7    8   9   10  11  12  13   14  15   16   17  18
                                     12Z  AVG MX 2MIN
DY MAX MIN AVG DEP HDD CDD  WTR  SNW DPTH SPD SPD DIR MIN PSBL S-S WX    SPD DR
================================================================================

 1  42  25  34  -5  31   0 0.14  2.9    1  9.7 24 160   M    M   7 12     29 160
 2  41  19  30  -9  35   0 0.03    T    T  9.2 25 310   M    M   6 1      32 310
 3  47  21  34  -6  31   0 0.00  0.0    T  6.1 14 200   M    M   4        16 190
 4  47  27  37  -3  28   0    T  0.0    0 10.2 23 160   M    M   7 12     28 160
 5  49  22  36  -4  29   0    T    T    0  7.7 25  10   M    M   7 125    31  10
 6  56  20  38  -2  27   0    T  0.0    0 10.2 23 310   M    M   3        30 330
 7  66  23  45   5  20   0 0.00  0.0    0  7.1 16 170   M    M   0        17 170
 8  71  28  50   9  15   0 0.00  0.0    0  9.4 18 200   M    M   0        25 270
 9  73  36  55  14  10   0 0.00  0.0    0  8.0 18 200   M    M   0        26 230
10  72  28  50   9  15   0 0.00  0.0    0 10.8 18 290   M    M   0        24 300
11  72  27  50   9  15   0 0.00  0.0    0  8.1 17 180   M    M   0        22 210
12  66  35  51  10  14   0    T  0.0    0  8.2 26  20   M    M   3 3      32  20
13  52  30  41  -1  24   0 0.00  0.0    0 14.8 29 360   M    M   3        37 350
14  62  17  40  -2  25   0 0.00  0.0    0  7.2 16 240   M    M   0        22 250
15  68  29  49   7  16   0 0.00  0.0    0 10.0 29 280   M    M   0        41 300
16  59  31  45   3  20   0 0.00  0.0    0  8.3 18 360   M    M   5        24  10
17  72  27  50   7  15   0 0.00  0.0    0 12.1 25 220   M    M   0        31 230
18  68  44  56  13   9   0 0.00  0.0    0 10.5 25  10   M    M   4        31  10
19  68  35  52   9  13   0 0.03  0.0    0  7.6 23  50   M    M   4        28  30
20  70  36  53  10  12   0 0.00  0.0    0  7.4 16 250   M    M   3        24 330
21  74  31  53   9  12   0 0.00  0.0    0 12.7 29 200   M    M   2        40 200
22  68  26  47   3  18   0    T  0.0    0 19.2 47 190   M    M   3 8      66 190
23  54  21  38  -6  27   0 0.00  0.0    0  6.2 15 170   M    M   1        22 330
================================================================================
SM 1417  638       461   0  0.20     2.9 220.7          M       62
================================================================================
AV 61.6 27.7                               9.6 FASTST   M    M   3    MAX(MPH)
                                 MISC ---->  # 47 190               # 66  190
================================================================================
NOTES:
# LAST OF SEVERAL OCCURRENCES

COLUMN 17 PEAK WIND IN M.P.H.

PRELIMINARY LOCAL CLIMATOLOGICAL DATA (WS FORM: F-6) , PAGE 2

                                          STATION:  ELY AIRPORT NV
                                          MONTH:    APRIL
                                          YEAR:     2014
                                          LATITUDE:   39 16 N
                                          LONGITUDE: 114 51 W

[TEMPERATURE DATA]      [PRECIPITATION DATA]       SYMBOLS USED IN COLUMN 16

AVERAGE MONTHLY: 44.7   TOTAL FOR MONTH:   0.20    1 = FOG OR MIST
DPTR FM NORMAL:   3.2   DPTR FM NORMAL:   -0.51    2 = FOG REDUCING VISIBILITY
HIGHEST:    74 ON 21    GRTST 24HR  0.14 ON  1- 1      TO 1/4 MILE OR LESS
LOWEST:     17 ON 14                               3 = THUNDER
                        SNOW, ICE PELLETS, HAIL    4 = ICE PELLETS
                        TOTAL MONTH:   2.9 INCHES  5 = HAIL
                        GRTST 24HR   2.9 ON   M    6 = FREEZING RAIN OR DRIZZLE
                        GRTST DEPTH:   1 ON  1     7 = DUSTSTORM OR SANDSTORM:
                                                       VSBY 1/2 MILE OR LESS
                                                   8 = SMOKE OR HAZE
[NO. OF DAYS WITH]      [WEATHER - DAYS WITH]      9 = BLOWING SNOW
                                                   X = TORNADO
MAX 32 OR BELOW:   0    0.01 INCH OR MORE:   3
MAX 90 OR ABOVE:   0    0.10 INCH OR MORE:   1
MIN 32 OR BELOW:  18    0.50 INCH OR MORE:   0
MIN  0 OR BELOW:   0    1.00 INCH OR MORE:   0

[HDD (BASE 65) ]
TOTAL THIS MO.   461    CLEAR  (SCALE 0-3)  13
DPTR FM NORMAL   -79    PTCLDY (SCALE 4-7)  10
TOTAL FM JUL 1  6313    CLOUDY (SCALE 8-10)  0
DPTR FM NORMAL  -454

[CDD (BASE 65) ]
TOTAL THIS MO.     0
DPTR FM NORMAL     0    [PRESSURE DATA]
TOTAL FM JAN 1     0    HIGHEST SLP M ON M
DPTR FM NORMAL     0    LOWEST  SLP 29.58 ON  1

[REMARKS]




U.S. Dept. of Commerce
NOAA National Weather Service
1325 East West Highway
Silver Spring, MD 20910
E-mail: w-nws.webmaster@noaa.gov
Page last modified: May 16, 2007
NATIONAL WEATHER SERVICE: for Safety, for Work, for Fun - FOR LIFE