714
CXUS54 KEPZ 011200
CF6ELP
PRELIMINARY LOCAL CLIMATOLOGICAL DATA (WS FORM: F-6)

                                          STATION:   EL PASO
                                          MONTH:     AUGUST
                                          YEAR:      2014
                                          LATITUDE:   31 47 N
                                          LONGITUDE: 106 24 W

  TEMPERATURE IN F:       :PCPN:    SNOW:  WIND      :SUNSHINE: SKY     :PK WND
================================================================================
1   2   3   4   5  6A  6B    7    8   9   10  11  12  13   14  15   16   17  18
                                     12Z  AVG MX 2MIN
DY MAX MIN AVG DEP HDD CDD  WTR  SNW DPTH SPD SPD DIR MIN PSBL S-S WX    SPD DR
================================================================================

 1  78  66  72 -10   0   7 0.16  0.0    0  8.7 25  20   M    M   8        28  20
 2  80  64  72 -10   0   7 0.37  0.0    0 10.3 20 100   M    M   9 1      23 100
 3  85  67  76  -6   0  11 0.03  0.0    0  7.2 15 110   M    M   8        19 130
 4  88  73  81  -1   0  16 0.00  0.0    0  8.1 18 270   M    M   7        23 270
 5  92  72  82   0   0  17    T  0.0    0  6.0 18 200   M    M   5        28 210
 6  95  71  83   1   0  18    T  0.0    0  7.0 28 190   M    M   3 3      37 190
 7  94  71  83   1   0  18 0.27  0.0    0  8.2 28 110   M    M   5 3      35 110
 8  89  73  81  -1   0  16    T  0.0    0  4.6 21  80   M    M   8 3      26  80
 9  89  68  79  -3   0  14 0.13  0.0    0  5.9 22 130   M    M   8 3      28 130
10  92  71  82   0   0  17 0.01  0.0    0  9.2 29  20   M    M   7 3      32 360
11  85  70  78  -4   0  13    T  0.0    0 11.6 21 140   M    M   6        28 150
12  86  71  79  -2   0  14 0.05  0.0    0  7.1 30  40   M    M   7 3      40  90
13  92  69  81   0   0  16 0.00  0.0    0  6.8 26 160   M    M   5        35 160
14  91  73  82   1   0  17    T  0.0    0  7.3 23 250   M    M   7 3      25 250
15  94  71  83   2   0  18 0.00  0.0    0  7.7 17 260   M    M   6        22 230
16  96  73  85   4   0  20    T  0.0    0  5.9 33  20   M    M   7        38  10
17  94  71  83   2   0  18 0.00  0.0    0  7.1 30  90   M    M   6 3      39  80
18  94  70  82   1   0  17 0.00  0.0    0  5.6 22 190   M    M   4        28 190
19  93  72  83   2   0  18    T  0.0    0 11.6 36 250   M    M   5        40 250
20  92  69  81   0   0  16 0.00  0.0    0 10.6 22 240   M    M   3        26 240
21  95  68  82   1   0  17 0.01  0.0    0  8.0 22 160   M    M   3        27 180
22  80  64  72  -9   0   7 0.67  0.0    0  5.6 23 210   M    M   9 1      28 230
23  89  66  78  -3   0  13 0.00  0.0    0  6.7 15 240   M    M   3        21 250
24  93  70  82   1   0  17 0.00  0.0    0  6.9 18 150   M    M   4        23 140
25  83  70  77  -3   0  12 0.01  0.0    0  7.2 24 190   M    M   7 3      29 200
26  90  69  80   0   0  15 0.06  0.0    0  7.8 25 240   M    M   7 3      30 250
27  88  69  79  -1   0  14 0.02  0.0    0  5.0 30  10   M    M   7 3      37  10
28  94  69  82   2   0  17 0.00  0.0    0  3.5 15 320   M    M   2        20 310
29  94  70  82   2   0  17 0.00  0.0    0  6.1 20 350   M    M   2        23 360
30  97  72  85   5   0  20 0.00  0.0    0  5.3 14 190   M    M   3        18  10
31 100  70  85   5   0  20 0.00  0.0    0  6.9 21 250   M    M   1        25 250
================================================================================
SM 2802 2162         0 477  1.79     0.0 225.5          M      172
================================================================================
AV 90.4 69.7                               7.3 FASTST   M    M   6    MAX(MPH)
                                 MISC ---->  # 36 250               # 40   90
================================================================================
NOTES:
# LAST OF SEVERAL OCCURRENCES

COLUMN 17 PEAK WIND IN M.P.H.

PRELIMINARY LOCAL CLIMATOLOGICAL DATA (WS FORM: F-6) , PAGE 2

                                          STATION:  EL PASO
                                          MONTH:    AUGUST
                                          YEAR:     2014
                                          LATITUDE:   31 47 N
                                          LONGITUDE: 106 24 W

[TEMPERATURE DATA]      [PRECIPITATION DATA]       SYMBOLS USED IN COLUMN 16

AVERAGE MONTHLY: 80.1   TOTAL FOR MONTH:   1.79    1 = FOG OR MIST
DPTR FM NORMAL:  -1.0   DPTR FM NORMAL:   -0.22    2 = FOG REDUCING VISIBILITY
HIGHEST:   100 ON 31    GRTST 24HR  0.68 ON 21-22      TO 1/4 MILE OR LESS
LOWEST:     64 ON 22, 2                            3 = THUNDER
                        SNOW, ICE PELLETS, HAIL    4 = ICE PELLETS
                        TOTAL MONTH:   0.0 INCH    5 = HAIL
                        GRTST 24HR     0.0         6 = FREEZING RAIN OR DRIZZLE
                        GRTST DEPTH:   0           7 = DUSTSTORM OR SANDSTORM:
                                                       VSBY 1/2 MILE OR LESS
                                                   8 = SMOKE OR HAZE
[NO. OF DAYS WITH]      [WEATHER - DAYS WITH]      9 = BLOWING SNOW
                                                   X = TORNADO
MAX 32 OR BELOW:   0    0.01 INCH OR MORE:  12
MAX 90 OR ABOVE:  19    0.10 INCH OR MORE:   5
MIN 32 OR BELOW:   0    0.50 INCH OR MORE:   1
MIN  0 OR BELOW:   0    1.00 INCH OR MORE:   0

[HDD (BASE 65) ]
TOTAL THIS MO.     0    CLEAR  (SCALE 0-3)   5
DPTR FM NORMAL     0    PTCLDY (SCALE 4-7)  23
TOTAL FM JUL 1     0    CLOUDY (SCALE 8-10)  3
DPTR FM NORMAL     0

[CDD (BASE 65) ]
TOTAL THIS MO.   477
DPTR FM NORMAL   -21    [PRESSURE DATA]
TOTAL FM JAN 1  2219    HIGHEST SLP 30.04 ON 12
DPTR FM NORMAL   290    LOWEST  SLP 29.64 ON 19

[REMARKS]
#FINAL-08-14#




U.S. Dept. of Commerce
NOAA National Weather Service
1325 East West Highway
Silver Spring, MD 20910
E-mail: w-nws.webmaster@noaa.gov
Page last modified: May 16, 2007
NATIONAL WEATHER SERVICE: for Safety, for Work, for Fun - FOR LIFE