337
CXUS54 KEPZ 231200
CF6ELP
PRELIMINARY LOCAL CLIMATOLOGICAL DATA (WS FORM: F-6)

                                          STATION:   EL PASO
                                          MONTH:     APRIL
                                          YEAR:      2014
                                          LATITUDE:   31 47 N
                                          LONGITUDE: 106 24 W

  TEMPERATURE IN F:       :PCPN:    SNOW:  WIND      :SUNSHINE: SKY     :PK WND
================================================================================
1   2   3   4   5  6A  6B    7    8   9   10  11  12  13   14  15   16   17  18
                                     12Z  AVG MX 2MIN
DY MAX MIN AVG DEP HDD CDD  WTR  SNW DPTH SPD SPD DIR MIN PSBL S-S WX    SPD DR
================================================================================

 1  84  56  70  10   0   5 0.00  0.0    0 15.4 32 250   M    M   4        45 240
 2  81  61  71  10   0   6 0.00  0.0    0 22.1 38 250   M    M   4 7      45 260
 3  68  50  59  -2   6   0 0.00  0.0    0 16.3 32 260   M    M   0        43 260
 4  72  38  55  -6  10   0 0.00  0.0    0  8.6 20 130   M    M   6        28 160
 5  72  48  60  -2   5   0 0.00  0.0    0 13.0 32 250   M    M   6        41 250
 6  72  47  60  -2   5   0 0.00  0.0    0 11.6 29 280   M    M   5        39 270
 7  74  51  63   1   2   0 0.00  0.0    0 10.8 25 320   M    M   1        43 330
 8  79  42  61  -1   4   0 0.00  0.0    0  5.1 15 240   M    M   0        19 200
 9  87  50  69   6   0   4 0.00  0.0    0  5.8 17 260   M    M   3        21 230
10  88  53  71   8   0   6 0.00  0.0    0  7.5 22 280   M    M   6        27 280
11  87  50  69   6   0   4 0.00  0.0    0  8.1 23 290   M    M   8        26 260
12  84  61  73   9   0   8    T  0.0    0 15.2 39 200   M    M   8 78     50 200
13  81  62  72   8   0   7 0.00  0.0    0 19.6 38 260   M    M   2        47 250
14  70  45  58  -6   7   0 0.00  0.0    0 11.4 28 300   M    M   0        36 290
15  71  38  55  -9  10   0 0.00  0.0    0  5.0 15 140   M    M   3        21 160
16  86  48  67   2   0   2 0.00  0.0    0  8.6 23 250   M    M   3        28 280
17  82  53  68   3   0   3 0.00  0.0    0  9.3 23 270   M    M   2        29 280
18  83  54  69   4   0   4    T  0.0    0  9.4 28 130   M    M   8        38 110
19  76  53  65  -1   0   0 0.45  0.0    0  7.7 30 230   M    M   7 135    39 250
20  79  50  65  -1   0   0 0.00  0.0    0  6.1 20 240   M    M   2        24 220
21  86  55  71   5   0   6 0.00  0.0    0  2.9  9 350   M    M   1        12 210
22  89  63  76   9   0  11 0.00  0.0    0 10.7 28 190   M    M   3        37 200
================================================================================
SM 1751 1128        49  66  0.45     0.0 230.2          M       82
================================================================================
AV 79.6 51.3                              10.5 FASTST   M    M   4    MAX(MPH)
                                 MISC ---->  # 39 200               # 50  200
================================================================================
NOTES:
# LAST OF SEVERAL OCCURRENCES

COLUMN 17 PEAK WIND IN M.P.H.

PRELIMINARY LOCAL CLIMATOLOGICAL DATA (WS FORM: F-6) , PAGE 2

                                          STATION:  EL PASO
                                          MONTH:    APRIL
                                          YEAR:     2014
                                          LATITUDE:   31 47 N
                                          LONGITUDE: 106 24 W

[TEMPERATURE DATA]      [PRECIPITATION DATA]       SYMBOLS USED IN COLUMN 16

AVERAGE MONTHLY: 65.4   TOTAL FOR MONTH:   0.45    1 = FOG OR MIST
DPTR FM NORMAL:   2.0   DPTR FM NORMAL:    0.28    2 = FOG REDUCING VISIBILITY
HIGHEST:    89 ON 22    GRTST 24HR  0.45 ON 19-19      TO 1/4 MILE OR LESS
LOWEST:     38 ON 15, 4                            3 = THUNDER
                        SNOW, ICE PELLETS, HAIL    4 = ICE PELLETS
                        TOTAL MONTH:   0.0 INCH    5 = HAIL
                        GRTST 24HR     0.0         6 = FREEZING RAIN OR DRIZZLE
                        GRTST DEPTH:   0           7 = DUSTSTORM OR SANDSTORM:
                                                       VSBY 1/2 MILE OR LESS
                                                   8 = SMOKE OR HAZE
[NO. OF DAYS WITH]      [WEATHER - DAYS WITH]      9 = BLOWING SNOW
                                                   X = TORNADO
MAX 32 OR BELOW:   0    0.01 INCH OR MORE:   1
MAX 90 OR ABOVE:   0    0.10 INCH OR MORE:   1
MIN 32 OR BELOW:   0    0.50 INCH OR MORE:   0
MIN  0 OR BELOW:   0    1.00 INCH OR MORE:   0

[HDD (BASE 65) ]
TOTAL THIS MO.    49    CLEAR  (SCALE 0-3)  11
DPTR FM NORMAL   -31    PTCLDY (SCALE 4-7)   9
TOTAL FM JUL 1  2014    CLOUDY (SCALE 8-10)  2
DPTR FM NORMAL  -439

[CDD (BASE 65) ]
TOTAL THIS MO.    66
DPTR FM NORMAL    20    [PRESSURE DATA]
TOTAL FM JAN 1    91    HIGHEST SLP M ON M
DPTR FM NORMAL    35    LOWEST  SLP 29.52 ON 13

[REMARKS]




U.S. Dept. of Commerce
NOAA National Weather Service
1325 East West Highway
Silver Spring, MD 20910
E-mail: w-nws.webmaster@noaa.gov
Page last modified: May 16, 2007
NATIONAL WEATHER SERVICE: for Safety, for Work, for Fun - FOR LIFE