993
CXUS54 KEPZ 291200
CF6ELP
PRELIMINARY LOCAL CLIMATOLOGICAL DATA (WS FORM: F-6)

                                          STATION:   EL PASO
                                          MONTH:     JULY
                                          YEAR:      2014
                                          LATITUDE:   31 47 N
                                          LONGITUDE: 106 24 W

  TEMPERATURE IN F:       :PCPN:    SNOW:  WIND      :SUNSHINE: SKY     :PK WND
================================================================================
1   2   3   4   5  6A  6B    7    8   9   10  11  12  13   14  15   16   17  18
                                     12Z  AVG MX 2MIN
DY MAX MIN AVG DEP HDD CDD  WTR  SNW DPTH SPD SPD DIR MIN PSBL S-S WX    SPD DR
================================================================================

 1 100  69  85   1   0  20 0.08  0.0    0 13.7 44 360   M    M   5 38     53 360
 2  92  69  81  -3   0  16 0.00  0.0    0 11.2 21  10   M    M   5        27  40
 3  91  72  82  -2   0  17 0.00  0.0    0  8.7 22 150   M    M   4        27 130
 4  95  74  85   1   0  20    T  0.0    0  8.1 23  70   M    M   4        32  80
 5  97  76  87   3   0  22 0.00  0.0    0  7.8 16  10   M    M   7        22 190
 6  95  72  84   1   0  19    T  0.0    0 10.8 31  10   M    M   7 3      37 350
 7  92  70  81  -2   0  16 0.00  0.0    0  7.6 16 130   M    M   3        24 130
 8  96  73  85   2   0  20 0.00  0.0    0  7.9 20 120   M    M   5        27 120
 9  96  74  85   2   0  20 0.05  0.0    0  6.8 23 100   M    M   5        28 110
10  98  73  86   3   0  21    T  0.0    0  7.0 28  70   M    M   5        34  70
11  97  75  86   3   0  21 0.00  0.0    0  8.2 20 100   M    M   3        26 100
12  93  73  83   0   0  18 0.19  0.0    0  7.1 25 150   M    M   6 3      30  40
13  91  70  81  -2   0  16    T  0.0    0  7.0 21  70   M    M   8 3      24  70
14  96  75  86   3   0  21 0.00  0.0    0  8.6 21  50   M    M   6 3      26  50
15  94  71  83   0   0  18    T  0.0    0  6.9 23  30   M    M   7 3      29  50
16  96  68  82  -1   0  17 0.03  0.0    0  8.1 28 310   M    M   6 3      33 270
17  98  74  86   3   0  21 0.00  0.0    0  8.3 24  70   M    M   6        32  80
18  99  70  85   2   0  20 0.00  0.0    0  6.0 22 110   M    M   4        27 110
19 104  77  91   8   0  26 0.00  0.0    0 10.4 20 260   M    M   4        26 240
20 104  77  91   8   0  26    T  0.0    0 12.0 39 250   M    M   5        44 260
21 102  77  90   8   0  25 0.04  0.0    0  8.6 29 250   M    M   5 3      36  30
22 101  74  88   6   0  23 0.06  0.0    0  7.3 43  50   M    M   5 37     50  50
23  96  70  83   1   0  18 0.08  0.0    0  8.9 21 130   M    M   2        28 110
24  98  74  86   4   0  21 0.00  0.0    0  5.8 15 140   M    M   2        20 140
25 100  73  87   5   0  22 0.00  0.0    0  4.4 12 110   M    M   2        16  40
26 103  75  89   7   0  24 0.00  0.0    0  6.6 15 180   M    M   1        22 110
27  99  79  89   7   0  24 0.00  0.0    0  6.9 16 250   M    M   3        20 140
28  94  74  84   2   0  19 0.02  0.0    0 12.5 24 360   M    M   6        28 360
================================================================================
SM 2717 2048         0 571  0.55     0.0 233.2          M      131
================================================================================
AV 97.0 73.1                               8.3 FASTST   M    M   5    MAX(MPH)
                                 MISC ---->  # 44 360               # 53  360
================================================================================
NOTES:
# LAST OF SEVERAL OCCURRENCES

COLUMN 17 PEAK WIND IN M.P.H.

PRELIMINARY LOCAL CLIMATOLOGICAL DATA (WS FORM: F-6) , PAGE 2

                                          STATION:  EL PASO
                                          MONTH:    JULY
                                          YEAR:     2014
                                          LATITUDE:   31 47 N
                                          LONGITUDE: 106 24 W

[TEMPERATURE DATA]      [PRECIPITATION DATA]       SYMBOLS USED IN COLUMN 16

AVERAGE MONTHLY: 85.1   TOTAL FOR MONTH:   0.55    1 = FOG OR MIST
DPTR FM NORMAL:   2.2   DPTR FM NORMAL:   -0.80    2 = FOG REDUCING VISIBILITY
HIGHEST:   104 ON 20,19 GRTST 24HR  0.19 ON 12-12      TO 1/4 MILE OR LESS
LOWEST:     68 ON 16                               3 = THUNDER
                        SNOW, ICE PELLETS, HAIL    4 = ICE PELLETS
                        TOTAL MONTH:   0.0 INCH    5 = HAIL
                        GRTST 24HR     0.0         6 = FREEZING RAIN OR DRIZZLE
                        GRTST DEPTH:   0           7 = DUSTSTORM OR SANDSTORM:
                                                       VSBY 1/2 MILE OR LESS
                                                   8 = SMOKE OR HAZE
[NO. OF DAYS WITH]      [WEATHER - DAYS WITH]      9 = BLOWING SNOW
                                                   X = TORNADO
MAX 32 OR BELOW:   0    0.01 INCH OR MORE:   8
MAX 90 OR ABOVE:  28    0.10 INCH OR MORE:   1
MIN 32 OR BELOW:   0    0.50 INCH OR MORE:   0
MIN  0 OR BELOW:   0    1.00 INCH OR MORE:   0

[HDD (BASE 65) ]
TOTAL THIS MO.     0    CLEAR  (SCALE 0-3)   5
DPTR FM NORMAL     0    PTCLDY (SCALE 4-7)  23
TOTAL FM JUL 1     0    CLOUDY (SCALE 8-10)  0
DPTR FM NORMAL     0

[CDD (BASE 65) ]
TOTAL THIS MO.   571
DPTR FM NORMAL    72    [PRESSURE DATA]
TOTAL FM JAN 1  1691    HIGHEST SLP M ON M
DPTR FM NORMAL   313    LOWEST  SLP 29.56 ON  1

[REMARKS]




U.S. Dept. of Commerce
NOAA National Weather Service
1325 East West Highway
Silver Spring, MD 20910
E-mail: w-nws.webmaster@noaa.gov
Page last modified: May 16, 2007
NATIONAL WEATHER SERVICE: for Safety, for Work, for Fun - FOR LIFE