423
CXUS54 KEPZ 281202
CF6ELP
PRELIMINARY LOCAL CLIMATOLOGICAL DATA (WS FORM: F-6)

                                          STATION:   EL PASO
                                          MONTH:     NOVEMBER
                                          YEAR:      2014
                                          LATITUDE:   31 47 N
                                          LONGITUDE: 106 24 W

  TEMPERATURE IN F:       :PCPN:    SNOW:  WIND      :SUNSHINE: SKY     :PK WND
================================================================================
1   2   3   4   5  6A  6B    7    8   9   10  11  12  13   14  15   16   17  18
                                     12Z  AVG MX 2MIN
DY MAX MIN AVG DEP HDD CDD  WTR  SNW DPTH SPD SPD DIR MIN PSBL S-S WX    SPD DR
================================================================================

 1  77  57  67   8   0   2 0.00  0.0    0  8.7 18 140   M    M   7        24 150
 2  81  57  69  10   0   4    T  0.0    0 10.9 28 260   M    M   7        36 240
 3  68  56  62   4   3   0 0.06  0.0    0  5.6 16 340   M    M   7        19 340
 4  61  51  56  -2   9   0 0.00  0.0    0 11.7 22  10   M    M   8 1      25 360
 5  61  50  56  -1   9   0    T  0.0    0  6.6 13 150   M    M   8        15 160
 6  58  50  54  -3  11   0 0.02  0.0    0  5.8 14  20   M    M   8        16  80
 7  67  43  55  -2  10   0 0.00  0.0    0  6.2 16 240   M    M   2        20 250
 8  68  45  57   1   8   0 0.00  0.0    0  8.6 23  50   M    M   0        29  40
 9  69  44  57   1   8   0 0.00  0.0    0  4.6 10 150   M    M   1        14 210
10  78  52  65  10   0   0 0.00  0.0    0 15.1 29 260   M    M   1        39 280
11  74  53  64   9   1   0 0.00  0.0    0  8.5 26 290   M    M   1        33 260
12  54  34  44 -10  21   0 0.00  0.0    0  9.7 16 100   M    M   5        21 120
13  48  29  39 -15  26   0 0.00  0.0    0  7.8 16  80   M    M   4        22 110
14  65  32  49  -5  16   0 0.00  0.0    0  5.3 13 190   M    M   3        16 180
15  70  49  60   7   5   0 0.00  0.0    0 10.8 25 250   M    M   4        41 240
16  64  31  48  -5  17   0 0.01  0.0    0 12.7 35 350   M    M   4        45 240
17  49  26  38 -14  27   0 0.00  0.0    0  5.0 14 130   M    M   3        16 120
18  58  28  43  -9  22   0 0.00  0.0    0  4.8 14  20   M    M   1        16  10
19  63  25  44  -8  21   0 0.00  0.0    0  2.8  9 200   M    M   4        13 210
20  69  33  51   0  14   0 0.00  0.0    0  5.6 18 260   M    M   1        21 230
21  69  40  55   4  10   0 0.00  0.0    0  3.6 14 330   M    M   7        16 340
22  67  51  59   9   6   0 0.02  0.0    0 12.3 31 270   M    M   5        41 270
23  64  47  56   6   9   0    T    M    0 22.0 46 270   M    M   3 8      56 280
24  57  34  46  -4  19   0 0.00  0.0    0  8.8 21 270   M    M   2        26 260
25  55  34  45  -4  20   0 0.00  0.0    0  7.4 20 360   M    M   0        24 230
26  67  30  49   0  16   0 0.00  0.0    0  3.5 12  10   M    M   0        14  80
27  68  32  50   1  15   0 0.00  0.0    0  1.9  8  70   M    M   0         9 120
================================================================================
SM 1749 1113       323   6  0.11     0.0 216.3          M       96
================================================================================
AV 64.8 41.2                               8.0 FASTST   M    M   4    MAX(MPH)
                                 MISC ---->  # 46 270               # 56  280
================================================================================
NOTES:
# LAST OF SEVERAL OCCURRENCES

COLUMN 17 PEAK WIND IN M.P.H.

PRELIMINARY LOCAL CLIMATOLOGICAL DATA (WS FORM: F-6) , PAGE 2

                                          STATION:  EL PASO
                                          MONTH:    NOVEMBER
                                          YEAR:     2014
                                          LATITUDE:   31 47 N
                                          LONGITUDE: 106 24 W

[TEMPERATURE DATA]      [PRECIPITATION DATA]       SYMBOLS USED IN COLUMN 16

AVERAGE MONTHLY: 53.0   TOTAL FOR MONTH:   0.11    1 = FOG OR MIST
DPTR FM NORMAL:  -0.7   DPTR FM NORMAL:   -0.33    2 = FOG REDUCING VISIBILITY
HIGHEST:    81 ON  2    GRTST 24HR  0.06 ON  3- 3      TO 1/4 MILE OR LESS
LOWEST:     25 ON 19                               3 = THUNDER
                        SNOW, ICE PELLETS, HAIL    4 = ICE PELLETS
                        TOTAL MONTH:   0.0 INCH    5 = HAIL
                        GRTST 24HR     0.0         6 = FREEZING RAIN OR DRIZZLE
                        GRTST DEPTH:   0           7 = DUSTSTORM OR SANDSTORM:
                                                       VSBY 1/2 MILE OR LESS
                                                   8 = SMOKE OR HAZE
[NO. OF DAYS WITH]      [WEATHER - DAYS WITH]      9 = BLOWING SNOW
                                                   X = TORNADO
MAX 32 OR BELOW:   0    0.01 INCH OR MORE:   4
MAX 90 OR ABOVE:   0    0.10 INCH OR MORE:   0
MIN 32 OR BELOW:   8    0.50 INCH OR MORE:   0
MIN  0 OR BELOW:   0    1.00 INCH OR MORE:   0

[HDD (BASE 65) ]
TOTAL THIS MO.   323    CLEAR  (SCALE 0-3)  13
DPTR FM NORMAL    16    PTCLDY (SCALE 4-7)  13
TOTAL FM JUL 1   328    CLOUDY (SCALE 8-10)  1
DPTR FM NORMAL   -62

[CDD (BASE 65) ]
TOTAL THIS MO.     6
DPTR FM NORMAL     6    [PRESSURE DATA]
TOTAL FM JAN 1  2671    HIGHEST SLP M ON M
DPTR FM NORMAL   343    LOWEST  SLP 29.64 ON M

[REMARKS]




U.S. Dept. of Commerce
NOAA National Weather Service
1325 East West Highway
Silver Spring, MD 20910
E-mail: w-nws.webmaster@noaa.gov
Page last modified: May 16, 2007
NATIONAL WEATHER SERVICE: for Safety, for Work, for Fun - FOR LIFE