487
CXUS54 KSHV 180043
CF6ELD
PRELIMINARY LOCAL CLIMATOLOGICAL DATA (WS FORM: F-6)

                                          STATION:   EL DORADO
                                          MONTH:     NOVEMBER
                                          YEAR:      2014
                                          LATITUDE:   33 13 N
                                          LONGITUDE:  92 49 W

  TEMPERATURE IN F:       :PCPN:    SNOW:  WIND      :SUNSHINE: SKY     :PK WND
================================================================================
1   2   3   4   5  6A  6B    7    8   9   10  11  12  13   14  15   16   17  18
                                     12Z  AVG MX 2MIN
DY MAX MIN AVG DEP HDD CDD  WTR  SNW DPTH SPD SPD DIR MIN PSBL S-S WX    SPD DR
================================================================================

 1  56  32  44 -15  21   0 0.00  0.0    0  5.0 16  50   M  100   0        21  40
 2  62  32  47 -11  18   0 0.00  0.0    0  3.3 13 130   M    M   M        16 140
 3  71  37  54  -4  11   0 0.00  0.0    0  5.3 14 120   M    M   0        18 150
 4  79  54  67   9   0   2 0.12  0.0    0  9.0 22 340   M    M   4 1      28 330
 5  59  56  58   0   7   0 1.06  0.0    0  5.8 12  40   M    M  10 1      15  30
 6  70  42  56  -1   9   0 0.00  0.0    0  5.9 15 320   M    M   4 1      18 320
 7  61  36  49  -8  16   0 0.00  0.0    0  3.2 12  60   M    M   0        13 100
 8  66  35  51  -6  14   0 0.00  0.0    0  2.5 10 330   M    M   1 1      14 320
 9  68  38  53  -3  12   0 0.00  0.0    0  2.9 12 200   M    M   0        16 220
10  75  42  59   3   6   0 0.00  0.0    0  9.4 23 180   M    M   0 1      31 170
11  67  39  53  -3  12   0    T  0.0    0  8.8 18 290   M    M   7 1      26 270
12  49  32  41 -14  24   0 0.00  0.0    0  8.6 17 340   M    M   0        24  20
13  41  25  33 -22  32   0 0.00  0.0    0  7.5 17 320   M    M   5        24 350
14  44  23  34 -20  31   0 0.00  0.0    0  5.1 13  50   M    M   0        19  50
15  43  24  34 -20  31   0 0.02  0.0    0  4.3 13 360   M    M   6 1      16  20
16  43  36  40 -14  25   0 0.75  0.0    0  8.9 15 360   M    M  10 1      21 360
17  44  25  35 -19  30   0 0.00  0.0    0  9.6 21 320   M    M   2        27 320
18  47  21  34 -19  31   0 0.00  0.0    0  2.7 12 210   M    M   0        15 180
19  61  29  45  -8  20   0 0.00  0.0    0  7.3 24 200   M    M   1        30 210
20  63  36  50  -2  15   0    T  0.0    0  3.9 10  40   M    M   7 12     12 110
21  61  52  57   5   8   0 0.01  0.0    0  4.9 15 160   M    M  10 1      23 160
22  72  53  63  11   2   0 0.21  0.0    0  9.1 20 150   M    M   7 1      24 160
23  69  57  63  12   2   0 0.94  0.0    0  7.9 16 240   M    M   6 1      24 250
24  60  34  47  -4  18   0 0.00  0.0    0  6.7 22 280   M    M   1        32 270
25  57  31  44  -7  21   0 0.00  0.0    0  2.9  9 330   M    M   0        12 300
26  65  31  48  -2  17   0 0.00  0.0    0  6.1 21 230   M    M   0        29 230
27  53  33  43  -7  22   0 0.00  0.0    0  4.6 12 350   M    M   0        17 360
28  62  31  47  -3  18   0 0.00  0.0    0  7.2 14 180   M    M   0 1      20 160
29  74  49  62  13   3   0 0.00  0.0    0 12.6 26 200   M    M   5        35 190
30  77  62  70  21   0   5 0.00  0.0    0 11.4 23 190   M    M   7        28 180
================================================================================
SM 1819 1127       476   7  3.11     0.0 192.4          M       93
================================================================================
AV 60.6 37.6                               6.4 FASTST   M  100   3    MAX(MPH)
                                 MISC ---->  # 26 200               # 35  190
================================================================================
NOTES:
# LAST OF SEVERAL OCCURRENCES

COLUMN 17 PEAK WIND IN M.P.H.

PRELIMINARY LOCAL CLIMATOLOGICAL DATA (WS FORM: F-6) , PAGE 2

                                          STATION:  EL DORADO
                                          MONTH:    NOVEMBER
                                          YEAR:     2014
                                          LATITUDE:   33 13 N
                                          LONGITUDE:  92 49 W

[TEMPERATURE DATA]      [PRECIPITATION DATA]       SYMBOLS USED IN COLUMN 16

AVERAGE MONTHLY: 49.1   TOTAL FOR MONTH:   3.11    1 = FOG OR MIST
DPTR FM NORMAL:  -4.8   DPTR FM NORMAL:   -1.78    2 = FOG REDUCING VISIBILITY
HIGHEST:    79 ON  4    GRTST 24HR  1.14 ON  4- 5      TO 1/4 MILE OR LESS
LOWEST:     21 ON 18                               3 = THUNDER
                        SNOW, ICE PELLETS, HAIL    4 = ICE PELLETS
                        TOTAL MONTH:   0.0 INCH    5 = HAIL
                        GRTST 24HR     0.0         6 = FREEZING RAIN OR DRIZZLE
                        GRTST DEPTH:   0           7 = DUSTSTORM OR SANDSTORM:
                                                       VSBY 1/2 MILE OR LESS
                                                   8 = SMOKE OR HAZE
[NO. OF DAYS WITH]      [WEATHER - DAYS WITH]      9 = BLOWING SNOW
                                                   X = TORNADO
MAX 32 OR BELOW:   0    0.01 INCH OR MORE:   7
MAX 90 OR ABOVE:   0    0.10 INCH OR MORE:   5
MIN 32 OR BELOW:  12    0.50 INCH OR MORE:   3
MIN  0 OR BELOW:   0    1.00 INCH OR MORE:   1

[HDD (BASE 65) ]
TOTAL THIS MO.   476    CLEAR  (SCALE 0-3)  16
DPTR FM NORMAL   130    PTCLDY (SCALE 4-7)  10
TOTAL FM JUL 1   551    CLOUDY (SCALE 8-10)  3
DPTR FM NORMAL    72

[CDD (BASE 65) ]
TOTAL THIS MO.     7
DPTR FM NORMAL    -8    [PRESSURE DATA]
TOTAL FM JAN 1  1884    HIGHEST SLP 30.57 ON 27
DPTR FM NORMAL  -242    LOWEST  SLP 29.38 ON 23

[REMARKS]
#FINAL-11-14#




U.S. Dept. of Commerce
NOAA National Weather Service
1325 East West Highway
Silver Spring, MD 20910
E-mail: w-nws.webmaster@noaa.gov
Page last modified: May 16, 2007
NATIONAL WEATHER SERVICE: for Safety, for Work, for Fun - FOR LIFE