098
CXUS54 KSHV 291300
CF6ELD
PRELIMINARY LOCAL CLIMATOLOGICAL DATA (WS FORM: F-6)

                                          STATION:   EL DORADO
                                          MONTH:     JULY
                                          YEAR:      2014
                                          LATITUDE:   33 13 N
                                          LONGITUDE:  92 49 W

  TEMPERATURE IN F:       :PCPN:    SNOW:  WIND      :SUNSHINE: SKY     :PK WND
================================================================================
1   2   3   4   5  6A  6B    7    8   9   10  11  12  13   14  15   16   17  18
                                     12Z  AVG MX 2MIN
DY MAX MIN AVG DEP HDD CDD  WTR  SNW DPTH SPD SPD DIR MIN PSBL S-S WX    SPD DR
================================================================================

 1  92  72  82   1   0  17 0.00  0.0    0  5.4 14 180   M    M   6 18     22 210
 2  89  72  81   0   0  16 0.00  0.0    0  3.7 23 320   M    M   1 1      28 320
 3  86  67  77  -4   0  12 0.00  0.0    0  4.9 13  50   M    M   0        18  40
 4  85  60  73  -8   0   8 0.00  0.0    0  3.7 16  70   M    M   0 1      20  70
 5  87  60  74  -7   0   9 0.00  0.0    0  2.3  8  30   M    M   0 1      12 150
 6  91  64  78  -3   0  13 0.00  0.0    0  1.6 10 210   M    M   1 1      13 190
 7  93  67  80  -1   0  15 0.00  0.0    0  6.0 13 170   M    M   1 1      17 260
 8  93  73  83   2   0  18 0.00  0.0    0  6.3 15 350   M    M   1        22 340
 9  88  71  80  -1   0  15 0.00  0.0    0  5.0 15 350   M    M   2        19 360
10  90  71  81  -1   0  16 0.71  0.0    0  3.9 18 290   M    M   5 13     25 290
11  92  68  80  -2   0  15 0.00  0.0    0  3.5 13 100   M    M   0 1      14  90
12  96  70  83   1   0  18 0.00  0.0    0  1.7  9 330   M    M   0 1      12 320
13  96  71  84   2   0  19 0.00  0.0    0  2.0  8 210   M    M   1        10 230
14  95  73  84   2   0  19 0.28  0.0    0  5.9 15 150   M    M   1 13     21 160
15  84  63  74  -8   0   9 0.22  0.0    0  4.6 14  30   M    M   4 13     20  30
16  84  59  72 -10   0   7 0.00  0.0    0  2.5  9  30   M    M   0        13  30
17  80  63  72 -10   0   7 0.26  0.0    0  6.5 16  60   M    M   5 1      22  50
18  68  62  65 -17   0   0 1.20  0.0    0  7.5 17  60   M    M  10 1      22  30
19  74  65  70 -12   0   5 0.00  0.0    0  2.3  7  30   M    M  10 1      10 360
20  82  66  74  -8   0   9 0.01  0.0    0  1.4  7  50   M    M   8 1       9  90
21  88  63  76  -6   0  11 0.00  0.0    0  1.3 10  80   M    M   2 1      12  70
22  91  65  78  -4   0  13 0.00  0.0    0  1.9  9  50   M    M   1 1      12  70
23  90  68  79  -3   0  14 0.10  0.0    0  3.7 33 320   M    M   2 13     44 330
24  89  68  79  -3   0  14 0.00  0.0    0  5.2 12 320   M    M   5 12     14 320
25  91  68  80  -2   0  15 0.00  0.0    0  1.7  7 210   M    M   3 1      11 270
26  93  71  82   0   0  17 0.00  0.0    0  3.5 14 210   M    M   0 1      19 190
27  94  75  85   3   0  20 0.00  0.0    0  5.5 13 210   M    M   0 1      17 250
28  91  69  80  -2   0  15 0.00  0.0    0  5.1 14 330   M    M   2 3      17  10
================================================================================
SM 2472 1884         0 366  2.78     0.0 108.6          M       71
================================================================================
AV 88.3 67.3                               3.9 FASTST   M    M   3    MAX(MPH)
                                 MISC ---->  # 33 320               # 44  330
================================================================================
NOTES:
# LAST OF SEVERAL OCCURRENCES

COLUMN 17 PEAK WIND IN M.P.H.

PRELIMINARY LOCAL CLIMATOLOGICAL DATA (WS FORM: F-6) , PAGE 2

                                          STATION:  EL DORADO
                                          MONTH:    JULY
                                          YEAR:     2014
                                          LATITUDE:   33 13 N
                                          LONGITUDE:  92 49 W

[TEMPERATURE DATA]      [PRECIPITATION DATA]       SYMBOLS USED IN COLUMN 16

AVERAGE MONTHLY: 77.8   TOTAL FOR MONTH:   2.78    1 = FOG OR MIST
DPTR FM NORMAL:  -3.9   DPTR FM NORMAL:   -0.46    2 = FOG REDUCING VISIBILITY
HIGHEST:    96 ON 13,12 GRTST 24HR  1.46 ON 17-18      TO 1/4 MILE OR LESS
LOWEST:     59 ON 16                               3 = THUNDER
                        SNOW, ICE PELLETS, HAIL    4 = ICE PELLETS
                        TOTAL MONTH:   0.0 INCH    5 = HAIL
                        GRTST 24HR     0.0         6 = FREEZING RAIN OR DRIZZLE
                        GRTST DEPTH:   0           7 = DUSTSTORM OR SANDSTORM:
                                                       VSBY 1/2 MILE OR LESS
                                                   8 = SMOKE OR HAZE
[NO. OF DAYS WITH]      [WEATHER - DAYS WITH]      9 = BLOWING SNOW
                                                   X = TORNADO
MAX 32 OR BELOW:   0    0.01 INCH OR MORE:   7
MAX 90 OR ABOVE:  15    0.10 INCH OR MORE:   6
MIN 32 OR BELOW:   0    0.50 INCH OR MORE:   2
MIN  0 OR BELOW:   0    1.00 INCH OR MORE:   1

[HDD (BASE 65) ]
TOTAL THIS MO.     0    CLEAR  (SCALE 0-3)  20
DPTR FM NORMAL     0    PTCLDY (SCALE 4-7)   6
TOTAL FM JUL 1     0    CLOUDY (SCALE 8-10)  2
DPTR FM NORMAL     0

[CDD (BASE 65) ]
TOTAL THIS MO.   366
DPTR FM NORMAL  -101    [PRESSURE DATA]
TOTAL FM JAN 1  1035    HIGHEST SLP M ON M
DPTR FM NORMAL  -139    LOWEST  SLP 29.88 ON M

[REMARKS]




U.S. Dept. of Commerce
NOAA National Weather Service
1325 East West Highway
Silver Spring, MD 20910
E-mail: w-nws.webmaster@noaa.gov
Page last modified: May 16, 2007
NATIONAL WEATHER SERVICE: for Safety, for Work, for Fun - FOR LIFE