180
CXUS54 KSHV 221300
CF6ELD
PRELIMINARY LOCAL CLIMATOLOGICAL DATA (WS FORM: F-6)

                                          STATION:   EL DORADO
                                          MONTH:     AUGUST
                                          YEAR:      2014
                                          LATITUDE:   33 13 N
                                          LONGITUDE:  92 49 W

  TEMPERATURE IN F:       :PCPN:    SNOW:  WIND      :SUNSHINE: SKY     :PK WND
================================================================================
1   2   3   4   5  6A  6B    7    8   9   10  11  12  13   14  15   16   17  18
                                     12Z  AVG MX 2MIN
DY MAX MIN AVG DEP HDD CDD  WTR  SNW DPTH SPD SPD DIR MIN PSBL S-S WX    SPD DR
================================================================================

 1  69  64  67 -15   0   2 0.82  0.0    0  7.1 15  40   M    M  10 1      18  30
 2  81  68  75  -7   0  10    T  0.0    0  4.7 13  50   M    M   8 1      17  60
 3  84  70  77  -5   0  12 0.12  0.0    0  4.2 22  50   M    M   8 138    29  50
 4  91  69  80  -2   0  15 0.00  0.0    0  4.1 14  40   M    M   3 18     20  20
 5  92  69  81  -1   0  16 0.00  0.0    0  1.6  8  70   M    M   1 18     10  20
 6  92  70  81  -1   0  16 0.01  0.0    0  2.0 13 290   M    M   1 13     16 270
 7  91  73  82   0   0  17 0.00  0.0    0  5.4 14 210   M    M   1 1      16 190
 8  91  73  82   0   0  17 0.32  0.0    0  5.4 18 310   M    M   3 13     24 320
 9  90  71  81  -1   0  16 0.00  0.0    0  3.9 10 340   M    M   1        13 330
10  93  72  83   1   0  18 0.00  0.0    0  4.5 23 320   M    M   2 3      29 320
11  87  72  80  -2   0  15 0.22  0.0    0  4.1 24 310   M    M   1 13     33 300
12  88  65  77  -5   0  12 0.00  0.0    0  5.1 14 340   M    M   0 1      18 330
13  88  62  75  -7   0  10 0.00  0.0    0  1.9  8  30   M    M   1        11  30
14  87  62  75  -7   0  10 0.00  0.0    0  1.0 10  60   M    M   1 1      12  60
15  87  64  76  -6   0  11 0.00  0.0    0  1.7  8 180   M    M   1 18     11 160
16  93  67  80  -2   0  15 0.00  0.0    0  5.8 14 220   M    M   2 1      18 230
17  92  75  84   2   0  19 0.00  0.0    0  7.2 16 220   M    M   2        24 210
18  90  71  81   0   0  16 0.57  0.0    0  6.3 21 340   M    M   2 13     29 320
19  92  71  82   1   0  17 0.00  0.0    0  4.8 12 160   M    M   1        13 190
20  92  69  81   0   0  16 0.00  0.0    0  4.7 14 200   M    M   1        17 210
21  92  71  82   1   0  17 0.00  0.0    0  5.2 15 200   M    M   1        18 200
================================================================================
SM 1862 1448         0 297  2.06     0.0  90.7          M       51
================================================================================
AV 88.7 69.0                               4.3 FASTST   M    M   2    MAX(MPH)
                                 MISC ---->  # 24 310               # 33  300
================================================================================
NOTES:
# LAST OF SEVERAL OCCURRENCES

COLUMN 17 PEAK WIND IN M.P.H.

PRELIMINARY LOCAL CLIMATOLOGICAL DATA (WS FORM: F-6) , PAGE 2

                                          STATION:  EL DORADO
                                          MONTH:    AUGUST
                                          YEAR:     2014
                                          LATITUDE:   33 13 N
                                          LONGITUDE:  92 49 W

[TEMPERATURE DATA]      [PRECIPITATION DATA]       SYMBOLS USED IN COLUMN 16

AVERAGE MONTHLY: 78.8   TOTAL FOR MONTH:   2.06    1 = FOG OR MIST
DPTR FM NORMAL:  -3.0   DPTR FM NORMAL:   -0.11    2 = FOG REDUCING VISIBILITY
HIGHEST:    93 ON 16,10 GRTST 24HR  0.82 ON  1- 1      TO 1/4 MILE OR LESS
LOWEST:     62 ON 14,13                            3 = THUNDER
                        SNOW, ICE PELLETS, HAIL    4 = ICE PELLETS
                        TOTAL MONTH:   0.0 INCH    5 = HAIL
                        GRTST 24HR     0.0         6 = FREEZING RAIN OR DRIZZLE
                        GRTST DEPTH:   0           7 = DUSTSTORM OR SANDSTORM:
                                                       VSBY 1/2 MILE OR LESS
                                                   8 = SMOKE OR HAZE
[NO. OF DAYS WITH]      [WEATHER - DAYS WITH]      9 = BLOWING SNOW
                                                   X = TORNADO
MAX 32 OR BELOW:   0    0.01 INCH OR MORE:   6
MAX 90 OR ABOVE:  13    0.10 INCH OR MORE:   5
MIN 32 OR BELOW:   0    0.50 INCH OR MORE:   2
MIN  0 OR BELOW:   0    1.00 INCH OR MORE:   0

[HDD (BASE 65) ]
TOTAL THIS MO.     0    CLEAR  (SCALE 0-3)  17
DPTR FM NORMAL     0    PTCLDY (SCALE 4-7)   3
TOTAL FM JUL 1     0    CLOUDY (SCALE 8-10)  1
DPTR FM NORMAL     0

[CDD (BASE 65) ]
TOTAL THIS MO.   297
DPTR FM NORMAL   -55    [PRESSURE DATA]
TOTAL FM JAN 1  1357    HIGHEST SLP M ON M
DPTR FM NORMAL  -218    LOWEST  SLP 29.83 ON  7

[REMARKS]




U.S. Dept. of Commerce
NOAA National Weather Service
1325 East West Highway
Silver Spring, MD 20910
E-mail: w-nws.webmaster@noaa.gov
Page last modified: May 16, 2007
NATIONAL WEATHER SERVICE: for Safety, for Work, for Fun - FOR LIFE