027
CXUS54 KSHV 181300
CF6ELD
PRELIMINARY LOCAL CLIMATOLOGICAL DATA (WS FORM: F-6)

                                          STATION:   EL DORADO
                                          MONTH:     APRIL
                                          YEAR:      2014
                                          LATITUDE:   33 13 N
                                          LONGITUDE:  92 49 W

  TEMPERATURE IN F:       :PCPN:    SNOW:  WIND      :SUNSHINE: SKY     :PK WND
================================================================================
1   2   3   4   5  6A  6B    7    8   9   10  11  12  13   14  15   16   17  18
                                     12Z  AVG MX 2MIN
DY MAX MIN AVG DEP HDD CDD  WTR  SNW DPTH SPD SPD DIR MIN PSBL S-S WX    SPD DR
================================================================================

 1  76  53  65   5   0   0 0.00  0.0    0  3.8 13 210   M    M   6 1      18 220
 2  75  63  69   9   0   4 0.01  0.0    0  9.2 18 160   M    M   7 3      26 150
 3  84  60  72  12   0   7 0.82  0.0    0 12.2 37 310   M    M   8 13     58 320
 4  67  45  56  -5   9   0 0.50  0.0    0  8.9 18 310   M    M   2 13     23 320
 5  54  43  49 -12  16   0 0.03  0.0    0  6.8 14  50   M    M   2 3      18  50
 6  49  45  47 -14  18   0 1.76  0.0    0  8.3 23  40   M    M   9 13     29  40
 7  61  45  53  -8  12   0 0.03  0.0    0  7.1 15 280   M    M   7 1      19 280
 8  65  41  53  -9  12   0 0.13  0.0    0  6.0 28 330   M    M   3 3      38 320
 9  72  35  54  -8  11   0 0.00  0.0    0  2.3 12 260   M    M   0        16 240
10  81  46  64   2   1   0 0.00  0.0    0  9.9 25 210   M    M   0        30 200
11  79  55  67   5   0   2 0.00  0.0    0  7.1 17 190   M    M   1        24 190
12  79  58  69   7   0   4 0.00  0.0    0 10.1 21 140   M    M   3        27 180
13  75  62  69   6   0   4 0.10  0.0    0  9.9 20 160   M    M   7 13     29 180
14  67  39  53 -10  12   0 1.74    M    0  8.4 21 320   M    M  10 13     30 300
15  59  33  46 -17  19   0 0.00  0.0    0  5.9 17 340   M    M   0        26 340
16  63  32  48 -16  17   0 0.00  0.0    0  5.3 15 140   M    M   0        20 120
17  67  38  53 -11  12   0 0.00  0.0    0  3.6 16 120   M    M   2        19 120
================================================================================
SM 1173  793       139  21  5.12     0.0 124.8          M       67
================================================================================
AV 69.0 46.6                               7.3 FASTST   M    M   4    MAX(MPH)
                                 MISC ---->  # 37 310               # 58  320
================================================================================
NOTES:
# LAST OF SEVERAL OCCURRENCES

COLUMN 17 PEAK WIND IN M.P.H.

PRELIMINARY LOCAL CLIMATOLOGICAL DATA (WS FORM: F-6) , PAGE 2

                                          STATION:  EL DORADO
                                          MONTH:    APRIL
                                          YEAR:     2014
                                          LATITUDE:   33 13 N
                                          LONGITUDE:  92 49 W

[TEMPERATURE DATA]      [PRECIPITATION DATA]       SYMBOLS USED IN COLUMN 16

AVERAGE MONTHLY: 57.8   TOTAL FOR MONTH:   5.12    1 = FOG OR MIST
DPTR FM NORMAL:  -4.0   DPTR FM NORMAL:    2.85    2 = FOG REDUCING VISIBILITY
HIGHEST:    84 ON  3    GRTST 24HR  1.84 ON 13-14      TO 1/4 MILE OR LESS
LOWEST:     32 ON 16                               3 = THUNDER
                        SNOW, ICE PELLETS, HAIL    4 = ICE PELLETS
                        TOTAL MONTH:   0.0 INCH    5 = HAIL
                        GRTST 24HR     0.0         6 = FREEZING RAIN OR DRIZZLE
                        GRTST DEPTH:   0           7 = DUSTSTORM OR SANDSTORM:
                                                       VSBY 1/2 MILE OR LESS
                                                   8 = SMOKE OR HAZE
[NO. OF DAYS WITH]      [WEATHER - DAYS WITH]      9 = BLOWING SNOW
                                                   X = TORNADO
MAX 32 OR BELOW:   0    0.01 INCH OR MORE:   9
MAX 90 OR ABOVE:   0    0.10 INCH OR MORE:   6
MIN 32 OR BELOW:   1    0.50 INCH OR MORE:   4
MIN  0 OR BELOW:   0    1.00 INCH OR MORE:   2

[HDD (BASE 65) ]
TOTAL THIS MO.   139    CLEAR  (SCALE 0-3)   8
DPTR FM NORMAL    53    PTCLDY (SCALE 4-7)   6
TOTAL FM JUL 1  3188    CLOUDY (SCALE 8-10)  3
DPTR FM NORMAL   566

[CDD (BASE 65) ]
TOTAL THIS MO.    21
DPTR FM NORMAL   -11    [PRESSURE DATA]
TOTAL FM JAN 1    26    HIGHEST SLP M ON M
DPTR FM NORMAL   -34    LOWEST  SLP 29.67 ON 13

[REMARKS]




U.S. Dept. of Commerce
NOAA National Weather Service
1325 East West Highway
Silver Spring, MD 20910
E-mail: w-nws.webmaster@noaa.gov
Page last modified: May 16, 2007
NATIONAL WEATHER SERVICE: for Safety, for Work, for Fun - FOR LIFE