298
CXUS56 KLKN 301009
CF6EKO
PRELIMINARY LOCAL CLIMATOLOGICAL DATA (WS FORM: F-6)

                                          STATION:   ELKO AIRPORT NV
                                          MONTH:     JANUARY
                                          YEAR:      2015
                                          LATITUDE:   40 49 N
                                          LONGITUDE: 115 47 W

  TEMPERATURE IN F:       :PCPN:    SNOW:  WIND      :SUNSHINE: SKY     :PK WND
================================================================================
1   2   3   4   5  6A  6B    7    8   9   10  11  12  13   14  15   16   17  18
                                     12Z  AVG MX 2MIN
DY MAX MIN AVG DEP HDD CDD  WTR  SNW DPTH SPD SPD DIR MIN PSBL S-S WX    SPD DR
================================================================================

 1  22   0  11 -14  54   0 0.00  0.0    1  5.3 16 220   M    M   0        20 220
 2  27   1  14 -11  51   0 0.00  0.0    1  3.2  9 270   M    M   0        12 220
 3  37  11  24  -1  41   0 0.00  0.0    1  2.7 13 230   M    M   2        15 210
 4  41  11  26   1  39   0 0.00  0.0    1  2.1  8 230   M    M   5         9 230
 5  46  23  35  10  30   0 0.00  0.0    1  2.7  8 260   M    M   3        11 280
 6  53  26  40  15  25   0 0.00  0.0    T  2.2  8  80   M    M   0         9  80
 7  53  26  40  15  25   0 0.00  0.0    T  3.0  9  80   M    M   0        11  80
 8  50  23  37  12  28   0 0.00  0.0    T  1.8  7  60   M    M   0         8  80
 9  46  23  35  10  30   0 0.00  0.0    T  1.5  7  70   M    M   1 12      8  70
10  38  25  32   7  33   0 0.00  0.0    T  1.0  7 100   M    M   7 12      9 310
11  46  29  38  13  27   0    T  0.0    T  2.3  7 220   M    M   7 1       8 220
12  42  32  37  12  28   0 0.08    T    T  6.5 16 310   M    M  10 16     21 320
13  43  24  34   9  31   0 0.00  0.0    T  3.2 13 210   M    M   7        16 210
14  41  19  30   5  35   0 0.00  0.0    T  2.4  8  80   M    M   0        10  90
15  44  19  32   7  33   0 0.00  0.0    T  3.4  9  50   M    M   0        11  70
16  48  27  38  13  27   0 0.00  0.0    T  4.1 14 210   M    M   6        17 210
17  48  25  37  12  28   0 0.00  0.0    T  2.1  8  50   M    M   3        10  50
18  58  29  44  19  21   0 0.00  0.0    0  4.3 13 210   M    M   3        15 210
19  52  26  39  14  26   0 0.00  0.0    0  4.4 18 260   M    M   3        24 280
20  42  19  31   6  34   0 0.00  0.0    0  3.8 10  40   M    M   0        13  30
21  41  15  28   3  37   0 0.00  0.0    0  1.0  7  60   M    M   0         8  70
22  46  14  30   5  35   0 0.00  0.0    0  2.8  8  80   M    M   0        10  80
23  48  17  33   8  32   0 0.00  0.0    0  3.5 13 200   M    M   0        15 200
24  51  18  35  10  30   0 0.00  0.0    0  3.3 13 210   M    M   0        16 210
25  57  23  40  14  25   0 0.00  0.0    0  3.1  9  70   M    M   0        10  70
26  65  24  45  19  20   0 0.00  0.0    0  3.6  9  70   M    M   0        11  50
27  48  31  40  14  25   0 0.12  0.0    0  6.6 21 250   M    M   8 1      24 260
28  50  30  40  14  25   0 0.00  0.0    0  3.8 14 210   M    M   6        20 220
29  48  24  36  10  29   0 0.00  0.0    0  2.6  9  60   M    M   3        11  40
================================================================================
SM 1331  614       904   0  0.20    T     92.3          M       74
================================================================================
AV 45.9 21.2                               3.2 FASTST   M    M   3    MAX(MPH)
                                 MISC ---->  # 21 250               # 24  280
================================================================================
NOTES:
# LAST OF SEVERAL OCCURRENCES

COLUMN 17 PEAK WIND IN M.P.H.

PRELIMINARY LOCAL CLIMATOLOGICAL DATA (WS FORM: F-6) , PAGE 2

                                          STATION:  ELKO AIRPORT NV
                                          MONTH:    JANUARY
                                          YEAR:     2015
                                          LATITUDE:   40 49 N
                                          LONGITUDE: 115 47 W

[TEMPERATURE DATA]      [PRECIPITATION DATA]       SYMBOLS USED IN COLUMN 16

AVERAGE MONTHLY: 33.5   TOTAL FOR MONTH:   0.20    1 = FOG OR MIST
DPTR FM NORMAL:   8.4   DPTR FM NORMAL:   -0.86    2 = FOG REDUCING VISIBILITY
HIGHEST:    65 ON 26    GRTST 24HR  0.12 ON 27-27      TO 1/4 MILE OR LESS
LOWEST:      0 ON  1                               3 = THUNDER
                        SNOW, ICE PELLETS, HAIL    4 = ICE PELLETS
                        TOTAL MONTH:    T          5 = HAIL
                        GRTST 24HR    T  ON 12-12  6 = FREEZING RAIN OR DRIZZLE
                        GRTST DEPTH:   1 ON  5, 4  7 = DUSTSTORM OR SANDSTORM:
                                                       VSBY 1/2 MILE OR LESS
                                                   8 = SMOKE OR HAZE
[NO. OF DAYS WITH]      [WEATHER - DAYS WITH]      9 = BLOWING SNOW
                                                   X = TORNADO
MAX 32 OR BELOW:   2    0.01 INCH OR MORE:   2
MAX 90 OR ABOVE:   0    0.10 INCH OR MORE:   1
MIN 32 OR BELOW:  29    0.50 INCH OR MORE:   0
MIN  0 OR BELOW:   1    1.00 INCH OR MORE:   0

[HDD (BASE 65) ]
TOTAL THIS MO.   904    CLEAR  (SCALE 0-3)  18
DPTR FM NORMAL  -252    PTCLDY (SCALE 4-7)  10
TOTAL FM JUL 1  3263    CLOUDY (SCALE 8-10)  1
DPTR FM NORMAL  -841

[CDD (BASE 65) ]
TOTAL THIS MO.     0
DPTR FM NORMAL     0    [PRESSURE DATA]
TOTAL FM JAN 1     0    HIGHEST SLP M ON M
DPTR FM NORMAL     0    LOWEST  SLP 30.05 ON 10

[REMARKS]




U.S. Dept. of Commerce
NOAA National Weather Service
1325 East West Highway
Silver Spring, MD 20910
E-mail: w-nws.webmaster@noaa.gov
Page last modified: May 16, 2007
NATIONAL WEATHER SERVICE: for Safety, for Work, for Fun - FOR LIFE