865
CXUS56 KLKN 030359
CF6EKO
PRELIMINARY LOCAL CLIMATOLOGICAL DATA (WS FORM: F-6)

                                          STATION:   ELKO AIRPORT NV
                                          MONTH:     NOVEMBER
                                          YEAR:      2014
                                          LATITUDE:   40 49 N
                                          LONGITUDE: 115 47 W

  TEMPERATURE IN F:       :PCPN:    SNOW:  WIND      :SUNSHINE: SKY     :PK WND
================================================================================
1   2   3   4   5  6A  6B    7    8   9   10  11  12  13   14  15   16   17  18
                                     12Z  AVG MX 2MIN
DY MAX MIN AVG DEP HDD CDD  WTR  SNW DPTH SPD SPD DIR MIN PSBL S-S WX    SPD DR
================================================================================

 1  48  35  42   2  23   0 0.21    T    0 13.0 30 230   M    M   7 1      39 230
 2  41  24  33  -7  32   0 0.02    T    0  7.5 18 330   M    M   7 1      24 330
 3  46  23  35  -5  30   0 0.00  0.0    0  1.8  9 310   M    M   3 1      14 300
 4  49  22  36  -3  29   0 0.00  0.0    0  3.2  8 210   M    M   5        11 190
 5  62  30  46   7  19   0 0.00  0.0    0  1.6  8 100   M    M   2        10 100
 6  61  31  46   7  19   0 0.00  0.0    0  3.5  9  80   M    M   0        11  80
 7  66  30  48  10  17   0 0.00  0.0    0  3.5 14 280   M    M   0        17 240
 8  65  26  46   8  19   0 0.00  0.0    0  3.0  8  90   M    M   0        12 190
 9  68  26  47  10  18   0 0.00  0.0    0  7.6 21 250   M    M   0        26 250
10  51  19  35  -2  30   0 0.00  0.0    0  6.1 21 280   M    M   2        26 330
11  51  15  33  -3  32   0 0.00  0.0    0  4.9 16  40   M    M   0        20  40
12  37  27  32  -4  33   0 0.00  0.0    0  4.4 13  30   M    M   8        14  40
13  40  24  32  -4  33   0 0.11  1.0    0  2.4  9  20   M    M   7 12     12  10
14  48  25  37   2  28   0 0.04    T    0  7.4 23 240   M    M   7 1      28 240
15  42   8  25 -10  40   0 0.12  0.6    0  5.6 17 340   M    M   7 1      23 330
16  28   4  16 -18  49   0 0.00  0.0    0  3.4 12 190   M    M   0        15 210
17  38   6  22 -12  43   0 0.00  0.0    0  1.9  7 230   M    M   0        10 230
18  47   9  28  -6  37   0 0.00  0.0    0  2.3  8  60   M    M   0         9  90
19  46  19  33   0  32   0    T    T    0  2.3  8 220   M    M   2        11  50
20  51  29  40   7  25   0    T    T    0  2.4  9 260   M    M   3        12 250
21  51  22  37   5  28   0 0.00  0.0    0  4.3 15 240   M    M   2        18 240
22  54  31  43  11  22   0 0.60  0.3    0 11.5 35 280   M    M   9 13     45 260
23  40  24  32   0  33   0 0.00  0.0    T  5.8 17 250   M    M   4        23 250
24  43  22  33   2  32   0 0.00  0.0    T  5.2 16 260   M    M   1        18 260
25  53  27  40   9  25   0 0.00  0.0    0  5.7 20 240   M    M   3        24 240
26  60  23  42  12  23   0 0.00  0.0    0  1.9 10 240   M    M   0        13 220
27  59  30  45  15  20   0 0.00  0.0    0  1.2  7 250   M    M   0         8 250
28  65  27  46  16  19   0 0.00  0.0    0  4.8 33 240   M    M   2 8      44 220
29  56  34  45  16  20   0 0.01  0.0    0 10.5 30 250   M    M   7        40 240
30  41  33  37   8  28   0 0.04    T    0  6.3 14  30   M    M  10 1      17  30
================================================================================
SM 1507  705       838   0  1.15     1.9 145.0          M       98
================================================================================
AV 50.2 23.5                               4.8 FASTST   M    M   3    MAX(MPH)
                                 MISC ---->  # 35 280               # 45  260
================================================================================
NOTES:
# LAST OF SEVERAL OCCURRENCES

COLUMN 17 PEAK WIND IN M.P.H.

PRELIMINARY LOCAL CLIMATOLOGICAL DATA (WS FORM: F-6) , PAGE 2

                                          STATION:  ELKO AIRPORT NV
                                          MONTH:    NOVEMBER
                                          YEAR:     2014
                                          LATITUDE:   40 49 N
                                          LONGITUDE: 115 47 W

[TEMPERATURE DATA]      [PRECIPITATION DATA]       SYMBOLS USED IN COLUMN 16

AVERAGE MONTHLY: 36.9   TOTAL FOR MONTH:   1.15    1 = FOG OR MIST
DPTR FM NORMAL:   2.2   DPTR FM NORMAL:    0.04    2 = FOG REDUCING VISIBILITY
HIGHEST:    68 ON  9    GRTST 24HR  0.60 ON 22-22      TO 1/4 MILE OR LESS
LOWEST:      4 ON 16                               3 = THUNDER
                        SNOW, ICE PELLETS, HAIL    4 = ICE PELLETS
                        TOTAL MONTH:   1.9 INCHES  5 = HAIL
                        GRTST 24HR   1.0 ON 13-13  6 = FREEZING RAIN OR DRIZZLE
                        GRTST DEPTH:   0           7 = DUSTSTORM OR SANDSTORM:
                                                       VSBY 1/2 MILE OR LESS
                                                   8 = SMOKE OR HAZE
[NO. OF DAYS WITH]      [WEATHER - DAYS WITH]      9 = BLOWING SNOW
                                                   X = TORNADO
MAX 32 OR BELOW:   1    0.01 INCH OR MORE:   8
MAX 90 OR ABOVE:   0    0.10 INCH OR MORE:   4
MIN 32 OR BELOW:  27    0.50 INCH OR MORE:   1
MIN  0 OR BELOW:   0    1.00 INCH OR MORE:   0

[HDD (BASE 65) ]
TOTAL THIS MO.   838    CLEAR  (SCALE 0-3)  18
DPTR FM NORMAL   -71    PTCLDY (SCALE 4-7)   9
TOTAL FM JUL 1  1360    CLOUDY (SCALE 8-10)  3
DPTR FM NORMAL  -378

[CDD (BASE 65) ]
TOTAL THIS MO.     0
DPTR FM NORMAL     0    [PRESSURE DATA]
TOTAL FM JAN 1   549    HIGHEST SLP 30.68 ON 16
DPTR FM NORMAL   166    LOWEST  SLP 29.42 ON  1

[REMARKS]
#FINAL-11-14#




U.S. Dept. of Commerce
NOAA National Weather Service
1325 East West Highway
Silver Spring, MD 20910
E-mail: w-nws.webmaster@noaa.gov
Page last modified: May 16, 2007
NATIONAL WEATHER SERVICE: for Safety, for Work, for Fun - FOR LIFE