635
CXUS56 KLKN 011001
CF6EKO
PRELIMINARY LOCAL CLIMATOLOGICAL DATA (WS FORM: F-6)

                                          STATION:   ELKO AIRPORT NV
                                          MONTH:     AUGUST
                                          YEAR:      2014
                                          LATITUDE:   40 49 N
                                          LONGITUDE: 115 47 W

  TEMPERATURE IN F:       :PCPN:    SNOW:  WIND      :SUNSHINE: SKY     :PK WND
================================================================================
1   2   3   4   5  6A  6B    7    8   9   10  11  12  13   14  15   16   17  18
                                     12Z  AVG MX 2MIN
DY MAX MIN AVG DEP HDD CDD  WTR  SNW DPTH SPD SPD DIR MIN PSBL S-S WX    SPD DR
================================================================================

 1  93  51  72   1   0   7 0.00  0.0    0  3.4 13  10   M    M   0        16  10
 2  94  56  75   4   0  10 0.00  0.0    0  4.4 18  30   M    M   0        23  30
 3  95  60  78   7   0  13 0.00  0.0    0  7.3 31 170   M    M   2        39 170
 4  77  61  69  -2   0   4 0.20  0.0    0  5.7 16 110   M    M   9 1      20 190
 5  73  55  64  -6   1   0 0.24  0.0    0  6.6 16 160   M    M   8 123    20 160
 6  78  53  66  -4   0   1 0.01  0.0    0  6.0 35 160   M    M   3 1      47 150
 7  77  55  66  -4   0   1 0.29  0.0    0  3.2 12  80   M    M   2 13     14 210
 8  87  52  70   0   0   5 0.03  0.0    0  5.8 35 270   M    M   1 3      52 270
 9  89  55  72   2   0   7 0.02  0.0    0  8.3 24 350   M    M   3 3      32 340
10  91  51  71   1   0   6    T  0.0    0  5.2 25 110   M    M   0 3      36 290
11  83  54  69  -1   0   4    T  0.0    0  6.9 23 160   M    M   4        30 170
12  85  56  71   2   0   6 0.08  0.0    0  5.2 29 240   M    M   4 38     37 240
13  83  58  71   2   0   6 0.27  0.0    0  7.4 28 280   M    M   6 3      38 290
14  86  53  70   1   0   5 0.00  0.0    0  4.0 13 290   M    M   1        17 250
15  87  48  68  -1   0   3 0.00  0.0    0  4.5 18 260   M    M   0        22 230
16  91  49  70   2   0   5 0.00  0.0    0  4.2 13 220   M    M   0        19 190
17  92  52  72   4   0   7 0.00  0.0    0  4.0 14 240   M    M   0        20 220
18  94  49  72   4   0   7 0.00  0.0    0  5.0 29 170   M    M   0 8      36 170
19  88  58  73   5   0   8    T  0.0    0  8.2 20  60   M    M   1 3      25 190
20  86  54  70   2   0   5    T  0.0    0  8.1 31 220   M    M   3 8      42 220
21  87  57  72   5   0   7    T  0.0    0  7.5 26 270   M    M   3        34 260
22  81  54  68   1   0   3    T  0.0    0  5.8 24 270   M    M   5        31 260
23  74  40  57 -10   8   0 0.00  0.0    0  5.6 22 270   M    M   1        26 270
24  80  40  60  -6   5   0 0.00  0.0    0  4.0 16 240   M    M   0        21 240
25  75  51  63  -3   2   0 0.10  0.0    0  7.1 28 270   M    M   4 3      41 280
26  80  46  63  -3   2   0 0.03  0.0    0  4.9 22 170   M    M   2 3      30 180
27  83  46  65  -1   0   0 0.00  0.0    0  3.6 13 200   M    M   0        17 210
28  89  43  66   1   0   1 0.00  0.0    0  4.1 16 230   M    M   0        20 240
29  89  48  69   4   0   4 0.00  0.0    0  4.3 15 260   M    M   0        20 240
30  85  51  68   3   0   3 0.00  0.0    0  7.4 25 270   M    M   1        36 230
31  79  46  63  -1   2   0 0.00  0.0    0  6.9 22 280   M    M   1        29 270
================================================================================
SM 2631 1602        20 128  1.27     0.0 174.6          M       64
================================================================================
AV 84.9 51.7                               5.6 FASTST   M    M   2    MAX(MPH)
                                 MISC ---->  # 35 160               # 52  270
================================================================================
NOTES:
# LAST OF SEVERAL OCCURRENCES

COLUMN 17 PEAK WIND IN M.P.H.

PRELIMINARY LOCAL CLIMATOLOGICAL DATA (WS FORM: F-6) , PAGE 2

                                          STATION:  ELKO AIRPORT NV
                                          MONTH:    AUGUST
                                          YEAR:     2014
                                          LATITUDE:   40 49 N
                                          LONGITUDE: 115 47 W

[TEMPERATURE DATA]      [PRECIPITATION DATA]       SYMBOLS USED IN COLUMN 16

AVERAGE MONTHLY: 68.3   TOTAL FOR MONTH:   1.27    1 = FOG OR MIST
DPTR FM NORMAL:   0.1   DPTR FM NORMAL:    0.90    2 = FOG REDUCING VISIBILITY
HIGHEST:    95 ON  3    GRTST 24HR  0.30 ON  6- 7      TO 1/4 MILE OR LESS
LOWEST:     40 ON 24,23                            3 = THUNDER
                        SNOW, ICE PELLETS, HAIL    4 = ICE PELLETS
                        TOTAL MONTH:   0.0 INCH    5 = HAIL
                        GRTST 24HR     0.0         6 = FREEZING RAIN OR DRIZZLE
                        GRTST DEPTH:   0           7 = DUSTSTORM OR SANDSTORM:
                                                       VSBY 1/2 MILE OR LESS
                                                   8 = SMOKE OR HAZE
[NO. OF DAYS WITH]      [WEATHER - DAYS WITH]      9 = BLOWING SNOW
                                                   X = TORNADO
MAX 32 OR BELOW:   0    0.01 INCH OR MORE:  10
MAX 90 OR ABOVE:   7    0.10 INCH OR MORE:   5
MIN 32 OR BELOW:   0    0.50 INCH OR MORE:   0
MIN  0 OR BELOW:   0    1.00 INCH OR MORE:   0

[HDD (BASE 65) ]
TOTAL THIS MO.    20    CLEAR  (SCALE 0-3)  22
DPTR FM NORMAL   -12    PTCLDY (SCALE 4-7)   8
TOTAL FM JUL 1    20    CLOUDY (SCALE 8-10)  1
DPTR FM NORMAL   -31

[CDD (BASE 65) ]
TOTAL THIS MO.   128
DPTR FM NORMAL    -3    [PRESSURE DATA]
TOTAL FM JAN 1   504    HIGHEST SLP M ON M
DPTR FM NORMAL   142    LOWEST  SLP 29.63 ON 19

[REMARKS]
#FINAL-08-14#




U.S. Dept. of Commerce
NOAA National Weather Service
1325 East West Highway
Silver Spring, MD 20910
E-mail: w-nws.webmaster@noaa.gov
Page last modified: May 16, 2007
NATIONAL WEATHER SERVICE: for Safety, for Work, for Fun - FOR LIFE