867
CXUS51 KRLX 301400
CF6EKN
PRELIMINARY LOCAL CLIMATOLOGICAL DATA (WS FORM: F-6)

                                          STATION:   ELKINS WV
                                          MONTH:     SEPTEMBER
                                          YEAR:      2014
                                          LATITUDE:   38 52 N
                                          LONGITUDE:  79 51 W

  TEMPERATURE IN F:       :PCPN:    SNOW:  WIND      :SUNSHINE: SKY     :PK WND
================================================================================
1   2   3   4   5  6A  6B    7    8   9   10  11  12  13   14  15   16   17  18
                                     12Z  AVG MX 2MIN
DY MAX MIN AVG DEP HDD CDD  WTR  SNW DPTH SPD SPD DIR MIN PSBL S-S WX    SPD DR
================================================================================

 1  84  68  76   9   0  11 0.03  0.0    0  5.3 14 250   M    M   6 1      20 210
 2  84  67  76   9   0  11 0.03  0.0    0  4.2 17 240   M    M   7 1      23 230
 3  82  59  71   5   0   6    T  0.0    0  1.2  7 290   M    M   4 1      10 270
 4  86  57  72   6   0   7 0.61  0.0    0  2.3 15 180   M    M   4 12     19 180
 5  86  66  76  10   0  11 0.00  0.0    0  2.3 12 300   M    M   4 12     15 290
 6  85  62  74   8   0   9 0.09  0.0    0  3.5 13 190   M    M   5 1      19 300
 7  73  51  62  -3   3   0 0.00  0.0    0  3.4 10 350   M    M   4 1      13  20
 8  73  50  62  -3   3   0 0.00  0.0    0  5.8 16 150   M    M   7 1      24 130
 9  81  53  67   2   0   2    T  0.0    0  2.2 12 140   M    M   4 12     14 150
10  83  54  69   5   0   4 0.00  0.0    0  4.8 14 220   M    M   3 12     19 230
11  74  62  68   4   0   3 0.11  0.0    0  5.8 16 240   M    M   8 1      22 280
12  70  59  65   1   0   0 0.00  0.0    0  4.0 10 320   M    M   8 1      14 300
13  62  46  54  -9  11   0 0.29  0.0    0  3.5 12 290   M    M   8 1      15 290
14  64  45  55  -8  10   0 0.00  0.0    0  2.0  8 240   M    M   8 1      11 220
15  72  51  62  -1   3   0 0.00  0.0    0  1.9 10 310   M    M   6 12     14 320
16  65  47  56  -6   9   0 0.02  0.0    0  2.7 16 300   M    M   9 1      23 280
17  72  47  60  -2   5   0 0.00  0.0    0  2.2 12 300   M    M   7 1      14 310
18  71  50  61  -1   4   0 0.00  0.0    0  2.2 12 350   M    M   7 12     17 320
19  73  48  61   0   4   0 0.00  0.0    0  4.8 16 160   M    M   5 12     20 150
20  78  54  66   5   0   1 0.00  0.0    0  5.1 14 160   M    M   4 1      18 140
21  78  51  65   5   0   0    T  0.0    0  6.7 20 240   M    M   3 12     26 320
22  60  39  50 -10  15   0 0.02  0.0    0  5.1 16 310   M    M   7 12     23 330
23  72  40  56  -4   9   0 0.00  0.0    0  1.7 12 330   M    M   5 12     15 340
24  73  40  57  -2   8   0 0.00  0.0    0  4.2 15 150   M    M   2        21 140
25  76  48  62   3   3   0 0.00  0.0    0  1.9 10 130   M    M   2 12     16 140
26  79  48  64   6   1   0 0.00  0.0    0  2.7 13 360   M    M   3 12     16 330
27  81  46  64   6   1   0 0.00  0.0    0  1.2  9 310   M    M   4 12     15 310
28  73  44  59   1   6   0 0.00  0.0    0  1.1  9 360   M    M   2 12     11 360
29  76  52  64   7   1   0 0.02  0.0    0  0.7  8 270   M    M   4 12     10 260
================================================================================
SM 2186 1504        96  65  1.22     0.0  94.5          M      150
================================================================================
AV 75.4 51.9                               3.3 FASTST   M    M   5    MAX(MPH)
                                 MISC ---->  # 20 240               # 26  320
================================================================================
NOTES:
# LAST OF SEVERAL OCCURRENCES

COLUMN 17 PEAK WIND IN M.P.H.

PRELIMINARY LOCAL CLIMATOLOGICAL DATA (WS FORM: F-6) , PAGE 2

                                          STATION:  ELKINS WV
                                          MONTH:    SEPTEMBER
                                          YEAR:     2014
                                          LATITUDE:   38 52 N
                                          LONGITUDE:  79 51 W

[TEMPERATURE DATA]      [PRECIPITATION DATA]       SYMBOLS USED IN COLUMN 16

AVERAGE MONTHLY: 63.6   TOTAL FOR MONTH:   1.22    1 = FOG OR MIST
DPTR FM NORMAL:   1.2   DPTR FM NORMAL:   -2.30    2 = FOG REDUCING VISIBILITY
HIGHEST:    86 ON  5, 4 GRTST 24HR  0.61 ON  4- 4      TO 1/4 MILE OR LESS
LOWEST:     39 ON 22                               3 = THUNDER
                        SNOW, ICE PELLETS, HAIL    4 = ICE PELLETS
                        TOTAL MONTH:   0.0 INCH    5 = HAIL
                        GRTST 24HR     0.0         6 = FREEZING RAIN OR DRIZZLE
                        GRTST DEPTH:   0           7 = DUSTSTORM OR SANDSTORM:
                                                       VSBY 1/2 MILE OR LESS
                                                   8 = SMOKE OR HAZE
[NO. OF DAYS WITH]      [WEATHER - DAYS WITH]      9 = BLOWING SNOW
                                                   X = TORNADO
MAX 32 OR BELOW:   0    0.01 INCH OR MORE:   9
MAX 90 OR ABOVE:   0    0.10 INCH OR MORE:   3
MIN 32 OR BELOW:   0    0.50 INCH OR MORE:   1
MIN  0 OR BELOW:   0    1.00 INCH OR MORE:   0

[HDD (BASE 65) ]
TOTAL THIS MO.    96    CLEAR  (SCALE 0-3)   3
DPTR FM NORMAL   -25    PTCLDY (SCALE 4-7)  23
TOTAL FM JUL 1   147    CLOUDY (SCALE 8-10)  3
DPTR FM NORMAL    -4

[CDD (BASE 65) ]
TOTAL THIS MO.    65
DPTR FM NORMAL    18    [PRESSURE DATA]
TOTAL FM JAN 1   503    HIGHEST SLP M ON M
DPTR FM NORMAL    30    LOWEST  SLP 29.72 ON 21

[REMARKS]




U.S. Dept. of Commerce
NOAA National Weather Service
1325 East West Highway
Silver Spring, MD 20910
E-mail: w-nws.webmaster@noaa.gov
Page last modified: May 16, 2007
NATIONAL WEATHER SERVICE: for Safety, for Work, for Fun - FOR LIFE