298
CXUS51 KRLX 271400
CF6EKN
PRELIMINARY LOCAL CLIMATOLOGICAL DATA (WS FORM: F-6)

                                          STATION:   ELKINS WV
                                          MONTH:     JANUARY
                                          YEAR:      2015
                                          LATITUDE:   38 52 N
                                          LONGITUDE:  79 51 W

  TEMPERATURE IN F:       :PCPN:    SNOW:  WIND      :SUNSHINE: SKY     :PK WND
================================================================================
1   2   3   4   5  6A  6B    7    8   9   10  11  12  13   14  15   16   17  18
                                     12Z  AVG MX 2MIN
DY MAX MIN AVG DEP HDD CDD  WTR  SNW DPTH SPD SPD DIR MIN PSBL S-S WX    SPD DR
================================================================================

 1  37  19  28  -1  37   0 0.00  0.0    0  9.0 18 230   M    M   3        26 220
 2  39  21  30   1  35   0 0.00  0.0    0  3.8 14 240   M    M   5        23 250
 3  56  25  41  12  24   0 0.30  0.0    0  5.9 15 170   M    M   9 16     23 160
 4  63  34  49  20  16   0 0.62  0.0    0 11.8 29 290   M    M   9 1      43 260
 5  34  17  26  -3  39   0    T    T    0 10.1 24 300   M    M   5        36 280
 6  26  19  23  -6  42   0 0.29  7.5    3  6.8 20 290   M    M  10 1      26 290
 7  20   1  11 -18  54   0 0.01  0.2    7 14.0 24 300   M    M   9 189    33 300
 8  32  -2  15 -14  50   0    T    T    5  4.9 20 210   M    M   4 18     30 190
 9  33  11  22  -7  43   0    T  0.3    4 11.5 24 250   M    M  10        39 220
10  24  -5  10 -19  55   0    T    T    4  1.4 15 310   M    M   2        21 310
11  36  -5  16 -13  49   0 0.05  0.0    3  0.1  6 130   M    M   4 18      7 130
12  42  30  36   7  29   0 0.27    T    3  2.0 12 350   M    M  10 12     16 330
13  33  24  29   0  36   0    T  0.0    2  4.5 12 330   M    M   6 16     15 330
14  33  25  29   0  36   0 0.01    T    0  3.6 12 270   M    M  10 1      16 270
15  33  17  25  -4  40   0 0.00  0.0    0  4.0 13 240   M    M   9 8      18 240
16  31  27  29   0  36   0 0.00  0.0    0  6.8 20 240   M    M  10 1      26 240
17  51  17  34   5  31   0 0.00  0.0    0  5.6 14 190   M    M   1 1      22 180
18  47  32  40  11  25   0 0.12  1.0    0  8.9 21 290   M    M   6 1      30 280
19  41  23  32   3  33   0    T  0.1    1  6.3 23 290   M    M   5 1      37 280
20  47  20  34   5  31   0    T  0.0    0  1.0 12 320   M    M   4 1      15 320
21  42  23  33   4  32   0 0.05  0.0    0  2.5 10 240   M    M   8 16     18 270
22  36  31  34   5  31   0    T    T    0  6.3 14 320   M    M  10 1      20 270
23  41  20  31   2  34   0 0.48    T    0  1.1 12 180   M    M   7 1      17 170
24  34  28  31   2  34   0 0.05    M    0  7.9 18 260   M    M  10 16     25 230
25  43  30  37   8  28   0 0.02    M    M  3.5 14 250   M    M   7 1      22 250
26  36  23  30   1  35   0 0.27    M    M  3.6 16 310   M    M  10 1      20 310
================================================================================
SM  990  505       935   0  2.54     9.1 146.9          M      183
================================================================================
AV 38.1 19.4                               5.7 FASTST   M    M   7    MAX(MPH)
                                 MISC ---->  # 29 290               # 43  260
================================================================================
NOTES:
# LAST OF SEVERAL OCCURRENCES

COLUMN 17 PEAK WIND IN M.P.H.

PRELIMINARY LOCAL CLIMATOLOGICAL DATA (WS FORM: F-6) , PAGE 2

                                          STATION:  ELKINS WV
                                          MONTH:    JANUARY
                                          YEAR:     2015
                                          LATITUDE:   38 52 N
                                          LONGITUDE:  79 51 W

[TEMPERATURE DATA]      [PRECIPITATION DATA]       SYMBOLS USED IN COLUMN 16

AVERAGE MONTHLY: 28.8   TOTAL FOR MONTH:   2.54    1 = FOG OR MIST
DPTR FM NORMAL:  -0.2   DPTR FM NORMAL:   -0.17    2 = FOG REDUCING VISIBILITY
HIGHEST:    63 ON  4    GRTST 24HR  0.66 ON  3- 4      TO 1/4 MILE OR LESS
LOWEST:     -5 ON 11,10                            3 = THUNDER
                        SNOW, ICE PELLETS, HAIL    4 = ICE PELLETS
                        TOTAL MONTH:   9.1 INCHES  5 = HAIL
                        GRTST 24HR   7.5 ON  6- 6  6 = FREEZING RAIN OR DRIZZLE
                        GRTST DEPTH:   7 ON  7     7 = DUSTSTORM OR SANDSTORM:
                                                       VSBY 1/2 MILE OR LESS
                                                   8 = SMOKE OR HAZE
[NO. OF DAYS WITH]      [WEATHER - DAYS WITH]      9 = BLOWING SNOW
                                                   X = TORNADO
MAX 32 OR BELOW:   5    0.01 INCH OR MORE:  13
MAX 90 OR ABOVE:   0    0.10 INCH OR MORE:   7
MIN 32 OR BELOW:  25    0.50 INCH OR MORE:   1
MIN  0 OR BELOW:   3    1.00 INCH OR MORE:   0

[HDD (BASE 65) ]
TOTAL THIS MO.   935    CLEAR  (SCALE 0-3)   3
DPTR FM NORMAL    -1    PTCLDY (SCALE 4-7)  10
TOTAL FM JUL 1  3163    CLOUDY (SCALE 8-10) 13
DPTR FM NORMAL   -64

[CDD (BASE 65) ]
TOTAL THIS MO.     0
DPTR FM NORMAL     0    [PRESSURE DATA]
TOTAL FM JAN 1     0    HIGHEST SLP M ON M
DPTR FM NORMAL     0    LOWEST  SLP 29.62 ON 26

[REMARKS]




U.S. Dept. of Commerce
NOAA National Weather Service
1325 East West Highway
Silver Spring, MD 20910
E-mail: w-nws.webmaster@noaa.gov
Page last modified: May 16, 2007
NATIONAL WEATHER SERVICE: for Safety, for Work, for Fun - FOR LIFE