569
CXUS51 KRLX 231400
CF6EKN
PRELIMINARY LOCAL CLIMATOLOGICAL DATA (WS FORM: F-6)

                                          STATION:   ELKINS WV
                                          MONTH:     NOVEMBER
                                          YEAR:      2014
                                          LATITUDE:   38 52 N
                                          LONGITUDE:  79 51 W

  TEMPERATURE IN F:       :PCPN:    SNOW:  WIND      :SUNSHINE: SKY     :PK WND
================================================================================
1   2   3   4   5  6A  6B    7    8   9   10  11  12  13   14  15   16   17  18
                                     12Z  AVG MX 2MIN
DY MAX MIN AVG DEP HDD CDD  WTR  SNW DPTH SPD SPD DIR MIN PSBL S-S WX    SPD DR
================================================================================

 1  41  32  37  -9  28   0 0.09    T    0  7.9 21 330   M    M  10 1      32 330
 2  42  23  33 -13  32   0    T    T    0  7.7 18 290   M    M   5        26 300
 3  59  21  40  -6  25   0 0.00  0.0    0  1.6 13 230   M    M   2 1      19 250
 4  72  30  51   5  14   0 0.00  0.0    0  2.4 17 230   M    M   1        22 230
 5  61  47  54   9  11   0 0.01  0.0    0  4.8 18 250   M    M   9 1      26 260
 6  59  42  51   6  14   0 0.79  0.0    0  7.4 31 240   M    M   8 1      39 240
 7  42  26  34 -11  31   0 0.16  0.0    0  9.8 20 290   M    M   9 1      27 290
 8  53  24  39  -5  26   0 0.00  0.0    0  2.9 14 230   M    M   3        20 250
 9  53  29  41  -3  24   0 0.00  0.0    0  3.5 14 280   M    M   5 1      17 280
10  69  26  48   4  17   0 0.00  0.0    0  4.9 16 160   M    M   0 1      22 130
11  76  29  53   9  12   0 0.00  0.0    0  3.1 12 210   M    M   0        17 220
12  59  35  47   4  18   0 0.02  0.0    0  5.4 17 310   M    M  10 1      23 310
13  36  26  31 -12  34   0 0.04    T    0  6.1 16 290   M    M  10 1      19 310
14  28  23  26 -16  39   0    T  0.0    0  8.0 16 310   M    M  10 18     20 300
15  37  18  28 -14  37   0 0.00  0.0    0  1.5  8 350   M    M   3        10 340
16  42  27  35  -7  30   0 0.16  0.0    0  1.8 15 220   M    M  10 1      19 220
17  47  18  33  -9  32   0 0.33    M    0  4.7 23 310   M    M   9 1      32 310
18  18  12  15 -26  50   0 0.03  2.5    3 11.5 24 240   M    M   9 129    37 230
19  41  12  27 -14  38   0 0.00  0.0    0  8.6 20 210   M    M   6        29 230
20  40  24  32  -8  33   0    T  0.0    0 10.9 22 250   M    M   6        33 240
21  30  14  22 -18  43   0    T    M    0  6.8 17 280   M    M   5        25 340
22  58  11  35  -5  30   0 0.00  0.0    0  1.4 14 230   M    M   5 1      21 240
================================================================================
SM 1063  549       618   0  1.63     2.5 122.7          M      135
================================================================================
AV 48.3 25.0                               5.6 FASTST   M    M   6    MAX(MPH)
                                 MISC ---->  # 31 240               # 39  240
================================================================================
NOTES:
# LAST OF SEVERAL OCCURRENCES

COLUMN 17 PEAK WIND IN M.P.H.

PRELIMINARY LOCAL CLIMATOLOGICAL DATA (WS FORM: F-6) , PAGE 2

                                          STATION:  ELKINS WV
                                          MONTH:    NOVEMBER
                                          YEAR:     2014
                                          LATITUDE:   38 52 N
                                          LONGITUDE:  79 51 W

[TEMPERATURE DATA]      [PRECIPITATION DATA]       SYMBOLS USED IN COLUMN 16

AVERAGE MONTHLY: 36.6   TOTAL FOR MONTH:   1.63    1 = FOG OR MIST
DPTR FM NORMAL:  -6.6   DPTR FM NORMAL:   -0.82    2 = FOG REDUCING VISIBILITY
HIGHEST:    76 ON 11    GRTST 24HR  0.80 ON  6- 7      TO 1/4 MILE OR LESS
LOWEST:     11 ON 22                               3 = THUNDER
                        SNOW, ICE PELLETS, HAIL    4 = ICE PELLETS
                        TOTAL MONTH:   2.5 INCHES  5 = HAIL
                        GRTST 24HR   2.5 ON 18-18  6 = FREEZING RAIN OR DRIZZLE
                        GRTST DEPTH:   3 ON 18     7 = DUSTSTORM OR SANDSTORM:
                                                       VSBY 1/2 MILE OR LESS
                                                   8 = SMOKE OR HAZE
[NO. OF DAYS WITH]      [WEATHER - DAYS WITH]      9 = BLOWING SNOW
                                                   X = TORNADO
MAX 32 OR BELOW:   3    0.01 INCH OR MORE:   9
MAX 90 OR ABOVE:   0    0.10 INCH OR MORE:   4
MIN 32 OR BELOW:  19    0.50 INCH OR MORE:   1
MIN  0 OR BELOW:   0    1.00 INCH OR MORE:   0

[HDD (BASE 65) ]
TOTAL THIS MO.   618    CLEAR  (SCALE 0-3)   5
DPTR FM NORMAL   138    PTCLDY (SCALE 4-7)   8
TOTAL FM JUL 1  1153    CLOUDY (SCALE 8-10)  9
DPTR FM NORMAL    82

[CDD (BASE 65) ]
TOTAL THIS MO.     0
DPTR FM NORMAL     0    [PRESSURE DATA]
TOTAL FM JAN 1   505    HIGHEST SLP M ON M
DPTR FM NORMAL    30    LOWEST  SLP 29.65 ON 17

[REMARKS]




U.S. Dept. of Commerce
NOAA National Weather Service
1325 East West Highway
Silver Spring, MD 20910
E-mail: w-nws.webmaster@noaa.gov
Page last modified: May 16, 2007
NATIONAL WEATHER SERVICE: for Safety, for Work, for Fun - FOR LIFE