059
CXUS54 KBMX 241216
CF6EET
PRELIMINARY LOCAL CLIMATOLOGICAL DATA (WS FORM: F-6)

                                          STATION:   SHELBY COUNTY AIRPORT
                                          MONTH:     JULY
                                          YEAR:      2014
                                          LATITUDE:   33 10 N
                                          LONGITUDE:  86 47 W

  TEMPERATURE IN F:       :PCPN:    SNOW:  WIND      :SUNSHINE: SKY     :PK WND
================================================================================
1   2   3   4   5  6A  6B    7    8   9   10  11  12  13   14  15   16   17  18
                                     12Z  AVG MX 2MIN
DY MAX MIN AVG DEP HDD CDD  WTR  SNW DPTH SPD SPD DIR MIN PSBL S-S WX    SPD DR
================================================================================

 1  91  72  82   2   0  17 0.00  0.0    0  2.3 10 320   M    M   0 18     15 310
 2  94  71  83   3   0  18 0.17  0.0    0  3.3 16 210   M    M   3 13     27 200
 3  88  69  79  -1   0  14 0.00  0.0    0  6.5 14 310   M    M   0        19 350
 4  86  66  76  -4   0  11 0.00  0.0    0  5.5 12 320   M    M   0        20 310
 5  89  62  76  -4   0  11 0.00  0.0    0  2.3  8  90   M    M   1        12  90
 6  90  68  79  -1   0  14 0.00  0.0    0  2.6 10 160   M    M   4        13 140
 7  91  69  80   0   0  15 0.00  0.0    0  3.2 13 200   M    M   1 18     16 170
 8  91  70  81   1   0  16 0.00  0.0    0  5.1 15 190   M    M   1        20 190
 9  89  73  81   0   0  16 0.00  0.0    0  3.7 12 310   M    M   2 13     17 170
10  90  71  81   0   0  16 0.00  0.0    0  3.4 12 230   M    M   2 1      15 230
11  94  72  83   2   0  18 0.00  0.0    0  2.4 10 310   M    M   3 1      18 300
12  94  74  84   3   0  19 0.00  0.0    0  3.2 10 120   M    M   1 1      16 150
13  93  73  83   2   0  18 0.00  0.0    0  2.7 12 210   M    M   2        16 210
14  94  74  84   3   0  19    T  0.0    0  5.8 14 220   M    M   1 18     20 230
15  86  70  78  -3   0  13 0.03  0.0    0  4.2 14 300   M    M   3 13     21 310
16  85  65  75  -6   0  10 0.00  0.0    0  4.9 13 310   M    M   0        21 300
17  84  62  73  -8   0   8 0.00  0.0    0  2.1  9 300   M    M   0        13 330
18  81  69  75  -6   0  10 0.57  0.0    0  3.0 16 300   M    M   6 1      21 300
19  86  71  79  -2   0  14 0.01  0.0    0  4.8 13 310   M    M   8 1      17 180
20  84  70  77  -4   0  12 0.06  0.0    0  1.6  9 210   M    M   6 1      11 210
21  89  71  80  -1   0  15 0.35  0.0    0  1.7 10 170   M    M   6 123    14 160
22  88  74  81   0   0  16 0.01  0.0    0  2.4  8 150   M    M   8 13     12 140
23  89  72  81   0   0  16 1.79  0.0    0  1.8 14 320   M    M   3 123    22 310
================================================================================
SM 2046 1608         0 336  2.99     0.0  78.5          M       61
================================================================================
AV 89.0 69.9                               3.4 FASTST   M    M   3    MAX(MPH)
                                 MISC ---->  # 16 210               # 27  200
================================================================================
NOTES:
# LAST OF SEVERAL OCCURRENCES

COLUMN 17 PEAK WIND IN M.P.H.

PRELIMINARY LOCAL CLIMATOLOGICAL DATA (WS FORM: F-6) , PAGE 2

                                          STATION:  SHELBY COUNTY AIRPORT
                                          MONTH:    JULY
                                          YEAR:     2014
                                          LATITUDE:   33 10 N
                                          LONGITUDE:  86 47 W

[TEMPERATURE DATA]      [PRECIPITATION DATA]       SYMBOLS USED IN COLUMN 16

AVERAGE MONTHLY: 79.4   TOTAL FOR MONTH:   2.99    1 = FOG OR MIST
DPTR FM NORMAL:  -1.2   DPTR FM NORMAL:   -0.55    2 = FOG REDUCING VISIBILITY
HIGHEST:    94 ON 14,12 GRTST 24HR  1.79 ON 23-23      TO 1/4 MILE OR LESS
LOWEST:     62 ON 17, 5                            3 = THUNDER
                        SNOW, ICE PELLETS, HAIL    4 = ICE PELLETS
                        TOTAL MONTH:   0.0 INCH    5 = HAIL
                        GRTST 24HR     0.0         6 = FREEZING RAIN OR DRIZZLE
                        GRTST DEPTH:   0           7 = DUSTSTORM OR SANDSTORM:
                                                       VSBY 1/2 MILE OR LESS
                                                   8 = SMOKE OR HAZE
[NO. OF DAYS WITH]      [WEATHER - DAYS WITH]      9 = BLOWING SNOW
                                                   X = TORNADO
MAX 32 OR BELOW:   0    0.01 INCH OR MORE:   8
MAX 90 OR ABOVE:  10    0.10 INCH OR MORE:   4
MIN 32 OR BELOW:   0    0.50 INCH OR MORE:   2
MIN  0 OR BELOW:   0    1.00 INCH OR MORE:   1

[HDD (BASE 65) ]
TOTAL THIS MO.     0    CLEAR  (SCALE 0-3)  15
DPTR FM NORMAL     0    PTCLDY (SCALE 4-7)   8
TOTAL FM JUL 1     0    CLOUDY (SCALE 8-10)  0
DPTR FM NORMAL     0

[CDD (BASE 65) ]
TOTAL THIS MO.   336
DPTR FM NORMAL   -24    [PRESSURE DATA]
TOTAL FM JAN 1  1045    HIGHEST SLP M ON M
DPTR FM NORMAL    42    LOWEST  SLP 29.85 ON 15

[REMARKS]




U.S. Dept. of Commerce
NOAA National Weather Service
1325 East West Highway
Silver Spring, MD 20910
E-mail: w-nws.webmaster@noaa.gov
Page last modified: May 16, 2007
NATIONAL WEATHER SERVICE: for Safety, for Work, for Fun - FOR LIFE