502
CXUS55 KGJT 011000
CF6EEO
PRELIMINARY LOCAL CLIMATOLOGICAL DATA (WS FORM: F-6)

                                          STATION:   MEEKER CO
                                          MONTH:     SEPTEMBER
                                          YEAR:      2014
                                          LATITUDE:   40  2 N
                                          LONGITUDE: 107 53 W

  TEMPERATURE IN F:       :PCPN:    SNOW:  WIND      :SUNSHINE: SKY     :PK WND
================================================================================
1   2   3   4   5  6A  6B    7    8   9   10  11  12  13   14  15   16   17  18
                                     12Z  AVG MX 2MIN
DY MAX MIN AVG DEP HDD CDD  WTR  SNW DPTH SPD SPD DIR MIN PSBL S-S WX    SPD DR
================================================================================

 1  77  41  59  -3   6   0 0.00    M    M  6.5 23 260   M    M   0        31 250
 2  85  40  63   1   2   0 0.00    M    M  4.4 18 230   M    M   1        24 230
 3  86  46  66   4   0   1 0.00    M    M  8.2 24 220   M    M   1        33 200
 4  79  43  61   0   4   0 0.00    M    M  6.0 24 190   M    M   1        32 200
 5  76  46  61   0   4   0 0.00    M    M  6.2 22 230   M    M   1 3      28 220
 6  81  43  62   2   3   0 0.00    M    M  4.6 20 200   M    M   0        26 190
 7  77  43  60   0   5   0 0.03    M    M  4.3 18  90   M    M   1 3      21  90
 8  73  48  61   1   4   0 0.52    M    M  5.8 15 140   M    M   5 13     21 140
 9  59  50  55  -4  10   0 0.67    M    M  3.6 18 350   M    M  10 13     24 340
10  71  42  57  -2   8   0 0.07    M    M  5.0 20 250   M    M   3 1      26 250
11  75  39  57  -2   8   0 0.00    M    M  7.1 26  30   M    M   1        36  30
12  65  30  48 -10  17   0 0.00    M    M  4.0 13 100   M    M   0        17 110
13  78  34  56  -2   9   0 0.00    M    M  4.3 18 250   M    M   0        23 250
14  82  40  61   4   4   0 0.00    M    M  4.0 18 230   M    M   1 8      25 240
15  82  42  62   5   3   0    T    M    M  5.3 20 230   M    M   0 3      26 280
16  83  43  63   6   2   0 0.00    M    M  5.1 16 310   M    M   0        22 310
17  84  44  64   8   1   0 0.00    M    M  4.7 17  50   M    M   0        22  40
18  85  41  63   7   2   0 0.00    M    M  4.1 15 270   M    M   0        18 270
19  83  45  64   9   1   0 0.00    M    M  3.4 17 260   M    M   1        19 270
20  83  43  63   8   2   0 0.00    M    M  4.2 15  20   M    M   0        18  10
21  72  46  59   4   6   0 0.15    M    M  4.1 31 270   M    M   2 13     40 270
22  69  49  59   5   6   0 0.13    M    M  5.2 20 260   M    M   7 123    26 250
23  75  48  62   8   3   0 0.00    M    M  4.9 20 250   M    M   4        28 260
24  81  43  62   9   3   0 0.00    M    M  3.1  9 110   M    M   0        13 110
25  85  43  64  11   1   0 0.00    M    M  4.7 16 240   M    M   0        22 240
26  83  45  64  12   1   0 0.00    M    M  2.8  9 110   M    M   0        12 110
27  82  44  63  11   2   0    T    M    M  6.0 37 180   M    M   3 3      46 180
28  65  48  57   5   8   0 0.42    M    M  5.6 29 260   M    M   8 1      36 250
29  59  40  50  -1  15   0 0.17    M    M  5.4 18 280   M    M   5 13     23 290
30  55  39  47  -4  18   0 0.21    M    M  3.5 23 290   M    M   8 13     31 300
================================================================================
SM 2290 1288       158   1  2.37    M    146.1          M       63
================================================================================
AV 76.3 42.9                               4.9 FASTST   M    M   2    MAX(MPH)
                                 MISC ---->  # 37 180               # 46  180
================================================================================
NOTES:
# LAST OF SEVERAL OCCURRENCES

COLUMN 17 PEAK WIND IN M.P.H.

PRELIMINARY LOCAL CLIMATOLOGICAL DATA (WS FORM: F-6) , PAGE 2

                                          STATION:  MEEKER CO
                                          MONTH:    SEPTEMBER
                                          YEAR:     2014
                                          LATITUDE:   40  2 N
                                          LONGITUDE: 107 53 W

[TEMPERATURE DATA]      [PRECIPITATION DATA]       SYMBOLS USED IN COLUMN 16

AVERAGE MONTHLY: 59.6   TOTAL FOR MONTH:   2.37    1 = FOG OR MIST
DPTR FM NORMAL:   2.9   DPTR FM NORMAL:    0.61    2 = FOG REDUCING VISIBILITY
HIGHEST:    86 ON  3    GRTST 24HR  0.97 ON  8- 9      TO 1/4 MILE OR LESS
LOWEST:     30 ON 12                               3 = THUNDER
                        SNOW, ICE PELLETS, HAIL    4 = ICE PELLETS
                        TOTAL MONTH:    M          5 = HAIL
                        GRTST 24HR    M  ON   M    6 = FREEZING RAIN OR DRIZZLE
                        GRTST DEPTH:  M  ON   M    7 = DUSTSTORM OR SANDSTORM:
                                                       VSBY 1/2 MILE OR LESS
                                                   8 = SMOKE OR HAZE
[NO. OF DAYS WITH]      [WEATHER - DAYS WITH]      9 = BLOWING SNOW
                                                   X = TORNADO
MAX 32 OR BELOW:   0    0.01 INCH OR MORE:   9
MAX 90 OR ABOVE:   0    0.10 INCH OR MORE:   7
MIN 32 OR BELOW:   1    0.50 INCH OR MORE:   2
MIN  0 OR BELOW:   0    1.00 INCH OR MORE:   0

[HDD (BASE 65) ]
TOTAL THIS MO.   158    CLEAR  (SCALE 0-3)  23
DPTR FM NORMAL   -95    PTCLDY (SCALE 4-7)   5
TOTAL FM JUL 1   215    CLOUDY (SCALE 8-10)  2
DPTR FM NORMAL   -92

[CDD (BASE 65) ]
TOTAL THIS MO.     1
DPTR FM NORMAL    -3    [PRESSURE DATA]
TOTAL FM JAN 1   197    HIGHEST SLP 30.25 ON 21
DPTR FM NORMAL    25    LOWEST  SLP 29.65 ON 27

[REMARKS]
#FINAL-09-14#




U.S. Dept. of Commerce
NOAA National Weather Service
1325 East West Highway
Silver Spring, MD 20910
E-mail: w-nws.webmaster@noaa.gov
Page last modified: May 16, 2007
NATIONAL WEATHER SERVICE: for Safety, for Work, for Fun - FOR LIFE