632
CXUS55 KGJT 011000
CF6EEO
PRELIMINARY LOCAL CLIMATOLOGICAL DATA (WS FORM: F-6)

                                          STATION:   MEEKER CO
                                          MONTH:     NOVEMBER
                                          YEAR:      2014
                                          LATITUDE:   40  2 N
                                          LONGITUDE: 107 53 W

  TEMPERATURE IN F:       :PCPN:    SNOW:  WIND      :SUNSHINE: SKY     :PK WND
================================================================================
1   2   3   4   5  6A  6B    7    8   9   10  11  12  13   14  15   16   17  18
                                     12Z  AVG MX 2MIN
DY MAX MIN AVG DEP HDD CDD  WTR  SNW DPTH SPD SPD DIR MIN PSBL S-S WX    SPD DR
================================================================================

 1  68  39  54  16  11   0 0.01    M    M  9.6 31 220   M    M   2        39 200
 2  56  35  46   8  19   0 0.48    M    M  6.3 29 270   M    M   8 13     36 280
 3  37  25  31  -7  34   0 0.19    M    M  3.0 15 320   M    M   8 1      18 330
 4  45  20  33  -4  32   0 0.00    M    M  2.7  8  80   M    M   0        11  80
 5  53  25  39   2  26   0 0.00    M    M  3.7 13 120   M    M   1        18 120
 6  61  24  43   7  22   0 0.00    M    M  1.4  8 100   M    M   0        10 110
 7  60  27  44   8  21   0 0.00    M    M  2.7 13 220   M    M   1        14 220
 8  61  24  43   8  22   0 0.00    M    M  3.3 13 280   M    M   0        15 260
 9  63  26  45  10  20   0 0.00    M    M  7.5 21 280   M    M   0        30 260
10  51  16  34   0  31   0 0.20    M    M  6.6 28  20   M    M   5 12     32 200
11  41  13  27  -7  38   0 0.00    M    M  6.5 20  20   M    M   4 12     25  20
12  18   5  12 -22  53   0 0.00    M    M  9.4 18  20   M    M   6        21  20
13  21   2  12 -21  53   0 0.05    M    M  1.1  6 220   M    M   6 12      7 130
14  45  15  30  -3  35   0    T    M    M  5.8 17 210   M    M   8        23 200
15  38  11  25  -7  40   0 0.11    M    M  8.8 21 210   M    M   9 12     28 190
16  24 -11   7 -25  58   0 0.00    M    M  2.2  9  20   M    M   1        12  20
17  33  -4  15 -16  50   0 0.00    M    M  1.6 10 100   M    M   0        13 100
18  41   5  23  -8  42   0 0.00    M    M  3.3 13 200   M    M   0        17 200
19  47  24  36   6  29   0 0.00    M    M  4.5 16 200   M    M   0        19 200
20  46  21  34   4  31   0 0.00    M    M  2.3 10 110   M    M   5        13 110
21  51  21  36   6  29   0 0.00    M    M  1.3  8 240   M    M   1        10 230
22  48  23  36   7  29   0 0.19    M    M  9.4 32 230   M    M   5 1      39 230
23  33  11  22  -7  43   0 0.02    M    M  5.7 22 310   M    M   6 1      29 310
24  29   4  17 -11  48   0 0.16    M    M  3.1 21 340   M    M   8 18     26 350
25  37   5  21  -7  44   0 0.00    M    M  4.3 14 180   M    M   9        17 190
26  49  24  37  10  28   0 0.00    M    M  2.6  9  50   M    M   3        11  40
27  52  22  37  10  28   0 0.00    M    M  3.4 13 240   M    M   0        17 210
28  56  27  42  16  23   0 0.00    M    M  5.9 17 210   M    M   0        24 200
29  54  26  40  14  25   0 0.00    M    M 12.5 30 210   M    M   0        39 200
30  50  35  43  17  22   0 0.00    M    M  8.6 21 210   M    M   6        27 200
================================================================================
SM 1368  540       986   0  1.41    M    149.1          M      102
================================================================================
AV 45.6 18.0                               5.0 FASTST   M    M   3    MAX(MPH)
                                 MISC ---->  # 32 230               # 39  200
================================================================================
NOTES:
# LAST OF SEVERAL OCCURRENCES

COLUMN 17 PEAK WIND IN M.P.H.

PRELIMINARY LOCAL CLIMATOLOGICAL DATA (WS FORM: F-6) , PAGE 2

                                          STATION:  MEEKER CO
                                          MONTH:    NOVEMBER
                                          YEAR:     2014
                                          LATITUDE:   40  2 N
                                          LONGITUDE: 107 53 W

[TEMPERATURE DATA]      [PRECIPITATION DATA]       SYMBOLS USED IN COLUMN 16

AVERAGE MONTHLY: 31.8   TOTAL FOR MONTH:   1.41    1 = FOG OR MIST
DPTR FM NORMAL:  -0.1   DPTR FM NORMAL:   -0.06    2 = FOG REDUCING VISIBILITY
HIGHEST:    68 ON  1    GRTST 24HR  0.63 ON  2- 3      TO 1/4 MILE OR LESS
LOWEST:    -11 ON 16                               3 = THUNDER
                        SNOW, ICE PELLETS, HAIL    4 = ICE PELLETS
                        TOTAL MONTH:    M          5 = HAIL
                        GRTST 24HR    M  ON   M    6 = FREEZING RAIN OR DRIZZLE
                        GRTST DEPTH:  M  ON   M    7 = DUSTSTORM OR SANDSTORM:
                                                       VSBY 1/2 MILE OR LESS
                                                   8 = SMOKE OR HAZE
[NO. OF DAYS WITH]      [WEATHER - DAYS WITH]      9 = BLOWING SNOW
                                                   X = TORNADO
MAX 32 OR BELOW:   4    0.01 INCH OR MORE:   9
MAX 90 OR ABOVE:   0    0.10 INCH OR MORE:   6
MIN 32 OR BELOW:  27    0.50 INCH OR MORE:   0
MIN  0 OR BELOW:   2    1.00 INCH OR MORE:   0

[HDD (BASE 65) ]
TOTAL THIS MO.   986    CLEAR  (SCALE 0-3)  15
DPTR FM NORMAL    -6    PTCLDY (SCALE 4-7)  11
TOTAL FM JUL 1  1687    CLOUDY (SCALE 8-10)  4
DPTR FM NORMAL  -249

[CDD (BASE 65) ]
TOTAL THIS MO.     0
DPTR FM NORMAL     0    [PRESSURE DATA]
TOTAL FM JAN 1   197    HIGHEST SLP 30.67 ON 17
DPTR FM NORMAL    25    LOWEST  SLP 29.42 ON 10

[REMARKS]
#FINAL-11-14#




U.S. Dept. of Commerce
NOAA National Weather Service
1325 East West Highway
Silver Spring, MD 20910
E-mail: w-nws.webmaster@noaa.gov
Page last modified: May 16, 2007
NATIONAL WEATHER SERVICE: for Safety, for Work, for Fun - FOR LIFE