331
CXUS55 KGJT 301000
CF6EEO
PRELIMINARY LOCAL CLIMATOLOGICAL DATA (WS FORM: F-6)

                                          STATION:   MEEKER CO
                                          MONTH:     AUGUST
                                          YEAR:      2014
                                          LATITUDE:   40  2 N
                                          LONGITUDE: 107 53 W

  TEMPERATURE IN F:       :PCPN:    SNOW:  WIND      :SUNSHINE: SKY     :PK WND
================================================================================
1   2   3   4   5  6A  6B    7    8   9   10  11  12  13   14  15   16   17  18
                                     12Z  AVG MX 2MIN
DY MAX MIN AVG DEP HDD CDD  WTR  SNW DPTH SPD SPD DIR MIN PSBL S-S WX    SPD DR
================================================================================

 1  81  54  68   0   0   3    T    M    M  6.4 17 200   M    M   3 3      21 200
 2  87  47  67  -1   0   2 0.00    M    M  5.3 15  40   M    M   0        18  40
 3  88  48  68   0   0   3 0.00    M    M  4.9 25 110   M    M   1        32 110
 4  76  57  67  -1   0   2 0.70    M    M  4.3 31 280   M    M   6 138    47 270
 5  77  56  67  -1   0   2 0.07    M    M  5.7 21 320   M    M   6 13     31 310
 6  77  52  65  -3   0   0 0.23    M    M  5.9 23  90   M    M   2 3      28  90
 7  78  50  64  -4   1   0 0.07    M    M  7.4 29  30   M    M   3 13     34  30
 8  81  46  64  -4   1   0    T    M    M  5.0 24 330   M    M   2 3      33 340
 9  81  49  65  -3   0   0    T    M    M  5.4 20 210   M    M   2 3      26 230
10  84  46  65  -2   0   0    T    M    M  4.2 17  20   M    M   0        21  30
11  88  48  68   1   0   3 0.00    M    M  4.0 15  50   M    M   0        21  40
12  88  46  67   0   0   2 0.00    M    M  5.0 26 240   M    M   1        32 240
13  84  56  70   3   0   5 0.32    M    M  5.9 31 280   M    M   4 1      40 280
14  79  57  68   1   0   3 0.03    M    M  5.1 18 220   M    M   6 3      23 220
15  83  52  68   1   0   3 0.02    M    M  5.9 20 260   M    M   1 3      25 260
16  88  49  69   3   0   4 0.00    M    M  5.4 17 290   M    M   1        23 280
17  89  49  69   3   0   4    T    M    M  5.3 18 260   M    M   1 3      23 260
18  86  50  68   2   0   3    T    M    M  6.8 30 220   M    M   1        42 220
19  69  53  61  -5   4   0 0.25    M    M  3.7 18  20   M    M   5 1      23 240
20  73  56  65  -1   0   0 0.09    M    M  6.3 21 280   M    M   8 3      27 300
21  75  51  63  -2   2   0 0.03    M    M  3.9 23 230   M    M   4 1      28 240
22  75  53  64  -1   1   0 0.04    M    M  5.4 21 290   M    M   6 3      25 290
23  64  46  55 -10  10   0 0.48    M    M  5.4 32 320   M    M   7 1      39 320
24  73  39  56  -8   9   0 0.11    M    M  3.9 13 220   M    M   3        17 220
25  79  51  65   1   0   0 0.14    M    M  6.3 23 290   M    M   3 13     30 290
26  67  50  59  -5   6   0 0.07    M    M  4.9 25 190   M    M   3 3      34 180
27  68  51  60  -4   5   0 0.59    M    M  3.3 31 270   M    M   9 13     43 270
28  71  50  61  -2   4   0 0.08    M    M  3.2 10 100   M    M   7 1      14 110
29  78  46  62  -1   3   0 0.00    M    M  5.2 14 100   M    M   1        17 100
================================================================================
SM 2287 1458        46  39  3.32    M    149.4          M       96
================================================================================
AV 78.9 50.3                               5.2 FASTST   M    M   3    MAX(MPH)
                                 MISC ---->  # 32 320               # 47  270
================================================================================
NOTES:
# LAST OF SEVERAL OCCURRENCES

COLUMN 17 PEAK WIND IN M.P.H.

PRELIMINARY LOCAL CLIMATOLOGICAL DATA (WS FORM: F-6) , PAGE 2

                                          STATION:  MEEKER CO
                                          MONTH:    AUGUST
                                          YEAR:     2014
                                          LATITUDE:   40  2 N
                                          LONGITUDE: 107 53 W

[TEMPERATURE DATA]      [PRECIPITATION DATA]       SYMBOLS USED IN COLUMN 16

AVERAGE MONTHLY: 64.6   TOTAL FOR MONTH:   3.32    1 = FOG OR MIST
DPTR FM NORMAL:  -1.7   DPTR FM NORMAL:    2.10    2 = FOG REDUCING VISIBILITY
HIGHEST:    89 ON 17    GRTST 24HR  0.77 ON  4- 5      TO 1/4 MILE OR LESS
LOWEST:     39 ON 24                               3 = THUNDER
                        SNOW, ICE PELLETS, HAIL    4 = ICE PELLETS
                        TOTAL MONTH:    M          5 = HAIL
                        GRTST 24HR    M  ON   M    6 = FREEZING RAIN OR DRIZZLE
                        GRTST DEPTH:  M  ON   M    7 = DUSTSTORM OR SANDSTORM:
                                                       VSBY 1/2 MILE OR LESS
                                                   8 = SMOKE OR HAZE
[NO. OF DAYS WITH]      [WEATHER - DAYS WITH]      9 = BLOWING SNOW
                                                   X = TORNADO
MAX 32 OR BELOW:   0    0.01 INCH OR MORE:  17
MAX 90 OR ABOVE:   0    0.10 INCH OR MORE:   8
MIN 32 OR BELOW:   0    0.50 INCH OR MORE:   2
MIN  0 OR BELOW:   0    1.00 INCH OR MORE:   0

[HDD (BASE 65) ]
TOTAL THIS MO.    46    CLEAR  (SCALE 0-3)  15
DPTR FM NORMAL    19    PTCLDY (SCALE 4-7)  13
TOTAL FM JUL 1    53    CLOUDY (SCALE 8-10)  1
DPTR FM NORMAL     6

[CDD (BASE 65) ]
TOTAL THIS MO.    39
DPTR FM NORMAL   -23    [PRESSURE DATA]
TOTAL FM JAN 1   196    HIGHEST SLP M ON M
DPTR FM NORMAL    31    LOWEST  SLP 29.69 ON 19

[REMARKS]




U.S. Dept. of Commerce
NOAA National Weather Service
1325 East West Highway
Silver Spring, MD 20910
E-mail: w-nws.webmaster@noaa.gov
Page last modified: May 16, 2007
NATIONAL WEATHER SERVICE: for Safety, for Work, for Fun - FOR LIFE