534
CXUS55 KGJT 291000
CF6EEO
PRELIMINARY LOCAL CLIMATOLOGICAL DATA (WS FORM: F-6)

                                          STATION:   MEEKER CO
                                          MONTH:     JULY
                                          YEAR:      2014
                                          LATITUDE:   40  2 N
                                          LONGITUDE: 107 53 W

  TEMPERATURE IN F:       :PCPN:    SNOW:  WIND      :SUNSHINE: SKY     :PK WND
================================================================================
1   2   3   4   5  6A  6B    7    8   9   10  11  12  13   14  15   16   17  18
                                     12Z  AVG MX 2MIN
DY MAX MIN AVG DEP HDD CDD  WTR  SNW DPTH SPD SPD DIR MIN PSBL S-S WX    SPD DR
================================================================================

 1  82  42  62  -3   3   0 0.00    M    M  5.9 15  10   M    M   0        21  10
 2  86  40  63  -2   2   0 0.00    M    M  4.7 16 120   M    M   0        20 120
 3  89  45  67   2   0   2 0.00    M    M  5.3 22 240   M    M   1        32 240
 4  87  54  71   6   0   6    T    M    M  5.0 23  20   M    M   1 3      30  30
 5  90  50  70   4   0   5 0.02    M    M  3.8 32  30   M    M   1        46  10
 6  92  48  70   4   0   5 0.00    M    M  4.0 17  60   M    M   0        22  50
 7  94  50  72   6   0   7 0.00    M    M  6.0 21  30   M    M   0        25 300
 8  92  49  71   5   0   6 0.00    M    M  5.9 17  10   M    M   0        23  30
 9  86  52  69   3   0   4    M    M    M  6.6 35 350   M    M   1 3      43 360
10  82  53  68   2   0   3    T    M    M  4.0 24 170   M    M   4 3      30 170
11  87  59  73   6   0   8 0.03    M    M  5.7 25 100   M    M   3 13     30 100
12  86  57  72   5   0   7    T    M    M  6.0 18 310   M    M   3        29 270
13  89  52  71   4   0   6 0.00    M    M  6.2 18  30   M    M   1        25  40
14  91  53  72   5   0   7 0.00    M    M  5.9 21  30   M    M   2        25  30
15  88  53  71   4   0   6 0.00    M    M  6.3 20 200   M    M   1        25 200
16  85  52  69   1   0   4 0.04    M    M  6.1 29 320   M    M   4 38     38 320
17  83  45  64  -4   1   0 0.00    M    M  4.9 14  90   M    M   1        19 290
18  88  48  68   0   0   3 0.00    M    M  5.5 21 290   M    M   2        26 250
19  93  51  72   4   0   7 0.00    M    M  5.9 18 250   M    M   1        23 260
20  89  51  70   2   0   5    T    M    M  5.8 33 230   M    M   2        46 240
21  91  49  70   2   0   5 0.00    M    M  6.9 24 250   M    M   0        33 270
22  94  47  71   3   0   6 0.00    M    M  5.1 13 110   M    M   0        16 160
23  95  50  73   5   0   8 0.00    M    M  6.2 17 240   M    M   0 3      26 160
24  87  58  73   5   0   8 0.04    M    M  7.1 23 340   M    M   2 3      29 330
25  88  54  71   3   0   6 0.06    M    M  4.5 28 330   M    M   2 38     36 330
26  89  58  74   6   0   9 0.02    M    M  4.7 22 180   M    M   1 3      30  90
27  88  57  73   5   0   8    T    M    M  4.0 13  20   M    M   2        17  40
28  87  58  73   5   0   8    T    M    M  5.3 25 100   M    M   5 3      37 100
================================================================================
SM 2478 1435         6 149  0.21    M    153.3          M       40
================================================================================
AV 88.5 51.2                               5.5 FASTST   M    M   1    MAX(MPH)
                                 MISC ---->  # 35 350               # 46   10
================================================================================
NOTES:
# LAST OF SEVERAL OCCURRENCES

COLUMN 17 PEAK WIND IN M.P.H.

PRELIMINARY LOCAL CLIMATOLOGICAL DATA (WS FORM: F-6) , PAGE 2

                                          STATION:  MEEKER CO
                                          MONTH:    JULY
                                          YEAR:     2014
                                          LATITUDE:   40  2 N
                                          LONGITUDE: 107 53 W

[TEMPERATURE DATA]      [PRECIPITATION DATA]       SYMBOLS USED IN COLUMN 16

AVERAGE MONTHLY: 69.9   TOTAL FOR MONTH:   0.21    1 = FOG OR MIST
DPTR FM NORMAL:   2.9   DPTR FM NORMAL:   -0.80    2 = FOG REDUCING VISIBILITY
HIGHEST:    95 ON 23    GRTST 24HR  0.10 ON 24-25      TO 1/4 MILE OR LESS
LOWEST:     40 ON  2                               3 = THUNDER
                        SNOW, ICE PELLETS, HAIL    4 = ICE PELLETS
                        TOTAL MONTH:    M          5 = HAIL
                        GRTST 24HR    M  ON   M    6 = FREEZING RAIN OR DRIZZLE
                        GRTST DEPTH:  M  ON   M    7 = DUSTSTORM OR SANDSTORM:
                                                       VSBY 1/2 MILE OR LESS
                                                   8 = SMOKE OR HAZE
[NO. OF DAYS WITH]      [WEATHER - DAYS WITH]      9 = BLOWING SNOW
                                                   X = TORNADO
MAX 32 OR BELOW:   0    0.01 INCH OR MORE:   6
MAX 90 OR ABOVE:   9    0.10 INCH OR MORE:   0
MIN 32 OR BELOW:   0    0.50 INCH OR MORE:   0
MIN  0 OR BELOW:   0    1.00 INCH OR MORE:   0

[HDD (BASE 65) ]
TOTAL THIS MO.     6    CLEAR  (SCALE 0-3)  24
DPTR FM NORMAL   -10    PTCLDY (SCALE 4-7)   4
TOTAL FM JUL 1     6    CLOUDY (SCALE 8-10)  0
DPTR FM NORMAL   -10

[CDD (BASE 65) ]
TOTAL THIS MO.   149
DPTR FM NORMAL    76    [PRESSURE DATA]
TOTAL FM JAN 1   155    HIGHEST SLP M ON M
DPTR FM NORMAL    64    LOWEST  SLP 29.71 ON 16

[REMARKS]




U.S. Dept. of Commerce
NOAA National Weather Service
1325 East West Highway
Silver Spring, MD 20910
E-mail: w-nws.webmaster@noaa.gov
Page last modified: May 16, 2007
NATIONAL WEATHER SERVICE: for Safety, for Work, for Fun - FOR LIFE