912
CXUS55 KVEF 180940
CF6EED
PRELIMINARY LOCAL CLIMATOLOGICAL DATA (WS FORM: F-6)

                                          STATION:   NEEDLES CA
                                          MONTH:     APRIL
                                          YEAR:      2014
                                          LATITUDE:   34 46 N
                                          LONGITUDE: 114 37 W

  TEMPERATURE IN F:       :PCPN:    SNOW:  WIND      :SUNSHINE: SKY     :PK WND
================================================================================
1   2   3   4   5  6A  6B    7    8   9   10  11  12  13   14  15   16   17  18
                                     12Z  AVG MX 2MIN
DY MAX MIN AVG DEP HDD CDD  WTR  SNW DPTH SPD SPD DIR MIN PSBL S-S WX    SPD DR
================================================================================

 1  74  54  64  -4   1   0 0.00  0.0    0 10.5 23 240   M    M   3        30 240
 2  71  53  62  -6   3   0 0.00  0.0    0  9.5 23 300   M    M   4        34 270
 3  76  45  61  -7   4   0 0.00  0.0    0  5.7 14  20   M    M   0        19  10
 4  79  52  66  -2   0   1 0.00  0.0    0  5.9 20 290   M    M   0        24 290
 5  82  56  69   0   0   4 0.00  0.0    0  7.9 16 360   M    M   0        20  20
 6  84  62  73   4   0   8 0.00  0.0    0 14.4 29  10   M    M   0        37  20
 7  90  61  76   7   0  11 0.00  0.0    0 10.7 28  30   M    M   0        33  30
 8  96  58  77   7   0  12 0.00  0.0    0  4.0 13 250   M    M   0        15 150
 9 100  63  82  12   0  17 0.00  0.0    0  6.5 18 250   M    M   0        24 250
10 101  67  84  14   0  19 0.00  0.0    0  7.0 20 250   M    M   0        26 260
11  99  72  86  16   0  21 0.00  0.0    0  7.7 23 220   M    M   0        29 230
12  93  66  80   9   0  15 0.00  0.0    0  9.6 20 200   M    M   0        31 240
13  96  66  81  10   0  16 0.00  0.0    0  8.7 29  10   M    M   0        35 360
14  86  63  75   4   0  10 0.00  0.0    0 12.7 28  10   M    M   0        34  10
15  90  55  73   1   0   8 0.00  0.0    0  4.4 13 130   M    M   0        16  70
16  96  62  79   7   0  14 0.00  0.0    0  4.6 16 100   M    M   0        26 120
17  95  68  82  10   0  17 0.00  0.0    0  9.1 24 210   M    M   0        31 210
================================================================================
SM 1508 1023         8 173  0.00     0.0 138.9          M        7
================================================================================
AV 88.7 60.2                               8.2 FASTST   M    M   0    MAX(MPH)
                                 MISC ---->  # 29  10               # 37   20
================================================================================
NOTES:
# LAST OF SEVERAL OCCURRENCES

COLUMN 17 PEAK WIND IN M.P.H.

PRELIMINARY LOCAL CLIMATOLOGICAL DATA (WS FORM: F-6) , PAGE 2

                                          STATION:  NEEDLES CA
                                          MONTH:    APRIL
                                          YEAR:     2014
                                          LATITUDE:   34 46 N
                                          LONGITUDE: 114 37 W

[TEMPERATURE DATA]      [PRECIPITATION DATA]       SYMBOLS USED IN COLUMN 16

AVERAGE MONTHLY: 74.4   TOTAL FOR MONTH:   0.00    1 = FOG OR MIST
DPTR FM NORMAL:   4.6   DPTR FM NORMAL:   -0.15    2 = FOG REDUCING VISIBILITY
HIGHEST:   101 ON 10    GRTST 24HR  0.00 ON 17-17      TO 1/4 MILE OR LESS
LOWEST:     45 ON  3                               3 = THUNDER
                        SNOW, ICE PELLETS, HAIL    4 = ICE PELLETS
                        TOTAL MONTH:   0.0 INCH    5 = HAIL
                        GRTST 24HR     0.0         6 = FREEZING RAIN OR DRIZZLE
                        GRTST DEPTH:   0           7 = DUSTSTORM OR SANDSTORM:
                                                       VSBY 1/2 MILE OR LESS
                                                   8 = SMOKE OR HAZE
[NO. OF DAYS WITH]      [WEATHER - DAYS WITH]      9 = BLOWING SNOW
                                                   X = TORNADO
MAX 32 OR BELOW:   0    0.01 INCH OR MORE:   0
MAX 90 OR ABOVE:  10    0.10 INCH OR MORE:   0
MIN 32 OR BELOW:   0    0.50 INCH OR MORE:   0
MIN  0 OR BELOW:   0    1.00 INCH OR MORE:   0

[HDD (BASE 65) ]
TOTAL THIS MO.     8    CLEAR  (SCALE 0-3)  15
DPTR FM NORMAL   -10    PTCLDY (SCALE 4-7)   2
TOTAL FM JUL 1   676    CLOUDY (SCALE 8-10)  0
DPTR FM NORMAL  -490

[CDD (BASE 65) ]
TOTAL THIS MO.   173
DPTR FM NORMAL    72    [PRESSURE DATA]
TOTAL FM JAN 1   370    HIGHEST SLP M ON M
DPTR FM NORMAL   186    LOWEST  SLP 29.50 ON 12

[REMARKS]




U.S. Dept. of Commerce
NOAA National Weather Service
1325 East West Highway
Silver Spring, MD 20910
E-mail: w-nws.webmaster@noaa.gov
Page last modified: May 16, 2007
NATIONAL WEATHER SERVICE: for Safety, for Work, for Fun - FOR LIFE