028
CXUS55 KVEF 280940
CF6EED
PRELIMINARY LOCAL CLIMATOLOGICAL DATA (WS FORM: F-6)

                                          STATION:   NEEDLES CA
                                          MONTH:     JULY
                                          YEAR:      2014
                                          LATITUDE:   34 46 N
                                          LONGITUDE: 114 37 W

  TEMPERATURE IN F:       :PCPN:    SNOW:  WIND      :SUNSHINE: SKY     :PK WND
================================================================================
1   2   3   4   5  6A  6B    7    8   9   10  11  12  13   14  15   16   17  18
                                     12Z  AVG MX 2MIN
DY MAX MIN AVG DEP HDD CDD  WTR  SNW DPTH SPD SPD DIR MIN PSBL S-S WX    SPD DR
================================================================================

 1 115  88 102   7   0  37 0.00  0.0    0  7.0 17 200   M    M   0        22 200
 2 113  88 101   6   0  36 0.00  0.0    0  9.7 21 200   M    M   0        30 190
 3 112  91 102   6   0  37 0.00  0.0    0 14.4 33 170   M    M   0 8      42 170
 4 106  87  97   1   0  32 0.00  0.0    0  8.5 28 150   M    M   1 8      35 160
 5 103  80  92  -4   0  27 0.47  0.0    0  8.3 44 150   M    M   1 3      71 150
 6 111  85  98   2   0  33 0.01  0.0    0  5.2 36 240   M    M   1 3      43 250
 7 110  83  97   1   0  32 0.00  0.0    0  4.7 21 300   M    M   0        25 310
 8 112  72  92  -4   0  27 1.02  0.0    0  9.1 41 130   M    M   0 3      57 140
 9 100  78  89  -7   0  24 0.01  0.0    0  5.8 24 240   M    M   0 3      27 250
10 104  83  94  -3   0  29    T  0.0    0 10.4 29  10   M    M   0 3      36  20
11 108  80  94  -3   0  29 0.00  0.0    0  8.2 21 190   M    M   0        28 190
12 109  82  96  -1   0  31 0.00  0.0    0  6.0 16 250   M    M   0        19 250
13 114  85 100   3   0  35    T  0.0    0  4.8 20 110   M    M   0 3      24 100
14 104  88  96  -1   0  31 0.00  0.0    0  9.9 31 200   M    M   1        39 200
15 108  87  98   1   0  33 0.00  0.0    0  9.8 20 230   M    M   0        25 210
16 111  89 100   3   0  35 0.00  0.0    0  9.8 20 240   M    M   0        25 250
17 112  87 100   3   0  35 0.00  0.0    0  9.6 20 200   M    M   0        27 200
18 109  88  99   2   0  34 0.00  0.0    0  8.3 17 190   M    M   0        24 200
19 103  86  95  -2   0  30 0.01  0.0    0  6.0 15 220   M    M   0        17 220
20 108  85  97   0   0  32 0.00  0.0    0 10.5 25 220   M    M   0        35 180
21 109  84  97   0   0  32 0.00  0.0    0  8.6 21 210   M    M   0        27 210
22 114  80  97   0   0  32 0.00  0.0    0  4.8 14 250   M    M   0        19 150
23 117  86 102   5   0  37 0.00  0.0    0  6.9 20 250   M    M   0        30 260
24 118  89 104   7   0  39 0.00  0.0    0  8.1 30 170   M    M   0        38 170
25 112  93 103   6   0  38    T  0.0    0 11.6 31 170   M    M   1 3      40 130
26 111  89 100   3   0  35 0.00  0.0    0  7.0 16 150   M    M   0        21 130
27 104  92  98   1   0  33 0.00  0.0    0  9.0 26 170   M    M   1 8      34 170
================================================================================
SM 2957 2305         0 885  1.52     0.0 222.0          M        6
================================================================================
AV109.5 85.4                               8.2 FASTST   M    M   0    MAX(MPH)
                                 MISC ---->  # 44 150               # 71  150
================================================================================
NOTES:
# LAST OF SEVERAL OCCURRENCES

COLUMN 17 PEAK WIND IN M.P.H.

PRELIMINARY LOCAL CLIMATOLOGICAL DATA (WS FORM: F-6) , PAGE 2

                                          STATION:  NEEDLES CA
                                          MONTH:    JULY
                                          YEAR:     2014
                                          LATITUDE:   34 46 N
                                          LONGITUDE: 114 37 W

[TEMPERATURE DATA]      [PRECIPITATION DATA]       SYMBOLS USED IN COLUMN 16

AVERAGE MONTHLY: 97.4   TOTAL FOR MONTH:   1.52    1 = FOG OR MIST
DPTR FM NORMAL:   0.9   DPTR FM NORMAL:    1.39    2 = FOG REDUCING VISIBILITY
HIGHEST:   118 ON 24    GRTST 24HR  1.02 ON  8- 8      TO 1/4 MILE OR LESS
LOWEST:     72 ON  8                               3 = THUNDER
                        SNOW, ICE PELLETS, HAIL    4 = ICE PELLETS
                        TOTAL MONTH:   0.0 INCH    5 = HAIL
                        GRTST 24HR     0.0         6 = FREEZING RAIN OR DRIZZLE
                        GRTST DEPTH:   0           7 = DUSTSTORM OR SANDSTORM:
                                                       VSBY 1/2 MILE OR LESS
                                                   8 = SMOKE OR HAZE
[NO. OF DAYS WITH]      [WEATHER - DAYS WITH]      9 = BLOWING SNOW
                                                   X = TORNADO
MAX 32 OR BELOW:   0    0.01 INCH OR MORE:   5
MAX 90 OR ABOVE:  27    0.10 INCH OR MORE:   2
MIN 32 OR BELOW:   0    0.50 INCH OR MORE:   1
MIN  0 OR BELOW:   0    1.00 INCH OR MORE:   1

[HDD (BASE 65) ]
TOTAL THIS MO.     0    CLEAR  (SCALE 0-3)  27
DPTR FM NORMAL     0    PTCLDY (SCALE 4-7)   0
TOTAL FM JUL 1     0    CLOUDY (SCALE 8-10)  0
DPTR FM NORMAL     0

[CDD (BASE 65) ]
TOTAL THIS MO.   885
DPTR FM NORMAL    33    [PRESSURE DATA]
TOTAL FM JAN 1  2880    HIGHEST SLP M ON M
DPTR FM NORMAL   428    LOWEST  SLP 29.51 ON  1

[REMARKS]




U.S. Dept. of Commerce
NOAA National Weather Service
1325 East West Highway
Silver Spring, MD 20910
E-mail: w-nws.webmaster@noaa.gov
Page last modified: May 16, 2007
NATIONAL WEATHER SERVICE: for Safety, for Work, for Fun - FOR LIFE