730
CXUS55 KVEF 290940
CF6EED
PRELIMINARY LOCAL CLIMATOLOGICAL DATA (WS FORM: F-6)

                                          STATION:   NEEDLES CA
                                          MONTH:     AUGUST
                                          YEAR:      2014
                                          LATITUDE:   34 46 N
                                          LONGITUDE: 114 37 W

  TEMPERATURE IN F:       :PCPN:    SNOW:  WIND      :SUNSHINE: SKY     :PK WND
================================================================================
1   2   3   4   5  6A  6B    7    8   9   10  11  12  13   14  15   16   17  18
                                     12Z  AVG MX 2MIN
DY MAX MIN AVG DEP HDD CDD  WTR  SNW DPTH SPD SPD DIR MIN PSBL S-S WX    SPD DR
================================================================================

 1 110  91 101   5   0  36 0.00  0.0    0  9.8 25 130   M    M   0        30 130
 2  97  80  89  -7   0  24 0.01  0.0    0  9.9 20  10   M    M   2 3      27 350
 3  94  74  84 -12   0  19 0.49  0.0    0  5.3 21 240   M    M   6 3      24 240
 4  96  75  86 -10   0  21 0.00  0.0    0  4.2 13 250   M    M   1        15 210
 5 104  80  92  -4   0  27 0.00  0.0    0  4.6 16 230   M    M   0        24 240
 6 106  80  93  -3   0  28 0.00  0.0    0  6.8 21 200   M    M   0        27 200
 7 106  78  92  -4   0  27 0.00  0.0    0  6.5 16 220   M    M   0        22 200
 8 106  81  94  -2   0  29 0.00  0.0    0  7.6 17 210   M    M   0        23 220
 9 107  85  96   0   0  31 0.00  0.0    0  7.2 16 220   M    M   0        23 210
10 109  88  99   3   0  34 0.00  0.0    0  6.3 16 240   M    M   0        20 240
11 110  88  99   3   0  34 0.00  0.0    0  8.0 22  10   M    M   1        25  10
12 107  74  91  -4   0  26 2.20  0.0    0  8.8 26 190   M    M   2 38     32 180
13  97  76  87  -8   0  22    T  0.0    0  4.9 14 200   M    M   2        19 190
14 102  83  93  -2   0  28 0.00  0.0    0  7.0 16 220   M    M   1        20 180
15 107  83  95   0   0  30 0.00  0.0    0  6.4 20 210   M    M   0        27 210
16 109  84  97   2   0  32 0.00  0.0    0  5.1 16 230   M    M   0        19 230
17 111  83  97   2   0  32 0.00  0.0    0  5.1 13 240   M    M   0        15 240
18 102  86  94  -1   0  29 0.00  0.0    0 11.5 22 220   M    M   1        28 200
19 100  82  91  -4   0  26 0.00  0.0    0  7.7 28  40   M    M   3 38     37  50
20 101  80  91  -3   0  26 0.00  0.0    0  7.0 16 210   M    M   0        21 210
21  97  77  87  -7   0  22    T  0.0    0  9.2 28 110   M    M   1 3      34 100
22  96  74  85  -9   0  20 0.00  0.0    0  5.8 16 230   M    M   0        21 230
23 102  80  91  -3   0  26 0.00  0.0    0  5.9 17 190   M    M   0        24 190
24 104  77  91  -3   0  26 0.00  0.0    0  7.1 18 200   M    M   0        25 220
25 100  86  93  -1   0  28 0.00  0.0    0 11.4 22 210   M    M   0        29 210
26 100  84  92  -2   0  27    T  0.0    0  8.6 18 150   M    M   2        26 170
27 105  79  92  -1   0  27 0.00  0.0    0  5.6 16  80   M    M   0        23 110
28 109  77  93   0   0  28 0.00  0.0    0  5.3 14 260   M    M   0        15  20
================================================================================
SM 2894 2265         0 765  2.70     0.0 198.6          M       22
================================================================================
AV103.4 80.9                               7.1 FASTST   M    M   1    MAX(MPH)
                                 MISC ---->  # 28  40               # 37   50
================================================================================
NOTES:
# LAST OF SEVERAL OCCURRENCES

COLUMN 17 PEAK WIND IN M.P.H.

PRELIMINARY LOCAL CLIMATOLOGICAL DATA (WS FORM: F-6) , PAGE 2

                                          STATION:  NEEDLES CA
                                          MONTH:    AUGUST
                                          YEAR:     2014
                                          LATITUDE:   34 46 N
                                          LONGITUDE: 114 37 W

[TEMPERATURE DATA]      [PRECIPITATION DATA]       SYMBOLS USED IN COLUMN 16

AVERAGE MONTHLY: 92.1   TOTAL FOR MONTH:   2.70    1 = FOG OR MIST
DPTR FM NORMAL:  -2.9   DPTR FM NORMAL:    2.28    2 = FOG REDUCING VISIBILITY
HIGHEST:   111 ON 17    GRTST 24HR  2.20 ON 12-12      TO 1/4 MILE OR LESS
LOWEST:     74 ON 22,12                            3 = THUNDER
                        SNOW, ICE PELLETS, HAIL    4 = ICE PELLETS
                        TOTAL MONTH:   0.0 INCH    5 = HAIL
                        GRTST 24HR     0.0         6 = FREEZING RAIN OR DRIZZLE
                        GRTST DEPTH:   0           7 = DUSTSTORM OR SANDSTORM:
                                                       VSBY 1/2 MILE OR LESS
                                                   8 = SMOKE OR HAZE
[NO. OF DAYS WITH]      [WEATHER - DAYS WITH]      9 = BLOWING SNOW
                                                   X = TORNADO
MAX 32 OR BELOW:   0    0.01 INCH OR MORE:   3
MAX 90 OR ABOVE:  28    0.10 INCH OR MORE:   2
MIN 32 OR BELOW:   0    0.50 INCH OR MORE:   1
MIN  0 OR BELOW:   0    1.00 INCH OR MORE:   1

[HDD (BASE 65) ]
TOTAL THIS MO.     0    CLEAR  (SCALE 0-3)  27
DPTR FM NORMAL     0    PTCLDY (SCALE 4-7)   1
TOTAL FM JUL 1     0    CLOUDY (SCALE 8-10)  0
DPTR FM NORMAL     0

[CDD (BASE 65) ]
TOTAL THIS MO.   765
DPTR FM NORMAL   -76    [PRESSURE DATA]
TOTAL FM JAN 1  3779    HIGHEST SLP M ON M
DPTR FM NORMAL   360    LOWEST  SLP 29.59 ON 24

[REMARKS]




U.S. Dept. of Commerce
NOAA National Weather Service
1325 East West Highway
Silver Spring, MD 20910
E-mail: w-nws.webmaster@noaa.gov
Page last modified: May 16, 2007
NATIONAL WEATHER SERVICE: for Safety, for Work, for Fun - FOR LIFE